[INFO] fetching crate shura_proc 0.4.0...
[INFO] testing shura_proc-0.4.0 against nightly-2024-10-28+rustflags=-Zrandomize-layout for randomize-layout
[INFO] extracting crate shura_proc 0.4.0 into /workspace/builds/worker-5-tc2/source
[INFO] validating manifest of crates.io crate shura_proc 0.4.0 on toolchain nightly-2024-10-28
[INFO] running `Command { std: CARGO_HOME="/workspace/cargo-home" RUSTUP_HOME="/workspace/rustup-home" "/workspace/cargo-home/bin/cargo" "+nightly-2024-10-28" "metadata" "--manifest-path" "Cargo.toml" "--no-deps", kill_on_drop: false }`
[INFO] started tweaking crates.io crate shura_proc 0.4.0
[INFO] finished tweaking crates.io crate shura_proc 0.4.0
[INFO] tweaked toml for crates.io crate shura_proc 0.4.0 written to /workspace/builds/worker-5-tc2/source/Cargo.toml
[INFO] running `Command { std: CARGO_HOME="/workspace/cargo-home" RUSTUP_HOME="/workspace/rustup-home" "/workspace/cargo-home/bin/cargo" "+nightly-2024-10-28" "generate-lockfile" "--manifest-path" "Cargo.toml", kill_on_drop: false }`
[INFO] [stderr]     Updating crates.io index
[INFO] [stderr]      Locking 6 packages to latest compatible versions
[INFO] running `Command { std: CARGO_HOME="/workspace/cargo-home" RUSTUP_HOME="/workspace/rustup-home" "/workspace/cargo-home/bin/cargo" "+nightly-2024-10-28" "fetch" "--manifest-path" "Cargo.toml", kill_on_drop: false }`
[INFO] running `Command { std: "docker" "create" "-v" "/var/lib/crater-agent-workspace/builds/worker-5-tc2/target:/opt/rustwide/target:rw,Z" "-v" "/var/lib/crater-agent-workspace/builds/worker-5-tc2/source:/opt/rustwide/workdir:ro,Z" "-v" "/var/lib/crater-agent-workspace/cargo-home:/opt/rustwide/cargo-home:ro,Z" "-v" "/var/lib/crater-agent-workspace/rustup-home:/opt/rustwide/rustup-home:ro,Z" "-e" "SOURCE_DIR=/opt/rustwide/workdir" "-e" "CARGO_TARGET_DIR=/opt/rustwide/target" "-e" "CARGO_HOME=/opt/rustwide/cargo-home" "-e" "RUSTUP_HOME=/opt/rustwide/rustup-home" "-w" "/opt/rustwide/workdir" "-m" "1610612736" "--user" "0:0" "--network" "none" "ghcr.io/rust-lang/crates-build-env/linux@sha256:4a844ea9eb2546a2d2c7022eacef16ef2e8229c7fbb2c7d4d55a9ceca922f72d" "/opt/rustwide/cargo-home/bin/cargo" "+nightly-2024-10-28" "metadata" "--no-deps" "--format-version=1", kill_on_drop: false }`
[INFO] [stdout] 9643ac173218012ab328069a3b5bbaf0e8a47957954bf76c7345a99692ca66bc
[INFO] running `Command { std: "docker" "start" "-a" "9643ac173218012ab328069a3b5bbaf0e8a47957954bf76c7345a99692ca66bc", kill_on_drop: false }`
[INFO] running `Command { std: "docker" "inspect" "9643ac173218012ab328069a3b5bbaf0e8a47957954bf76c7345a99692ca66bc", kill_on_drop: false }`
[INFO] running `Command { std: "docker" "rm" "-f" "9643ac173218012ab328069a3b5bbaf0e8a47957954bf76c7345a99692ca66bc", kill_on_drop: false }`
[INFO] [stdout] 9643ac173218012ab328069a3b5bbaf0e8a47957954bf76c7345a99692ca66bc
[INFO] running `Command { std: "docker" "create" "-v" "/var/lib/crater-agent-workspace/builds/worker-5-tc2/target:/opt/rustwide/target:rw,Z" "-v" "/var/lib/crater-agent-workspace/builds/worker-5-tc2/source:/opt/rustwide/workdir:ro,Z" "-v" "/var/lib/crater-agent-workspace/cargo-home:/opt/rustwide/cargo-home:ro,Z" "-v" "/var/lib/crater-agent-workspace/rustup-home:/opt/rustwide/rustup-home:ro,Z" "-e" "SOURCE_DIR=/opt/rustwide/workdir" "-e" "CARGO_TARGET_DIR=/opt/rustwide/target" "-e" "CARGO_INCREMENTAL=0" "-e" "RUST_BACKTRACE=full" "-e" "RUSTFLAGS=--cap-lints=forbid -Zrandomize-layout" "-e" "RUSTDOCFLAGS=--cap-lints=forbid" "-e" "CARGO_HOME=/opt/rustwide/cargo-home" "-e" "RUSTUP_HOME=/opt/rustwide/rustup-home" "-w" "/opt/rustwide/workdir" "-m" "1610612736" "--user" "0:0" "--network" "none" "ghcr.io/rust-lang/crates-build-env/linux@sha256:4a844ea9eb2546a2d2c7022eacef16ef2e8229c7fbb2c7d4d55a9ceca922f72d" "/opt/rustwide/cargo-home/bin/cargo" "+nightly-2024-10-28" "build" "--frozen" "--message-format=json", kill_on_drop: false }`
[INFO] [stdout] 9bc52721cd13755341e44c2ae3edb38a0a60b214bff0a3758bf8a7bc83b63203
[INFO] running `Command { std: "docker" "start" "-a" "9bc52721cd13755341e44c2ae3edb38a0a60b214bff0a3758bf8a7bc83b63203", kill_on_drop: false }`
[INFO] [stderr]    Compiling lazy_static v1.5.0
[INFO] [stderr]    Compiling const-fnv1a-hash v1.1.0
[INFO] [stderr]    Compiling syn v2.0.86
[INFO] [stderr]    Compiling shura_proc v0.4.0 (/opt/rustwide/workdir)
[INFO] [stderr]     Finished `dev` profile [unoptimized + debuginfo] target(s) in 1.48s
[INFO] running `Command { std: "docker" "inspect" "9bc52721cd13755341e44c2ae3edb38a0a60b214bff0a3758bf8a7bc83b63203", kill_on_drop: false }`
[INFO] running `Command { std: "docker" "rm" "-f" "9bc52721cd13755341e44c2ae3edb38a0a60b214bff0a3758bf8a7bc83b63203", kill_on_drop: false }`
[INFO] [stdout] 9bc52721cd13755341e44c2ae3edb38a0a60b214bff0a3758bf8a7bc83b63203
[INFO] running `Command { std: "docker" "create" "-v" "/var/lib/crater-agent-workspace/builds/worker-5-tc2/target:/opt/rustwide/target:rw,Z" "-v" "/var/lib/crater-agent-workspace/builds/worker-5-tc2/source:/opt/rustwide/workdir:ro,Z" "-v" "/var/lib/crater-agent-workspace/cargo-home:/opt/rustwide/cargo-home:ro,Z" "-v" "/var/lib/crater-agent-workspace/rustup-home:/opt/rustwide/rustup-home:ro,Z" "-e" "SOURCE_DIR=/opt/rustwide/workdir" "-e" "CARGO_TARGET_DIR=/opt/rustwide/target" "-e" "CARGO_INCREMENTAL=0" "-e" "RUST_BACKTRACE=full" "-e" "RUSTFLAGS=--cap-lints=forbid -Zrandomize-layout" "-e" "RUSTDOCFLAGS=--cap-lints=forbid" "-e" "CARGO_HOME=/opt/rustwide/cargo-home" "-e" "RUSTUP_HOME=/opt/rustwide/rustup-home" "-w" "/opt/rustwide/workdir" "-m" "1610612736" "--user" "0:0" "--network" "none" "ghcr.io/rust-lang/crates-build-env/linux@sha256:4a844ea9eb2546a2d2c7022eacef16ef2e8229c7fbb2c7d4d55a9ceca922f72d" "/opt/rustwide/cargo-home/bin/cargo" "+nightly-2024-10-28" "test" "--frozen" "--no-run" "--message-format=json", kill_on_drop: false }`
[INFO] [stdout] 0fd73492a037f021f92567119d5a69b96eb79173d771a24b5ed5559b08faafae
[INFO] running `Command { std: "docker" "start" "-a" "0fd73492a037f021f92567119d5a69b96eb79173d771a24b5ed5559b08faafae", kill_on_drop: false }`
[INFO] [stderr]    Compiling shura_proc v0.4.0 (/opt/rustwide/workdir)
[INFO] [stderr]     Finished `test` profile [unoptimized + debuginfo] target(s) in 0.21s
[INFO] running `Command { std: "docker" "inspect" "0fd73492a037f021f92567119d5a69b96eb79173d771a24b5ed5559b08faafae", kill_on_drop: false }`
[INFO] running `Command { std: "docker" "rm" "-f" "0fd73492a037f021f92567119d5a69b96eb79173d771a24b5ed5559b08faafae", kill_on_drop: false }`
[INFO] [stdout] 0fd73492a037f021f92567119d5a69b96eb79173d771a24b5ed5559b08faafae
[INFO] running `Command { std: "docker" "create" "-v" "/var/lib/crater-agent-workspace/builds/worker-5-tc2/target:/opt/rustwide/target:rw,Z" "-v" "/var/lib/crater-agent-workspace/builds/worker-5-tc2/source:/opt/rustwide/workdir:ro,Z" "-v" "/var/lib/crater-agent-workspace/cargo-home:/opt/rustwide/cargo-home:ro,Z" "-v" "/var/lib/crater-agent-workspace/rustup-home:/opt/rustwide/rustup-home:ro,Z" "-e" "SOURCE_DIR=/opt/rustwide/workdir" "-e" "CARGO_TARGET_DIR=/opt/rustwide/target" "-e" "CARGO_INCREMENTAL=0" "-e" "RUST_BACKTRACE=full" "-e" "RUSTFLAGS=--cap-lints=forbid -Zrandomize-layout" "-e" "RUSTDOCFLAGS=--cap-lints=forbid" "-e" "CARGO_HOME=/opt/rustwide/cargo-home" "-e" "RUSTUP_HOME=/opt/rustwide/rustup-home" "-w" "/opt/rustwide/workdir" "-m" "1610612736" "--user" "0:0" "--network" "none" "ghcr.io/rust-lang/crates-build-env/linux@sha256:4a844ea9eb2546a2d2c7022eacef16ef2e8229c7fbb2c7d4d55a9ceca922f72d" "/opt/rustwide/cargo-home/bin/cargo" "+nightly-2024-10-28" "test" "--frozen", kill_on_drop: false }`
[INFO] [stdout] 94681a915d766c6cbc5f717385843fbea2bdade6d982dab47f165f5a5cdadc0a
[INFO] running `Command { std: "docker" "start" "-a" "94681a915d766c6cbc5f717385843fbea2bdade6d982dab47f165f5a5cdadc0a", kill_on_drop: false }`
[INFO] [stderr]     Finished `test` profile [unoptimized + debuginfo] target(s) in 0.01s
[INFO] [stderr]      Running unittests src/lib.rs (/opt/rustwide/target/debug/deps/shura_proc-ccd733f91f68d0ba)
[INFO] [stdout] 
[INFO] [stdout] running 0 tests
[INFO] [stdout] 
[INFO] [stdout] test result: ok. 0 passed; 0 failed; 0 ignored; 0 measured; 0 filtered out; finished in 0.00s
[INFO] [stdout] 
[INFO] [stderr]    Doc-tests shura_proc
[INFO] [stdout] 
[INFO] [stdout] running 2 tests
[INFO] [stdout] test src/lib.rs - derive_state (line 137) ... FAILED
[INFO] [stdout] test src/lib.rs - derive_component (line 77) ... FAILED
[INFO] [stdout] 
[INFO] [stdout] failures:
[INFO] [stdout] 
[INFO] [stdout] ---- src/lib.rs - derive_state (line 137) stdout ----
[INFO] [stdout] error: cannot find derive macro `State` in this scope
[INFO] [stdout]  --> src/lib.rs:138:10
[INFO] [stdout]   |
[INFO] [stdout] 3 | #[derive(State)]
[INFO] [stdout]   |          ^^^^^
[INFO] [stdout]   |
[INFO] [stdout] help: consider importing this derive macro
[INFO] [stdout]   |
[INFO] [stdout] 2 + use shura_proc::State;
[INFO] [stdout]   |
[INFO] [stdout] 
[INFO] [stdout] error[E0412]: cannot find type `Model` in this scope
[INFO] [stdout]  --> src/lib.rs:140:19
[INFO] [stdout]   |
[INFO] [stdout] 5 |     shared_model: Model
[INFO] [stdout]   |                   ^^^^^ not found in this scope
[INFO] [stdout] 
[INFO] [stdout] error: aborting due to 2 previous errors
[INFO] [stdout] 
[INFO] [stdout] For more information about this error, try `rustc --explain E0412`.
[INFO] [stdout] Couldn't compile the test.
[INFO] [stdout] ---- src/lib.rs - derive_component (line 77) stdout ----
[INFO] [stdout] error: cannot find derive macro `Component` in this scope
[INFO] [stdout]  --> src/lib.rs:78:10
[INFO] [stdout]   |
[INFO] [stdout] 3 | #[derive(Component)]
[INFO] [stdout]   |          ^^^^^^^^^
[INFO] [stdout]   |
[INFO] [stdout] help: consider importing this derive macro
[INFO] [stdout]   |
[INFO] [stdout] 2 + use shura_proc::Component;
[INFO] [stdout]   |
[INFO] [stdout] 
[INFO] [stdout] error: cannot find attribute `base` in this scope
[INFO] [stdout]  --> src/lib.rs:80:7
[INFO] [stdout]   |
[INFO] [stdout] 5 |     #[base] base: BaseComponent,
[INFO] [stdout]   |       ^^^^
[INFO] [stdout] 
[INFO] [stdout] error[E0412]: cannot find type `BaseComponent` in this scope
[INFO] [stdout]  --> src/lib.rs:80:19
[INFO] [stdout]   |
[INFO] [stdout] 5 |     #[base] base: BaseComponent,
[INFO] [stdout]   |                   ^^^^^^^^^^^^^ not found in this scope
[INFO] [stdout] 
[INFO] [stdout] error[E0412]: cannot find type `Vector` in this scope
[INFO] [stdout]  --> src/lib.rs:81:13
[INFO] [stdout]   |
[INFO] [stdout] 6 |     linvel: Vector<f32>,    
[INFO] [stdout]   |             ^^^^^^ not found in this scope
[INFO] [stdout] 
[INFO] [stdout] error: aborting due to 4 previous errors
[INFO] [stdout] 
[INFO] [stdout] For more information about this error, try `rustc --explain E0412`.
[INFO] [stdout] Couldn't compile the test.
[INFO] [stdout] 
[INFO] [stdout] failures:
[INFO] [stdout]     src/lib.rs - derive_component (line 77)
[INFO] [stdout]     src/lib.rs - derive_state (line 137)
[INFO] [stdout] 
[INFO] [stdout] test result: FAILED. 0 passed; 2 failed; 0 ignored; 0 measured; 0 filtered out; finished in 0.05s
[INFO] [stdout] 
[INFO] [stderr] error: doctest failed, to rerun pass `--doc`
[INFO] running `Command { std: "docker" "inspect" "94681a915d766c6cbc5f717385843fbea2bdade6d982dab47f165f5a5cdadc0a", kill_on_drop: false }`
[INFO] running `Command { std: "docker" "rm" "-f" "94681a915d766c6cbc5f717385843fbea2bdade6d982dab47f165f5a5cdadc0a", kill_on_drop: false }`
[INFO] [stdout] 94681a915d766c6cbc5f717385843fbea2bdade6d982dab47f165f5a5cdadc0a
