[INFO] fetching crate shikimori 0.4.1...
[INFO] testing shikimori-0.4.1 against nightly-2024-10-28 for randomize-layout
[INFO] extracting crate shikimori 0.4.1 into /workspace/builds/worker-1-tc1/source
[INFO] validating manifest of crates.io crate shikimori 0.4.1 on toolchain nightly-2024-10-28
[INFO] running `Command { std: CARGO_HOME="/workspace/cargo-home" RUSTUP_HOME="/workspace/rustup-home" "/workspace/cargo-home/bin/cargo" "+nightly-2024-10-28" "metadata" "--manifest-path" "Cargo.toml" "--no-deps", kill_on_drop: false }`
[INFO] started tweaking crates.io crate shikimori 0.4.1
[INFO] finished tweaking crates.io crate shikimori 0.4.1
[INFO] tweaked toml for crates.io crate shikimori 0.4.1 written to /workspace/builds/worker-1-tc1/source/Cargo.toml
[INFO] running `Command { std: CARGO_HOME="/workspace/cargo-home" RUSTUP_HOME="/workspace/rustup-home" "/workspace/cargo-home/bin/cargo" "+nightly-2024-10-28" "generate-lockfile" "--manifest-path" "Cargo.toml", kill_on_drop: false }`
[INFO] [stderr]     Updating crates.io index
[INFO] [stderr]      Locking 182 packages to latest compatible versions
[INFO] [stderr]       Adding tower v0.4.13 (available: v0.5.1)
[INFO] running `Command { std: CARGO_HOME="/workspace/cargo-home" RUSTUP_HOME="/workspace/rustup-home" "/workspace/cargo-home/bin/cargo" "+nightly-2024-10-28" "fetch" "--manifest-path" "Cargo.toml", kill_on_drop: false }`
[INFO] [stderr]  Downloading crates ...
[INFO] [stderr]   Downloaded cynic-proc-macros v3.8.0
[INFO] [stderr]   Downloaded comma_serde_urlencoded v0.8.1
[INFO] [stderr]   Downloaded ouroboros_macro v0.18.4
[INFO] [stderr]   Downloaded async-fn-stream v0.2.2
[INFO] [stderr]   Downloaded cynic v3.8.0
[INFO] [stderr]   Downloaded counter v0.5.7
[INFO] [stderr]   Downloaded cynic-codegen v3.8.0
[INFO] [stderr]   Downloaded ouroboros v0.18.4
[INFO] [stderr]   Downloaded cynic-parser v0.4.5
[INFO] running `Command { std: "docker" "create" "-v" "/var/lib/crater-agent-workspace/builds/worker-1-tc1/target:/opt/rustwide/target:rw,Z" "-v" "/var/lib/crater-agent-workspace/builds/worker-1-tc1/source:/opt/rustwide/workdir:ro,Z" "-v" "/var/lib/crater-agent-workspace/cargo-home:/opt/rustwide/cargo-home:ro,Z" "-v" "/var/lib/crater-agent-workspace/rustup-home:/opt/rustwide/rustup-home:ro,Z" "-e" "SOURCE_DIR=/opt/rustwide/workdir" "-e" "CARGO_TARGET_DIR=/opt/rustwide/target" "-e" "CARGO_HOME=/opt/rustwide/cargo-home" "-e" "RUSTUP_HOME=/opt/rustwide/rustup-home" "-w" "/opt/rustwide/workdir" "-m" "1610612736" "--user" "0:0" "--network" "none" "ghcr.io/rust-lang/crates-build-env/linux@sha256:4a844ea9eb2546a2d2c7022eacef16ef2e8229c7fbb2c7d4d55a9ceca922f72d" "/opt/rustwide/cargo-home/bin/cargo" "+nightly-2024-10-28" "metadata" "--no-deps" "--format-version=1", kill_on_drop: false }`
[INFO] [stdout] d0d1540c85bb190a7d76b82694f789ee9577e57232e113153898099c6be31ed0
[INFO] running `Command { std: "docker" "start" "-a" "d0d1540c85bb190a7d76b82694f789ee9577e57232e113153898099c6be31ed0", kill_on_drop: false }`
[INFO] running `Command { std: "docker" "inspect" "d0d1540c85bb190a7d76b82694f789ee9577e57232e113153898099c6be31ed0", kill_on_drop: false }`
[INFO] running `Command { std: "docker" "rm" "-f" "d0d1540c85bb190a7d76b82694f789ee9577e57232e113153898099c6be31ed0", kill_on_drop: false }`
[INFO] [stdout] d0d1540c85bb190a7d76b82694f789ee9577e57232e113153898099c6be31ed0
[INFO] running `Command { std: "docker" "create" "-v" "/var/lib/crater-agent-workspace/builds/worker-1-tc1/target:/opt/rustwide/target:rw,Z" "-v" "/var/lib/crater-agent-workspace/builds/worker-1-tc1/source:/opt/rustwide/workdir:ro,Z" "-v" "/var/lib/crater-agent-workspace/cargo-home:/opt/rustwide/cargo-home:ro,Z" "-v" "/var/lib/crater-agent-workspace/rustup-home:/opt/rustwide/rustup-home:ro,Z" "-e" "SOURCE_DIR=/opt/rustwide/workdir" "-e" "CARGO_TARGET_DIR=/opt/rustwide/target" "-e" "CARGO_INCREMENTAL=0" "-e" "RUST_BACKTRACE=full" "-e" "RUSTFLAGS=--cap-lints=forbid" "-e" "RUSTDOCFLAGS=--cap-lints=forbid" "-e" "CARGO_HOME=/opt/rustwide/cargo-home" "-e" "RUSTUP_HOME=/opt/rustwide/rustup-home" "-w" "/opt/rustwide/workdir" "-m" "1610612736" "--user" "0:0" "--network" "none" "ghcr.io/rust-lang/crates-build-env/linux@sha256:4a844ea9eb2546a2d2c7022eacef16ef2e8229c7fbb2c7d4d55a9ceca922f72d" "/opt/rustwide/cargo-home/bin/cargo" "+nightly-2024-10-28" "build" "--frozen" "--message-format=json", kill_on_drop: false }`
[INFO] [stdout] 8f9f0c9597975d35d7cb9579b0da53374b70eea0733d4d24f08c49d52a6c8583
[INFO] running `Command { std: "docker" "start" "-a" "8f9f0c9597975d35d7cb9579b0da53374b70eea0733d4d24f08c49d52a6c8583", kill_on_drop: false }`
[INFO] [stderr]    Compiling libc v0.2.161
[INFO] [stderr]    Compiling once_cell v1.20.2
[INFO] [stderr]    Compiling pin-project-lite v0.2.15
[INFO] [stderr]    Compiling bytes v1.8.0
[INFO] [stderr]    Compiling futures-core v0.3.31
[INFO] [stderr]    Compiling slab v0.4.9
[INFO] [stderr]    Compiling syn v2.0.86
[INFO] [stderr]    Compiling cc v1.1.31
[INFO] [stderr]    Compiling proc-macro2-diagnostics v0.10.1
[INFO] [stderr]    Compiling lazy_static v1.5.0
[INFO] [stderr]    Compiling regex-syntax v0.8.5
[INFO] [stderr]    Compiling beef v0.5.2
[INFO] [stderr]    Compiling num-traits v0.2.19
[INFO] [stderr]    Compiling futures-task v0.3.31
[INFO] [stderr]    Compiling ident_case v1.0.1
[INFO] [stderr]    Compiling either v1.13.0
[INFO] [stderr]    Compiling yansi v1.0.1
[INFO] [stderr]    Compiling strsim v0.11.1
[INFO] [stderr]    Compiling futures-util v0.3.31
[INFO] [stderr]    Compiling itertools v0.12.1
[INFO] [stderr]    Compiling heck v0.4.1
[INFO] [stderr]    Compiling thiserror v1.0.66
[INFO] [stderr]    Compiling equivalent v1.0.1
[INFO] [stderr]    Compiling rustls-pki-types v1.10.0
[INFO] [stderr]    Compiling hashbrown v0.15.0
[INFO] [stderr]    Compiling socket2 v0.5.7
[INFO] [stderr]    Compiling ring v0.17.8
[INFO] [stderr]    Compiling mio v1.0.2
[INFO] [stderr]    Compiling indexmap v2.6.0
[INFO] [stderr]    Compiling getrandom v0.2.15
[INFO] [stderr]    Compiling tokio v1.41.0
[INFO] [stderr]    Compiling http v1.1.0
[INFO] [stderr]    Compiling untrusted v0.9.0
[INFO] [stderr]    Compiling httparse v1.9.5
[INFO] [stderr]    Compiling spin v0.9.8
[INFO] [stderr]    Compiling lalrpop-util v0.20.2
[INFO] [stderr]    Compiling aliasable v0.1.3
[INFO] [stderr]    Compiling counter v0.5.7
[INFO] [stderr]    Compiling http-body v1.0.1
[INFO] [stderr]    Compiling tracing-core v0.1.32
[INFO] [stderr]    Compiling strsim v0.10.0
[INFO] [stderr]    Compiling try-lock v0.2.5
[INFO] [stderr]    Compiling percent-encoding v2.3.1
[INFO] [stderr]    Compiling log v0.4.22
[INFO] [stderr]    Compiling tinyvec_macros v0.1.1
[INFO] [stderr]    Compiling rustls v0.23.16
[INFO] [stderr]    Compiling form_urlencoded v1.2.1
[INFO] [stderr]    Compiling tracing v0.1.40
[INFO] [stderr]    Compiling tinyvec v1.8.0
[INFO] [stderr]    Compiling want v0.3.1
[INFO] [stderr]    Compiling futures-channel v0.3.31
[INFO] [stderr]    Compiling zeroize v1.8.1
[INFO] [stderr]    Compiling logos-codegen v0.14.2
[INFO] [stderr]    Compiling darling_core v0.20.10
[INFO] [stderr]    Compiling smallvec v1.13.2
[INFO] [stderr]    Compiling tower-service v0.3.3
[INFO] [stderr]    Compiling subtle v2.6.1
[INFO] [stderr]    Compiling unicode-bidi v0.3.17
[INFO] [stderr]    Compiling unicode-normalization v0.1.24
[INFO] [stderr]    Compiling ref-cast v1.0.23
[INFO] [stderr]    Compiling idna v0.5.0
[INFO] [stderr]    Compiling webpki-roots v0.26.6
[INFO] [stderr]    Compiling futures-sink v0.3.31
[INFO] [stderr]    Compiling http-body-util v0.1.2
[INFO] [stderr]    Compiling url v2.5.2
[INFO] [stderr]    Compiling rustls-pemfile v2.2.0
[INFO] [stderr]    Compiling sync_wrapper v1.0.1
[INFO] [stderr]    Compiling hyper v1.5.0
[INFO] [stderr]    Compiling tokio-util v0.7.12
[INFO] [stderr]    Compiling rustls-webpki v0.102.8
[INFO] [stderr]    Compiling tower-layer v0.3.3
[INFO] [stderr]    Compiling logos-derive v0.14.2
[INFO] [stderr]    Compiling serde_derive v1.0.214
[INFO] [stderr]    Compiling thiserror-impl v1.0.66
[INFO] [stderr]    Compiling logos v0.14.2
[INFO] [stderr]    Compiling ouroboros_macro v0.18.4
[INFO] [stderr]    Compiling cynic-parser v0.4.5
[INFO] [stderr]    Compiling darling_macro v0.20.10
[INFO] [stderr]    Compiling hyper-util v0.1.10
[INFO] [stderr]    Compiling darling v0.20.10
[INFO] [stderr]    Compiling ref-cast-impl v1.0.23
[INFO] [stderr]    Compiling pin-project-internal v1.1.7
[INFO] [stderr]    Compiling base64 v0.22.1
[INFO] [stderr]    Compiling mime v0.3.17
[INFO] [stderr]    Compiling ouroboros v0.18.4
[INFO] [stderr]    Compiling ipnet v2.10.1
[INFO] [stderr]    Compiling async-fn-stream v0.2.2
[INFO] [stderr]    Compiling cynic-codegen v3.8.0
[INFO] [stderr]    Compiling pin-project v1.1.7
[INFO] [stderr]    Compiling tower v0.4.13
[INFO] [stderr]    Compiling serde v1.0.214
[INFO] [stderr]    Compiling tokio-rustls v0.26.0
[INFO] [stderr]    Compiling hyper-rustls v0.27.3
[INFO] [stderr]    Compiling shikimori v0.4.1 (/opt/rustwide/workdir)
[INFO] [stderr]    Compiling cynic-proc-macros v3.8.0
[INFO] [stderr]    Compiling serde_json v1.0.132
[INFO] [stderr]    Compiling serde_urlencoded v0.7.1
[INFO] [stderr]    Compiling chrono v0.4.38
[INFO] [stderr]    Compiling comma_serde_urlencoded v0.8.1
[INFO] [stderr]    Compiling cynic v3.8.0
[INFO] [stderr]    Compiling reqwest v0.12.9
[INFO] [stdout] warning: fields `message` and `code` are never read
[INFO] [stdout]  --> src/types.rs:8:13
[INFO] [stdout]   |
[INFO] [stdout] 8 |     Error { message: String, code: Option<u32> },
[INFO] [stdout]   |     -----   ^^^^^^^          ^^^^
[INFO] [stdout]   |     |
[INFO] [stdout]   |     fields in this variant
[INFO] [stdout]   |
[INFO] [stdout]   = note: `InternalResponseUnion` has derived impls for the traits `Clone` and `Debug`, but these are intentionally ignored during dead code analysis
[INFO] [stdout]   = note: `#[warn(dead_code)]` on by default
[INFO] [stdout] 
[INFO] [stdout] 
[INFO] [stdout] warning: field `0` is never read
[INFO] [stdout]   --> src/types.rs:10:17
[INFO] [stdout]    |
[INFO] [stdout] 10 |     SystemError(Vec<String>),
[INFO] [stdout]    |     ----------- ^^^^^^^^^^^
[INFO] [stdout]    |     |
[INFO] [stdout]    |     field in this variant
[INFO] [stdout]    |
[INFO] [stdout]    = note: `InternalResponseUnion` has derived impls for the traits `Clone` and `Debug`, but these are intentionally ignored during dead code analysis
[INFO] [stdout] help: consider changing the field to be of unit type to suppress this warning while preserving the field numbering, or remove the field
[INFO] [stdout]    |
[INFO] [stdout] 10 |     SystemError(()),
[INFO] [stdout]    |                 ~~
[INFO] [stdout] 
[INFO] [stdout] 
[INFO] [stderr]     Finished `dev` profile [unoptimized + debuginfo] target(s) in 29.91s
[INFO] running `Command { std: "docker" "inspect" "8f9f0c9597975d35d7cb9579b0da53374b70eea0733d4d24f08c49d52a6c8583", kill_on_drop: false }`
[INFO] running `Command { std: "docker" "rm" "-f" "8f9f0c9597975d35d7cb9579b0da53374b70eea0733d4d24f08c49d52a6c8583", kill_on_drop: false }`
[INFO] [stdout] 8f9f0c9597975d35d7cb9579b0da53374b70eea0733d4d24f08c49d52a6c8583
[INFO] running `Command { std: "docker" "create" "-v" "/var/lib/crater-agent-workspace/builds/worker-1-tc1/target:/opt/rustwide/target:rw,Z" "-v" "/var/lib/crater-agent-workspace/builds/worker-1-tc1/source:/opt/rustwide/workdir:ro,Z" "-v" "/var/lib/crater-agent-workspace/cargo-home:/opt/rustwide/cargo-home:ro,Z" "-v" "/var/lib/crater-agent-workspace/rustup-home:/opt/rustwide/rustup-home:ro,Z" "-e" "SOURCE_DIR=/opt/rustwide/workdir" "-e" "CARGO_TARGET_DIR=/opt/rustwide/target" "-e" "CARGO_INCREMENTAL=0" "-e" "RUST_BACKTRACE=full" "-e" "RUSTFLAGS=--cap-lints=forbid" "-e" "RUSTDOCFLAGS=--cap-lints=forbid" "-e" "CARGO_HOME=/opt/rustwide/cargo-home" "-e" "RUSTUP_HOME=/opt/rustwide/rustup-home" "-w" "/opt/rustwide/workdir" "-m" "1610612736" "--user" "0:0" "--network" "none" "ghcr.io/rust-lang/crates-build-env/linux@sha256:4a844ea9eb2546a2d2c7022eacef16ef2e8229c7fbb2c7d4d55a9ceca922f72d" "/opt/rustwide/cargo-home/bin/cargo" "+nightly-2024-10-28" "test" "--frozen" "--no-run" "--message-format=json", kill_on_drop: false }`
[INFO] [stdout] 3dcf9b52cdc7587b88bc413c62858889304ed309488065c09dce96c9d2e92122
[INFO] running `Command { std: "docker" "start" "-a" "3dcf9b52cdc7587b88bc413c62858889304ed309488065c09dce96c9d2e92122", kill_on_drop: false }`
[INFO] [stderr]    Compiling tokio-macros v2.4.0
[INFO] [stderr]    Compiling tokio v1.41.0
[INFO] [stderr]    Compiling hyper v1.5.0
[INFO] [stderr]    Compiling tokio-rustls v0.26.0
[INFO] [stderr]    Compiling tokio-util v0.7.12
[INFO] [stderr]    Compiling tower v0.4.13
[INFO] [stderr]    Compiling hyper-util v0.1.10
[INFO] [stderr]    Compiling hyper-rustls v0.27.3
[INFO] [stderr]    Compiling reqwest v0.12.9
[INFO] [stderr]    Compiling shikimori v0.4.1 (/opt/rustwide/workdir)
[INFO] [stdout] warning: fields `message` and `code` are never read
[INFO] [stdout]  --> src/types.rs:8:13
[INFO] [stdout]   |
[INFO] [stdout] 8 |     Error { message: String, code: Option<u32> },
[INFO] [stdout]   |     -----   ^^^^^^^          ^^^^
[INFO] [stdout]   |     |
[INFO] [stdout]   |     fields in this variant
[INFO] [stdout]   |
[INFO] [stdout]   = note: `InternalResponseUnion` has derived impls for the traits `Clone` and `Debug`, but these are intentionally ignored during dead code analysis
[INFO] [stdout]   = note: `#[warn(dead_code)]` on by default
[INFO] [stdout] 
[INFO] [stdout] 
[INFO] [stdout] warning: field `0` is never read
[INFO] [stdout]   --> src/types.rs:10:17
[INFO] [stdout]    |
[INFO] [stdout] 10 |     SystemError(Vec<String>),
[INFO] [stdout]    |     ----------- ^^^^^^^^^^^
[INFO] [stdout]    |     |
[INFO] [stdout]    |     field in this variant
[INFO] [stdout]    |
[INFO] [stdout]    = note: `InternalResponseUnion` has derived impls for the traits `Clone` and `Debug`, but these are intentionally ignored during dead code analysis
[INFO] [stdout] help: consider changing the field to be of unit type to suppress this warning while preserving the field numbering, or remove the field
[INFO] [stdout]    |
[INFO] [stdout] 10 |     SystemError(()),
[INFO] [stdout]    |                 ~~
[INFO] [stdout] 
[INFO] [stdout] 
[INFO] [stdout] warning: fields `message` and `code` are never read
[INFO] [stdout]  --> src/types.rs:8:13
[INFO] [stdout]   |
[INFO] [stdout] 8 |     Error { message: String, code: Option<u32> },
[INFO] [stdout]   |     -----   ^^^^^^^          ^^^^
[INFO] [stdout]   |     |
[INFO] [stdout]   |     fields in this variant
[INFO] [stdout]   |
[INFO] [stdout]   = note: `InternalResponseUnion` has derived impls for the traits `Clone` and `Debug`, but these are intentionally ignored during dead code analysis
[INFO] [stdout]   = note: `#[warn(dead_code)]` on by default
[INFO] [stdout] 
[INFO] [stdout] 
[INFO] [stdout] warning: field `0` is never read
[INFO] [stdout]   --> src/types.rs:10:17
[INFO] [stdout]    |
[INFO] [stdout] 10 |     SystemError(Vec<String>),
[INFO] [stdout]    |     ----------- ^^^^^^^^^^^
[INFO] [stdout]    |     |
[INFO] [stdout]    |     field in this variant
[INFO] [stdout]    |
[INFO] [stdout]    = note: `InternalResponseUnion` has derived impls for the traits `Clone` and `Debug`, but these are intentionally ignored during dead code analysis
[INFO] [stdout] help: consider changing the field to be of unit type to suppress this warning while preserving the field numbering, or remove the field
[INFO] [stdout]    |
[INFO] [stdout] 10 |     SystemError(()),
[INFO] [stdout]    |                 ~~
[INFO] [stdout] 
[INFO] [stdout] 
[INFO] [stderr]     Finished `test` profile [unoptimized + debuginfo] target(s) in 13.08s
[INFO] running `Command { std: "docker" "inspect" "3dcf9b52cdc7587b88bc413c62858889304ed309488065c09dce96c9d2e92122", kill_on_drop: false }`
[INFO] running `Command { std: "docker" "rm" "-f" "3dcf9b52cdc7587b88bc413c62858889304ed309488065c09dce96c9d2e92122", kill_on_drop: false }`
[INFO] [stdout] 3dcf9b52cdc7587b88bc413c62858889304ed309488065c09dce96c9d2e92122
[INFO] running `Command { std: "docker" "create" "-v" "/var/lib/crater-agent-workspace/builds/worker-1-tc1/target:/opt/rustwide/target:rw,Z" "-v" "/var/lib/crater-agent-workspace/builds/worker-1-tc1/source:/opt/rustwide/workdir:ro,Z" "-v" "/var/lib/crater-agent-workspace/cargo-home:/opt/rustwide/cargo-home:ro,Z" "-v" "/var/lib/crater-agent-workspace/rustup-home:/opt/rustwide/rustup-home:ro,Z" "-e" "SOURCE_DIR=/opt/rustwide/workdir" "-e" "CARGO_TARGET_DIR=/opt/rustwide/target" "-e" "CARGO_INCREMENTAL=0" "-e" "RUST_BACKTRACE=full" "-e" "RUSTFLAGS=--cap-lints=forbid" "-e" "RUSTDOCFLAGS=--cap-lints=forbid" "-e" "CARGO_HOME=/opt/rustwide/cargo-home" "-e" "RUSTUP_HOME=/opt/rustwide/rustup-home" "-w" "/opt/rustwide/workdir" "-m" "1610612736" "--user" "0:0" "--network" "none" "ghcr.io/rust-lang/crates-build-env/linux@sha256:4a844ea9eb2546a2d2c7022eacef16ef2e8229c7fbb2c7d4d55a9ceca922f72d" "/opt/rustwide/cargo-home/bin/cargo" "+nightly-2024-10-28" "test" "--frozen", kill_on_drop: false }`
[INFO] [stdout] f3292da755124f8a45aaf239fbe4982dd84ed21bd94f06f7ac30ec853e48fc5b
[INFO] running `Command { std: "docker" "start" "-a" "f3292da755124f8a45aaf239fbe4982dd84ed21bd94f06f7ac30ec853e48fc5b", kill_on_drop: false }`
[INFO] [stderr] warning: fields `message` and `code` are never read
[INFO] [stderr]  --> src/types.rs:8:13
[INFO] [stderr]   |
[INFO] [stderr] 8 |     Error { message: String, code: Option<u32> },
[INFO] [stderr]   |     -----   ^^^^^^^          ^^^^
[INFO] [stderr]   |     |
[INFO] [stderr]   |     fields in this variant
[INFO] [stderr]   |
[INFO] [stderr]   = note: `InternalResponseUnion` has derived impls for the traits `Clone` and `Debug`, but these are intentionally ignored during dead code analysis
[INFO] [stderr]   = note: `#[warn(dead_code)]` on by default
[INFO] [stderr] 
[INFO] [stderr] warning: field `0` is never read
[INFO] [stderr]   --> src/types.rs:10:17
[INFO] [stderr]    |
[INFO] [stderr] 10 |     SystemError(Vec<String>),
[INFO] [stderr]    |     ----------- ^^^^^^^^^^^
[INFO] [stderr]    |     |
[INFO] [stderr]    |     field in this variant
[INFO] [stderr]    |
[INFO] [stderr]    = note: `InternalResponseUnion` has derived impls for the traits `Clone` and `Debug`, but these are intentionally ignored during dead code analysis
[INFO] [stderr] help: consider changing the field to be of unit type to suppress this warning while preserving the field numbering, or remove the field
[INFO] [stderr]    |
[INFO] [stderr] 10 |     SystemError(()),
[INFO] [stderr]    |                 ~~
[INFO] [stderr] 
[INFO] [stderr] warning: `shikimori` (lib) generated 2 warnings
[INFO] [stderr] warning: `shikimori` (lib test) generated 2 warnings (2 duplicates)
[INFO] [stderr]     Finished `test` profile [unoptimized + debuginfo] target(s) in 0.28s
[INFO] [stderr]      Running unittests src/lib.rs (/opt/rustwide/target/debug/deps/shikimori-f3ab42b3eca76710)
[INFO] [stdout] 
[INFO] [stdout] running 0 tests
[INFO] [stdout] 
[INFO] [stdout] test result: ok. 0 passed; 0 failed; 0 ignored; 0 measured; 0 filtered out; finished in 0.00s
[INFO] [stdout] 
[INFO] [stderr]    Doc-tests shikimori
[INFO] [stdout] 
[INFO] [stdout] running 7 tests
[INFO] [stdout] test src/client.rs - client::ClientBuilder::custom_reqwest_builder (line 76) ... ok
[INFO] [stdout] test src/client.rs - client::ClientBuilder::user_agent (line 87) ... ok
[INFO] [stdout] test src/client.rs - client::ClientBuilder::proxy (line 65) ... ok
[INFO] [stdout] test src/client.rs - client::ClientBuilder::api_url (line 54) ... ok
[INFO] [stdout] test src/client.rs - client::ClientBuilder::build (line 102) ... ok
[INFO] [stdout] test src/client.rs - client::Client::new (line 151) ... FAILED
[INFO] [stdout] test src/client.rs - client::ClientBuilder::api_key (line 39) ... ok
[INFO] [stdout] 
[INFO] [stdout] failures:
[INFO] [stdout] 
[INFO] [stdout] ---- src/client.rs - client::Client::new (line 151) stdout ----
[INFO] [stdout] Test executable failed (exit status: 101).
[INFO] [stdout] 
[INFO] [stdout] stderr:
[INFO] [stdout] thread 'main' panicked at src/client.rs:8:54:
[INFO] [stdout] SHIKIMORI_API_KEY is not set: NotPresent
[INFO] [stdout] stack backtrace:
[INFO] [stdout]    0:     0x57fce87f4e1a - std::backtrace_rs::backtrace::libunwind::trace::h207520d6e9873551
[INFO] [stdout]                                at /rustc/df4ca44d3fbc9301ee17f30f4d474e6ae4b05252/library/std/src/../../backtrace/src/backtrace/libunwind.rs:116:5
[INFO] [stdout]    1:     0x57fce87f4e1a - std::backtrace_rs::backtrace::trace_unsynchronized::h2ed7433f370e3eca
[INFO] [stdout]                                at /rustc/df4ca44d3fbc9301ee17f30f4d474e6ae4b05252/library/std/src/../../backtrace/src/backtrace/mod.rs:66:5
[INFO] [stdout]    2:     0x57fce87f4e1a - std::sys::backtrace::_print_fmt::h916fac51166b18d7
[INFO] [stdout]                                at /rustc/df4ca44d3fbc9301ee17f30f4d474e6ae4b05252/library/std/src/sys/backtrace.rs:66:9
[INFO] [stdout]    3:     0x57fce87f4e1a - <std::sys::backtrace::BacktraceLock::print::DisplayBacktrace as core::fmt::Display>::fmt::ha0a4c9b8ce3802e6
[INFO] [stdout]                                at /rustc/df4ca44d3fbc9301ee17f30f4d474e6ae4b05252/library/std/src/sys/backtrace.rs:39:26
[INFO] [stdout]    4:     0x57fce881b3b3 - core::fmt::rt::Argument::fmt::h4cfc8587d52b3eb5
[INFO] [stdout]                                at /rustc/df4ca44d3fbc9301ee17f30f4d474e6ae4b05252/library/core/src/fmt/rt.rs:177:76
[INFO] [stdout]    5:     0x57fce881b3b3 - core::fmt::write::h522cc39e5b36ae9f
[INFO] [stdout]                                at /rustc/df4ca44d3fbc9301ee17f30f4d474e6ae4b05252/library/core/src/fmt/mod.rs:1190:21
[INFO] [stdout]    6:     0x57fce87f19f3 - std::io::Write::write_fmt::hf1c1dcc8cc1287f0
[INFO] [stdout]                                at /rustc/df4ca44d3fbc9301ee17f30f4d474e6ae4b05252/library/std/src/io/mod.rs:1839:15
[INFO] [stdout]    7:     0x57fce87f4c62 - std::sys::backtrace::BacktraceLock::print::h4b9e00b29e9c0942
[INFO] [stdout]                                at /rustc/df4ca44d3fbc9301ee17f30f4d474e6ae4b05252/library/std/src/sys/backtrace.rs:42:9
[INFO] [stdout]    8:     0x57fce87f5d6c - std::panicking::default_hook::{{closure}}::hb59b88280d0324d9
[INFO] [stdout]                                at /rustc/df4ca44d3fbc9301ee17f30f4d474e6ae4b05252/library/std/src/panicking.rs:268:22
[INFO] [stdout]    9:     0x57fce87f5bb2 - std::panicking::default_hook::he1dd496665be4a29
[INFO] [stdout]                                at /rustc/df4ca44d3fbc9301ee17f30f4d474e6ae4b05252/library/std/src/panicking.rs:295:9
[INFO] [stdout]   10:     0x57fce87f63a7 - std::panicking::rust_panic_with_hook::h2ff17fe8f26dfcf8
[INFO] [stdout]                                at /rustc/df4ca44d3fbc9301ee17f30f4d474e6ae4b05252/library/std/src/panicking.rs:801:13
[INFO] [stdout]   11:     0x57fce87f623a - std::panicking::begin_panic_handler::{{closure}}::h4fad77951c07e101
[INFO] [stdout]                                at /rustc/df4ca44d3fbc9301ee17f30f4d474e6ae4b05252/library/std/src/panicking.rs:674:13
[INFO] [stdout]   12:     0x57fce87f52f9 - std::sys::backtrace::__rust_end_short_backtrace::hb1a25b3da5d0ea08
[INFO] [stdout]                                at /rustc/df4ca44d3fbc9301ee17f30f4d474e6ae4b05252/library/std/src/sys/backtrace.rs:170:18
[INFO] [stdout]   13:     0x57fce87f5ecc - rust_begin_unwind
[INFO] [stdout]                                at /rustc/df4ca44d3fbc9301ee17f30f4d474e6ae4b05252/library/std/src/panicking.rs:665:5
[INFO] [stdout]   14:     0x57fce8818d30 - core::panicking::panic_fmt::ha9db07b529f9b256
[INFO] [stdout]                                at /rustc/df4ca44d3fbc9301ee17f30f4d474e6ae4b05252/library/core/src/panicking.rs:75:14
[INFO] [stdout]   15:     0x57fce8819216 - core::result::unwrap_failed::h5e8218e4d4338b8a
[INFO] [stdout]                                at /rustc/df4ca44d3fbc9301ee17f30f4d474e6ae4b05252/library/core/src/result.rs:1698:5
[INFO] [stdout]   16:     0x57fce83841fc - core::result::Result<T,E>::expect::hb7f131f2a455904a
[INFO] [stdout]   17:     0x57fce838b25c - rust_out::main::{{closure}}::h6aa186353edbc990
[INFO] [stdout]   18:     0x57fce83858c5 - tokio::runtime::park::CachedParkThread::block_on::{{closure}}::h66d68daffe253085
[INFO] [stdout]   19:     0x57fce8384f9c - tokio::runtime::park::CachedParkThread::block_on::h74fd23a8c329c692
[INFO] [stdout]   20:     0x57fce8386da5 - tokio::runtime::context::blocking::BlockingRegionGuard::block_on::h8a705ea90d7db2c5
[INFO] [stdout]   21:     0x57fce8387336 - tokio::runtime::scheduler::multi_thread::MultiThread::block_on::{{closure}}::h320a3c69450d422b
[INFO] [stdout]   22:     0x57fce8385fc7 - tokio::runtime::context::runtime::enter_runtime::h6d915cceb10e30e2
[INFO] [stdout]   23:     0x57fce83872f8 - tokio::runtime::scheduler::multi_thread::MultiThread::block_on::hc0475a6c28cddd63
[INFO] [stdout]   24:     0x57fce8386f29 - tokio::runtime::runtime::Runtime::block_on_inner::h166e55b69204abce
[INFO] [stdout]   25:     0x57fce83871ec - tokio::runtime::runtime::Runtime::block_on::h9f9e12026251697d
[INFO] [stdout]   26:     0x57fce838b12c - rust_out::main::ha213a30daa5df4da
[INFO] [stdout]   27:     0x57fce8383c83 - core::ops::function::FnOnce::call_once::hf7edf7132571051c
[INFO] [stdout]   28:     0x57fce8382d36 - std::sys::backtrace::__rust_begin_short_backtrace::h32fd822fd2ba4079
[INFO] [stdout]   29:     0x57fce8382d19 - std::rt::lang_start::{{closure}}::h4039a1c394ed4f7c
[INFO] [stdout]   30:     0x57fce87ece87 - core::ops::function::impls::<impl core::ops::function::FnOnce<A> for &F>::call_once::hd87d66b906e0ccaf
[INFO] [stdout]                                at /rustc/df4ca44d3fbc9301ee17f30f4d474e6ae4b05252/library/core/src/ops/function.rs:284:13
[INFO] [stdout]   31:     0x57fce87ece87 - std::panicking::try::do_call::hae3703de71fc9e3a
[INFO] [stdout]                                at /rustc/df4ca44d3fbc9301ee17f30f4d474e6ae4b05252/library/std/src/panicking.rs:557:40
[INFO] [stdout]   32:     0x57fce87ece87 - std::panicking::try::h1178330e9a2b2645
[INFO] [stdout]                                at /rustc/df4ca44d3fbc9301ee17f30f4d474e6ae4b05252/library/std/src/panicking.rs:520:19
[INFO] [stdout]   33:     0x57fce87ece87 - std::panic::catch_unwind::h0acf49d2305d32ad
[INFO] [stdout]                                at /rustc/df4ca44d3fbc9301ee17f30f4d474e6ae4b05252/library/std/src/panic.rs:358:14
[INFO] [stdout]   34:     0x57fce87ece87 - std::rt::lang_start_internal::{{closure}}::h2d95182d798177be
[INFO] [stdout]                                at /rustc/df4ca44d3fbc9301ee17f30f4d474e6ae4b05252/library/std/src/rt.rs:174:48
[INFO] [stdout]   35:     0x57fce87ece87 - std::panicking::try::do_call::hb506f5bfe11fd30c
[INFO] [stdout]                                at /rustc/df4ca44d3fbc9301ee17f30f4d474e6ae4b05252/library/std/src/panicking.rs:557:40
[INFO] [stdout]   36:     0x57fce87ece87 - std::panicking::try::h54d825c46bd0fa95
[INFO] [stdout]                                at /rustc/df4ca44d3fbc9301ee17f30f4d474e6ae4b05252/library/std/src/panicking.rs:520:19
[INFO] [stdout]   37:     0x57fce87ece87 - std::panic::catch_unwind::hffbb0ad20c4e9fac
[INFO] [stdout]                                at /rustc/df4ca44d3fbc9301ee17f30f4d474e6ae4b05252/library/std/src/panic.rs:358:14
[INFO] [stdout]   38:     0x57fce87ece87 - std::rt::lang_start_internal::h52c291ef1962c925
[INFO] [stdout]                                at /rustc/df4ca44d3fbc9301ee17f30f4d474e6ae4b05252/library/std/src/rt.rs:174:20
[INFO] [stdout]   39:     0x57fce8382cf7 - std::rt::lang_start::h8c6075cd6f225ba1
[INFO] [stdout]   40:     0x57fce838b2d5 - main
[INFO] [stdout]   41:     0x79376ce58d90 - <unknown>
[INFO] [stdout]   42:     0x79376ce58e40 - __libc_start_main
[INFO] [stdout]   43:     0x57fce8382be5 - _start
[INFO] [stdout]   44:                0x0 - <unknown>
[INFO] [stdout] 
[INFO] [stdout] 
[INFO] [stdout] 
[INFO] [stdout] failures:
[INFO] [stdout]     src/client.rs - client::Client::new (line 151)
[INFO] [stdout] 
[INFO] [stdout] test result: FAILED. 6 passed; 1 failed; 0 ignored; 0 measured; 0 filtered out; finished in 2.22s
[INFO] [stdout] 
[INFO] [stderr] error: doctest failed, to rerun pass `--doc`
[INFO] running `Command { std: "docker" "inspect" "f3292da755124f8a45aaf239fbe4982dd84ed21bd94f06f7ac30ec853e48fc5b", kill_on_drop: false }`
[INFO] running `Command { std: "docker" "rm" "-f" "f3292da755124f8a45aaf239fbe4982dd84ed21bd94f06f7ac30ec853e48fc5b", kill_on_drop: false }`
[INFO] [stdout] f3292da755124f8a45aaf239fbe4982dd84ed21bd94f06f7ac30ec853e48fc5b
