[INFO] fetching crate shelter-storage 0.1.0...
[INFO] testing shelter-storage-0.1.0 against nightly-2024-10-28+rustflags=-Zrandomize-layout for randomize-layout
[INFO] extracting crate shelter-storage 0.1.0 into /workspace/builds/worker-6-tc2/source
[INFO] validating manifest of crates.io crate shelter-storage 0.1.0 on toolchain nightly-2024-10-28
[INFO] running `Command { std: CARGO_HOME="/workspace/cargo-home" RUSTUP_HOME="/workspace/rustup-home" "/workspace/cargo-home/bin/cargo" "+nightly-2024-10-28" "metadata" "--manifest-path" "Cargo.toml" "--no-deps", kill_on_drop: false }`
[INFO] started tweaking crates.io crate shelter-storage 0.1.0
[INFO] finished tweaking crates.io crate shelter-storage 0.1.0
[INFO] tweaked toml for crates.io crate shelter-storage 0.1.0 written to /workspace/builds/worker-6-tc2/source/Cargo.toml
[INFO] running `Command { std: CARGO_HOME="/workspace/cargo-home" RUSTUP_HOME="/workspace/rustup-home" "/workspace/cargo-home/bin/cargo" "+nightly-2024-10-28" "generate-lockfile" "--manifest-path" "Cargo.toml", kill_on_drop: false }`
[INFO] [stderr]     Updating crates.io index
[INFO] [stderr]      Locking 100 packages to latest compatible versions
[INFO] [stderr]       Adding moka v0.11.3 (available: v0.12.8)
[INFO] [stderr]       Adding redis v0.23.3 (available: v0.27.5)
[INFO] running `Command { std: CARGO_HOME="/workspace/cargo-home" RUSTUP_HOME="/workspace/rustup-home" "/workspace/cargo-home/bin/cargo" "+nightly-2024-10-28" "fetch" "--manifest-path" "Cargo.toml", kill_on_drop: false }`
[INFO] running `Command { std: "docker" "create" "-v" "/var/lib/crater-agent-workspace/builds/worker-6-tc2/target:/opt/rustwide/target:rw,Z" "-v" "/var/lib/crater-agent-workspace/builds/worker-6-tc2/source:/opt/rustwide/workdir:ro,Z" "-v" "/var/lib/crater-agent-workspace/cargo-home:/opt/rustwide/cargo-home:ro,Z" "-v" "/var/lib/crater-agent-workspace/rustup-home:/opt/rustwide/rustup-home:ro,Z" "-e" "SOURCE_DIR=/opt/rustwide/workdir" "-e" "CARGO_TARGET_DIR=/opt/rustwide/target" "-e" "CARGO_HOME=/opt/rustwide/cargo-home" "-e" "RUSTUP_HOME=/opt/rustwide/rustup-home" "-w" "/opt/rustwide/workdir" "-m" "1610612736" "--user" "0:0" "--network" "none" "ghcr.io/rust-lang/crates-build-env/linux@sha256:4a844ea9eb2546a2d2c7022eacef16ef2e8229c7fbb2c7d4d55a9ceca922f72d" "/opt/rustwide/cargo-home/bin/cargo" "+nightly-2024-10-28" "metadata" "--no-deps" "--format-version=1", kill_on_drop: false }`
[INFO] [stdout] a8648f09907e945effaf2a108ac8307afdbbd85c42b2764bbc66ec20eccfbe37
[INFO] running `Command { std: "docker" "start" "-a" "a8648f09907e945effaf2a108ac8307afdbbd85c42b2764bbc66ec20eccfbe37", kill_on_drop: false }`
[INFO] running `Command { std: "docker" "inspect" "a8648f09907e945effaf2a108ac8307afdbbd85c42b2764bbc66ec20eccfbe37", kill_on_drop: false }`
[INFO] running `Command { std: "docker" "rm" "-f" "a8648f09907e945effaf2a108ac8307afdbbd85c42b2764bbc66ec20eccfbe37", kill_on_drop: false }`
[INFO] [stdout] a8648f09907e945effaf2a108ac8307afdbbd85c42b2764bbc66ec20eccfbe37
[INFO] running `Command { std: "docker" "create" "-v" "/var/lib/crater-agent-workspace/builds/worker-6-tc2/target:/opt/rustwide/target:rw,Z" "-v" "/var/lib/crater-agent-workspace/builds/worker-6-tc2/source:/opt/rustwide/workdir:ro,Z" "-v" "/var/lib/crater-agent-workspace/cargo-home:/opt/rustwide/cargo-home:ro,Z" "-v" "/var/lib/crater-agent-workspace/rustup-home:/opt/rustwide/rustup-home:ro,Z" "-e" "SOURCE_DIR=/opt/rustwide/workdir" "-e" "CARGO_TARGET_DIR=/opt/rustwide/target" "-e" "CARGO_INCREMENTAL=0" "-e" "RUST_BACKTRACE=full" "-e" "RUSTFLAGS=--cap-lints=forbid -Zrandomize-layout" "-e" "RUSTDOCFLAGS=--cap-lints=forbid" "-e" "CARGO_HOME=/opt/rustwide/cargo-home" "-e" "RUSTUP_HOME=/opt/rustwide/rustup-home" "-w" "/opt/rustwide/workdir" "-m" "1610612736" "--user" "0:0" "--network" "none" "ghcr.io/rust-lang/crates-build-env/linux@sha256:4a844ea9eb2546a2d2c7022eacef16ef2e8229c7fbb2c7d4d55a9ceca922f72d" "/opt/rustwide/cargo-home/bin/cargo" "+nightly-2024-10-28" "build" "--frozen" "--message-format=json", kill_on_drop: false }`
[INFO] [stdout] 842f61521985cbb28560fa0f309c26c7d718e80c3647dfad1d678245714218ab
[INFO] running `Command { std: "docker" "start" "-a" "842f61521985cbb28560fa0f309c26c7d718e80c3647dfad1d678245714218ab", kill_on_drop: false }`
[INFO] [stderr]    Compiling libc v0.2.161
[INFO] [stderr]    Compiling smallvec v1.13.2
[INFO] [stderr]    Compiling moka v0.11.3
[INFO] [stderr]    Compiling fiat-crypto v0.2.9
[INFO] [stderr]    Compiling triomphe v0.1.14
[INFO] [stderr]    Compiling raw-cpuid v10.7.0
[INFO] [stderr]    Compiling ct-codecs v1.1.2
[INFO] [stderr]    Compiling subtle v2.6.1
[INFO] [stderr]    Compiling zeroize v1.8.1
[INFO] [stderr]    Compiling tagptr v0.2.0
[INFO] [stderr]    Compiling syn v2.0.86
[INFO] [stderr]    Compiling crossbeam-channel v0.5.13
[INFO] [stderr]    Compiling crossbeam-epoch v0.9.18
[INFO] [stderr]    Compiling getrandom v0.2.15
[INFO] [stderr]    Compiling parking_lot_core v0.9.10
[INFO] [stderr]    Compiling quanta v0.11.1
[INFO] [stderr]    Compiling uuid v1.11.0
[INFO] [stderr]    Compiling parking_lot v0.12.3
[INFO] [stderr]    Compiling scheduled-thread-pool v0.2.7
[INFO] [stderr]    Compiling serde_derive v1.0.214
[INFO] [stderr]    Compiling thiserror-impl v1.0.66
[INFO] [stderr]    Compiling thiserror v1.0.66
[INFO] [stderr]    Compiling orion v0.17.7
[INFO] [stderr]    Compiling serde v1.0.214
[INFO] [stderr]    Compiling bincode v1.3.3
[INFO] [stderr]    Compiling serde_bytes v0.11.15
[INFO] [stderr]    Compiling shelter-storage v0.1.0 (/opt/rustwide/workdir)
[INFO] [stdout] warning: unused imports: `File`, `OpenOptions`, `ReadDir`, `copy`, `create_dir`, `metadata`, `read_dir`, `remove_dir_all`, `remove_file`, and `rename`
[INFO] [stdout]  --> src/vio.rs:6:5
[INFO] [stdout]   |
[INFO] [stdout] 6 |     copy, create_dir, create_dir_all, metadata, read_dir, remove_dir, remove_dir_all, remove_file,
[INFO] [stdout]   |     ^^^^  ^^^^^^^^^^                  ^^^^^^^^  ^^^^^^^^              ^^^^^^^^^^^^^^  ^^^^^^^^^^^
[INFO] [stdout] 7 |     rename, File, OpenOptions, ReadDir,
[INFO] [stdout]   |     ^^^^^^  ^^^^  ^^^^^^^^^^^  ^^^^^^^
[INFO] [stdout]   |
[INFO] [stdout]   = note: `#[warn(unused_imports)]` on by default
[INFO] [stdout] 
[INFO] [stdout] 
[INFO] [stdout] warning: unused import: `aead::SecretKey`
[INFO] [stdout]  --> src/xchacha.rs:5:9
[INFO] [stdout]   |
[INFO] [stdout] 5 | pub use aead::SecretKey;
[INFO] [stdout]   |         ^^^^^^^^^^^^^^^
[INFO] [stdout] 
[INFO] [stdout] 
[INFO] [stdout] warning: unused import: `kdf::Salt`
[INFO] [stdout]  --> src/xchacha.rs:6:9
[INFO] [stdout]   |
[INFO] [stdout] 6 | pub use kdf::Salt;
[INFO] [stdout]   |         ^^^^^^^^^
[INFO] [stdout] 
[INFO] [stdout] 
[INFO] [stderr]     Finished `dev` profile [unoptimized + debuginfo] target(s) in 9.41s
[INFO] running `Command { std: "docker" "inspect" "842f61521985cbb28560fa0f309c26c7d718e80c3647dfad1d678245714218ab", kill_on_drop: false }`
[INFO] running `Command { std: "docker" "rm" "-f" "842f61521985cbb28560fa0f309c26c7d718e80c3647dfad1d678245714218ab", kill_on_drop: false }`
[INFO] [stdout] 842f61521985cbb28560fa0f309c26c7d718e80c3647dfad1d678245714218ab
[INFO] running `Command { std: "docker" "create" "-v" "/var/lib/crater-agent-workspace/builds/worker-6-tc2/target:/opt/rustwide/target:rw,Z" "-v" "/var/lib/crater-agent-workspace/builds/worker-6-tc2/source:/opt/rustwide/workdir:ro,Z" "-v" "/var/lib/crater-agent-workspace/cargo-home:/opt/rustwide/cargo-home:ro,Z" "-v" "/var/lib/crater-agent-workspace/rustup-home:/opt/rustwide/rustup-home:ro,Z" "-e" "SOURCE_DIR=/opt/rustwide/workdir" "-e" "CARGO_TARGET_DIR=/opt/rustwide/target" "-e" "CARGO_INCREMENTAL=0" "-e" "RUST_BACKTRACE=full" "-e" "RUSTFLAGS=--cap-lints=forbid -Zrandomize-layout" "-e" "RUSTDOCFLAGS=--cap-lints=forbid" "-e" "CARGO_HOME=/opt/rustwide/cargo-home" "-e" "RUSTUP_HOME=/opt/rustwide/rustup-home" "-w" "/opt/rustwide/workdir" "-m" "1610612736" "--user" "0:0" "--network" "none" "ghcr.io/rust-lang/crates-build-env/linux@sha256:4a844ea9eb2546a2d2c7022eacef16ef2e8229c7fbb2c7d4d55a9ceca922f72d" "/opt/rustwide/cargo-home/bin/cargo" "+nightly-2024-10-28" "test" "--frozen" "--no-run" "--message-format=json", kill_on_drop: false }`
[INFO] [stdout] c74aa2e7054da14ef817df9657bbfde40f01aa7ea2ef6cc8ec71fe039312532a
[INFO] running `Command { std: "docker" "start" "-a" "c74aa2e7054da14ef817df9657bbfde40f01aa7ea2ef6cc8ec71fe039312532a", kill_on_drop: false }`
[INFO] [stdout] warning: unused imports: `File`, `OpenOptions`, `ReadDir`, `copy`, `create_dir`, `metadata`, `read_dir`, `remove_dir_all`, `remove_file`, and `rename`
[INFO] [stdout]  --> src/vio.rs:6:5
[INFO] [stdout]   |
[INFO] [stdout] 6 |     copy, create_dir, create_dir_all, metadata, read_dir, remove_dir, remove_dir_all, remove_file,
[INFO] [stdout]   |     ^^^^  ^^^^^^^^^^                  ^^^^^^^^  ^^^^^^^^              ^^^^^^^^^^^^^^  ^^^^^^^^^^^
[INFO] [stdout] 7 |     rename, File, OpenOptions, ReadDir,
[INFO] [stdout]   |     ^^^^^^  ^^^^  ^^^^^^^^^^^  ^^^^^^^
[INFO] [stdout]   |
[INFO] [stdout]   = note: `#[warn(unused_imports)]` on by default
[INFO] [stdout] 
[INFO] [stdout] 
[INFO] [stdout] warning: unused import: `aead::SecretKey`
[INFO] [stdout]  --> src/xchacha.rs:5:9
[INFO] [stdout]   |
[INFO] [stdout] 5 | pub use aead::SecretKey;
[INFO] [stdout]   |         ^^^^^^^^^^^^^^^
[INFO] [stdout] 
[INFO] [stdout] 
[INFO] [stderr]    Compiling shelter-storage v0.1.0 (/opt/rustwide/workdir)
[INFO] [stdout] warning: unused import: `kdf::Salt`
[INFO] [stdout]  --> src/xchacha.rs:6:9
[INFO] [stdout]   |
[INFO] [stdout] 6 | pub use kdf::Salt;
[INFO] [stdout]   |         ^^^^^^^^^
[INFO] [stdout] 
[INFO] [stdout] 
[INFO] [stdout] warning: unused imports: `File`, `OpenOptions`, `ReadDir`, `copy`, `create_dir`, `metadata`, `read_dir`, `remove_dir_all`, `remove_file`, and `rename`
[INFO] [stdout]  --> src/vio.rs:6:5
[INFO] [stdout]   |
[INFO] [stdout] 6 |     copy, create_dir, create_dir_all, metadata, read_dir, remove_dir, remove_dir_all, remove_file,
[INFO] [stdout]   |     ^^^^  ^^^^^^^^^^                  ^^^^^^^^  ^^^^^^^^              ^^^^^^^^^^^^^^  ^^^^^^^^^^^
[INFO] [stdout] 7 |     rename, File, OpenOptions, ReadDir,
[INFO] [stdout]   |     ^^^^^^  ^^^^  ^^^^^^^^^^^  ^^^^^^^
[INFO] [stdout]   |
[INFO] [stdout]   = note: `#[warn(unused_imports)]` on by default
[INFO] [stdout] 
[INFO] [stdout] 
[INFO] [stdout] warning: unused import: `kdf::Salt`
[INFO] [stdout]  --> src/xchacha.rs:6:9
[INFO] [stdout]   |
[INFO] [stdout] 6 | pub use kdf::Salt;
[INFO] [stdout]   |         ^^^^^^^^^
[INFO] [stdout] 
[INFO] [stdout] 
[INFO] [stderr]     Finished `test` profile [unoptimized + debuginfo] target(s) in 0.45s
[INFO] running `Command { std: "docker" "inspect" "c74aa2e7054da14ef817df9657bbfde40f01aa7ea2ef6cc8ec71fe039312532a", kill_on_drop: false }`
[INFO] running `Command { std: "docker" "rm" "-f" "c74aa2e7054da14ef817df9657bbfde40f01aa7ea2ef6cc8ec71fe039312532a", kill_on_drop: false }`
[INFO] [stdout] c74aa2e7054da14ef817df9657bbfde40f01aa7ea2ef6cc8ec71fe039312532a
[INFO] running `Command { std: "docker" "create" "-v" "/var/lib/crater-agent-workspace/builds/worker-6-tc2/target:/opt/rustwide/target:rw,Z" "-v" "/var/lib/crater-agent-workspace/builds/worker-6-tc2/source:/opt/rustwide/workdir:ro,Z" "-v" "/var/lib/crater-agent-workspace/cargo-home:/opt/rustwide/cargo-home:ro,Z" "-v" "/var/lib/crater-agent-workspace/rustup-home:/opt/rustwide/rustup-home:ro,Z" "-e" "SOURCE_DIR=/opt/rustwide/workdir" "-e" "CARGO_TARGET_DIR=/opt/rustwide/target" "-e" "CARGO_INCREMENTAL=0" "-e" "RUST_BACKTRACE=full" "-e" "RUSTFLAGS=--cap-lints=forbid -Zrandomize-layout" "-e" "RUSTDOCFLAGS=--cap-lints=forbid" "-e" "CARGO_HOME=/opt/rustwide/cargo-home" "-e" "RUSTUP_HOME=/opt/rustwide/rustup-home" "-w" "/opt/rustwide/workdir" "-m" "1610612736" "--user" "0:0" "--network" "none" "ghcr.io/rust-lang/crates-build-env/linux@sha256:4a844ea9eb2546a2d2c7022eacef16ef2e8229c7fbb2c7d4d55a9ceca922f72d" "/opt/rustwide/cargo-home/bin/cargo" "+nightly-2024-10-28" "test" "--frozen", kill_on_drop: false }`
[INFO] [stdout] 8ec2a0ab381fee48b67fffc78434e30111e0b01ab4f74a8a7b2e228b66e03248
[INFO] running `Command { std: "docker" "start" "-a" "8ec2a0ab381fee48b67fffc78434e30111e0b01ab4f74a8a7b2e228b66e03248", kill_on_drop: false }`
[INFO] [stderr] warning: unused imports: `File`, `OpenOptions`, `ReadDir`, `copy`, `create_dir`, `metadata`, `read_dir`, `remove_dir_all`, `remove_file`, and `rename`
[INFO] [stderr]  --> src/vio.rs:6:5
[INFO] [stderr]   |
[INFO] [stderr] 6 |     copy, create_dir, create_dir_all, metadata, read_dir, remove_dir, remove_dir_all, remove_file,
[INFO] [stderr]   |     ^^^^  ^^^^^^^^^^                  ^^^^^^^^  ^^^^^^^^              ^^^^^^^^^^^^^^  ^^^^^^^^^^^
[INFO] [stderr] 7 |     rename, File, OpenOptions, ReadDir,
[INFO] [stderr]   |     ^^^^^^  ^^^^  ^^^^^^^^^^^  ^^^^^^^
[INFO] [stderr]   |
[INFO] [stderr]   = note: `#[warn(unused_imports)]` on by default
[INFO] [stderr] 
[INFO] [stderr] warning: unused import: `aead::SecretKey`
[INFO] [stderr]  --> src/xchacha.rs:5:9
[INFO] [stderr]   |
[INFO] [stderr] 5 | pub use aead::SecretKey;
[INFO] [stderr]   |         ^^^^^^^^^^^^^^^
[INFO] [stderr] 
[INFO] [stderr] warning: unused import: `kdf::Salt`
[INFO] [stderr]  --> src/xchacha.rs:6:9
[INFO] [stderr]   |
[INFO] [stderr] 6 | pub use kdf::Salt;
[INFO] [stderr]   |         ^^^^^^^^^
[INFO] [stderr] 
[INFO] [stderr] warning: `shelter-storage` (lib) generated 3 warnings (run `cargo fix --lib -p shelter-storage` to apply 3 suggestions)
[INFO] [stderr] warning: `shelter-storage` (lib test) generated 2 warnings (2 duplicates)
[INFO] [stderr]     Finished `test` profile [unoptimized + debuginfo] target(s) in 0.04s
[INFO] [stderr]      Running unittests src/lib.rs (/opt/rustwide/target/debug/deps/shelter_storage-cd76d2c97004bb7e)
[INFO] [stdout] 
[INFO] [stdout] running 2 tests
[INFO] [stdout] test xchacha::tests::enc_dec ... ok
[INFO] [stdout] test super_block::tests::serialize_work ... ok
[INFO] [stdout] 
[INFO] [stdout] test result: ok. 2 passed; 0 failed; 0 ignored; 0 measured; 0 filtered out; finished in 0.00s
[INFO] [stdout] 
[INFO] [stderr]      Running tests/ft_tests.rs (/opt/rustwide/target/debug/deps/ft_tests-e0d017366569c727)
[INFO] [stdout] 
[INFO] [stdout] running 1 test
[INFO] [stdout] test main ... FAILED
[INFO] [stdout] 
[INFO] [stdout] failures:
[INFO] [stdout] 
[INFO] [stdout] ---- main stdout ----
[INFO] [stdout] thread 'main' panicked at src/xchacha.rs:53:14:
[INFO] [stdout] kdf::derive_key should work: UnknownCryptoError
[INFO] [stdout] stack backtrace:
[INFO] [stdout]    0:     0x61f19251448a - std::backtrace_rs::backtrace::libunwind::trace::h207520d6e9873551
[INFO] [stdout]                                at /rustc/df4ca44d3fbc9301ee17f30f4d474e6ae4b05252/library/std/src/../../backtrace/src/backtrace/libunwind.rs:116:5
[INFO] [stdout]    1:     0x61f19251448a - std::backtrace_rs::backtrace::trace_unsynchronized::h2ed7433f370e3eca
[INFO] [stdout]                                at /rustc/df4ca44d3fbc9301ee17f30f4d474e6ae4b05252/library/std/src/../../backtrace/src/backtrace/mod.rs:66:5
[INFO] [stdout]    2:     0x61f19251448a - std::sys::backtrace::_print_fmt::h916fac51166b18d7
[INFO] [stdout]                                at /rustc/df4ca44d3fbc9301ee17f30f4d474e6ae4b05252/library/std/src/sys/backtrace.rs:66:9
[INFO] [stdout]    3:     0x61f19251448a - <std::sys::backtrace::BacktraceLock::print::DisplayBacktrace as core::fmt::Display>::fmt::ha0a4c9b8ce3802e6
[INFO] [stdout]                                at /rustc/df4ca44d3fbc9301ee17f30f4d474e6ae4b05252/library/std/src/sys/backtrace.rs:39:26
[INFO] [stdout]    4:     0x61f19253a853 - core::fmt::rt::Argument::fmt::h4cfc8587d52b3eb5
[INFO] [stdout]                                at /rustc/df4ca44d3fbc9301ee17f30f4d474e6ae4b05252/library/core/src/fmt/rt.rs:177:76
[INFO] [stdout]    5:     0x61f19253a853 - core::fmt::write::h522cc39e5b36ae9f
[INFO] [stdout]                                at /rustc/df4ca44d3fbc9301ee17f30f4d474e6ae4b05252/library/core/src/fmt/mod.rs:1190:21
[INFO] [stdout]    6:     0x61f1925110f3 - std::io::Write::write_fmt::h7d3c26752da97734
[INFO] [stdout]                                at /rustc/df4ca44d3fbc9301ee17f30f4d474e6ae4b05252/library/std/src/io/mod.rs:1839:15
[INFO] [stdout]    7:     0x61f1925142d2 - std::sys::backtrace::BacktraceLock::print::h4b9e00b29e9c0942
[INFO] [stdout]                                at /rustc/df4ca44d3fbc9301ee17f30f4d474e6ae4b05252/library/std/src/sys/backtrace.rs:42:9
[INFO] [stdout]    8:     0x61f19251591a - std::panicking::default_hook::{{closure}}::hb59b88280d0324d9
[INFO] [stdout]                                at /rustc/df4ca44d3fbc9301ee17f30f4d474e6ae4b05252/library/std/src/panicking.rs:268:22
[INFO] [stdout]    9:     0x61f192515724 - std::panicking::default_hook::he1dd496665be4a29
[INFO] [stdout]                                at /rustc/df4ca44d3fbc9301ee17f30f4d474e6ae4b05252/library/std/src/panicking.rs:292:9
[INFO] [stdout]   10:     0x61f19249e509 - <alloc::boxed::Box<F,A> as core::ops::function::Fn<Args>>::call::h4ff71de18744e1dc
[INFO] [stdout]                                at /rustc/df4ca44d3fbc9301ee17f30f4d474e6ae4b05252/library/alloc/src/boxed.rs:2468:9
[INFO] [stdout]   11:     0x61f19249e509 - test::test_main::{{closure}}::hcf7c055ce117aa81
[INFO] [stdout]                                at /rustc/df4ca44d3fbc9301ee17f30f4d474e6ae4b05252/library/test/src/lib.rs:133:21
[INFO] [stdout]   12:     0x61f192516018 - <alloc::boxed::Box<F,A> as core::ops::function::Fn<Args>>::call::h1d66c6bbd60c9692
[INFO] [stdout]                                at /rustc/df4ca44d3fbc9301ee17f30f4d474e6ae4b05252/library/alloc/src/boxed.rs:2468:9
[INFO] [stdout]   13:     0x61f192516018 - std::panicking::rust_panic_with_hook::h2ff17fe8f26dfcf8
[INFO] [stdout]                                at /rustc/df4ca44d3fbc9301ee17f30f4d474e6ae4b05252/library/std/src/panicking.rs:809:13
[INFO] [stdout]   14:     0x61f192515dda - std::panicking::begin_panic_handler::{{closure}}::h4fad77951c07e101
[INFO] [stdout]                                at /rustc/df4ca44d3fbc9301ee17f30f4d474e6ae4b05252/library/std/src/panicking.rs:674:13
[INFO] [stdout]   15:     0x61f192514969 - std::sys::backtrace::__rust_end_short_backtrace::hb1a25b3da5d0ea08
[INFO] [stdout]                                at /rustc/df4ca44d3fbc9301ee17f30f4d474e6ae4b05252/library/std/src/sys/backtrace.rs:170:18
[INFO] [stdout]   16:     0x61f192515a6c - rust_begin_unwind
[INFO] [stdout]                                at /rustc/df4ca44d3fbc9301ee17f30f4d474e6ae4b05252/library/std/src/panicking.rs:665:5
[INFO] [stdout]   17:     0x61f1925392f0 - core::panicking::panic_fmt::ha9db07b529f9b256
[INFO] [stdout]                                at /rustc/df4ca44d3fbc9301ee17f30f4d474e6ae4b05252/library/core/src/panicking.rs:75:14
[INFO] [stdout]   18:     0x61f192539696 - core::result::unwrap_failed::h5e8218e4d4338b8a
[INFO] [stdout]                                at /rustc/df4ca44d3fbc9301ee17f30f4d474e6ae4b05252/library/core/src/result.rs:1698:5
[INFO] [stdout]   19:     0x61f1924a8bdf - core::result::Result<T,E>::expect::h66f92c2dfb7cdeb9
[INFO] [stdout]                                at /rustc/df4ca44d3fbc9301ee17f30f4d474e6ae4b05252/library/core/src/result.rs:1060:23
[INFO] [stdout]   20:     0x61f1924a8e6b - <shelter_storage::xchacha::XChaCha as shelter_storage::Crypto>::hash_password::h2736ddeb22bd7656
[INFO] [stdout]                                at /opt/rustwide/workdir/src/xchacha.rs:52:9
[INFO] [stdout]   21:     0x61f1924576b4 - shelter_storage::super_block::SuperBlock<C>::get_master_key::hc566f1f253c12ce5
[INFO] [stdout]                                at /opt/rustwide/workdir/src/super_block.rs:120:9
[INFO] [stdout]   22:     0x61f192460453 - <shelter_storage::memory::MemoryStorage<C> as shelter_storage::Storage>::init::h5da1cfcbb0897c8c
[INFO] [stdout]                                at /opt/rustwide/workdir/src/memory/mod.rs:93:32
[INFO] [stdout]   23:     0x61f192460e65 - ft_tests::main::hc02c582f8a6df9c2
[INFO] [stdout]                                at /opt/rustwide/workdir/tests/ft_tests.rs:16:5
[INFO] [stdout]   24:     0x61f192460d87 - ft_tests::main::{{closure}}::hf9b72757538ee322
[INFO] [stdout]                                at /opt/rustwide/workdir/tests/ft_tests.rs:6:10
[INFO] [stdout]   25:     0x61f19245ab76 - core::ops::function::FnOnce::call_once::hfb982285acd867a1
[INFO] [stdout]                                at /rustc/df4ca44d3fbc9301ee17f30f4d474e6ae4b05252/library/core/src/ops/function.rs:250:5
[INFO] [stdout]   26:     0x61f1924a2ddb - core::ops::function::FnOnce::call_once::h22c3ba5715e93f05
[INFO] [stdout]                                at /rustc/df4ca44d3fbc9301ee17f30f4d474e6ae4b05252/library/core/src/ops/function.rs:250:5
[INFO] [stdout]   27:     0x61f1924a2ddb - test::__rust_begin_short_backtrace::h8e82d8113d0da17f
[INFO] [stdout]                                at /rustc/df4ca44d3fbc9301ee17f30f4d474e6ae4b05252/library/test/src/lib.rs:621:18
[INFO] [stdout]   28:     0x61f1924a2757 - test::run_test_in_process::{{closure}}::h33235f4f20b7b7c7
[INFO] [stdout]                                at /rustc/df4ca44d3fbc9301ee17f30f4d474e6ae4b05252/library/test/src/lib.rs:644:60
[INFO] [stdout]   29:     0x61f1924a2757 - <core::panic::unwind_safe::AssertUnwindSafe<F> as core::ops::function::FnOnce<()>>::call_once::hb5043206310c586f
[INFO] [stdout]                                at /rustc/df4ca44d3fbc9301ee17f30f4d474e6ae4b05252/library/core/src/panic/unwind_safe.rs:272:9
[INFO] [stdout]   30:     0x61f1924a2757 - std::panicking::try::do_call::h9ad4731a60ab23e2
[INFO] [stdout]                                at /rustc/df4ca44d3fbc9301ee17f30f4d474e6ae4b05252/library/std/src/panicking.rs:557:40
[INFO] [stdout]   31:     0x61f1924a2757 - std::panicking::try::h3824d23db772a716
[INFO] [stdout]                                at /rustc/df4ca44d3fbc9301ee17f30f4d474e6ae4b05252/library/std/src/panicking.rs:520:19
[INFO] [stdout]   32:     0x61f1924a2757 - std::panic::catch_unwind::h5afd514605fde46b
[INFO] [stdout]                                at /rustc/df4ca44d3fbc9301ee17f30f4d474e6ae4b05252/library/std/src/panic.rs:358:14
[INFO] [stdout]   33:     0x61f1924a2757 - test::run_test_in_process::h0d5cbfa7067d1720
[INFO] [stdout]                                at /rustc/df4ca44d3fbc9301ee17f30f4d474e6ae4b05252/library/test/src/lib.rs:644:27
[INFO] [stdout]   34:     0x61f1924a2757 - test::run_test::{{closure}}::h708eb8872708115d
[INFO] [stdout]                                at /rustc/df4ca44d3fbc9301ee17f30f4d474e6ae4b05252/library/test/src/lib.rs:565:43
[INFO] [stdout]   35:     0x61f192465e74 - test::run_test::{{closure}}::h392c51cee94713ab
[INFO] [stdout]                                at /rustc/df4ca44d3fbc9301ee17f30f4d474e6ae4b05252/library/test/src/lib.rs:595:41
[INFO] [stdout]   36:     0x61f192465e74 - std::sys::backtrace::__rust_begin_short_backtrace::h2f40290710935a8b
[INFO] [stdout]                                at /rustc/df4ca44d3fbc9301ee17f30f4d474e6ae4b05252/library/std/src/sys/backtrace.rs:154:18
[INFO] [stdout]   37:     0x61f19246961e - std::thread::Builder::spawn_unchecked_::{{closure}}::{{closure}}::h3fd968d89053a903
[INFO] [stdout]                                at /rustc/df4ca44d3fbc9301ee17f30f4d474e6ae4b05252/library/std/src/thread/mod.rs:541:17
[INFO] [stdout]   38:     0x61f19246961e - <core::panic::unwind_safe::AssertUnwindSafe<F> as core::ops::function::FnOnce<()>>::call_once::h743f637ba4229880
[INFO] [stdout]                                at /rustc/df4ca44d3fbc9301ee17f30f4d474e6ae4b05252/library/core/src/panic/unwind_safe.rs:272:9
[INFO] [stdout]   39:     0x61f19246961e - std::panicking::try::do_call::h07440897322525a6
[INFO] [stdout]                                at /rustc/df4ca44d3fbc9301ee17f30f4d474e6ae4b05252/library/std/src/panicking.rs:557:40
[INFO] [stdout]   40:     0x61f19246961e - std::panicking::try::he5a2e00188156637
[INFO] [stdout]                                at /rustc/df4ca44d3fbc9301ee17f30f4d474e6ae4b05252/library/std/src/panicking.rs:520:19
[INFO] [stdout]   41:     0x61f19246961e - std::panic::catch_unwind::hbaf3cae49b3c6433
[INFO] [stdout]                                at /rustc/df4ca44d3fbc9301ee17f30f4d474e6ae4b05252/library/std/src/panic.rs:358:14
[INFO] [stdout]   42:     0x61f19246961e - std::thread::Builder::spawn_unchecked_::{{closure}}::h8e141ea224820bce
[INFO] [stdout]                                at /rustc/df4ca44d3fbc9301ee17f30f4d474e6ae4b05252/library/std/src/thread/mod.rs:540:30
[INFO] [stdout]   43:     0x61f19246961e - core::ops::function::FnOnce::call_once{{vtable.shim}}::h90d312fedd7b8ea8
[INFO] [stdout]                                at /rustc/df4ca44d3fbc9301ee17f30f4d474e6ae4b05252/library/core/src/ops/function.rs:250:5
[INFO] [stdout]   44:     0x61f192519e0b - <alloc::boxed::Box<F,A> as core::ops::function::FnOnce<Args>>::call_once::h69aa08ddb6adb8b6
[INFO] [stdout]                                at /rustc/df4ca44d3fbc9301ee17f30f4d474e6ae4b05252/library/alloc/src/boxed.rs:2454:9
[INFO] [stdout]   45:     0x61f192519e0b - <alloc::boxed::Box<F,A> as core::ops::function::FnOnce<Args>>::call_once::h5aa36efdb79c806f
[INFO] [stdout]                                at /rustc/df4ca44d3fbc9301ee17f30f4d474e6ae4b05252/library/alloc/src/boxed.rs:2454:9
[INFO] [stdout]   46:     0x61f192519e0b - std::sys::pal::unix::thread::Thread::new::thread_start::h6cd80a1b4be5158d
[INFO] [stdout]                                at /rustc/df4ca44d3fbc9301ee17f30f4d474e6ae4b05252/library/std/src/sys/pal/unix/thread.rs:105:17
[INFO] [stdout]   47:     0x76ec10b2eac3 - <unknown>
[INFO] [stdout]   48:     0x76ec10bbfa04 - clone
[INFO] [stdout]   49:                0x0 - <unknown>
[INFO] [stdout] 
[INFO] [stdout] 
[INFO] [stdout] failures:
[INFO] [stdout]     main
[INFO] [stdout] 
[INFO] [stdout] test result: FAILED. 0 passed; 1 failed; 0 ignored; 0 measured; 0 filtered out; finished in 0.01s
[INFO] [stdout] 
[INFO] [stderr] error: test failed, to rerun pass `--test ft_tests`
[INFO] running `Command { std: "docker" "inspect" "8ec2a0ab381fee48b67fffc78434e30111e0b01ab4f74a8a7b2e228b66e03248", kill_on_drop: false }`
[INFO] running `Command { std: "docker" "rm" "-f" "8ec2a0ab381fee48b67fffc78434e30111e0b01ab4f74a8a7b2e228b66e03248", kill_on_drop: false }`
[INFO] [stdout] 8ec2a0ab381fee48b67fffc78434e30111e0b01ab4f74a8a7b2e228b66e03248
