[INFO] fetching crate sheesy-vault 4.0.11...
[INFO] testing sheesy-vault-4.0.11 against nightly-2024-10-28+rustflags=-Zrandomize-layout for randomize-layout
[INFO] extracting crate sheesy-vault 4.0.11 into /workspace/builds/worker-5-tc2/source
[INFO] validating manifest of crates.io crate sheesy-vault 4.0.11 on toolchain nightly-2024-10-28
[INFO] running `Command { std: CARGO_HOME="/workspace/cargo-home" RUSTUP_HOME="/workspace/rustup-home" "/workspace/cargo-home/bin/cargo" "+nightly-2024-10-28" "metadata" "--manifest-path" "Cargo.toml" "--no-deps", kill_on_drop: false }`
[INFO] started tweaking crates.io crate sheesy-vault 4.0.11
[INFO] finished tweaking crates.io crate sheesy-vault 4.0.11
[INFO] tweaked toml for crates.io crate sheesy-vault 4.0.11 written to /workspace/builds/worker-5-tc2/source/Cargo.toml
[INFO] running `Command { std: CARGO_HOME="/workspace/cargo-home" RUSTUP_HOME="/workspace/rustup-home" "/workspace/cargo-home/bin/cargo" "+nightly-2024-10-28" "generate-lockfile" "--manifest-path" "Cargo.toml", kill_on_drop: false }`
[INFO] [stderr]     Updating crates.io index
[INFO] [stderr]      Locking 62 packages to latest compatible versions
[INFO] [stderr]       Adding gpgme v0.8.0 (available: v0.11.0)
[INFO] [stderr]       Adding itertools v0.9.0 (available: v0.13.0)
[INFO] [stderr]       Adding mktemp v0.4.1 (available: v0.5.1)
[INFO] [stderr]       Adding serde_yaml v0.8.26 (available: v0.9.34+deprecated)
[INFO] running `Command { std: CARGO_HOME="/workspace/cargo-home" RUSTUP_HOME="/workspace/rustup-home" "/workspace/cargo-home/bin/cargo" "+nightly-2024-10-28" "fetch" "--manifest-path" "Cargo.toml", kill_on_drop: false }`
[INFO] running `Command { std: "docker" "create" "-v" "/var/lib/crater-agent-workspace/builds/worker-5-tc2/target:/opt/rustwide/target:rw,Z" "-v" "/var/lib/crater-agent-workspace/builds/worker-5-tc2/source:/opt/rustwide/workdir:ro,Z" "-v" "/var/lib/crater-agent-workspace/cargo-home:/opt/rustwide/cargo-home:ro,Z" "-v" "/var/lib/crater-agent-workspace/rustup-home:/opt/rustwide/rustup-home:ro,Z" "-e" "SOURCE_DIR=/opt/rustwide/workdir" "-e" "CARGO_TARGET_DIR=/opt/rustwide/target" "-e" "CARGO_HOME=/opt/rustwide/cargo-home" "-e" "RUSTUP_HOME=/opt/rustwide/rustup-home" "-w" "/opt/rustwide/workdir" "-m" "1610612736" "--user" "0:0" "--network" "none" "ghcr.io/rust-lang/crates-build-env/linux@sha256:4a844ea9eb2546a2d2c7022eacef16ef2e8229c7fbb2c7d4d55a9ceca922f72d" "/opt/rustwide/cargo-home/bin/cargo" "+nightly-2024-10-28" "metadata" "--no-deps" "--format-version=1", kill_on_drop: false }`
[INFO] [stdout] c182538fe0aea1e4666253bfbd9490fa6455076154208c1c6204cc7aff732640
[INFO] running `Command { std: "docker" "start" "-a" "c182538fe0aea1e4666253bfbd9490fa6455076154208c1c6204cc7aff732640", kill_on_drop: false }`
[INFO] running `Command { std: "docker" "inspect" "c182538fe0aea1e4666253bfbd9490fa6455076154208c1c6204cc7aff732640", kill_on_drop: false }`
[INFO] running `Command { std: "docker" "rm" "-f" "c182538fe0aea1e4666253bfbd9490fa6455076154208c1c6204cc7aff732640", kill_on_drop: false }`
[INFO] [stdout] c182538fe0aea1e4666253bfbd9490fa6455076154208c1c6204cc7aff732640
[INFO] running `Command { std: "docker" "create" "-v" "/var/lib/crater-agent-workspace/builds/worker-5-tc2/target:/opt/rustwide/target:rw,Z" "-v" "/var/lib/crater-agent-workspace/builds/worker-5-tc2/source:/opt/rustwide/workdir:ro,Z" "-v" "/var/lib/crater-agent-workspace/cargo-home:/opt/rustwide/cargo-home:ro,Z" "-v" "/var/lib/crater-agent-workspace/rustup-home:/opt/rustwide/rustup-home:ro,Z" "-e" "SOURCE_DIR=/opt/rustwide/workdir" "-e" "CARGO_TARGET_DIR=/opt/rustwide/target" "-e" "CARGO_INCREMENTAL=0" "-e" "RUST_BACKTRACE=full" "-e" "RUSTFLAGS=--cap-lints=forbid -Zrandomize-layout" "-e" "RUSTDOCFLAGS=--cap-lints=forbid" "-e" "CARGO_HOME=/opt/rustwide/cargo-home" "-e" "RUSTUP_HOME=/opt/rustwide/rustup-home" "-w" "/opt/rustwide/workdir" "-m" "1610612736" "--user" "0:0" "--network" "none" "ghcr.io/rust-lang/crates-build-env/linux@sha256:4a844ea9eb2546a2d2c7022eacef16ef2e8229c7fbb2c7d4d55a9ceca922f72d" "/opt/rustwide/cargo-home/bin/cargo" "+nightly-2024-10-28" "build" "--frozen" "--message-format=json", kill_on_drop: false }`
[INFO] [stdout] 340e5b2a84622ac916964fbc032b25f3a704db19d2deae8fa7e1d75a97d36578
[INFO] running `Command { std: "docker" "start" "-a" "340e5b2a84622ac916964fbc032b25f3a704db19d2deae8fa7e1d75a97d36578", kill_on_drop: false }`
[INFO] [stderr]    Compiling libc v0.2.161
[INFO] [stderr]    Compiling libgpg-error-sys v0.4.1
[INFO] [stderr]    Compiling syn v1.0.109
[INFO] [stderr]    Compiling memchr v2.7.4
[INFO] [stderr]    Compiling gpgme-sys v0.8.0
[INFO] [stderr]    Compiling autocfg v1.4.0
[INFO] [stderr]    Compiling maybe-uninit v2.0.0
[INFO] [stderr]    Compiling failure_derive v0.1.8
[INFO] [stderr]    Compiling adler2 v2.0.0
[INFO] [stderr]    Compiling serde v1.0.214
[INFO] [stderr]    Compiling gimli v0.31.1
[INFO] [stderr]    Compiling indexmap v1.9.3
[INFO] [stderr]    Compiling gpg-error v0.4.1
[INFO] [stderr]    Compiling unicode-xid v0.2.6
[INFO] [stderr]    Compiling object v0.36.5
[INFO] [stderr]    Compiling miniz_oxide v0.8.0
[INFO] [stderr]    Compiling rustc-demangle v0.1.24
[INFO] [stderr]    Compiling custom_derive v0.1.7
[INFO] [stderr]    Compiling getrandom v0.2.15
[INFO] [stderr]    Compiling linked-hash-map v0.5.6
[INFO] [stderr]    Compiling gpgme v0.8.0
[INFO] [stderr]    Compiling hashbrown v0.12.3
[INFO] [stderr]    Compiling yaml-rust v0.4.5
[INFO] [stderr]    Compiling uuid v0.8.2
[INFO] [stderr]    Compiling conv v0.3.3
[INFO] [stderr]    Compiling smallvec v0.6.14
[INFO] [stderr]    Compiling cstr-argument v0.1.2
[INFO] [stderr]    Compiling syn v2.0.86
[INFO] [stderr]    Compiling synstructure v0.12.6
[INFO] [stderr]    Compiling either v1.13.0
[INFO] [stderr]    Compiling lazy_static v1.5.0
[INFO] [stderr]    Compiling itertools v0.9.0
[INFO] [stderr]    Compiling addr2line v0.24.2
[INFO] [stderr]    Compiling mktemp v0.4.1
[INFO] [stderr]    Compiling atty v0.2.14
[INFO] [stderr]    Compiling serde_derive v1.0.214
[INFO] [stderr]    Compiling backtrace v0.3.74
[INFO] [stderr]    Compiling serde_yaml v0.8.26
[INFO] [stderr]    Compiling failure v0.1.8
[INFO] [stderr]    Compiling sheesy-vault v4.0.11 (/opt/rustwide/workdir)
[INFO] [stdout] warning: unexpected `cfg` condition value: `cargo-clippy`
[INFO] [stdout]   --> src/init.rs:36:16
[INFO] [stdout]    |
[INFO] [stdout] 36 |     #[cfg_attr(feature = "cargo-clippy", allow(clippy::too_many_arguments))]
[INFO] [stdout]    |                ^^^^^^^^^^^^^^^^^^^^^^^^ help: remove the condition
[INFO] [stdout]    |
[INFO] [stdout]    = note: no expected values for `feature`
[INFO] [stdout]    = help: consider adding `cargo-clippy` as a feature in `Cargo.toml`
[INFO] [stdout]    = note: see <https://doc.rust-lang.org/nightly/rustc/check-cfg/cargo-specifics.html> for more information about checking conditional configuration
[INFO] [stdout]    = note: `#[warn(unexpected_cfgs)]` on by default
[INFO] [stdout] 
[INFO] [stdout] 
[INFO] [stdout] warning: use of deprecated method `failure::Fail::causes`: please use the 'iter_chain()' method instead
[INFO] [stdout]    --> src/error.rs:176:14
[INFO] [stdout]     |
[INFO] [stdout] 176 |         self.causes().filter_map(|c| c.downcast_ref::<T>()).next()
[INFO] [stdout]     |              ^^^^^^
[INFO] [stdout]     |
[INFO] [stdout]     = note: `#[warn(deprecated)]` on by default
[INFO] [stdout] 
[INFO] [stdout] 
[INFO] [stdout] warning: non-local `impl` definition, `impl` blocks should be written at the same level as their item
[INFO] [stdout]   --> src/error.rs:13:17
[INFO] [stdout]    |
[INFO] [stdout] 13 | #[derive(Debug, Fail)]
[INFO] [stdout]    |                 ^---
[INFO] [stdout]    |                 |
[INFO] [stdout]    |                 `Fail` is not local
[INFO] [stdout]    |                 move the `impl` block outside of this constant `_DERIVE_failure_Fail_FOR_DecryptionError`
[INFO] [stdout] 14 | #[fail(display = "The content was not encrypted for you.")]
[INFO] [stdout] 15 | pub struct DecryptionError {
[INFO] [stdout]    |            --------------- `DecryptionError` is not local
[INFO] [stdout]    |
[INFO] [stdout]    = note: the derive macro `Fail` defines the non-local `impl`, and may need to be changed
[INFO] [stdout]    = note: the derive macro `Fail` may come from an old version of the `failure_derive` crate, try updating your dependency with `cargo update -p failure_derive`
[INFO] [stdout]    = note: an `impl` is never scoped, even when it is nested inside an item, as it may impact type checking outside of that item, which can be the case if neither the trait or the self type are at the same nesting level as the `impl`
[INFO] [stdout]    = note: items in an anonymous const item (`const _: () = { ... }`) are treated as in the same scope as the anonymous const's declaration for the purpose of this lint
[INFO] [stdout]    = note: `#[warn(non_local_definitions)]` on by default
[INFO] [stdout]    = note: this warning originates in the derive macro `Fail` (in Nightly builds, run with -Z macro-backtrace for more info)
[INFO] [stdout] 
[INFO] [stdout] 
[INFO] [stdout] warning: non-local `impl` definition, `impl` blocks should be written at the same level as their item
[INFO] [stdout]   --> src/error.rs:13:17
[INFO] [stdout]    |
[INFO] [stdout] 13 | #[derive(Debug, Fail)]
[INFO] [stdout]    |                 ^---
[INFO] [stdout]    |                 |
[INFO] [stdout]    |                 `Display` is not local
[INFO] [stdout]    |                 move the `impl` block outside of this constant `_DERIVE_failure_core_fmt_Display_FOR_DecryptionError`
[INFO] [stdout] 14 | #[fail(display = "The content was not encrypted for you.")]
[INFO] [stdout] 15 | pub struct DecryptionError {
[INFO] [stdout]    |            --------------- `DecryptionError` is not local
[INFO] [stdout]    |
[INFO] [stdout]    = note: the derive macro `Fail` defines the non-local `impl`, and may need to be changed
[INFO] [stdout]    = note: the derive macro `Fail` may come from an old version of the `failure_derive` crate, try updating your dependency with `cargo update -p failure_derive`
[INFO] [stdout]    = note: an `impl` is never scoped, even when it is nested inside an item, as it may impact type checking outside of that item, which can be the case if neither the trait or the self type are at the same nesting level as the `impl`
[INFO] [stdout]    = note: items in an anonymous const item (`const _: () = { ... }`) are treated as in the same scope as the anonymous const's declaration for the purpose of this lint
[INFO] [stdout]    = note: this warning originates in the derive macro `Fail` (in Nightly builds, run with -Z macro-backtrace for more info)
[INFO] [stdout] 
[INFO] [stdout] 
[INFO] [stdout] warning: non-local `impl` definition, `impl` blocks should be written at the same level as their item
[INFO] [stdout]   --> src/error.rs:30:17
[INFO] [stdout]    |
[INFO] [stdout] 30 | #[derive(Debug, Fail)]
[INFO] [stdout]    |                 ^---
[INFO] [stdout]    |                 |
[INFO] [stdout]    |                 `Fail` is not local
[INFO] [stdout]    |                 move the `impl` block outside of this constant `_DERIVE_failure_Fail_FOR_EncryptionError`
[INFO] [stdout] 31 | pub struct EncryptionError {
[INFO] [stdout]    |            --------------- `EncryptionError` is not local
[INFO] [stdout]    |
[INFO] [stdout]    = note: the derive macro `Fail` defines the non-local `impl`, and may need to be changed
[INFO] [stdout]    = note: the derive macro `Fail` may come from an old version of the `failure_derive` crate, try updating your dependency with `cargo update -p failure_derive`
[INFO] [stdout]    = note: an `impl` is never scoped, even when it is nested inside an item, as it may impact type checking outside of that item, which can be the case if neither the trait or the self type are at the same nesting level as the `impl`
[INFO] [stdout]    = note: items in an anonymous const item (`const _: () = { ... }`) are treated as in the same scope as the anonymous const's declaration for the purpose of this lint
[INFO] [stdout]    = note: this warning originates in the derive macro `Fail` (in Nightly builds, run with -Z macro-backtrace for more info)
[INFO] [stdout] 
[INFO] [stdout] 
[INFO] [stdout] warning: non-local `impl` definition, `impl` blocks should be written at the same level as their item
[INFO] [stdout]   --> src/error.rs:91:17
[INFO] [stdout]    |
[INFO] [stdout] 91 | #[derive(Debug, Fail)]
[INFO] [stdout]    |                 ^---
[INFO] [stdout]    |                 |
[INFO] [stdout]    |                 `Fail` is not local
[INFO] [stdout]    |                 move the `impl` block outside of this constant `_DERIVE_failure_Fail_FOR_VaultError`
[INFO] [stdout] 92 | pub enum VaultError {
[INFO] [stdout]    |          ---------- `VaultError` is not local
[INFO] [stdout]    |
[INFO] [stdout]    = note: the derive macro `Fail` defines the non-local `impl`, and may need to be changed
[INFO] [stdout]    = note: the derive macro `Fail` may come from an old version of the `failure_derive` crate, try updating your dependency with `cargo update -p failure_derive`
[INFO] [stdout]    = note: an `impl` is never scoped, even when it is nested inside an item, as it may impact type checking outside of that item, which can be the case if neither the trait or the self type are at the same nesting level as the `impl`
[INFO] [stdout]    = note: items in an anonymous const item (`const _: () = { ... }`) are treated as in the same scope as the anonymous const's declaration for the purpose of this lint
[INFO] [stdout]    = note: this warning originates in the derive macro `Fail` (in Nightly builds, run with -Z macro-backtrace for more info)
[INFO] [stdout] 
[INFO] [stdout] 
[INFO] [stdout] warning: unused return value of `std::mem::replace` that must be used
[INFO] [stdout]    --> src/resource.rs:197:25
[INFO] [stdout]     |
[INFO] [stdout] 197 | /                         mem::replace(
[INFO] [stdout] 198 | |                             none,
[INFO] [stdout] 199 | |                             Some((
[INFO] [stdout] 200 | |                                 partition.secrets_path(),
[INFO] [stdout] ...   |
[INFO] [stdout] 206 | |                             )),
[INFO] [stdout] 207 | |                         );
[INFO] [stdout]     | |_________________________^
[INFO] [stdout]     |
[INFO] [stdout]     = note: if you don't need the old value, you can just assign the new value directly
[INFO] [stdout]     = note: `#[warn(unused_must_use)]` on by default
[INFO] [stdout] help: use `let _ = ...` to ignore the resulting value
[INFO] [stdout]     |
[INFO] [stdout] 197 |                         let _ = mem::replace(
[INFO] [stdout]     |                         +++++++
[INFO] [stdout] 
[INFO] [stdout] 
[INFO] [stderr]     Finished `dev` profile [unoptimized + debuginfo] target(s) in 7.52s
[INFO] running `Command { std: "docker" "inspect" "340e5b2a84622ac916964fbc032b25f3a704db19d2deae8fa7e1d75a97d36578", kill_on_drop: false }`
[INFO] running `Command { std: "docker" "rm" "-f" "340e5b2a84622ac916964fbc032b25f3a704db19d2deae8fa7e1d75a97d36578", kill_on_drop: false }`
[INFO] [stdout] 340e5b2a84622ac916964fbc032b25f3a704db19d2deae8fa7e1d75a97d36578
[INFO] running `Command { std: "docker" "create" "-v" "/var/lib/crater-agent-workspace/builds/worker-5-tc2/target:/opt/rustwide/target:rw,Z" "-v" "/var/lib/crater-agent-workspace/builds/worker-5-tc2/source:/opt/rustwide/workdir:ro,Z" "-v" "/var/lib/crater-agent-workspace/cargo-home:/opt/rustwide/cargo-home:ro,Z" "-v" "/var/lib/crater-agent-workspace/rustup-home:/opt/rustwide/rustup-home:ro,Z" "-e" "SOURCE_DIR=/opt/rustwide/workdir" "-e" "CARGO_TARGET_DIR=/opt/rustwide/target" "-e" "CARGO_INCREMENTAL=0" "-e" "RUST_BACKTRACE=full" "-e" "RUSTFLAGS=--cap-lints=forbid -Zrandomize-layout" "-e" "RUSTDOCFLAGS=--cap-lints=forbid" "-e" "CARGO_HOME=/opt/rustwide/cargo-home" "-e" "RUSTUP_HOME=/opt/rustwide/rustup-home" "-w" "/opt/rustwide/workdir" "-m" "1610612736" "--user" "0:0" "--network" "none" "ghcr.io/rust-lang/crates-build-env/linux@sha256:4a844ea9eb2546a2d2c7022eacef16ef2e8229c7fbb2c7d4d55a9ceca922f72d" "/opt/rustwide/cargo-home/bin/cargo" "+nightly-2024-10-28" "test" "--frozen" "--no-run" "--message-format=json", kill_on_drop: false }`
[INFO] [stdout] 51ed5702f4ce2b065d96636dc70df77f1973af2f83a5e0e5c527cd7219a18b45
[INFO] running `Command { std: "docker" "start" "-a" "51ed5702f4ce2b065d96636dc70df77f1973af2f83a5e0e5c527cd7219a18b45", kill_on_drop: false }`
[INFO] [stdout] warning: unexpected `cfg` condition value: `cargo-clippy`
[INFO] [stdout]   --> src/init.rs:36:16
[INFO] [stdout]    |
[INFO] [stdout] 36 |     #[cfg_attr(feature = "cargo-clippy", allow(clippy::too_many_arguments))]
[INFO] [stdout]    |                ^^^^^^^^^^^^^^^^^^^^^^^^ help: remove the condition
[INFO] [stdout]    |
[INFO] [stdout]    = note: no expected values for `feature`
[INFO] [stdout]    = help: consider adding `cargo-clippy` as a feature in `Cargo.toml`
[INFO] [stdout]    = note: see <https://doc.rust-lang.org/nightly/rustc/check-cfg/cargo-specifics.html> for more information about checking conditional configuration
[INFO] [stdout]    = note: `#[warn(unexpected_cfgs)]` on by default
[INFO] [stdout] 
[INFO] [stdout] 
[INFO] [stdout] warning: use of deprecated method `failure::Fail::causes`: please use the 'iter_chain()' method instead
[INFO] [stdout]    --> src/error.rs:176:14
[INFO] [stdout]     |
[INFO] [stdout] 176 |         self.causes().filter_map(|c| c.downcast_ref::<T>()).next()
[INFO] [stdout]     |              ^^^^^^
[INFO] [stdout]     |
[INFO] [stdout]     = note: `#[warn(deprecated)]` on by default
[INFO] [stdout] 
[INFO] [stdout] 
[INFO] [stdout] warning: non-local `impl` definition, `impl` blocks should be written at the same level as their item
[INFO] [stdout]   --> src/error.rs:13:17
[INFO] [stdout]    |
[INFO] [stdout] 13 | #[derive(Debug, Fail)]
[INFO] [stdout]    |                 ^---
[INFO] [stdout]    |                 |
[INFO] [stdout]    |                 `Fail` is not local
[INFO] [stdout]    |                 move the `impl` block outside of this constant `_DERIVE_failure_Fail_FOR_DecryptionError`
[INFO] [stdout] 14 | #[fail(display = "The content was not encrypted for you.")]
[INFO] [stdout] 15 | pub struct DecryptionError {
[INFO] [stdout]    |            --------------- `DecryptionError` is not local
[INFO] [stdout]    |
[INFO] [stdout]    = note: the derive macro `Fail` defines the non-local `impl`, and may need to be changed
[INFO] [stdout]    = note: the derive macro `Fail` may come from an old version of the `failure_derive` crate, try updating your dependency with `cargo update -p failure_derive`
[INFO] [stdout]    = note: an `impl` is never scoped, even when it is nested inside an item, as it may impact type checking outside of that item, which can be the case if neither the trait or the self type are at the same nesting level as the `impl`
[INFO] [stdout]    = note: items in an anonymous const item (`const _: () = { ... }`) are treated as in the same scope as the anonymous const's declaration for the purpose of this lint
[INFO] [stdout]    = note: `#[warn(non_local_definitions)]` on by default
[INFO] [stdout]    = note: this warning originates in the derive macro `Fail` (in Nightly builds, run with -Z macro-backtrace for more info)
[INFO] [stdout] 
[INFO] [stdout] 
[INFO] [stdout] warning: non-local `impl` definition, `impl` blocks should be written at the same level as their item
[INFO] [stdout]   --> src/error.rs:13:17
[INFO] [stdout]    |
[INFO] [stdout] 13 | #[derive(Debug, Fail)]
[INFO] [stdout]    |                 ^---
[INFO] [stdout]    |                 |
[INFO] [stdout]    |                 `Display` is not local
[INFO] [stdout]    |                 move the `impl` block outside of this constant `_DERIVE_failure_core_fmt_Display_FOR_DecryptionError`
[INFO] [stdout] 14 | #[fail(display = "The content was not encrypted for you.")]
[INFO] [stdout] 15 | pub struct DecryptionError {
[INFO] [stdout]    |            --------------- `DecryptionError` is not local
[INFO] [stdout]    |
[INFO] [stdout]    = note: the derive macro `Fail` defines the non-local `impl`, and may need to be changed
[INFO] [stdout]    = note: the derive macro `Fail` may come from an old version of the `failure_derive` crate, try updating your dependency with `cargo update -p failure_derive`
[INFO] [stdout]    = note: an `impl` is never scoped, even when it is nested inside an item, as it may impact type checking outside of that item, which can be the case if neither the trait or the self type are at the same nesting level as the `impl`
[INFO] [stdout]    = note: items in an anonymous const item (`const _: () = { ... }`) are treated as in the same scope as the anonymous const's declaration for the purpose of this lint
[INFO] [stdout]    = note: this warning originates in the derive macro `Fail` (in Nightly builds, run with -Z macro-backtrace for more info)
[INFO] [stdout] 
[INFO] [stdout] 
[INFO] [stdout] warning: non-local `impl` definition, `impl` blocks should be written at the same level as their item
[INFO] [stdout]   --> src/error.rs:30:17
[INFO] [stdout]    |
[INFO] [stdout] 30 | #[derive(Debug, Fail)]
[INFO] [stdout]    |                 ^---
[INFO] [stdout]    |                 |
[INFO] [stdout]    |                 `Fail` is not local
[INFO] [stdout]    |                 move the `impl` block outside of this constant `_DERIVE_failure_Fail_FOR_EncryptionError`
[INFO] [stdout] 31 | pub struct EncryptionError {
[INFO] [stdout]    |            --------------- `EncryptionError` is not local
[INFO] [stdout]    |
[INFO] [stdout]    = note: the derive macro `Fail` defines the non-local `impl`, and may need to be changed
[INFO] [stdout]    = note: the derive macro `Fail` may come from an old version of the `failure_derive` crate, try updating your dependency with `cargo update -p failure_derive`
[INFO] [stdout]    = note: an `impl` is never scoped, even when it is nested inside an item, as it may impact type checking outside of that item, which can be the case if neither the trait or the self type are at the same nesting level as the `impl`
[INFO] [stdout]    = note: items in an anonymous const item (`const _: () = { ... }`) are treated as in the same scope as the anonymous const's declaration for the purpose of this lint
[INFO] [stdout]    = note: this warning originates in the derive macro `Fail` (in Nightly builds, run with -Z macro-backtrace for more info)
[INFO] [stdout] 
[INFO] [stdout] 
[INFO] [stdout] warning: non-local `impl` definition, `impl` blocks should be written at the same level as their item
[INFO] [stdout]   --> src/error.rs:91:17
[INFO] [stdout]    |
[INFO] [stdout] 91 | #[derive(Debug, Fail)]
[INFO] [stdout]    |                 ^---
[INFO] [stdout]    |                 |
[INFO] [stdout]    |                 `Fail` is not local
[INFO] [stdout]    |                 move the `impl` block outside of this constant `_DERIVE_failure_Fail_FOR_VaultError`
[INFO] [stdout] 92 | pub enum VaultError {
[INFO] [stdout]    |          ---------- `VaultError` is not local
[INFO] [stdout]    |
[INFO] [stdout]    = note: the derive macro `Fail` defines the non-local `impl`, and may need to be changed
[INFO] [stdout]    = note: the derive macro `Fail` may come from an old version of the `failure_derive` crate, try updating your dependency with `cargo update -p failure_derive`
[INFO] [stdout]    = note: an `impl` is never scoped, even when it is nested inside an item, as it may impact type checking outside of that item, which can be the case if neither the trait or the self type are at the same nesting level as the `impl`
[INFO] [stdout]    = note: items in an anonymous const item (`const _: () = { ... }`) are treated as in the same scope as the anonymous const's declaration for the purpose of this lint
[INFO] [stdout]    = note: this warning originates in the derive macro `Fail` (in Nightly builds, run with -Z macro-backtrace for more info)
[INFO] [stdout] 
[INFO] [stdout] 
[INFO] [stdout] warning: unused return value of `std::mem::replace` that must be used
[INFO] [stdout]    --> src/resource.rs:197:25
[INFO] [stdout]     |
[INFO] [stdout] 197 | /                         mem::replace(
[INFO] [stdout] 198 | |                             none,
[INFO] [stdout] 199 | |                             Some((
[INFO] [stdout] 200 | |                                 partition.secrets_path(),
[INFO] [stdout] ...   |
[INFO] [stdout] 206 | |                             )),
[INFO] [stdout] 207 | |                         );
[INFO] [stdout]     | |_________________________^
[INFO] [stdout]     |
[INFO] [stdout]     = note: if you don't need the old value, you can just assign the new value directly
[INFO] [stdout]     = note: `#[warn(unused_must_use)]` on by default
[INFO] [stdout] help: use `let _ = ...` to ignore the resulting value
[INFO] [stdout]     |
[INFO] [stdout] 197 |                         let _ = mem::replace(
[INFO] [stdout]     |                         +++++++
[INFO] [stdout] 
[INFO] [stdout] 
[INFO] [stderr]    Compiling sheesy-vault v4.0.11 (/opt/rustwide/workdir)
[INFO] [stdout] warning: unexpected `cfg` condition value: `cargo-clippy`
[INFO] [stdout]   --> src/init.rs:36:16
[INFO] [stdout]    |
[INFO] [stdout] 36 |     #[cfg_attr(feature = "cargo-clippy", allow(clippy::too_many_arguments))]
[INFO] [stdout]    |                ^^^^^^^^^^^^^^^^^^^^^^^^ help: remove the condition
[INFO] [stdout]    |
[INFO] [stdout]    = note: no expected values for `feature`
[INFO] [stdout]    = help: consider adding `cargo-clippy` as a feature in `Cargo.toml`
[INFO] [stdout]    = note: see <https://doc.rust-lang.org/nightly/rustc/check-cfg/cargo-specifics.html> for more information about checking conditional configuration
[INFO] [stdout]    = note: `#[warn(unexpected_cfgs)]` on by default
[INFO] [stdout] 
[INFO] [stdout] 
[INFO] [stdout] warning: use of deprecated method `failure::Fail::causes`: please use the 'iter_chain()' method instead
[INFO] [stdout]    --> src/error.rs:176:14
[INFO] [stdout]     |
[INFO] [stdout] 176 |         self.causes().filter_map(|c| c.downcast_ref::<T>()).next()
[INFO] [stdout]     |              ^^^^^^
[INFO] [stdout]     |
[INFO] [stdout]     = note: `#[warn(deprecated)]` on by default
[INFO] [stdout] 
[INFO] [stdout] 
[INFO] [stdout] warning: non-local `impl` definition, `impl` blocks should be written at the same level as their item
[INFO] [stdout]   --> src/error.rs:13:17
[INFO] [stdout]    |
[INFO] [stdout] 13 | #[derive(Debug, Fail)]
[INFO] [stdout]    |                 ^---
[INFO] [stdout]    |                 |
[INFO] [stdout]    |                 `Fail` is not local
[INFO] [stdout]    |                 move the `impl` block outside of this constant `_DERIVE_failure_Fail_FOR_DecryptionError`
[INFO] [stdout] 14 | #[fail(display = "The content was not encrypted for you.")]
[INFO] [stdout] 15 | pub struct DecryptionError {
[INFO] [stdout]    |            --------------- `DecryptionError` is not local
[INFO] [stdout]    |
[INFO] [stdout]    = note: the derive macro `Fail` defines the non-local `impl`, and may need to be changed
[INFO] [stdout]    = note: the derive macro `Fail` may come from an old version of the `failure_derive` crate, try updating your dependency with `cargo update -p failure_derive`
[INFO] [stdout]    = note: an `impl` is never scoped, even when it is nested inside an item, as it may impact type checking outside of that item, which can be the case if neither the trait or the self type are at the same nesting level as the `impl`
[INFO] [stdout]    = note: items in an anonymous const item (`const _: () = { ... }`) are treated as in the same scope as the anonymous const's declaration for the purpose of this lint
[INFO] [stdout]    = note: `#[warn(non_local_definitions)]` on by default
[INFO] [stdout]    = note: this warning originates in the derive macro `Fail` (in Nightly builds, run with -Z macro-backtrace for more info)
[INFO] [stdout] 
[INFO] [stdout] 
[INFO] [stdout] warning: non-local `impl` definition, `impl` blocks should be written at the same level as their item
[INFO] [stdout]   --> src/error.rs:13:17
[INFO] [stdout]    |
[INFO] [stdout] 13 | #[derive(Debug, Fail)]
[INFO] [stdout]    |                 ^---
[INFO] [stdout]    |                 |
[INFO] [stdout]    |                 `Display` is not local
[INFO] [stdout]    |                 move the `impl` block outside of this constant `_DERIVE_failure_core_fmt_Display_FOR_DecryptionError`
[INFO] [stdout] 14 | #[fail(display = "The content was not encrypted for you.")]
[INFO] [stdout] 15 | pub struct DecryptionError {
[INFO] [stdout]    |            --------------- `DecryptionError` is not local
[INFO] [stdout]    |
[INFO] [stdout]    = note: the derive macro `Fail` defines the non-local `impl`, and may need to be changed
[INFO] [stdout]    = note: the derive macro `Fail` may come from an old version of the `failure_derive` crate, try updating your dependency with `cargo update -p failure_derive`
[INFO] [stdout]    = note: an `impl` is never scoped, even when it is nested inside an item, as it may impact type checking outside of that item, which can be the case if neither the trait or the self type are at the same nesting level as the `impl`
[INFO] [stdout]    = note: items in an anonymous const item (`const _: () = { ... }`) are treated as in the same scope as the anonymous const's declaration for the purpose of this lint
[INFO] [stdout]    = note: this warning originates in the derive macro `Fail` (in Nightly builds, run with -Z macro-backtrace for more info)
[INFO] [stdout] 
[INFO] [stdout] 
[INFO] [stdout] warning: non-local `impl` definition, `impl` blocks should be written at the same level as their item
[INFO] [stdout]   --> src/error.rs:30:17
[INFO] [stdout]    |
[INFO] [stdout] 30 | #[derive(Debug, Fail)]
[INFO] [stdout]    |                 ^---
[INFO] [stdout]    |                 |
[INFO] [stdout]    |                 `Fail` is not local
[INFO] [stdout]    |                 move the `impl` block outside of this constant `_DERIVE_failure_Fail_FOR_EncryptionError`
[INFO] [stdout] 31 | pub struct EncryptionError {
[INFO] [stdout]    |            --------------- `EncryptionError` is not local
[INFO] [stdout]    |
[INFO] [stdout]    = note: the derive macro `Fail` defines the non-local `impl`, and may need to be changed
[INFO] [stdout]    = note: the derive macro `Fail` may come from an old version of the `failure_derive` crate, try updating your dependency with `cargo update -p failure_derive`
[INFO] [stdout]    = note: an `impl` is never scoped, even when it is nested inside an item, as it may impact type checking outside of that item, which can be the case if neither the trait or the self type are at the same nesting level as the `impl`
[INFO] [stdout]    = note: items in an anonymous const item (`const _: () = { ... }`) are treated as in the same scope as the anonymous const's declaration for the purpose of this lint
[INFO] [stdout]    = note: this warning originates in the derive macro `Fail` (in Nightly builds, run with -Z macro-backtrace for more info)
[INFO] [stdout] 
[INFO] [stdout] 
[INFO] [stdout] warning: non-local `impl` definition, `impl` blocks should be written at the same level as their item
[INFO] [stdout]   --> src/error.rs:91:17
[INFO] [stdout]    |
[INFO] [stdout] 91 | #[derive(Debug, Fail)]
[INFO] [stdout]    |                 ^---
[INFO] [stdout]    |                 |
[INFO] [stdout]    |                 `Fail` is not local
[INFO] [stdout]    |                 move the `impl` block outside of this constant `_DERIVE_failure_Fail_FOR_VaultError`
[INFO] [stdout] 92 | pub enum VaultError {
[INFO] [stdout]    |          ---------- `VaultError` is not local
[INFO] [stdout]    |
[INFO] [stdout]    = note: the derive macro `Fail` defines the non-local `impl`, and may need to be changed
[INFO] [stdout]    = note: the derive macro `Fail` may come from an old version of the `failure_derive` crate, try updating your dependency with `cargo update -p failure_derive`
[INFO] [stdout]    = note: an `impl` is never scoped, even when it is nested inside an item, as it may impact type checking outside of that item, which can be the case if neither the trait or the self type are at the same nesting level as the `impl`
[INFO] [stdout]    = note: items in an anonymous const item (`const _: () = { ... }`) are treated as in the same scope as the anonymous const's declaration for the purpose of this lint
[INFO] [stdout]    = note: this warning originates in the derive macro `Fail` (in Nightly builds, run with -Z macro-backtrace for more info)
[INFO] [stdout] 
[INFO] [stdout] 
[INFO] [stdout] warning: unused return value of `std::mem::replace` that must be used
[INFO] [stdout]    --> src/resource.rs:197:25
[INFO] [stdout]     |
[INFO] [stdout] 197 | /                         mem::replace(
[INFO] [stdout] 198 | |                             none,
[INFO] [stdout] 199 | |                             Some((
[INFO] [stdout] 200 | |                                 partition.secrets_path(),
[INFO] [stdout] ...   |
[INFO] [stdout] 206 | |                             )),
[INFO] [stdout] 207 | |                         );
[INFO] [stdout]     | |_________________________^
[INFO] [stdout]     |
[INFO] [stdout]     = note: if you don't need the old value, you can just assign the new value directly
[INFO] [stdout]     = note: `#[warn(unused_must_use)]` on by default
[INFO] [stdout] help: use `let _ = ...` to ignore the resulting value
[INFO] [stdout]     |
[INFO] [stdout] 197 |                         let _ = mem::replace(
[INFO] [stdout]     |                         +++++++
[INFO] [stdout] 
[INFO] [stdout] 
[INFO] [stderr]     Finished `test` profile [unoptimized + debuginfo] target(s) in 0.64s
[INFO] running `Command { std: "docker" "inspect" "51ed5702f4ce2b065d96636dc70df77f1973af2f83a5e0e5c527cd7219a18b45", kill_on_drop: false }`
[INFO] running `Command { std: "docker" "rm" "-f" "51ed5702f4ce2b065d96636dc70df77f1973af2f83a5e0e5c527cd7219a18b45", kill_on_drop: false }`
[INFO] [stdout] 51ed5702f4ce2b065d96636dc70df77f1973af2f83a5e0e5c527cd7219a18b45
[INFO] running `Command { std: "docker" "create" "-v" "/var/lib/crater-agent-workspace/builds/worker-5-tc2/target:/opt/rustwide/target:rw,Z" "-v" "/var/lib/crater-agent-workspace/builds/worker-5-tc2/source:/opt/rustwide/workdir:ro,Z" "-v" "/var/lib/crater-agent-workspace/cargo-home:/opt/rustwide/cargo-home:ro,Z" "-v" "/var/lib/crater-agent-workspace/rustup-home:/opt/rustwide/rustup-home:ro,Z" "-e" "SOURCE_DIR=/opt/rustwide/workdir" "-e" "CARGO_TARGET_DIR=/opt/rustwide/target" "-e" "CARGO_INCREMENTAL=0" "-e" "RUST_BACKTRACE=full" "-e" "RUSTFLAGS=--cap-lints=forbid -Zrandomize-layout" "-e" "RUSTDOCFLAGS=--cap-lints=forbid" "-e" "CARGO_HOME=/opt/rustwide/cargo-home" "-e" "RUSTUP_HOME=/opt/rustwide/rustup-home" "-w" "/opt/rustwide/workdir" "-m" "1610612736" "--user" "0:0" "--network" "none" "ghcr.io/rust-lang/crates-build-env/linux@sha256:4a844ea9eb2546a2d2c7022eacef16ef2e8229c7fbb2c7d4d55a9ceca922f72d" "/opt/rustwide/cargo-home/bin/cargo" "+nightly-2024-10-28" "test" "--frozen", kill_on_drop: false }`
[INFO] [stdout] 1a4ab2758870336d1ec2adb7e29252cd31d6e18f0b7cdf7d4a65c8a8e3656021
[INFO] running `Command { std: "docker" "start" "-a" "1a4ab2758870336d1ec2adb7e29252cd31d6e18f0b7cdf7d4a65c8a8e3656021", kill_on_drop: false }`
[INFO] [stderr] warning: unexpected `cfg` condition value: `cargo-clippy`
[INFO] [stderr]   --> src/init.rs:36:16
[INFO] [stderr]    |
[INFO] [stderr] 36 |     #[cfg_attr(feature = "cargo-clippy", allow(clippy::too_many_arguments))]
[INFO] [stderr]    |                ^^^^^^^^^^^^^^^^^^^^^^^^ help: remove the condition
[INFO] [stderr]    |
[INFO] [stderr]    = note: no expected values for `feature`
[INFO] [stderr]    = help: consider adding `cargo-clippy` as a feature in `Cargo.toml`
[INFO] [stderr]    = note: see <https://doc.rust-lang.org/nightly/rustc/check-cfg/cargo-specifics.html> for more information about checking conditional configuration
[INFO] [stderr]    = note: `#[warn(unexpected_cfgs)]` on by default
[INFO] [stderr] 
[INFO] [stderr] warning: use of deprecated method `failure::Fail::causes`: please use the 'iter_chain()' method instead
[INFO] [stderr]    --> src/error.rs:176:14
[INFO] [stderr]     |
[INFO] [stderr] 176 |         self.causes().filter_map(|c| c.downcast_ref::<T>()).next()
[INFO] [stderr]     |              ^^^^^^
[INFO] [stderr]     |
[INFO] [stderr]     = note: `#[warn(deprecated)]` on by default
[INFO] [stderr] 
[INFO] [stderr] warning: non-local `impl` definition, `impl` blocks should be written at the same level as their item
[INFO] [stderr]   --> src/error.rs:13:17
[INFO] [stderr]    |
[INFO] [stderr] 13 | #[derive(Debug, Fail)]
[INFO] [stderr]    |                 ^---
[INFO] [stderr]    |                 |
[INFO] [stderr]    |                 `Fail` is not local
[INFO] [stderr]    |                 move the `impl` block outside of this constant `_DERIVE_failure_Fail_FOR_DecryptionError`
[INFO] [stderr] 14 | #[fail(display = "The content was not encrypted for you.")]
[INFO] [stderr] 15 | pub struct DecryptionError {
[INFO] [stderr]    |            --------------- `DecryptionError` is not local
[INFO] [stderr]    |
[INFO] [stderr]    = note: the derive macro `Fail` defines the non-local `impl`, and may need to be changed
[INFO] [stderr]    = note: the derive macro `Fail` may come from an old version of the `failure_derive` crate, try updating your dependency with `cargo update -p failure_derive`
[INFO] [stderr]    = note: an `impl` is never scoped, even when it is nested inside an item, as it may impact type checking outside of that item, which can be the case if neither the trait or the self type are at the same nesting level as the `impl`
[INFO] [stderr]    = note: items in an anonymous const item (`const _: () = { ... }`) are treated as in the same scope as the anonymous const's declaration for the purpose of this lint
[INFO] [stderr]    = note: `#[warn(non_local_definitions)]` on by default
[INFO] [stderr]    = note: this warning originates in the derive macro `Fail` (in Nightly builds, run with -Z macro-backtrace for more info)
[INFO] [stderr] 
[INFO] [stderr] warning: non-local `impl` definition, `impl` blocks should be written at the same level as their item
[INFO] [stderr]   --> src/error.rs:13:17
[INFO] [stderr]    |
[INFO] [stderr] 13 | #[derive(Debug, Fail)]
[INFO] [stderr]    |                 ^---
[INFO] [stderr]    |                 |
[INFO] [stderr]    |                 `Display` is not local
[INFO] [stderr]    |                 move the `impl` block outside of this constant `_DERIVE_failure_core_fmt_Display_FOR_DecryptionError`
[INFO] [stderr] 14 | #[fail(display = "The content was not encrypted for you.")]
[INFO] [stderr] 15 | pub struct DecryptionError {
[INFO] [stderr]    |            --------------- `DecryptionError` is not local
[INFO] [stderr]    |
[INFO] [stderr]    = note: the derive macro `Fail` defines the non-local `impl`, and may need to be changed
[INFO] [stderr]    = note: the derive macro `Fail` may come from an old version of the `failure_derive` crate, try updating your dependency with `cargo update -p failure_derive`
[INFO] [stderr]    = note: an `impl` is never scoped, even when it is nested inside an item, as it may impact type checking outside of that item, which can be the case if neither the trait or the self type are at the same nesting level as the `impl`
[INFO] [stderr]    = note: items in an anonymous const item (`const _: () = { ... }`) are treated as in the same scope as the anonymous const's declaration for the purpose of this lint
[INFO] [stderr]    = note: this warning originates in the derive macro `Fail` (in Nightly builds, run with -Z macro-backtrace for more info)
[INFO] [stderr] 
[INFO] [stderr] warning: non-local `impl` definition, `impl` blocks should be written at the same level as their item
[INFO] [stderr]   --> src/error.rs:30:17
[INFO] [stderr]    |
[INFO] [stderr] 30 | #[derive(Debug, Fail)]
[INFO] [stderr]    |                 ^---
[INFO] [stderr]    |                 |
[INFO] [stderr]    |                 `Fail` is not local
[INFO] [stderr]    |                 move the `impl` block outside of this constant `_DERIVE_failure_Fail_FOR_EncryptionError`
[INFO] [stderr] 31 | pub struct EncryptionError {
[INFO] [stderr]    |            --------------- `EncryptionError` is not local
[INFO] [stderr]    |
[INFO] [stderr]    = note: the derive macro `Fail` defines the non-local `impl`, and may need to be changed
[INFO] [stderr]    = note: the derive macro `Fail` may come from an old version of the `failure_derive` crate, try updating your dependency with `cargo update -p failure_derive`
[INFO] [stderr]    = note: an `impl` is never scoped, even when it is nested inside an item, as it may impact type checking outside of that item, which can be the case if neither the trait or the self type are at the same nesting level as the `impl`
[INFO] [stderr]    = note: items in an anonymous const item (`const _: () = { ... }`) are treated as in the same scope as the anonymous const's declaration for the purpose of this lint
[INFO] [stderr]    = note: this warning originates in the derive macro `Fail` (in Nightly builds, run with -Z macro-backtrace for more info)
[INFO] [stderr] 
[INFO] [stderr] warning: non-local `impl` definition, `impl` blocks should be written at the same level as their item
[INFO] [stderr]   --> src/error.rs:91:17
[INFO] [stderr]    |
[INFO] [stderr] 91 | #[derive(Debug, Fail)]
[INFO] [stderr]    |                 ^---
[INFO] [stderr]    |                 |
[INFO] [stderr]    |                 `Fail` is not local
[INFO] [stderr]    |                 move the `impl` block outside of this constant `_DERIVE_failure_Fail_FOR_VaultError`
[INFO] [stderr] 92 | pub enum VaultError {
[INFO] [stderr]    |          ---------- `VaultError` is not local
[INFO] [stderr]    |
[INFO] [stderr]    = note: the derive macro `Fail` defines the non-local `impl`, and may need to be changed
[INFO] [stderr]    = note: the derive macro `Fail` may come from an old version of the `failure_derive` crate, try updating your dependency with `cargo update -p failure_derive`
[INFO] [stderr]    = note: an `impl` is never scoped, even when it is nested inside an item, as it may impact type checking outside of that item, which can be the case if neither the trait or the self type are at the same nesting level as the `impl`
[INFO] [stderr]    = note: items in an anonymous const item (`const _: () = { ... }`) are treated as in the same scope as the anonymous const's declaration for the purpose of this lint
[INFO] [stderr]    = note: this warning originates in the derive macro `Fail` (in Nightly builds, run with -Z macro-backtrace for more info)
[INFO] [stderr] 
[INFO] [stderr] warning: unused return value of `std::mem::replace` that must be used
[INFO] [stderr]    --> src/resource.rs:197:25
[INFO] [stderr]     |
[INFO] [stderr] 197 | /                         mem::replace(
[INFO] [stderr] 198 | |                             none,
[INFO] [stderr] 199 | |                             Some((
[INFO] [stderr] 200 | |                                 partition.secrets_path(),
[INFO] [stderr] ...   |
[INFO] [stderr] 206 | |                             )),
[INFO] [stderr] 207 | |                         );
[INFO] [stderr]     | |_________________________^
[INFO] [stderr]     |
[INFO] [stderr]     = note: if you don't need the old value, you can just assign the new value directly
[INFO] [stderr]     = note: `#[warn(unused_must_use)]` on by default
[INFO] [stderr] help: use `let _ = ...` to ignore the resulting value
[INFO] [stderr]     |
[INFO] [stderr] 197 |                         let _ = mem::replace(
[INFO] [stderr]     |                         +++++++
[INFO] [stderr] 
[INFO] [stderr] warning: `sheesy-vault` (lib) generated 7 warnings
[INFO] [stderr] warning: `sheesy-vault` (lib test) generated 7 warnings (7 duplicates)
[INFO] [stderr]     Finished `test` profile [unoptimized + debuginfo] target(s) in 0.03s
[INFO] [stderr]      Running unittests src/lib.rs (/opt/rustwide/target/debug/deps/sheesy_vault-de248f114c8b3124)
[INFO] [stdout] 
[INFO] [stdout] running 11 tests
[INFO] [stdout] test base::tests_utils::it_does_not_alter_parent_dirs ... ok
[INFO] [stdout] test base::tests_utils::it_will_always_remove_current_dirs_including_the_first_one ... ok
[INFO] [stdout] test base::tests_vault::it_does_not_print_the_name_in_the_url_if_there_is_none ... ok
[INFO] [stdout] test base::tests_vault::it_print_the_name_in_the_url_if_there_is_none ... ok
[INFO] [stdout] test base::tests_vault_ext::it_errors_if_index_is_out_of_bounds ... ok
[INFO] [stdout] test base::tests_vault_ext::it_errors_if_name_is_unknown ... ok
[INFO] [stdout] test base::tests_vault_ext::it_selects_by_index ... ok
[INFO] [stdout] test base::tests_vault_ext::it_selects_by_name ... ok
[INFO] [stdout] test base::tests_vault_ext::it_selects_by_secrets_dir ... ok
[INFO] [stdout] test spec::tests_gpg_output_filename::it_appends_the_gpg_suffix_to_file_names ... ok
[INFO] [stdout] test spec::tests_gpg_output_filename::it_appends_the_gpg_suffix_to_file_names_with_extension ... ok
[INFO] [stdout] 
[INFO] [stdout] test result: ok. 11 passed; 0 failed; 0 ignored; 0 measured; 0 filtered out; finished in 0.00s
[INFO] [stdout] 
[INFO] [stderr]      Running tests/spec.rs (/opt/rustwide/target/debug/deps/spec-cb2dde62ef7b0a2f)
[INFO] [stdout] 
[INFO] [stdout] running 14 tests
[INFO] [stdout] test it_cannot_have_just_a_multiple_separator ... ok
[INFO] [stdout] test it_cannot_have_just_a_separator ... ok
[INFO] [stdout] test it_cannot_have_more_than_one_separator ... ok
[INFO] [stdout] test it_do_allow_relative_parent_directories_if_destination_is_specified ... ok
[INFO] [stdout] test it_displays_itself_properly ... ok
[INFO] [stdout] test it_does_allow_an_absolute_destination_if_it_is_specified ... ok
[INFO] [stdout] test it_does_allow_relative_parent_directories_in_destinations_if_that_is_what_the_user_wants ... ok
[INFO] [stdout] test it_does_not_allow_an_absolute_destination_even_if_it_is_inferred ... ok
[INFO] [stdout] test it_does_not_allow_relative_parent_directories ... ok
[INFO] [stdout] test it_handles_an_empty_string_too ... ok
[INFO] [stdout] test it_is_created_from_relative_source_and_relative_destination ... ok
[INFO] [stdout] test it_is_created_from_relative_source_fills_destination_with_source ... ok
[INFO] [stdout] test it_is_created_from_relative_source_fills_destination_with_source_when_using_a_single_colon ... ok
[INFO] [stdout] test it_is_ok_to_not_specify_a_source_to_signal_stdin ... ok
[INFO] [stdout] 
[INFO] [stdout] test result: ok. 14 passed; 0 failed; 0 ignored; 0 measured; 0 filtered out; finished in 0.00s
[INFO] [stdout] 
[INFO] [stderr]      Running tests/vault-serde.rs (/opt/rustwide/target/debug/deps/vault_serde-53eeadc707b2e2a3)
[INFO] [stdout] 
[INFO] [stdout] running 2 tests
[INFO] [stdout] test default_vault_ser ... FAILED
[INFO] [stdout] test vault_trust_model_serde ... FAILED
[INFO] [stdout] 
[INFO] [stdout] failures:
[INFO] [stdout] 
[INFO] [stdout] ---- default_vault_ser stdout ----
[INFO] [stdout] thread 'default_vault_ser' panicked at tests/vault-serde.rs:32:5:
[INFO] [stdout] assertion `left == right` failed
[INFO] [stdout]   left: "---\nname: ~\nauto_import: true\ntrust_model: ~\nsecrets: \".\"\ngpg_keys: ~\nrecipients: \".gpg-id\"\n"
[INFO] [stdout]  right: "---\nname: ~\nauto_import: true\ntrust_model: ~\nsecrets: \".\"\ngpg_keys: ~\nrecipients: \".gpg-id\""
[INFO] [stdout] stack backtrace:
[INFO] [stdout]    0:     0x56f8cb45057a - std::backtrace_rs::backtrace::libunwind::trace::h207520d6e9873551
[INFO] [stdout]                                at /rustc/df4ca44d3fbc9301ee17f30f4d474e6ae4b05252/library/std/src/../../backtrace/src/backtrace/libunwind.rs:116:5
[INFO] [stdout]    1:     0x56f8cb45057a - std::backtrace_rs::backtrace::trace_unsynchronized::h2ed7433f370e3eca
[INFO] [stdout]                                at /rustc/df4ca44d3fbc9301ee17f30f4d474e6ae4b05252/library/std/src/../../backtrace/src/backtrace/mod.rs:66:5
[INFO] [stdout]    2:     0x56f8cb45057a - std::sys::backtrace::_print_fmt::h916fac51166b18d7
[INFO] [stdout]                                at /rustc/df4ca44d3fbc9301ee17f30f4d474e6ae4b05252/library/std/src/sys/backtrace.rs:66:9
[INFO] [stdout]    3:     0x56f8cb45057a - <std::sys::backtrace::BacktraceLock::print::DisplayBacktrace as core::fmt::Display>::fmt::ha0a4c9b8ce3802e6
[INFO] [stdout]                                at /rustc/df4ca44d3fbc9301ee17f30f4d474e6ae4b05252/library/std/src/sys/backtrace.rs:39:26
[INFO] [stdout]    4:     0x56f8cb478023 - core::fmt::rt::Argument::fmt::h4cfc8587d52b3eb5
[INFO] [stdout]                                at /rustc/df4ca44d3fbc9301ee17f30f4d474e6ae4b05252/library/core/src/fmt/rt.rs:177:76
[INFO] [stdout]    5:     0x56f8cb478023 - core::fmt::write::h522cc39e5b36ae9f
[INFO] [stdout]                                at /rustc/df4ca44d3fbc9301ee17f30f4d474e6ae4b05252/library/core/src/fmt/mod.rs:1190:21
[INFO] [stdout]    6:     0x56f8cb44d1e3 - std::io::Write::write_fmt::h7d3c26752da97734
[INFO] [stdout]                                at /rustc/df4ca44d3fbc9301ee17f30f4d474e6ae4b05252/library/std/src/io/mod.rs:1839:15
[INFO] [stdout]    7:     0x56f8cb4503c2 - std::sys::backtrace::BacktraceLock::print::h4b9e00b29e9c0942
[INFO] [stdout]                                at /rustc/df4ca44d3fbc9301ee17f30f4d474e6ae4b05252/library/std/src/sys/backtrace.rs:42:9
[INFO] [stdout]    8:     0x56f8cb451a0a - std::panicking::default_hook::{{closure}}::hb59b88280d0324d9
[INFO] [stdout]                                at /rustc/df4ca44d3fbc9301ee17f30f4d474e6ae4b05252/library/std/src/panicking.rs:268:22
[INFO] [stdout]    9:     0x56f8cb451814 - std::panicking::default_hook::he1dd496665be4a29
[INFO] [stdout]                                at /rustc/df4ca44d3fbc9301ee17f30f4d474e6ae4b05252/library/std/src/panicking.rs:292:9
[INFO] [stdout]   10:     0x56f8cb3b3f29 - <alloc::boxed::Box<F,A> as core::ops::function::Fn<Args>>::call::h4ff71de18744e1dc
[INFO] [stdout]                                at /rustc/df4ca44d3fbc9301ee17f30f4d474e6ae4b05252/library/alloc/src/boxed.rs:2468:9
[INFO] [stdout]   11:     0x56f8cb3b3f29 - test::test_main::{{closure}}::hcf7c055ce117aa81
[INFO] [stdout]                                at /rustc/df4ca44d3fbc9301ee17f30f4d474e6ae4b05252/library/test/src/lib.rs:133:21
[INFO] [stdout]   12:     0x56f8cb452108 - <alloc::boxed::Box<F,A> as core::ops::function::Fn<Args>>::call::h1d66c6bbd60c9692
[INFO] [stdout]                                at /rustc/df4ca44d3fbc9301ee17f30f4d474e6ae4b05252/library/alloc/src/boxed.rs:2468:9
[INFO] [stdout]   13:     0x56f8cb452108 - std::panicking::rust_panic_with_hook::h2ff17fe8f26dfcf8
[INFO] [stdout]                                at /rustc/df4ca44d3fbc9301ee17f30f4d474e6ae4b05252/library/std/src/panicking.rs:809:13
[INFO] [stdout]   14:     0x56f8cb451eca - std::panicking::begin_panic_handler::{{closure}}::h4fad77951c07e101
[INFO] [stdout]                                at /rustc/df4ca44d3fbc9301ee17f30f4d474e6ae4b05252/library/std/src/panicking.rs:674:13
[INFO] [stdout]   15:     0x56f8cb450a59 - std::sys::backtrace::__rust_end_short_backtrace::hb1a25b3da5d0ea08
[INFO] [stdout]                                at /rustc/df4ca44d3fbc9301ee17f30f4d474e6ae4b05252/library/std/src/sys/backtrace.rs:170:18
[INFO] [stdout]   16:     0x56f8cb451b5c - rust_begin_unwind
[INFO] [stdout]                                at /rustc/df4ca44d3fbc9301ee17f30f4d474e6ae4b05252/library/std/src/panicking.rs:665:5
[INFO] [stdout]   17:     0x56f8cb4764b0 - core::panicking::panic_fmt::ha9db07b529f9b256
[INFO] [stdout]                                at /rustc/df4ca44d3fbc9301ee17f30f4d474e6ae4b05252/library/core/src/panicking.rs:75:14
[INFO] [stdout]   18:     0x56f8cb47687b - core::panicking::assert_failed_inner::h04f38944d74a80a8
[INFO] [stdout]   19:     0x56f8cb378d4c - core::panicking::assert_failed::h9ca5a109c8c4d2f5
[INFO] [stdout]                                at /rustc/df4ca44d3fbc9301ee17f30f4d474e6ae4b05252/library/core/src/panicking.rs:377:5
[INFO] [stdout]   20:     0x56f8cb379f8d - vault_serde::default_vault_ser::h6d8d8fc33ee41432
[INFO] [stdout]                                at /opt/rustwide/workdir/tests/vault-serde.rs:32:5
[INFO] [stdout]   21:     0x56f8cb379d87 - vault_serde::default_vault_ser::{{closure}}::hb5893cef8e9c0366
[INFO] [stdout]                                at /opt/rustwide/workdir/tests/vault-serde.rs:30:23
[INFO] [stdout]   22:     0x56f8cb3785e6 - core::ops::function::FnOnce::call_once::h2322725bffe57c79
[INFO] [stdout]                                at /rustc/df4ca44d3fbc9301ee17f30f4d474e6ae4b05252/library/core/src/ops/function.rs:250:5
[INFO] [stdout]   23:     0x56f8cb3b87fb - core::ops::function::FnOnce::call_once::h22c3ba5715e93f05
[INFO] [stdout]                                at /rustc/df4ca44d3fbc9301ee17f30f4d474e6ae4b05252/library/core/src/ops/function.rs:250:5
[INFO] [stdout]   24:     0x56f8cb3b87fb - test::__rust_begin_short_backtrace::h8e82d8113d0da17f
[INFO] [stdout]                                at /rustc/df4ca44d3fbc9301ee17f30f4d474e6ae4b05252/library/test/src/lib.rs:621:18
[INFO] [stdout]   25:     0x56f8cb3b8177 - test::run_test_in_process::{{closure}}::h33235f4f20b7b7c7
[INFO] [stdout]                                at /rustc/df4ca44d3fbc9301ee17f30f4d474e6ae4b05252/library/test/src/lib.rs:644:60
[INFO] [stdout]   26:     0x56f8cb3b8177 - <core::panic::unwind_safe::AssertUnwindSafe<F> as core::ops::function::FnOnce<()>>::call_once::hb5043206310c586f
[INFO] [stdout]                                at /rustc/df4ca44d3fbc9301ee17f30f4d474e6ae4b05252/library/core/src/panic/unwind_safe.rs:272:9
[INFO] [stdout]   27:     0x56f8cb3b8177 - std::panicking::try::do_call::h9ad4731a60ab23e2
[INFO] [stdout]                                at /rustc/df4ca44d3fbc9301ee17f30f4d474e6ae4b05252/library/std/src/panicking.rs:557:40
[INFO] [stdout]   28:     0x56f8cb3b8177 - std::panicking::try::h3824d23db772a716
[INFO] [stdout]                                at /rustc/df4ca44d3fbc9301ee17f30f4d474e6ae4b05252/library/std/src/panicking.rs:520:19
[INFO] [stdout]   29:     0x56f8cb3b8177 - std::panic::catch_unwind::h5afd514605fde46b
[INFO] [stdout]                                at /rustc/df4ca44d3fbc9301ee17f30f4d474e6ae4b05252/library/std/src/panic.rs:358:14
[INFO] [stdout]   30:     0x56f8cb3b8177 - test::run_test_in_process::h0d5cbfa7067d1720
[INFO] [stdout]                                at /rustc/df4ca44d3fbc9301ee17f30f4d474e6ae4b05252/library/test/src/lib.rs:644:27
[INFO] [stdout]   31:     0x56f8cb3b8177 - test::run_test::{{closure}}::h708eb8872708115d
[INFO] [stdout]                                at /rustc/df4ca44d3fbc9301ee17f30f4d474e6ae4b05252/library/test/src/lib.rs:565:43
[INFO] [stdout]   32:     0x56f8cb37b894 - test::run_test::{{closure}}::h392c51cee94713ab
[INFO] [stdout]                                at /rustc/df4ca44d3fbc9301ee17f30f4d474e6ae4b05252/library/test/src/lib.rs:595:41
[INFO] [stdout]   33:     0x56f8cb37b894 - std::sys::backtrace::__rust_begin_short_backtrace::h2f40290710935a8b
[INFO] [stdout]                                at /rustc/df4ca44d3fbc9301ee17f30f4d474e6ae4b05252/library/std/src/sys/backtrace.rs:154:18
[INFO] [stdout]   34:     0x56f8cb37f03e - std::thread::Builder::spawn_unchecked_::{{closure}}::{{closure}}::h3fd968d89053a903
[INFO] [stdout]                                at /rustc/df4ca44d3fbc9301ee17f30f4d474e6ae4b05252/library/std/src/thread/mod.rs:541:17
[INFO] [stdout]   35:     0x56f8cb37f03e - <core::panic::unwind_safe::AssertUnwindSafe<F> as core::ops::function::FnOnce<()>>::call_once::h743f637ba4229880
[INFO] [stdout]                                at /rustc/df4ca44d3fbc9301ee17f30f4d474e6ae4b05252/library/core/src/panic/unwind_safe.rs:272:9
[INFO] [stdout]   36:     0x56f8cb37f03e - std::panicking::try::do_call::h07440897322525a6
[INFO] [stdout]                                at /rustc/df4ca44d3fbc9301ee17f30f4d474e6ae4b05252/library/std/src/panicking.rs:557:40
[INFO] [stdout]   37:     0x56f8cb37f03e - std::panicking::try::he5a2e00188156637
[INFO] [stdout]                                at /rustc/df4ca44d3fbc9301ee17f30f4d474e6ae4b05252/library/std/src/panicking.rs:520:19
[INFO] [stdout]   38:     0x56f8cb37f03e - std::panic::catch_unwind::hbaf3cae49b3c6433
[INFO] [stdout]                                at /rustc/df4ca44d3fbc9301ee17f30f4d474e6ae4b05252/library/std/src/panic.rs:358:14
[INFO] [stdout]   39:     0x56f8cb37f03e - std::thread::Builder::spawn_unchecked_::{{closure}}::h8e141ea224820bce
[INFO] [stdout]                                at /rustc/df4ca44d3fbc9301ee17f30f4d474e6ae4b05252/library/std/src/thread/mod.rs:540:30
[INFO] [stdout]   40:     0x56f8cb37f03e - core::ops::function::FnOnce::call_once{{vtable.shim}}::h90d312fedd7b8ea8
[INFO] [stdout]                                at /rustc/df4ca44d3fbc9301ee17f30f4d474e6ae4b05252/library/core/src/ops/function.rs:250:5
[INFO] [stdout]   41:     0x56f8cb455efb - <alloc::boxed::Box<F,A> as core::ops::function::FnOnce<Args>>::call_once::h69aa08ddb6adb8b6
[INFO] [stdout]                                at /rustc/df4ca44d3fbc9301ee17f30f4d474e6ae4b05252/library/alloc/src/boxed.rs:2454:9
[INFO] [stdout]   42:     0x56f8cb455efb - <alloc::boxed::Box<F,A> as core::ops::function::FnOnce<Args>>::call_once::h5aa36efdb79c806f
[INFO] [stdout]                                at /rustc/df4ca44d3fbc9301ee17f30f4d474e6ae4b05252/library/alloc/src/boxed.rs:2454:9
[INFO] [stdout]   43:     0x56f8cb455efb - std::sys::pal::unix::thread::Thread::new::thread_start::h6cd80a1b4be5158d
[INFO] [stdout]                                at /rustc/df4ca44d3fbc9301ee17f30f4d474e6ae4b05252/library/std/src/sys/pal/unix/thread.rs:105:17
[INFO] [stdout]   44:     0x7e2e61c1fac3 - <unknown>
[INFO] [stdout]   45:     0x7e2e61cb0a04 - clone
[INFO] [stdout]   46:                0x0 - <unknown>
[INFO] [stdout] 
[INFO] [stdout] ---- vault_trust_model_serde stdout ----
[INFO] [stdout] thread 'vault_trust_model_serde' panicked at tests/vault-serde.rs:13:5:
[INFO] [stdout] assertion `left == right` failed
[INFO] [stdout]   left: "---\nname: ~\nauto_import: true\ntrust_model: gpg-web-of-trust\nsecrets: \".\"\ngpg_keys: ~\nrecipients: \".gpg-id\"\n"
[INFO] [stdout]  right: "---\nname: ~\nauto_import: true\ntrust_model: gpg-web-of-trust\nsecrets: \".\"\ngpg_keys: ~\nrecipients: \".gpg-id\""
[INFO] [stdout] stack backtrace:
[INFO] [stdout]    0:     0x56f8cb45057a - std::backtrace_rs::backtrace::libunwind::trace::h207520d6e9873551
[INFO] [stdout]                                at /rustc/df4ca44d3fbc9301ee17f30f4d474e6ae4b05252/library/std/src/../../backtrace/src/backtrace/libunwind.rs:116:5
[INFO] [stdout]    1:     0x56f8cb45057a - std::backtrace_rs::backtrace::trace_unsynchronized::h2ed7433f370e3eca
[INFO] [stdout]                                at /rustc/df4ca44d3fbc9301ee17f30f4d474e6ae4b05252/library/std/src/../../backtrace/src/backtrace/mod.rs:66:5
[INFO] [stdout]    2:     0x56f8cb45057a - std::sys::backtrace::_print_fmt::h916fac51166b18d7
[INFO] [stdout]                                at /rustc/df4ca44d3fbc9301ee17f30f4d474e6ae4b05252/library/std/src/sys/backtrace.rs:66:9
[INFO] [stdout]    3:     0x56f8cb45057a - <std::sys::backtrace::BacktraceLock::print::DisplayBacktrace as core::fmt::Display>::fmt::ha0a4c9b8ce3802e6
[INFO] [stdout]                                at /rustc/df4ca44d3fbc9301ee17f30f4d474e6ae4b05252/library/std/src/sys/backtrace.rs:39:26
[INFO] [stdout]    4:     0x56f8cb478023 - core::fmt::rt::Argument::fmt::h4cfc8587d52b3eb5
[INFO] [stdout]                                at /rustc/df4ca44d3fbc9301ee17f30f4d474e6ae4b05252/library/core/src/fmt/rt.rs:177:76
[INFO] [stdout]    5:     0x56f8cb478023 - core::fmt::write::h522cc39e5b36ae9f
[INFO] [stdout]                                at /rustc/df4ca44d3fbc9301ee17f30f4d474e6ae4b05252/library/core/src/fmt/mod.rs:1190:21
[INFO] [stdout]    6:     0x56f8cb44d1e3 - std::io::Write::write_fmt::h7d3c26752da97734
[INFO] [stdout]                                at /rustc/df4ca44d3fbc9301ee17f30f4d474e6ae4b05252/library/std/src/io/mod.rs:1839:15
[INFO] [stdout]    7:     0x56f8cb4503c2 - std::sys::backtrace::BacktraceLock::print::h4b9e00b29e9c0942
[INFO] [stdout]                                at /rustc/df4ca44d3fbc9301ee17f30f4d474e6ae4b05252/library/std/src/sys/backtrace.rs:42:9
[INFO] [stdout]    8:     0x56f8cb451a0a - std::panicking::default_hook::{{closure}}::hb59b88280d0324d9
[INFO] [stdout]                                at /rustc/df4ca44d3fbc9301ee17f30f4d474e6ae4b05252/library/std/src/panicking.rs:268:22
[INFO] [stdout]    9:     0x56f8cb451814 - std::panicking::default_hook::he1dd496665be4a29
[INFO] [stdout]                                at /rustc/df4ca44d3fbc9301ee17f30f4d474e6ae4b05252/library/std/src/panicking.rs:292:9
[INFO] [stdout]   10:     0x56f8cb3b3f29 - <alloc::boxed::Box<F,A> as core::ops::function::Fn<Args>>::call::h4ff71de18744e1dc
[INFO] [stdout]                                at /rustc/df4ca44d3fbc9301ee17f30f4d474e6ae4b05252/library/alloc/src/boxed.rs:2468:9
[INFO] [stdout]   11:     0x56f8cb3b3f29 - test::test_main::{{closure}}::hcf7c055ce117aa81
[INFO] [stdout]                                at /rustc/df4ca44d3fbc9301ee17f30f4d474e6ae4b05252/library/test/src/lib.rs:133:21
[INFO] [stdout]   12:     0x56f8cb452108 - <alloc::boxed::Box<F,A> as core::ops::function::Fn<Args>>::call::h1d66c6bbd60c9692
[INFO] [stdout]                                at /rustc/df4ca44d3fbc9301ee17f30f4d474e6ae4b05252/library/alloc/src/boxed.rs:2468:9
[INFO] [stdout]   13:     0x56f8cb452108 - std::panicking::rust_panic_with_hook::h2ff17fe8f26dfcf8
[INFO] [stdout]                                at /rustc/df4ca44d3fbc9301ee17f30f4d474e6ae4b05252/library/std/src/panicking.rs:809:13
[INFO] [stdout]   14:     0x56f8cb451eca - std::panicking::begin_panic_handler::{{closure}}::h4fad77951c07e101
[INFO] [stdout]                                at /rustc/df4ca44d3fbc9301ee17f30f4d474e6ae4b05252/library/std/src/panicking.rs:674:13
[INFO] [stdout]   15:     0x56f8cb450a59 - std::sys::backtrace::__rust_end_short_backtrace::hb1a25b3da5d0ea08
[INFO] [stdout]                                at /rustc/df4ca44d3fbc9301ee17f30f4d474e6ae4b05252/library/std/src/sys/backtrace.rs:170:18
[INFO] [stdout]   16:     0x56f8cb451b5c - rust_begin_unwind
[INFO] [stdout]                                at /rustc/df4ca44d3fbc9301ee17f30f4d474e6ae4b05252/library/std/src/panicking.rs:665:5
[INFO] [stdout]   17:     0x56f8cb4764b0 - core::panicking::panic_fmt::ha9db07b529f9b256
[INFO] [stdout]                                at /rustc/df4ca44d3fbc9301ee17f30f4d474e6ae4b05252/library/core/src/panicking.rs:75:14
[INFO] [stdout]   18:     0x56f8cb47687b - core::panicking::assert_failed_inner::h04f38944d74a80a8
[INFO] [stdout]   19:     0x56f8cb378d4c - core::panicking::assert_failed::h9ca5a109c8c4d2f5
[INFO] [stdout]                                at /rustc/df4ca44d3fbc9301ee17f30f4d474e6ae4b05252/library/core/src/panicking.rs:377:5
[INFO] [stdout]   20:     0x56f8cb379a27 - vault_serde::vault_trust_model_serde::h8a5967cf9426d0a3
[INFO] [stdout]                                at /opt/rustwide/workdir/tests/vault-serde.rs:13:5
[INFO] [stdout]   21:     0x56f8cb3797e7 - vault_serde::vault_trust_model_serde::{{closure}}::hfc6958940c569aec
[INFO] [stdout]                                at /opt/rustwide/workdir/tests/vault-serde.rs:8:29
[INFO] [stdout]   22:     0x56f8cb3785a6 - core::ops::function::FnOnce::call_once::h1e9bf21c7d27a58e
[INFO] [stdout]                                at /rustc/df4ca44d3fbc9301ee17f30f4d474e6ae4b05252/library/core/src/ops/function.rs:250:5
[INFO] [stdout]   23:     0x56f8cb3b87fb - core::ops::function::FnOnce::call_once::h22c3ba5715e93f05
[INFO] [stdout]                                at /rustc/df4ca44d3fbc9301ee17f30f4d474e6ae4b05252/library/core/src/ops/function.rs:250:5
[INFO] [stdout]   24:     0x56f8cb3b87fb - test::__rust_begin_short_backtrace::h8e82d8113d0da17f
[INFO] [stdout]                                at /rustc/df4ca44d3fbc9301ee17f30f4d474e6ae4b05252/library/test/src/lib.rs:621:18
[INFO] [stdout]   25:     0x56f8cb3b8177 - test::run_test_in_process::{{closure}}::h33235f4f20b7b7c7
[INFO] [stdout]                                at /rustc/df4ca44d3fbc9301ee17f30f4d474e6ae4b05252/library/test/src/lib.rs:644:60
[INFO] [stdout]   26:     0x56f8cb3b8177 - <core::panic::unwind_safe::AssertUnwindSafe<F> as core::ops::function::FnOnce<()>>::call_once::hb5043206310c586f
[INFO] [stdout]                                at /rustc/df4ca44d3fbc9301ee17f30f4d474e6ae4b05252/library/core/src/panic/unwind_safe.rs:272:9
[INFO] [stdout]   27:     0x56f8cb3b8177 - std::panicking::try::do_call::h9ad4731a60ab23e2
[INFO] [stdout]                                at /rustc/df4ca44d3fbc9301ee17f30f4d474e6ae4b05252/library/std/src/panicking.rs:557:40
[INFO] [stdout]   28:     0x56f8cb3b8177 - std::panicking::try::h3824d23db772a716
[INFO] [stdout]                                at /rustc/df4ca44d3fbc9301ee17f30f4d474e6ae4b05252/library/std/src/panicking.rs:520:19
[INFO] [stdout]   29:     0x56f8cb3b8177 - std::panic::catch_unwind::h5afd514605fde46b
[INFO] [stdout]                                at /rustc/df4ca44d3fbc9301ee17f30f4d474e6ae4b05252/library/std/src/panic.rs:358:14
[INFO] [stdout]   30:     0x56f8cb3b8177 - test::run_test_in_process::h0d5cbfa7067d1720
[INFO] [stdout]                                at /rustc/df4ca44d3fbc9301ee17f30f4d474e6ae4b05252/library/test/src/lib.rs:644:27
[INFO] [stdout]   31:     0x56f8cb3b8177 - test::run_test::{{closure}}::h708eb8872708115d
[INFO] [stdout]                                at /rustc/df4ca44d3fbc9301ee17f30f4d474e6ae4b05252/library/test/src/lib.rs:565:43
[INFO] [stdout]   32:     0x56f8cb37b894 - test::run_test::{{closure}}::h392c51cee94713ab
[INFO] [stdout]                                at /rustc/df4ca44d3fbc9301ee17f30f4d474e6ae4b05252/library/test/src/lib.rs:595:41
[INFO] [stdout]   33:     0x56f8cb37b894 - std::sys::backtrace::__rust_begin_short_backtrace::h2f40290710935a8b
[INFO] [stdout]                                at /rustc/df4ca44d3fbc9301ee17f30f4d474e6ae4b05252/library/std/src/sys/backtrace.rs:154:18
[INFO] [stdout]   34:     0x56f8cb37f03e - std::thread::Builder::spawn_unchecked_::{{closure}}::{{closure}}::h3fd968d89053a903
[INFO] [stdout]                                at /rustc/df4ca44d3fbc9301ee17f30f4d474e6ae4b05252/library/std/src/thread/mod.rs:541:17
[INFO] [stdout]   35:     0x56f8cb37f03e - <core::panic::unwind_safe::AssertUnwindSafe<F> as core::ops::function::FnOnce<()>>::call_once::h743f637ba4229880
[INFO] [stdout]                                at /rustc/df4ca44d3fbc9301ee17f30f4d474e6ae4b05252/library/core/src/panic/unwind_safe.rs:272:9
[INFO] [stdout]   36:     0x56f8cb37f03e - std::panicking::try::do_call::h07440897322525a6
[INFO] [stdout]                                at /rustc/df4ca44d3fbc9301ee17f30f4d474e6ae4b05252/library/std/src/panicking.rs:557:40
[INFO] [stdout]   37:     0x56f8cb37f03e - std::panicking::try::he5a2e00188156637
[INFO] [stdout]                                at /rustc/df4ca44d3fbc9301ee17f30f4d474e6ae4b05252/library/std/src/panicking.rs:520:19
[INFO] [stdout]   38:     0x56f8cb37f03e - std::panic::catch_unwind::hbaf3cae49b3c6433
[INFO] [stdout]                                at /rustc/df4ca44d3fbc9301ee17f30f4d474e6ae4b05252/library/std/src/panic.rs:358:14
[INFO] [stdout]   39:     0x56f8cb37f03e - std::thread::Builder::spawn_unchecked_::{{closure}}::h8e141ea224820bce
[INFO] [stdout]                                at /rustc/df4ca44d3fbc9301ee17f30f4d474e6ae4b05252/library/std/src/thread/mod.rs:540:30
[INFO] [stdout]   40:     0x56f8cb37f03e - core::ops::function::FnOnce::call_once{{vtable.shim}}::h90d312fedd7b8ea8
[INFO] [stdout]                                at /rustc/df4ca44d3fbc9301ee17f30f4d474e6ae4b05252/library/core/src/ops/function.rs:250:5
[INFO] [stdout]   41:     0x56f8cb455efb - <alloc::boxed::Box<F,A> as core::ops::function::FnOnce<Args>>::call_once::h69aa08ddb6adb8b6
[INFO] [stdout]                                at /rustc/df4ca44d3fbc9301ee17f30f4d474e6ae4b05252/library/alloc/src/boxed.rs:2454:9
[INFO] [stdout]   42:     0x56f8cb455efb - <alloc::boxed::Box<F,A> as core::ops::function::FnOnce<Args>>::call_once::h5aa36efdb79c806f
[INFO] [stdout]                                at /rustc/df4ca44d3fbc9301ee17f30f4d474e6ae4b05252/library/alloc/src/boxed.rs:2454:9
[INFO] [stdout]   43:     0x56f8cb455efb - std::sys::pal::unix::thread::Thread::new::thread_start::h6cd80a1b4be5158d
[INFO] [stdout]                                at /rustc/df4ca44d3fbc9301ee17f30f4d474e6ae4b05252/library/std/src/sys/pal/unix/thread.rs:105:17
[INFO] [stdout]   44:     0x7e2e61c1fac3 - <unknown>
[INFO] [stdout]   45:     0x7e2e61cb0a04 - clone
[INFO] [stdout]   46:                0x0 - <unknown>
[INFO] [stdout] 
[INFO] [stdout] 
[INFO] [stdout] failures:
[INFO] [stdout]     default_vault_ser
[INFO] [stdout]     vault_trust_model_serde
[INFO] [stdout] 
[INFO] [stdout] test result: FAILED. 0 passed; 2 failed; 0 ignored; 0 measured; 0 filtered out; finished in 0.02s
[INFO] [stdout] 
[INFO] [stderr] error: test failed, to rerun pass `--test vault-serde`
[INFO] running `Command { std: "docker" "inspect" "1a4ab2758870336d1ec2adb7e29252cd31d6e18f0b7cdf7d4a65c8a8e3656021", kill_on_drop: false }`
[INFO] running `Command { std: "docker" "rm" "-f" "1a4ab2758870336d1ec2adb7e29252cd31d6e18f0b7cdf7d4a65c8a8e3656021", kill_on_drop: false }`
[INFO] [stdout] 1a4ab2758870336d1ec2adb7e29252cd31d6e18f0b7cdf7d4a65c8a8e3656021
