[INFO] fetching crate shavee_core 1.0.1...
[INFO] testing shavee_core-1.0.1 against nightly-2024-10-28 for randomize-layout
[INFO] extracting crate shavee_core 1.0.1 into /workspace/builds/worker-5-tc1/source
[INFO] validating manifest of crates.io crate shavee_core 1.0.1 on toolchain nightly-2024-10-28
[INFO] running `Command { std: CARGO_HOME="/workspace/cargo-home" RUSTUP_HOME="/workspace/rustup-home" "/workspace/cargo-home/bin/cargo" "+nightly-2024-10-28" "metadata" "--manifest-path" "Cargo.toml" "--no-deps", kill_on_drop: false }`
[INFO] started tweaking crates.io crate shavee_core 1.0.1
[INFO] finished tweaking crates.io crate shavee_core 1.0.1
[INFO] tweaked toml for crates.io crate shavee_core 1.0.1 written to /workspace/builds/worker-5-tc1/source/Cargo.toml
[INFO] running `Command { std: CARGO_HOME="/workspace/cargo-home" RUSTUP_HOME="/workspace/rustup-home" "/workspace/cargo-home/bin/cargo" "+nightly-2024-10-28" "generate-lockfile" "--manifest-path" "Cargo.toml", kill_on_drop: false }`
[INFO] [stderr]     Updating crates.io index
[INFO] [stderr]      Locking 120 packages to latest compatible versions
[INFO] [stderr]       Adding base64 v0.21.7 (available: v0.22.1)
[INFO] [stderr]       Adding cc v1.0.106 (available: v1.1.31)
[INFO] [stderr]       Adding env_logger v0.10.2 (available: v0.11.5)
[INFO] [stderr]       Adding nix v0.26.4 (available: v0.29.0)
[INFO] [stderr]       Adding strum v0.25.0 (available: v0.26.3)
[INFO] [stderr]       Adding strum_macros v0.25.3 (available: v0.26.4)
[INFO] running `Command { std: CARGO_HOME="/workspace/cargo-home" RUSTUP_HOME="/workspace/rustup-home" "/workspace/cargo-home/bin/cargo" "+nightly-2024-10-28" "fetch" "--manifest-path" "Cargo.toml", kill_on_drop: false }`
[INFO] [stderr]  Downloading crates ...
[INFO] [stderr]   Downloaded structure v0.1.2
[INFO] [stderr]   Downloaded structure-macro-impl v0.1.2
[INFO] [stderr]   Downloaded proc-macro-hack v0.4.3
[INFO] [stderr]   Downloaded yubikey-hmac-otp v0.10.2
[INFO] [stderr]   Downloaded proc-macro-hack-impl v0.4.3
[INFO] [stderr]   Downloaded argon2-kdf v1.5.2
[INFO] running `Command { std: "docker" "create" "-v" "/var/lib/crater-agent-workspace/builds/worker-5-tc1/target:/opt/rustwide/target:rw,Z" "-v" "/var/lib/crater-agent-workspace/builds/worker-5-tc1/source:/opt/rustwide/workdir:ro,Z" "-v" "/var/lib/crater-agent-workspace/cargo-home:/opt/rustwide/cargo-home:ro,Z" "-v" "/var/lib/crater-agent-workspace/rustup-home:/opt/rustwide/rustup-home:ro,Z" "-e" "SOURCE_DIR=/opt/rustwide/workdir" "-e" "CARGO_TARGET_DIR=/opt/rustwide/target" "-e" "CARGO_HOME=/opt/rustwide/cargo-home" "-e" "RUSTUP_HOME=/opt/rustwide/rustup-home" "-w" "/opt/rustwide/workdir" "-m" "1610612736" "--user" "0:0" "--network" "none" "ghcr.io/rust-lang/crates-build-env/linux@sha256:4a844ea9eb2546a2d2c7022eacef16ef2e8229c7fbb2c7d4d55a9ceca922f72d" "/opt/rustwide/cargo-home/bin/cargo" "+nightly-2024-10-28" "metadata" "--no-deps" "--format-version=1", kill_on_drop: false }`
[INFO] [stdout] 31e3ce671bc206ba8e2afd590e1622d5056c69605d688fbc6afff0c178f2c361
[INFO] running `Command { std: "docker" "start" "-a" "31e3ce671bc206ba8e2afd590e1622d5056c69605d688fbc6afff0c178f2c361", kill_on_drop: false }`
[INFO] running `Command { std: "docker" "inspect" "31e3ce671bc206ba8e2afd590e1622d5056c69605d688fbc6afff0c178f2c361", kill_on_drop: false }`
[INFO] running `Command { std: "docker" "rm" "-f" "31e3ce671bc206ba8e2afd590e1622d5056c69605d688fbc6afff0c178f2c361", kill_on_drop: false }`
[INFO] [stdout] 31e3ce671bc206ba8e2afd590e1622d5056c69605d688fbc6afff0c178f2c361
[INFO] running `Command { std: "docker" "create" "-v" "/var/lib/crater-agent-workspace/builds/worker-5-tc1/target:/opt/rustwide/target:rw,Z" "-v" "/var/lib/crater-agent-workspace/builds/worker-5-tc1/source:/opt/rustwide/workdir:ro,Z" "-v" "/var/lib/crater-agent-workspace/cargo-home:/opt/rustwide/cargo-home:ro,Z" "-v" "/var/lib/crater-agent-workspace/rustup-home:/opt/rustwide/rustup-home:ro,Z" "-e" "SOURCE_DIR=/opt/rustwide/workdir" "-e" "CARGO_TARGET_DIR=/opt/rustwide/target" "-e" "CARGO_INCREMENTAL=0" "-e" "RUST_BACKTRACE=full" "-e" "RUSTFLAGS=--cap-lints=forbid" "-e" "RUSTDOCFLAGS=--cap-lints=forbid" "-e" "CARGO_HOME=/opt/rustwide/cargo-home" "-e" "RUSTUP_HOME=/opt/rustwide/rustup-home" "-w" "/opt/rustwide/workdir" "-m" "1610612736" "--user" "0:0" "--network" "none" "ghcr.io/rust-lang/crates-build-env/linux@sha256:4a844ea9eb2546a2d2c7022eacef16ef2e8229c7fbb2c7d4d55a9ceca922f72d" "/opt/rustwide/cargo-home/bin/cargo" "+nightly-2024-10-28" "build" "--frozen" "--message-format=json", kill_on_drop: false }`
[INFO] [stdout] 3a884cc6bdca118f23f93360d058d5acecf6b408bb2b004fa5e876b72d8bbd80
[INFO] running `Command { std: "docker" "start" "-a" "3a884cc6bdca118f23f93360d058d5acecf6b408bb2b004fa5e876b72d8bbd80", kill_on_drop: false }`
[INFO] [stderr]    Compiling jobserver v0.1.32
[INFO] [stderr]    Compiling typenum v1.17.0
[INFO] [stderr]    Compiling rustix v0.38.38
[INFO] [stderr]    Compiling byteorder v1.5.0
[INFO] [stderr]    Compiling prettyplease v0.2.25
[INFO] [stderr]    Compiling memchr v2.7.4
[INFO] [stderr]    Compiling regex-syntax v0.8.5
[INFO] [stderr]    Compiling minimal-lexical v0.2.1
[INFO] [stderr]    Compiling generic-array v0.14.7
[INFO] [stderr]    Compiling clang-sys v1.8.1
[INFO] [stderr]    Compiling linux-raw-sys v0.4.14
[INFO] [stderr]    Compiling bitflags v2.6.0
[INFO] [stderr]    Compiling either v1.13.0
[INFO] [stderr]    Compiling libloading v0.8.5
[INFO] [stderr]    Compiling bindgen v0.69.5
[INFO] [stderr]    Compiling syn v2.0.86
[INFO] [stderr]    Compiling home v0.5.9
[INFO] [stderr]    Compiling log v0.4.22
[INFO] [stderr]    Compiling proc-macro-hack-impl v0.4.3
[INFO] [stderr]    Compiling utf8parse v0.2.2
[INFO] [stderr]    Compiling cc v1.0.106
[INFO] [stderr]    Compiling itertools v0.12.1
[INFO] [stderr]    Compiling subtle v2.6.1
[INFO] [stderr]    Compiling anstyle-parse v0.2.6
[INFO] [stderr]    Compiling anstyle-query v1.1.2
[INFO] [stderr]    Compiling rusb v0.9.4
[INFO] [stderr]    Compiling cpufeatures v0.2.14
[INFO] [stderr]    Compiling colorchoice v1.0.3
[INFO] [stderr]    Compiling is_terminal_polyfill v1.70.1
[INFO] [stderr]    Compiling quote v0.3.15
[INFO] [stderr]    Compiling rustversion v1.0.18
[INFO] [stderr]    Compiling anstream v0.6.17
[INFO] [stderr]    Compiling clap_lex v0.7.2
[INFO] [stderr]    Compiling strsim v0.11.1
[INFO] [stderr]    Compiling curl v0.4.47
[INFO] [stderr]    Compiling proc-macro-hack v0.4.3
[INFO] [stderr]    Compiling socket2 v0.5.7
[INFO] [stderr]    Compiling heck v0.4.1
[INFO] [stderr]    Compiling nom v7.1.3
[INFO] [stderr]    Compiling structure-macro-impl v0.1.2
[INFO] [stderr]    Compiling clap_builder v4.5.20
[INFO] [stderr]    Compiling block-modes v0.9.1
[INFO] [stderr]    Compiling strum v0.25.0
[INFO] [stderr]    Compiling structure v0.1.2
[INFO] [stderr]    Compiling openssl-sys v0.9.104
[INFO] [stderr]    Compiling libz-sys v1.1.20
[INFO] [stderr]    Compiling libusb1-sys v0.7.0
[INFO] [stderr]    Compiling curl-sys v0.4.77+curl-8.10.1
[INFO] [stderr]    Compiling regex-automata v0.4.8
[INFO] [stderr]    Compiling crypto-common v0.1.6
[INFO] [stderr]    Compiling block-buffer v0.10.4
[INFO] [stderr]    Compiling inout v0.1.3
[INFO] [stderr]    Compiling digest v0.10.7
[INFO] [stderr]    Compiling cipher v0.4.4
[INFO] [stderr]    Compiling hmac v0.12.1
[INFO] [stderr]    Compiling sha-1 v0.10.1
[INFO] [stderr]    Compiling aes v0.8.4
[INFO] [stderr]    Compiling which v4.4.2
[INFO] [stderr]    Compiling cexpr v0.6.0
[INFO] [stderr]    Compiling clap v4.5.20
[INFO] [stderr]    Compiling regex v1.11.1
[INFO] [stderr]    Compiling zerocopy-derive v0.7.35
[INFO] [stderr]    Compiling strum_macros v0.25.3
[INFO] [stderr]    Compiling zerocopy v0.7.35
[INFO] [stderr]    Compiling ppv-lite86 v0.2.20
[INFO] [stderr]    Compiling rand_chacha v0.3.1
[INFO] [stderr]    Compiling rand v0.8.5
[INFO] [stderr]    Compiling yubikey-hmac-otp v0.10.2
[INFO] [stderr]    Compiling argon2-kdf v1.5.2
[INFO] [stderr]    Compiling shavee_core v1.0.1 (/opt/rustwide/workdir)
[INFO] [stderr]     Finished `dev` profile [unoptimized + debuginfo] target(s) in 12.17s
[INFO] running `Command { std: "docker" "inspect" "3a884cc6bdca118f23f93360d058d5acecf6b408bb2b004fa5e876b72d8bbd80", kill_on_drop: false }`
[INFO] running `Command { std: "docker" "rm" "-f" "3a884cc6bdca118f23f93360d058d5acecf6b408bb2b004fa5e876b72d8bbd80", kill_on_drop: false }`
[INFO] [stdout] 3a884cc6bdca118f23f93360d058d5acecf6b408bb2b004fa5e876b72d8bbd80
[INFO] running `Command { std: "docker" "create" "-v" "/var/lib/crater-agent-workspace/builds/worker-5-tc1/target:/opt/rustwide/target:rw,Z" "-v" "/var/lib/crater-agent-workspace/builds/worker-5-tc1/source:/opt/rustwide/workdir:ro,Z" "-v" "/var/lib/crater-agent-workspace/cargo-home:/opt/rustwide/cargo-home:ro,Z" "-v" "/var/lib/crater-agent-workspace/rustup-home:/opt/rustwide/rustup-home:ro,Z" "-e" "SOURCE_DIR=/opt/rustwide/workdir" "-e" "CARGO_TARGET_DIR=/opt/rustwide/target" "-e" "CARGO_INCREMENTAL=0" "-e" "RUST_BACKTRACE=full" "-e" "RUSTFLAGS=--cap-lints=forbid" "-e" "RUSTDOCFLAGS=--cap-lints=forbid" "-e" "CARGO_HOME=/opt/rustwide/cargo-home" "-e" "RUSTUP_HOME=/opt/rustwide/rustup-home" "-w" "/opt/rustwide/workdir" "-m" "1610612736" "--user" "0:0" "--network" "none" "ghcr.io/rust-lang/crates-build-env/linux@sha256:4a844ea9eb2546a2d2c7022eacef16ef2e8229c7fbb2c7d4d55a9ceca922f72d" "/opt/rustwide/cargo-home/bin/cargo" "+nightly-2024-10-28" "test" "--frozen" "--no-run" "--message-format=json", kill_on_drop: false }`
[INFO] [stdout] 9f6907af91640c190202cee4265e431820769744f5df49c93ab2426eb27dab65
[INFO] running `Command { std: "docker" "start" "-a" "9f6907af91640c190202cee4265e431820769744f5df49c93ab2426eb27dab65", kill_on_drop: false }`
[INFO] [stderr]    Compiling linux-raw-sys v0.4.14
[INFO] [stderr]    Compiling jobserver v0.1.32
[INFO] [stderr]    Compiling getrandom v0.2.15
[INFO] [stderr]    Compiling clang-sys v1.8.1
[INFO] [stderr]    Compiling rustix v0.38.38
[INFO] [stderr]    Compiling memoffset v0.7.1
[INFO] [stderr]    Compiling socket2 v0.5.7
[INFO] [stderr]    Compiling fastrand v2.1.1
[INFO] [stderr]    Compiling fastrand v1.9.0
[INFO] [stderr]    Compiling bitflags v1.3.2
[INFO] [stderr]    Compiling once_cell v1.20.2
[INFO] [stderr]    Compiling rand_core v0.6.4
[INFO] [stderr]    Compiling random-string v1.1.0
[INFO] [stderr]    Compiling nix v0.26.4
[INFO] [stderr]    Compiling cc v1.0.106
[INFO] [stderr]    Compiling rand_chacha v0.3.1
[INFO] [stderr]    Compiling rand v0.8.5
[INFO] [stderr]    Compiling libz-sys v1.1.20
[INFO] [stderr]    Compiling openssl-sys v0.9.104
[INFO] [stderr]    Compiling libusb1-sys v0.7.0
[INFO] [stderr]    Compiling curl-sys v0.4.77+curl-8.10.1
[INFO] [stderr]    Compiling rusb v0.9.4
[INFO] [stderr]    Compiling curl v0.4.47
[INFO] [stderr]    Compiling yubikey-hmac-otp v0.10.2
[INFO] [stderr]    Compiling tempfile v3.13.0
[INFO] [stderr]    Compiling which v4.4.2
[INFO] [stderr]    Compiling bindgen v0.69.5
[INFO] [stderr]    Compiling argon2-kdf v1.5.2
[INFO] [stderr]    Compiling shavee_core v1.0.1 (/opt/rustwide/workdir)
[INFO] [stderr]     Finished `test` profile [unoptimized + debuginfo] target(s) in 10.49s
[INFO] running `Command { std: "docker" "inspect" "9f6907af91640c190202cee4265e431820769744f5df49c93ab2426eb27dab65", kill_on_drop: false }`
[INFO] running `Command { std: "docker" "rm" "-f" "9f6907af91640c190202cee4265e431820769744f5df49c93ab2426eb27dab65", kill_on_drop: false }`
[INFO] [stdout] 9f6907af91640c190202cee4265e431820769744f5df49c93ab2426eb27dab65
[INFO] running `Command { std: "docker" "create" "-v" "/var/lib/crater-agent-workspace/builds/worker-5-tc1/target:/opt/rustwide/target:rw,Z" "-v" "/var/lib/crater-agent-workspace/builds/worker-5-tc1/source:/opt/rustwide/workdir:ro,Z" "-v" "/var/lib/crater-agent-workspace/cargo-home:/opt/rustwide/cargo-home:ro,Z" "-v" "/var/lib/crater-agent-workspace/rustup-home:/opt/rustwide/rustup-home:ro,Z" "-e" "SOURCE_DIR=/opt/rustwide/workdir" "-e" "CARGO_TARGET_DIR=/opt/rustwide/target" "-e" "CARGO_INCREMENTAL=0" "-e" "RUST_BACKTRACE=full" "-e" "RUSTFLAGS=--cap-lints=forbid" "-e" "RUSTDOCFLAGS=--cap-lints=forbid" "-e" "CARGO_HOME=/opt/rustwide/cargo-home" "-e" "RUSTUP_HOME=/opt/rustwide/rustup-home" "-w" "/opt/rustwide/workdir" "-m" "1610612736" "--user" "0:0" "--network" "none" "ghcr.io/rust-lang/crates-build-env/linux@sha256:4a844ea9eb2546a2d2c7022eacef16ef2e8229c7fbb2c7d4d55a9ceca922f72d" "/opt/rustwide/cargo-home/bin/cargo" "+nightly-2024-10-28" "test" "--frozen", kill_on_drop: false }`
[INFO] [stdout] 101614dc275c97b1df9955eb5855a7b69007ce1146bf9abce53746158e986417
[INFO] running `Command { std: "docker" "start" "-a" "101614dc275c97b1df9955eb5855a7b69007ce1146bf9abce53746158e986417", kill_on_drop: false }`
[INFO] [stderr]     Finished `test` profile [unoptimized + debuginfo] target(s) in 0.14s
[INFO] [stderr]      Running unittests src/lib.rs (/opt/rustwide/target/debug/deps/shavee_core-297edcb02127ce13)
[INFO] [stdout] 
[INFO] [stdout] running 12 tests
[INFO] [stdout] test logic::tests::generate_salt_test ... ok
[INFO] [stdout] test tests::parse_file_size_arguments_test ... ok
[INFO] [stdout] test zfs::tests::zfs_to_string_test ... ok
[INFO] [stdout] test zfs::tests::zfs_name_validation ... ok
[INFO] [stdout] test zfs::tests::dataset_does_not_exists_test ... ok
[INFO] [stdout] test zfs::tests::zfs_list_test ... FAILED
[INFO] [stdout] test zfs::tests::zfs_mount_umount_test ... FAILED
[INFO] [stdout] test zfs::tests::zfs_create_load_unload_key_test ... FAILED
[INFO] [stdout] test zfs::tests::zfs_set_get_property_test ... FAILED
[INFO] [stderr] error: test failed, to rerun pass `--lib`
[INFO] [stderr] 
[INFO] [stderr] Caused by:
[INFO] [stderr]   process didn't exit successfully: `/opt/rustwide/target/debug/deps/shavee_core-297edcb02127ce13` (signal: 9, SIGKILL: kill)
[INFO] running `Command { std: "docker" "inspect" "101614dc275c97b1df9955eb5855a7b69007ce1146bf9abce53746158e986417", kill_on_drop: false }`
[INFO] running `Command { std: "docker" "rm" "-f" "101614dc275c97b1df9955eb5855a7b69007ce1146bf9abce53746158e986417", kill_on_drop: false }`
[INFO] [stdout] 101614dc275c97b1df9955eb5855a7b69007ce1146bf9abce53746158e986417
