[INFO] fetching crate sgx_demangle 1.1.1...
[INFO] testing sgx_demangle-1.1.1 against nightly-2024-10-28 for randomize-layout
[INFO] extracting crate sgx_demangle 1.1.1 into /workspace/builds/worker-4-tc1/source
[INFO] validating manifest of crates.io crate sgx_demangle 1.1.1 on toolchain nightly-2024-10-28
[INFO] running `Command { std: CARGO_HOME="/workspace/cargo-home" RUSTUP_HOME="/workspace/rustup-home" "/workspace/cargo-home/bin/cargo" "+nightly-2024-10-28" "metadata" "--manifest-path" "Cargo.toml" "--no-deps", kill_on_drop: false }`
[INFO] started tweaking crates.io crate sgx_demangle 1.1.1
[INFO] finished tweaking crates.io crate sgx_demangle 1.1.1
[INFO] tweaked toml for crates.io crate sgx_demangle 1.1.1 written to /workspace/builds/worker-4-tc1/source/Cargo.toml
[INFO] running `Command { std: CARGO_HOME="/workspace/cargo-home" RUSTUP_HOME="/workspace/rustup-home" "/workspace/cargo-home/bin/cargo" "+nightly-2024-10-28" "generate-lockfile" "--manifest-path" "Cargo.toml", kill_on_drop: false }`
[INFO] running `Command { std: CARGO_HOME="/workspace/cargo-home" RUSTUP_HOME="/workspace/rustup-home" "/workspace/cargo-home/bin/cargo" "+nightly-2024-10-28" "fetch" "--manifest-path" "Cargo.toml", kill_on_drop: false }`
[INFO] running `Command { std: "docker" "create" "-v" "/var/lib/crater-agent-workspace/builds/worker-4-tc1/target:/opt/rustwide/target:rw,Z" "-v" "/var/lib/crater-agent-workspace/builds/worker-4-tc1/source:/opt/rustwide/workdir:ro,Z" "-v" "/var/lib/crater-agent-workspace/cargo-home:/opt/rustwide/cargo-home:ro,Z" "-v" "/var/lib/crater-agent-workspace/rustup-home:/opt/rustwide/rustup-home:ro,Z" "-e" "SOURCE_DIR=/opt/rustwide/workdir" "-e" "CARGO_TARGET_DIR=/opt/rustwide/target" "-e" "CARGO_HOME=/opt/rustwide/cargo-home" "-e" "RUSTUP_HOME=/opt/rustwide/rustup-home" "-w" "/opt/rustwide/workdir" "-m" "1610612736" "--user" "0:0" "--network" "none" "ghcr.io/rust-lang/crates-build-env/linux@sha256:4a844ea9eb2546a2d2c7022eacef16ef2e8229c7fbb2c7d4d55a9ceca922f72d" "/opt/rustwide/cargo-home/bin/cargo" "+nightly-2024-10-28" "metadata" "--no-deps" "--format-version=1", kill_on_drop: false }`
[INFO] [stdout] 9907176250e30cab7364c85154e8fa9ab0ff70637a261a10e25892bcbdd25492
[INFO] running `Command { std: "docker" "start" "-a" "9907176250e30cab7364c85154e8fa9ab0ff70637a261a10e25892bcbdd25492", kill_on_drop: false }`
[INFO] running `Command { std: "docker" "inspect" "9907176250e30cab7364c85154e8fa9ab0ff70637a261a10e25892bcbdd25492", kill_on_drop: false }`
[INFO] running `Command { std: "docker" "rm" "-f" "9907176250e30cab7364c85154e8fa9ab0ff70637a261a10e25892bcbdd25492", kill_on_drop: false }`
[INFO] [stdout] 9907176250e30cab7364c85154e8fa9ab0ff70637a261a10e25892bcbdd25492
[INFO] running `Command { std: "docker" "create" "-v" "/var/lib/crater-agent-workspace/builds/worker-4-tc1/target:/opt/rustwide/target:rw,Z" "-v" "/var/lib/crater-agent-workspace/builds/worker-4-tc1/source:/opt/rustwide/workdir:ro,Z" "-v" "/var/lib/crater-agent-workspace/cargo-home:/opt/rustwide/cargo-home:ro,Z" "-v" "/var/lib/crater-agent-workspace/rustup-home:/opt/rustwide/rustup-home:ro,Z" "-e" "SOURCE_DIR=/opt/rustwide/workdir" "-e" "CARGO_TARGET_DIR=/opt/rustwide/target" "-e" "CARGO_INCREMENTAL=0" "-e" "RUST_BACKTRACE=full" "-e" "RUSTFLAGS=--cap-lints=forbid" "-e" "RUSTDOCFLAGS=--cap-lints=forbid" "-e" "CARGO_HOME=/opt/rustwide/cargo-home" "-e" "RUSTUP_HOME=/opt/rustwide/rustup-home" "-w" "/opt/rustwide/workdir" "-m" "1610612736" "--user" "0:0" "--network" "none" "ghcr.io/rust-lang/crates-build-env/linux@sha256:4a844ea9eb2546a2d2c7022eacef16ef2e8229c7fbb2c7d4d55a9ceca922f72d" "/opt/rustwide/cargo-home/bin/cargo" "+nightly-2024-10-28" "build" "--frozen" "--message-format=json", kill_on_drop: false }`
[INFO] [stdout] 79b2c14ca1daf34886701074bab7c760f0404306aa15baa317d04ae7ef7d7b9e
[INFO] running `Command { std: "docker" "start" "-a" "79b2c14ca1daf34886701074bab7c760f0404306aa15baa317d04ae7ef7d7b9e", kill_on_drop: false }`
[INFO] [stderr]    Compiling sgx_demangle v1.1.1 (/opt/rustwide/workdir)
[INFO] [stderr]     Finished `dev` profile [unoptimized + debuginfo] target(s) in 0.28s
[INFO] running `Command { std: "docker" "inspect" "79b2c14ca1daf34886701074bab7c760f0404306aa15baa317d04ae7ef7d7b9e", kill_on_drop: false }`
[INFO] running `Command { std: "docker" "rm" "-f" "79b2c14ca1daf34886701074bab7c760f0404306aa15baa317d04ae7ef7d7b9e", kill_on_drop: false }`
[INFO] [stdout] 79b2c14ca1daf34886701074bab7c760f0404306aa15baa317d04ae7ef7d7b9e
[INFO] running `Command { std: "docker" "create" "-v" "/var/lib/crater-agent-workspace/builds/worker-4-tc1/target:/opt/rustwide/target:rw,Z" "-v" "/var/lib/crater-agent-workspace/builds/worker-4-tc1/source:/opt/rustwide/workdir:ro,Z" "-v" "/var/lib/crater-agent-workspace/cargo-home:/opt/rustwide/cargo-home:ro,Z" "-v" "/var/lib/crater-agent-workspace/rustup-home:/opt/rustwide/rustup-home:ro,Z" "-e" "SOURCE_DIR=/opt/rustwide/workdir" "-e" "CARGO_TARGET_DIR=/opt/rustwide/target" "-e" "CARGO_INCREMENTAL=0" "-e" "RUST_BACKTRACE=full" "-e" "RUSTFLAGS=--cap-lints=forbid" "-e" "RUSTDOCFLAGS=--cap-lints=forbid" "-e" "CARGO_HOME=/opt/rustwide/cargo-home" "-e" "RUSTUP_HOME=/opt/rustwide/rustup-home" "-w" "/opt/rustwide/workdir" "-m" "1610612736" "--user" "0:0" "--network" "none" "ghcr.io/rust-lang/crates-build-env/linux@sha256:4a844ea9eb2546a2d2c7022eacef16ef2e8229c7fbb2c7d4d55a9ceca922f72d" "/opt/rustwide/cargo-home/bin/cargo" "+nightly-2024-10-28" "test" "--frozen" "--no-run" "--message-format=json", kill_on_drop: false }`
[INFO] [stdout] aa5d065cf744354c2ebc9b6d9a3c93e5e741c3760f83b173ac0baf395a02e94c
[INFO] running `Command { std: "docker" "start" "-a" "aa5d065cf744354c2ebc9b6d9a3c93e5e741c3760f83b173ac0baf395a02e94c", kill_on_drop: false }`
[INFO] [stderr]    Compiling sgx_demangle v1.1.1 (/opt/rustwide/workdir)
[INFO] [stderr]     Finished `test` profile [unoptimized + debuginfo] target(s) in 0.21s
[INFO] running `Command { std: "docker" "inspect" "aa5d065cf744354c2ebc9b6d9a3c93e5e741c3760f83b173ac0baf395a02e94c", kill_on_drop: false }`
[INFO] running `Command { std: "docker" "rm" "-f" "aa5d065cf744354c2ebc9b6d9a3c93e5e741c3760f83b173ac0baf395a02e94c", kill_on_drop: false }`
[INFO] [stdout] aa5d065cf744354c2ebc9b6d9a3c93e5e741c3760f83b173ac0baf395a02e94c
[INFO] running `Command { std: "docker" "create" "-v" "/var/lib/crater-agent-workspace/builds/worker-4-tc1/target:/opt/rustwide/target:rw,Z" "-v" "/var/lib/crater-agent-workspace/builds/worker-4-tc1/source:/opt/rustwide/workdir:ro,Z" "-v" "/var/lib/crater-agent-workspace/cargo-home:/opt/rustwide/cargo-home:ro,Z" "-v" "/var/lib/crater-agent-workspace/rustup-home:/opt/rustwide/rustup-home:ro,Z" "-e" "SOURCE_DIR=/opt/rustwide/workdir" "-e" "CARGO_TARGET_DIR=/opt/rustwide/target" "-e" "CARGO_INCREMENTAL=0" "-e" "RUST_BACKTRACE=full" "-e" "RUSTFLAGS=--cap-lints=forbid" "-e" "RUSTDOCFLAGS=--cap-lints=forbid" "-e" "CARGO_HOME=/opt/rustwide/cargo-home" "-e" "RUSTUP_HOME=/opt/rustwide/rustup-home" "-w" "/opt/rustwide/workdir" "-m" "1610612736" "--user" "0:0" "--network" "none" "ghcr.io/rust-lang/crates-build-env/linux@sha256:4a844ea9eb2546a2d2c7022eacef16ef2e8229c7fbb2c7d4d55a9ceca922f72d" "/opt/rustwide/cargo-home/bin/cargo" "+nightly-2024-10-28" "test" "--frozen", kill_on_drop: false }`
[INFO] [stdout] af3c4150e1d1fc30380d1a5294b9f42c33304c15a7a1ec7a054f17226f5f0547
[INFO] running `Command { std: "docker" "start" "-a" "af3c4150e1d1fc30380d1a5294b9f42c33304c15a7a1ec7a054f17226f5f0547", kill_on_drop: false }`
[INFO] [stderr]     Finished `test` profile [unoptimized + debuginfo] target(s) in 0.00s
[INFO] [stderr]      Running unittests src/lib.rs (/opt/rustwide/target/debug/deps/sgx_demangle-c113c2fd692592bb)
[INFO] [stdout] 
[INFO] [stdout] running 0 tests
[INFO] [stdout] 
[INFO] [stdout] test result: ok. 0 passed; 0 failed; 0 ignored; 0 measured; 0 filtered out; finished in 0.00s
[INFO] [stdout] 
[INFO] [stderr]    Doc-tests sgx_demangle
[INFO] [stdout] 
[INFO] [stdout] running 4 tests
[INFO] [stdout] test src/legacy.rs - legacy::demangle (line 23) ... FAILED
[INFO] [stdout] test src/lib.rs - demangle (line 55) ... FAILED
[INFO] [stdout] test src/lib.rs - (line 14) ... FAILED
[INFO] [stdout] test src/lib.rs - try_demangle (line 116) ... FAILED
[INFO] [stdout] 
[INFO] [stdout] failures:
[INFO] [stdout] 
[INFO] [stdout] ---- src/legacy.rs - legacy::demangle (line 23) stdout ----
[INFO] [stdout] error[E0432]: unresolved import `rustc_demangle`
[INFO] [stdout]  --> src/legacy.rs:24:5
[INFO] [stdout]   |
[INFO] [stdout] 3 | use rustc_demangle::demangle;
[INFO] [stdout]   |     ^^^^^^^^^^^^^^ use of undeclared crate or module `rustc_demangle`
[INFO] [stdout]   |
[INFO] [stdout] help: there is a crate or module with a similar name
[INFO] [stdout]   |
[INFO] [stdout] 3 | use sgx_demangle::demangle;
[INFO] [stdout]   |     ~~~~~~~~~~~~
[INFO] [stdout] 
[INFO] [stdout] error: aborting due to 1 previous error
[INFO] [stdout] 
[INFO] [stdout] For more information about this error, try `rustc --explain E0432`.
[INFO] [stdout] Couldn't compile the test.
[INFO] [stdout] ---- src/lib.rs - demangle (line 55) stdout ----
[INFO] [stdout] error[E0432]: unresolved import `rustc_demangle`
[INFO] [stdout]  --> src/lib.rs:56:5
[INFO] [stdout]   |
[INFO] [stdout] 3 | use rustc_demangle::demangle;
[INFO] [stdout]   |     ^^^^^^^^^^^^^^ use of undeclared crate or module `rustc_demangle`
[INFO] [stdout]   |
[INFO] [stdout] help: there is a crate or module with a similar name
[INFO] [stdout]   |
[INFO] [stdout] 3 | use sgx_demangle::demangle;
[INFO] [stdout]   |     ~~~~~~~~~~~~
[INFO] [stdout] 
[INFO] [stdout] error: aborting due to 1 previous error
[INFO] [stdout] 
[INFO] [stdout] For more information about this error, try `rustc --explain E0432`.
[INFO] [stdout] Couldn't compile the test.
[INFO] [stdout] ---- src/lib.rs - (line 14) stdout ----
[INFO] [stdout] error[E0432]: unresolved import `rustc_demangle`
[INFO] [stdout]  --> src/lib.rs:15:5
[INFO] [stdout]   |
[INFO] [stdout] 3 | use rustc_demangle::demangle;
[INFO] [stdout]   |     ^^^^^^^^^^^^^^ use of undeclared crate or module `rustc_demangle`
[INFO] [stdout]   |
[INFO] [stdout] help: there is a crate or module with a similar name
[INFO] [stdout]   |
[INFO] [stdout] 3 | use sgx_demangle::demangle;
[INFO] [stdout]   |     ~~~~~~~~~~~~
[INFO] [stdout] 
[INFO] [stdout] error: aborting due to 1 previous error
[INFO] [stdout] 
[INFO] [stdout] For more information about this error, try `rustc --explain E0432`.
[INFO] [stdout] Couldn't compile the test.
[INFO] [stdout] ---- src/lib.rs - try_demangle (line 116) stdout ----
[INFO] [stdout] error[E0658]: use of unstable library feature 'rustc_private': this crate is being loaded from the sysroot, an unstable location; did you mean to load this crate from crates.io via `Cargo.toml` instead?
[INFO] [stdout]  --> src/lib.rs:116:1
[INFO] [stdout]   |
[INFO] [stdout] 2 | extern crate rustc_demangle;
[INFO] [stdout]   | ^^^^^^^^^^^^^^^^^^^^^^^^^^^^
[INFO] [stdout]   |
[INFO] [stdout]   = note: see issue #27812 <https://github.com/rust-lang/rust/issues/27812> for more information
[INFO] [stdout]   = help: add `#![feature(rustc_private)]` to the crate attributes to enable
[INFO] [stdout]   = note: this compiler was built on 2024-10-27; consider upgrading it if it is out of date
[INFO] [stdout] 
[INFO] [stdout] error[E0658]: use of unstable library feature 'rustc_private': this crate is being loaded from the sysroot, an unstable location; did you mean to load this crate from crates.io via `Cargo.toml` instead?
[INFO] [stdout]  --> src/lib.rs:122:9
[INFO] [stdout]   |
[INFO] [stdout] 8 | assert!(rustc_demangle::try_demangle(not_a_rust_symbol).is_err());
[INFO] [stdout]   |         ^^^^^^^^^^^^^^^^^^^^^^^^^^^^
[INFO] [stdout]   |
[INFO] [stdout]   = note: see issue #27812 <https://github.com/rust-lang/rust/issues/27812> for more information
[INFO] [stdout]   = help: add `#![feature(rustc_private)]` to the crate attributes to enable
[INFO] [stdout]   = note: this compiler was built on 2024-10-27; consider upgrading it if it is out of date
[INFO] [stdout] 
[INFO] [stdout] error[E0658]: use of unstable library feature 'rustc_private': this crate is being loaded from the sysroot, an unstable location; did you mean to load this crate from crates.io via `Cargo.toml` instead?
[INFO] [stdout]   --> src/lib.rs:125:12
[INFO] [stdout]    |
[INFO] [stdout] 11 | assert_eq!(rustc_demangle::demangle(not_a_rust_symbol).as_str(), not_a_rust_symbol);
[INFO] [stdout]    |            ^^^^^^^^^^^^^^^^^^^^^^^^
[INFO] [stdout]    |
[INFO] [stdout]    = note: see issue #27812 <https://github.com/rust-lang/rust/issues/27812> for more information
[INFO] [stdout]    = help: add `#![feature(rustc_private)]` to the crate attributes to enable
[INFO] [stdout]    = note: this compiler was built on 2024-10-27; consider upgrading it if it is out of date
[INFO] [stdout] 
[INFO] [stdout] error[E0658]: use of unstable library feature 'rustc_private': this crate is being loaded from the sysroot, an unstable location; did you mean to load this crate from crates.io via `Cargo.toml` instead?
[INFO] [stdout]   --> src/lib.rs:125:56
[INFO] [stdout]    |
[INFO] [stdout] 11 | assert_eq!(rustc_demangle::demangle(not_a_rust_symbol).as_str(), not_a_rust_symbol);
[INFO] [stdout]    |                                                        ^^^^^^
[INFO] [stdout]    |
[INFO] [stdout]    = note: see issue #27812 <https://github.com/rust-lang/rust/issues/27812> for more information
[INFO] [stdout]    = help: add `#![feature(rustc_private)]` to the crate attributes to enable
[INFO] [stdout]    = note: this compiler was built on 2024-10-27; consider upgrading it if it is out of date
[INFO] [stdout] 
[INFO] [stdout] error: aborting due to 4 previous errors
[INFO] [stdout] 
[INFO] [stdout] For more information about this error, try `rustc --explain E0658`.
[INFO] [stdout] Couldn't compile the test.
[INFO] [stdout] 
[INFO] [stdout] failures:
[INFO] [stdout]     src/legacy.rs - legacy::demangle (line 23)
[INFO] [stdout]     src/lib.rs - (line 14)
[INFO] [stdout]     src/lib.rs - demangle (line 55)
[INFO] [stdout]     src/lib.rs - try_demangle (line 116)
[INFO] [stdout] 
[INFO] [stdout] test result: FAILED. 0 passed; 4 failed; 0 ignored; 0 measured; 0 filtered out; finished in 0.04s
[INFO] [stdout] 
[INFO] [stderr] error: doctest failed, to rerun pass `--doc`
[INFO] running `Command { std: "docker" "inspect" "af3c4150e1d1fc30380d1a5294b9f42c33304c15a7a1ec7a054f17226f5f0547", kill_on_drop: false }`
[INFO] running `Command { std: "docker" "rm" "-f" "af3c4150e1d1fc30380d1a5294b9f42c33304c15a7a1ec7a054f17226f5f0547", kill_on_drop: false }`
[INFO] [stdout] af3c4150e1d1fc30380d1a5294b9f42c33304c15a7a1ec7a054f17226f5f0547
