[INFO] fetching crate sfm-sdk 0.2.53...
[INFO] testing sfm-sdk-0.2.53 against nightly-2024-10-28+rustflags=-Zrandomize-layout for randomize-layout
[INFO] extracting crate sfm-sdk 0.2.53 into /workspace/builds/worker-6-tc2/source
[INFO] validating manifest of crates.io crate sfm-sdk 0.2.53 on toolchain nightly-2024-10-28
[INFO] running `Command { std: CARGO_HOME="/workspace/cargo-home" RUSTUP_HOME="/workspace/rustup-home" "/workspace/cargo-home/bin/cargo" "+nightly-2024-10-28" "metadata" "--manifest-path" "Cargo.toml" "--no-deps", kill_on_drop: false }`
[INFO] started tweaking crates.io crate sfm-sdk 0.2.53
[INFO] finished tweaking crates.io crate sfm-sdk 0.2.53
[INFO] tweaked toml for crates.io crate sfm-sdk 0.2.53 written to /workspace/builds/worker-6-tc2/source/Cargo.toml
[INFO] running `Command { std: CARGO_HOME="/workspace/cargo-home" RUSTUP_HOME="/workspace/rustup-home" "/workspace/cargo-home/bin/cargo" "+nightly-2024-10-28" "generate-lockfile" "--manifest-path" "Cargo.toml", kill_on_drop: false }`
[INFO] [stderr]     Updating crates.io index
[INFO] [stderr]      Locking 490 packages to latest compatible versions
[INFO] [stderr]       Adding bigtable_rs v0.2.6 (available: v0.2.14)
[INFO] [stderr]       Adding blake3 v1.5.1 (available: v1.5.4)
[INFO] [stderr]       Adding solana-program v1.18.26 (available: v2.1.0)
[INFO] [stderr]       Adding solana-sdk v1.18.26 (available: v2.1.0)
[INFO] [stderr]       Adding solana-transaction-status v1.18.26 (available: v2.1.0)
[INFO] [stderr]       Adding solana_rbpf v0.8.3 (available: v0.8.5)
[INFO] [stderr]       Adding spl-memo v4.0.0 (available: v4.0.4)
[INFO] [stderr]       Adding spl-token v4.0.0 (available: v4.0.3)
[INFO] [stderr]       Adding string_enum v0.4.4 (available: v1.0.0)
[INFO] [stderr]       Adding subtle v2.4.1 (available: v2.6.1)
[INFO] [stderr]       Adding tonic v0.10.2 (available: v0.12.3)
[INFO] [stderr]       Adding ts-rs v6.2.1 (available: v10.0.0)
[INFO] [stderr]       Adding wasi v0.10.0+wasi-snapshot-preview1 (available: v0.10.2+wasi-snapshot-preview1)
[INFO] [stderr]       Adding zeroize v1.3.0 (available: v1.8.1)
[INFO] running `Command { std: CARGO_HOME="/workspace/cargo-home" RUSTUP_HOME="/workspace/rustup-home" "/workspace/cargo-home/bin/cargo" "+nightly-2024-10-28" "fetch" "--manifest-path" "Cargo.toml", kill_on_drop: false }`
[INFO] running `Command { std: "docker" "create" "-v" "/var/lib/crater-agent-workspace/builds/worker-6-tc2/target:/opt/rustwide/target:rw,Z" "-v" "/var/lib/crater-agent-workspace/builds/worker-6-tc2/source:/opt/rustwide/workdir:ro,Z" "-v" "/var/lib/crater-agent-workspace/cargo-home:/opt/rustwide/cargo-home:ro,Z" "-v" "/var/lib/crater-agent-workspace/rustup-home:/opt/rustwide/rustup-home:ro,Z" "-e" "SOURCE_DIR=/opt/rustwide/workdir" "-e" "CARGO_TARGET_DIR=/opt/rustwide/target" "-e" "CARGO_HOME=/opt/rustwide/cargo-home" "-e" "RUSTUP_HOME=/opt/rustwide/rustup-home" "-w" "/opt/rustwide/workdir" "-m" "1610612736" "--user" "0:0" "--network" "none" "ghcr.io/rust-lang/crates-build-env/linux@sha256:4a844ea9eb2546a2d2c7022eacef16ef2e8229c7fbb2c7d4d55a9ceca922f72d" "/opt/rustwide/cargo-home/bin/cargo" "+nightly-2024-10-28" "metadata" "--no-deps" "--format-version=1", kill_on_drop: false }`
[INFO] [stdout] 50e3ab91f603c1c02a8a2aa29c2e39096be4d113e04eb9666943da9fc8220687
[INFO] running `Command { std: "docker" "start" "-a" "50e3ab91f603c1c02a8a2aa29c2e39096be4d113e04eb9666943da9fc8220687", kill_on_drop: false }`
[INFO] running `Command { std: "docker" "inspect" "50e3ab91f603c1c02a8a2aa29c2e39096be4d113e04eb9666943da9fc8220687", kill_on_drop: false }`
[INFO] running `Command { std: "docker" "rm" "-f" "50e3ab91f603c1c02a8a2aa29c2e39096be4d113e04eb9666943da9fc8220687", kill_on_drop: false }`
[INFO] [stdout] 50e3ab91f603c1c02a8a2aa29c2e39096be4d113e04eb9666943da9fc8220687
[INFO] running `Command { std: "docker" "create" "-v" "/var/lib/crater-agent-workspace/builds/worker-6-tc2/target:/opt/rustwide/target:rw,Z" "-v" "/var/lib/crater-agent-workspace/builds/worker-6-tc2/source:/opt/rustwide/workdir:ro,Z" "-v" "/var/lib/crater-agent-workspace/cargo-home:/opt/rustwide/cargo-home:ro,Z" "-v" "/var/lib/crater-agent-workspace/rustup-home:/opt/rustwide/rustup-home:ro,Z" "-e" "SOURCE_DIR=/opt/rustwide/workdir" "-e" "CARGO_TARGET_DIR=/opt/rustwide/target" "-e" "CARGO_INCREMENTAL=0" "-e" "RUST_BACKTRACE=full" "-e" "RUSTFLAGS=--cap-lints=forbid -Zrandomize-layout" "-e" "RUSTDOCFLAGS=--cap-lints=forbid" "-e" "CARGO_HOME=/opt/rustwide/cargo-home" "-e" "RUSTUP_HOME=/opt/rustwide/rustup-home" "-w" "/opt/rustwide/workdir" "-m" "1610612736" "--user" "0:0" "--network" "none" "ghcr.io/rust-lang/crates-build-env/linux@sha256:4a844ea9eb2546a2d2c7022eacef16ef2e8229c7fbb2c7d4d55a9ceca922f72d" "/opt/rustwide/cargo-home/bin/cargo" "+nightly-2024-10-28" "build" "--frozen" "--message-format=json", kill_on_drop: false }`
[INFO] [stdout] 92e18b500f5c6a34f2ecc0b47abb6ea725b728faeaaa611a763f305ccedea467
[INFO] running `Command { std: "docker" "start" "-a" "92e18b500f5c6a34f2ecc0b47abb6ea725b728faeaaa611a763f305ccedea467", kill_on_drop: false }`
[INFO] [stderr]    Compiling version_check v0.9.5
[INFO] [stderr]    Compiling libc v0.2.161
[INFO] [stderr]    Compiling serde v1.0.214
[INFO] [stderr]    Compiling shlex v1.3.0
[INFO] [stderr]    Compiling equivalent v1.0.1
[INFO] [stderr]    Compiling syn v2.0.86
[INFO] [stderr]    Compiling byteorder v1.5.0
[INFO] [stderr]    Compiling hashbrown v0.15.0
[INFO] [stderr]    Compiling subtle v2.4.1
[INFO] [stderr]    Compiling memchr v2.7.4
[INFO] [stderr]    Compiling syn v1.0.109
[INFO] [stderr]    Compiling num-traits v0.2.19
[INFO] [stderr]    Compiling generic-array v0.14.7
[INFO] [stderr]    Compiling indexmap v2.6.0
[INFO] [stderr]    Compiling log v0.4.22
[INFO] [stderr]    Compiling jobserver v0.1.32
[INFO] [stderr]    Compiling cc v1.1.31
[INFO] [stderr]    Compiling fnv v1.0.7
[INFO] [stderr]    Compiling cpufeatures v0.2.14
[INFO] [stderr]    Compiling either v1.13.0
[INFO] [stderr]    Compiling regex-syntax v0.8.5
[INFO] [stderr]    Compiling num-integer v0.1.46
[INFO] [stderr]    Compiling rustversion v1.0.18
[INFO] [stderr]    Compiling getrandom v0.2.15
[INFO] [stderr]    Compiling rand_core v0.6.4
[INFO] [stderr]    Compiling toml_datetime v0.6.8
[INFO] [stderr]    Compiling getrandom v0.1.16
[INFO] [stderr]    Compiling crunchy v0.2.2
[INFO] [stderr]    Compiling opaque-debug v0.3.1
[INFO] [stderr]    Compiling ahash v0.8.11
[INFO] [stderr]    Compiling rand_core v0.5.1
[INFO] [stderr]    Compiling base64 v0.21.7
[INFO] [stderr]    Compiling bytes v1.8.0
[INFO] [stderr]    Compiling block-padding v0.2.1
[INFO] [stderr]    Compiling unicode-normalization v0.1.24
[INFO] [stderr]    Compiling digest v0.9.0
[INFO] [stderr]    Compiling num-bigint v0.4.6
[INFO] [stderr]    Compiling proc-macro-error-attr v1.0.4
[INFO] [stderr]    Compiling winnow v0.6.20
[INFO] [stderr]    Compiling wasm-bindgen-shared v0.2.95
[INFO] [stderr]    Compiling libsecp256k1-core v0.2.2
[INFO] [stderr]    Compiling itertools v0.10.5
[INFO] [stderr]    Compiling proc-macro-error v1.0.4
[INFO] [stderr]    Compiling ahash v0.7.8
[INFO] [stderr]    Compiling toml_edit v0.22.22
[INFO] [stderr]    Compiling bumpalo v3.16.0
[INFO] [stderr]    Compiling feature-probe v0.1.1
[INFO] [stderr]    Compiling lazy_static v1.5.0
[INFO] [stderr]    Compiling bv v0.11.1
[INFO] [stderr]    Compiling wasm-bindgen-backend v0.2.95
[INFO] [stderr]    Compiling libsecp256k1-gen-ecmult v0.2.1
[INFO] [stderr]    Compiling libsecp256k1-gen-genmult v0.2.1
[INFO] [stderr]    Compiling solana-frozen-abi-macro v1.18.26
[INFO] [stderr]    Compiling im v15.1.0
[INFO] [stderr]    Compiling bitmaps v2.1.0
[INFO] [stderr]    Compiling keccak v0.1.5
[INFO] [stderr]    Compiling toml v0.5.11
[INFO] [stderr]    Compiling strsim v0.11.1
[INFO] [stderr]    Compiling cfg_aliases v0.2.1
[INFO] [stderr]    Compiling borsh v1.5.1
[INFO] [stderr]    Compiling darling_core v0.20.10
[INFO] [stderr]    Compiling libsecp256k1 v0.6.0
[INFO] [stderr]    Compiling serde_derive v1.0.214
[INFO] [stderr]    Compiling zerocopy-derive v0.7.35
[INFO] [stderr]    Compiling zeroize_derive v1.4.2
[INFO] [stderr]    Compiling zeroize v1.3.0
[INFO] [stderr]    Compiling thiserror-impl v1.0.66
[INFO] [stderr]    Compiling ark-serialize-derive v0.4.2
[INFO] [stderr]    Compiling ark-ff-macros v0.4.2
[INFO] [stderr]    Compiling ark-ff-asm v0.4.2
[INFO] [stderr]    Compiling zerocopy v0.7.35
[INFO] [stderr]    Compiling derivative v2.2.0
[INFO] [stderr]    Compiling proc-macro-crate v0.1.5
[INFO] [stderr]    Compiling proc-macro-crate v3.2.0
[INFO] [stderr]    Compiling ppv-lite86 v0.2.20
[INFO] [stderr]    Compiling thiserror v1.0.66
[INFO] [stderr]    Compiling wasm-bindgen-macro-support v0.2.95
[INFO] [stderr]    Compiling rand_chacha v0.3.1
[INFO] [stderr]    Compiling hashbrown v0.13.2
[INFO] [stderr]    Compiling rand_chacha v0.2.2
[INFO] [stderr]    Compiling rand v0.8.5
[INFO] [stderr]    Compiling rand v0.7.3
[INFO] [stderr]    Compiling sized-chunks v0.6.5
[INFO] [stderr]    Compiling syn_derive v0.1.8
[INFO] [stderr]    Compiling rayon v1.10.0
[INFO] [stderr]    Compiling ark-std v0.4.0
[INFO] [stderr]    Compiling borsh-schema-derive-internal v0.10.4
[INFO] [stderr]    Compiling borsh-derive-internal v0.10.4
[INFO] [stderr]    Compiling borsh-derive-internal v0.9.3
[INFO] [stderr]    Compiling borsh-schema-derive-internal v0.9.3
[INFO] [stderr]    Compiling blake3 v1.5.1
[INFO] [stderr]    Compiling rand_xoshiro v0.6.0
[INFO] [stderr]    Compiling solana-frozen-abi v1.18.26
[INFO] [stderr]    Compiling memoffset v0.9.1
[INFO] [stderr]    Compiling bs58 v0.4.0
[INFO] [stderr]    Compiling arrayref v0.3.9
[INFO] [stderr]    Compiling wasm-bindgen v0.2.95
[INFO] [stderr]    Compiling borsh-derive v0.9.3
[INFO] [stderr]    Compiling borsh-derive v0.10.4
[INFO] [stderr]    Compiling borsh-derive v1.5.1
[INFO] [stderr]    Compiling hashbrown v0.11.2
[INFO] [stderr]    Compiling wasm-bindgen-macro v0.2.95
[INFO] [stderr]    Compiling darling_macro v0.20.10
[INFO] [stderr]    Compiling bytemuck_derive v1.8.0
[INFO] [stderr]    Compiling solana-program v1.18.26
[INFO] [stderr]    Compiling memmap2 v0.5.10
[INFO] [stderr]    Compiling rustc-hash v1.1.0
[INFO] [stderr]    Compiling arrayvec v0.7.6
[INFO] [stderr]    Compiling constant_time_eq v0.3.1
[INFO] [stderr]    Compiling base64 v0.12.3
[INFO] [stderr]    Compiling futures-core v0.3.31
[INFO] [stderr]    Compiling darling v0.20.10
[INFO] [stderr]    Compiling borsh v0.9.3
[INFO] [stderr]    Compiling borsh v0.10.4
[INFO] [stderr]    Compiling solana-sdk-macro v1.18.26
[INFO] [stderr]    Compiling num-derive v0.4.2
[INFO] [stderr]    Compiling bytemuck v1.19.0
[INFO] [stderr]    Compiling tokio-macros v2.4.0
[INFO] [stderr]    Compiling signal-hook-registry v1.4.2
[INFO] [stderr]    Compiling socket2 v0.5.7
[INFO] [stderr]    Compiling mio v1.0.2
[INFO] [stderr]    Compiling aho-corasick v1.1.3
[INFO] [stderr]    Compiling bitflags v2.6.0
[INFO] [stderr]    Compiling serde_json v1.0.132
[INFO] [stderr]    Compiling serde_bytes v0.11.15
[INFO] [stderr]    Compiling bincode v1.3.3
[INFO] [stderr]    Compiling tokio v1.41.0
[INFO] [stderr]    Compiling crypto-common v0.1.6
[INFO] [stderr]    Compiling block-buffer v0.10.4
[INFO] [stderr]    Compiling block-buffer v0.9.0
[INFO] [stderr]    Compiling digest v0.10.7
[INFO] [stderr]    Compiling crypto-mac v0.8.0
[INFO] [stderr]    Compiling sha2 v0.9.9
[INFO] [stderr]    Compiling hmac v0.8.1
[INFO] [stderr]    Compiling ark-serialize v0.4.2
[INFO] [stderr]    Compiling sha2 v0.10.8
[INFO] [stderr]    Compiling curve25519-dalek v3.2.1
[INFO] [stderr]    Compiling ark-ff v0.4.2
[INFO] [stderr]    Compiling hmac-drbg v0.3.0
[INFO] [stderr]    Compiling pbkdf2 v0.4.0
[INFO] [stderr]    Compiling tiny-bip39 v0.8.2
[INFO] [stderr]    Compiling sha3 v0.10.8
[INFO] [stderr]    Compiling regex-automata v0.4.8
[INFO] [stderr]    Compiling iana-time-zone v0.1.61
[INFO] [stderr]    Compiling termcolor v1.4.1
[INFO] [stderr]    Compiling chrono v0.4.38
[INFO] [stderr]    Compiling signature v1.6.4
[INFO] [stderr]    Compiling ed25519 v1.5.3
[INFO] [stderr]    Compiling atty v0.2.14
[INFO] [stderr]    Compiling humantime v2.1.0
[INFO] [stderr]    Compiling ed25519-dalek v1.0.1
[INFO] [stderr]    Compiling hmac v0.12.1
[INFO] [stderr]    Compiling serde_with_macros v2.3.3
[INFO] [stderr]    Compiling num_enum_derive v0.7.3
[INFO] [stderr]    Compiling tracing-attributes v0.1.27
[INFO] [stderr]    Compiling ring v0.17.8
[INFO] [stderr]    Compiling solana-sdk v1.18.26
[INFO] [stderr]    Compiling tracing-core v0.1.32
[INFO] [stderr]    Compiling derivation-path v0.2.0
[INFO] [stderr]    Compiling regex v1.11.1
[INFO] [stderr]    Compiling futures-util v0.3.31
[INFO] [stderr]    Compiling itertools v0.12.1
[INFO] [stderr]    Compiling env_logger v0.9.3
[INFO] [stderr]    Compiling solana-logger v1.18.26
[INFO] [stderr]    Compiling tracing v0.1.40
[INFO] [stderr]    Compiling ed25519-dalek-bip32 v0.2.0
[INFO] [stderr]    Compiling num_enum v0.7.3
[INFO] [stderr]    Compiling serde_with v2.3.3
[INFO] [stderr]    Compiling pbkdf2 v0.11.0
[INFO] [stderr]    Compiling qualifier_attr v0.2.2
[INFO] [stderr]    Compiling uriparse v0.6.4
[INFO] [stderr]    Compiling qstring v0.7.2
[INFO] [stderr]    Compiling http v0.2.12
[INFO] [stderr]    Compiling assert_matches v1.5.0
[INFO] [stderr]    Compiling futures-sink v0.3.31
[INFO] [stderr]    Compiling siphasher v0.3.11
[INFO] [stderr]    Compiling tokio-util v0.7.12
[INFO] [stderr]    Compiling prost-derive v0.12.6
[INFO] [stderr]    Compiling untrusted v0.9.0
[INFO] [stderr]    Compiling spin v0.9.8
[INFO] [stderr]    Compiling httparse v1.9.5
[INFO] [stderr]    Compiling tower-service v0.3.3
[INFO] [stderr]    Compiling http-body v0.4.6
[INFO] [stderr]    Compiling cipher v0.3.0
[INFO] [stderr]    Compiling try-lock v0.2.5
[INFO] [stderr]    Compiling linux-raw-sys v0.4.14
[INFO] [stderr]    Compiling want v0.3.1
[INFO] [stderr]    Compiling h2 v0.3.26
[INFO] [stderr]    Compiling universal-hash v0.4.1
[INFO] [stderr]    Compiling futures-channel v0.3.31
[INFO] [stderr]    Compiling rustls v0.21.12
[INFO] [stderr]    Compiling httpdate v1.0.3
[INFO] [stderr]    Compiling pkg-config v0.3.31
[INFO] [stderr]    Compiling polyval v0.5.3
[INFO] [stderr]    Compiling ctr v0.8.0
[INFO] [stderr]    Compiling aes v0.7.5
[INFO] [stderr]    Compiling aead v0.4.3
[INFO] [stderr]    Compiling pulldown-cmark v0.9.6
[INFO] [stderr]    Compiling rustix v0.38.38
[INFO] [stderr]    Compiling spl-program-error-derive v0.3.2
[INFO] [stderr]    Compiling ark-poly v0.4.2
[INFO] [stderr]    Compiling aes-gcm-siv v0.10.3
[INFO] [stderr]    Compiling spl-discriminator-syn v0.1.2
[INFO] [stderr]    Compiling sha3 v0.9.1
[INFO] [stderr]    Compiling merlin v3.0.0
[INFO] [stderr]    Compiling rustls-pemfile v1.0.4
[INFO] [stderr]    Compiling unicase v2.8.0
[INFO] [stderr]    Compiling prettyplease v0.2.25
[INFO] [stderr]    Compiling spl-discriminator-derive v0.1.2
[INFO] [stderr]    Compiling alloc-no-stdlib v2.0.4
[INFO] [stderr]    Compiling openssl-probe v0.1.5
[INFO] [stderr]    Compiling ark-ec v0.4.2
[INFO] [stderr]    Compiling prost v0.12.6
[INFO] [stderr]    Compiling fixedbitset v0.4.2
[INFO] [stderr]    Compiling mime v0.3.17
[INFO] [stderr]    Compiling fastrand v2.1.1
[INFO] [stderr]    Compiling petgraph v0.6.5
[INFO] [stderr]    Compiling rustls-webpki v0.101.7
[INFO] [stderr]    Compiling ark-bn254 v0.4.0
[INFO] [stderr]    Compiling sct v0.7.1
[INFO] [stderr]    Compiling light-poseidon v0.2.0
[INFO] [stderr]    Compiling tempfile v3.13.0
[INFO] [stderr]    Compiling prost-types v0.12.6
[INFO] [stderr]    Compiling pulldown-cmark-to-cmark v10.0.4
[INFO] [stderr]    Compiling hyper v0.14.31
[INFO] [stderr]    Compiling rustls-native-certs v0.6.3
[INFO] [stderr]    Compiling idna v0.5.0
[INFO] [stderr]    Compiling alloc-stdlib v0.2.2
[INFO] [stderr]    Compiling num-bigint v0.2.6
[INFO] [stderr]    Compiling tokio-rustls v0.24.1
[INFO] [stderr]    Compiling winnow v0.5.40
[INFO] [stderr]    Compiling multimap v0.10.0
[INFO] [stderr]    Compiling heck v0.5.0
[INFO] [stderr]    Compiling adler2 v2.0.0
[INFO] [stderr]    Compiling sync_wrapper v0.1.2
[INFO] [stderr]    Compiling miniz_oxide v0.8.0
[INFO] [stderr]    Compiling prost-build v0.12.6
[INFO] [stderr]    Compiling brotli-decompressor v4.0.1
[INFO] [stderr]    Compiling url v2.5.2
[INFO] [stderr]    Compiling num-complex v0.2.4
[INFO] [stderr]    Compiling toml_edit v0.19.15
[INFO] [stderr]    Compiling num-rational v0.2.4
[INFO] [stderr]    Compiling crc32fast v1.4.2
[INFO] [stderr]    Compiling flate2 v1.0.34
[INFO] [stderr]    Compiling brotli v7.0.0
[INFO] [stderr]    Compiling zstd-sys v2.0.13+zstd.1.5.6
[INFO] [stderr]    Compiling pin-project-internal v1.1.7
[INFO] [stderr]    Compiling hyper-rustls v0.24.2
[INFO] [stderr]    Compiling scroll_derive v0.11.1
[INFO] [stderr]    Compiling typeid v1.0.2
[INFO] [stderr]    Compiling void v1.0.2
[INFO] [stderr]    Compiling unreachable v1.0.0
[INFO] [stderr]    Compiling proc-macro-crate v1.3.1
[INFO] [stderr]    Compiling pin-project v1.1.7
[INFO] [stderr]    Compiling scroll v0.11.0
[INFO] [stderr]    Compiling prost-wkt-build v0.5.1
[INFO] [stderr]    Compiling serde_urlencoded v0.7.1
[INFO] [stderr]    Compiling num-iter v0.1.45
[INFO] [stderr]    Compiling encoding_rs v0.8.35
[INFO] [stderr]    Compiling indexmap v1.9.3
[INFO] [stderr]    Compiling webpki-roots v0.25.4
[INFO] [stderr]    Compiling ascii v0.9.3
[INFO] [stderr]    Compiling ipnet v2.10.1
[INFO] [stderr]    Compiling plain v0.2.3
[INFO] [stderr]    Compiling goblin v0.5.4
[INFO] [stderr]    Compiling combine v3.8.1
[INFO] [stderr]    Compiling num_enum_derive v0.6.1
[INFO] [stderr]    Compiling num v0.2.1
[INFO] [stderr]    Compiling async-compression v0.4.17
[INFO] [stderr]    Compiling num_enum v0.6.1
[INFO] [stderr]    Compiling num-derive v0.3.3
[INFO] [stderr]    Compiling async-trait v0.1.83
[INFO] [stderr]    Compiling reqwest v0.11.27
[INFO] [stderr]    Compiling enum-iterator-derive v1.4.0
[INFO] [stderr]    Compiling axum-core v0.3.4
[INFO] [stderr]    Compiling crossbeam-channel v0.5.13
[INFO] [stderr]    Compiling gethostname v0.2.3
[INFO] [stderr]    Compiling solana-program-runtime v1.18.26
[INFO] [stderr]    Compiling hash32 v0.2.1
[INFO] [stderr]    Compiling rustc-demangle v0.1.24
[INFO] [stderr]    Compiling zstd-safe v5.0.2+zstd.1.5.2
[INFO] [stderr]    Compiling vcpkg v0.2.15
[INFO] [stderr]    Compiling tower-layer v0.3.3
[INFO] [stderr]    Compiling hashbrown v0.12.3
[INFO] [stderr]    Compiling solana_rbpf v0.8.3
[INFO] [stderr]    Compiling enum-iterator v1.5.0
[INFO] [stderr]    Compiling openssl-sys v0.9.104
[INFO] [stderr]    Compiling erased-serde v0.4.5
[INFO] [stderr]    Compiling percentage v0.1.0
[INFO] [stderr]    Compiling typetag-impl v0.2.18
[INFO] [stderr]    Compiling axum v0.6.20
[INFO] [stderr]    Compiling ring v0.16.20
[INFO] [stderr]    Compiling solana-security-txt v1.1.1
[INFO] [stderr]    Compiling inventory v0.3.15
[INFO] [stderr]    Compiling eager v0.1.0
[INFO] [stderr]    Compiling deranged v0.3.11
[INFO] [stderr]    Compiling typetag v0.2.18
[INFO] [stderr]    Compiling tower v0.4.13
[INFO] [stderr]    Compiling prost-wkt-types v0.5.1
[INFO] [stderr]    Compiling tonic-build v0.10.2
[INFO] [stderr]    Compiling tokio-io-timeout v1.2.0
[INFO] [stderr]    Compiling async-stream-impl v0.3.6
[INFO] [stderr]    Compiling dirs-sys-next v0.1.2
[INFO] [stderr]    Compiling spin v0.5.2
[INFO] [stderr]    Compiling bitflags v1.3.2
[INFO] [stderr]    Compiling untrusted v0.7.1
[INFO] [stderr]    Compiling home v0.5.9
[INFO] [stderr]    Compiling matchit v0.7.3
[INFO] [stderr]    Compiling which v4.4.2
[INFO] [stderr]    Compiling bigtable_rs v0.2.6
[INFO] [stderr]    Compiling time v0.3.36
[INFO] [stderr]    Compiling async-stream v0.3.6
[INFO] [stderr]    Compiling dirs-next v2.0.0
[INFO] [stderr]    Compiling hyper-timeout v0.4.1
[INFO] [stderr]    Compiling prost-wkt v0.5.1
[INFO] [stderr]    Compiling tracing-futures v0.2.5
[INFO] [stderr]    Compiling Inflector v0.11.4
[INFO] [stderr]    Compiling tokio-stream v0.1.16
[INFO] [stderr]    Compiling spl-program-error v0.3.0
[INFO] [stderr]    Compiling spl-discriminator v0.1.0
[INFO] [stderr]    Compiling spl-memo v4.0.0
[INFO] [stderr]    Compiling spl-token v4.0.0
[INFO] [stderr]    Compiling serde_with_macros v3.11.0
[INFO] [stderr]    Compiling openssl v0.10.68
[INFO] [stderr]    Compiling base64 v0.22.1
[INFO] [stderr]    Compiling foreign-types-shared v0.1.1
[INFO] [stderr]    Compiling foreign-types v0.3.2
[INFO] [stderr]    Compiling ts-rs-macros v6.2.0
[INFO] [stderr]    Compiling gcp_auth v0.9.0
[INFO] [stderr]    Compiling serde_with v3.11.0
[INFO] [stderr]    Compiling tonic v0.10.2
[INFO] [stderr]    Compiling openssl-macros v0.1.1
[INFO] [stderr]    Compiling swc_macros_common v0.3.14
[INFO] [stderr]    Compiling zstd v0.11.2+zstd.1.5.2
[INFO] [stderr]    Compiling ts-rs v6.2.1
[INFO] [stderr]    Compiling string_enum v0.4.4
[INFO] [stderr]    Compiling solana-zk-token-sdk v1.18.26
[INFO] [stderr]    Compiling solana-metrics v1.18.26
[INFO] [stderr]    Compiling solana-measure v1.18.26
[INFO] [stderr]    Compiling solana-config-program v1.18.26
[INFO] [stderr]    Compiling spl-pod v0.1.0
[INFO] [stderr]    Compiling spl-type-length-value v0.3.0
[INFO] [stderr]    Compiling spl-token-group-interface v0.1.0
[INFO] [stderr]    Compiling spl-tlv-account-resolution v0.5.1
[INFO] [stderr]    Compiling spl-token-metadata-interface v0.2.0
[INFO] [stderr]    Compiling spl-transfer-hook-interface v0.4.1
[INFO] [stderr]    Compiling spl-token-2022 v1.0.0
[INFO] [stderr]    Compiling spl-associated-token-account v2.3.0
[INFO] [stderr]    Compiling solana-account-decoder v1.18.26
[INFO] [stderr]    Compiling solana-transaction-status v1.18.26
[INFO] [stderr]    Compiling sfm-sdk v0.2.53 (/opt/rustwide/workdir)
[INFO] [stdout] warning: unused `#[macro_use]` import
[INFO] [stdout]  --> src/lib.rs:6:1
[INFO] [stdout]   |
[INFO] [stdout] 6 | #[macro_use]
[INFO] [stdout]   | ^^^^^^^^^^^^
[INFO] [stdout]   |
[INFO] [stdout]   = note: `#[warn(unused_imports)]` on by default
[INFO] [stdout] 
[INFO] [stdout] 
[INFO] [stderr]     Finished `dev` profile [unoptimized + debuginfo] target(s) in 1m 37s
[INFO] running `Command { std: "docker" "inspect" "92e18b500f5c6a34f2ecc0b47abb6ea725b728faeaaa611a763f305ccedea467", kill_on_drop: false }`
[INFO] running `Command { std: "docker" "rm" "-f" "92e18b500f5c6a34f2ecc0b47abb6ea725b728faeaaa611a763f305ccedea467", kill_on_drop: false }`
[INFO] [stdout] 92e18b500f5c6a34f2ecc0b47abb6ea725b728faeaaa611a763f305ccedea467
[INFO] running `Command { std: "docker" "create" "-v" "/var/lib/crater-agent-workspace/builds/worker-6-tc2/target:/opt/rustwide/target:rw,Z" "-v" "/var/lib/crater-agent-workspace/builds/worker-6-tc2/source:/opt/rustwide/workdir:ro,Z" "-v" "/var/lib/crater-agent-workspace/cargo-home:/opt/rustwide/cargo-home:ro,Z" "-v" "/var/lib/crater-agent-workspace/rustup-home:/opt/rustwide/rustup-home:ro,Z" "-e" "SOURCE_DIR=/opt/rustwide/workdir" "-e" "CARGO_TARGET_DIR=/opt/rustwide/target" "-e" "CARGO_INCREMENTAL=0" "-e" "RUST_BACKTRACE=full" "-e" "RUSTFLAGS=--cap-lints=forbid -Zrandomize-layout" "-e" "RUSTDOCFLAGS=--cap-lints=forbid" "-e" "CARGO_HOME=/opt/rustwide/cargo-home" "-e" "RUSTUP_HOME=/opt/rustwide/rustup-home" "-w" "/opt/rustwide/workdir" "-m" "1610612736" "--user" "0:0" "--network" "none" "ghcr.io/rust-lang/crates-build-env/linux@sha256:4a844ea9eb2546a2d2c7022eacef16ef2e8229c7fbb2c7d4d55a9ceca922f72d" "/opt/rustwide/cargo-home/bin/cargo" "+nightly-2024-10-28" "test" "--frozen" "--no-run" "--message-format=json", kill_on_drop: false }`
[INFO] [stdout] 4bd74f4d2388df8428340f190684e6d8fe24217fc6ec6e7ea1a6d4498918cfba
[INFO] running `Command { std: "docker" "start" "-a" "4bd74f4d2388df8428340f190684e6d8fe24217fc6ec6e7ea1a6d4498918cfba", kill_on_drop: false }`
[INFO] [stdout] warning: unused `#[macro_use]` import
[INFO] [stdout]  --> src/lib.rs:6:1
[INFO] [stdout]   |
[INFO] [stdout] 6 | #[macro_use]
[INFO] [stdout]   | ^^^^^^^^^^^^
[INFO] [stdout]   |
[INFO] [stdout]   = note: `#[warn(unused_imports)]` on by default
[INFO] [stdout] 
[INFO] [stdout] 
[INFO] [stderr]    Compiling sfm-sdk v0.2.53 (/opt/rustwide/workdir)
[INFO] [stdout] warning: unused `#[macro_use]` import
[INFO] [stdout]  --> src/lib.rs:6:1
[INFO] [stdout]   |
[INFO] [stdout] 6 | #[macro_use]
[INFO] [stdout]   | ^^^^^^^^^^^^
[INFO] [stdout]   |
[INFO] [stdout]   = note: `#[warn(unused_imports)]` on by default
[INFO] [stdout] 
[INFO] [stdout] 
[INFO] [stderr]     Finished `test` profile [unoptimized + debuginfo] target(s) in 2.75s
[INFO] running `Command { std: "docker" "inspect" "4bd74f4d2388df8428340f190684e6d8fe24217fc6ec6e7ea1a6d4498918cfba", kill_on_drop: false }`
[INFO] running `Command { std: "docker" "rm" "-f" "4bd74f4d2388df8428340f190684e6d8fe24217fc6ec6e7ea1a6d4498918cfba", kill_on_drop: false }`
[INFO] [stdout] 4bd74f4d2388df8428340f190684e6d8fe24217fc6ec6e7ea1a6d4498918cfba
[INFO] running `Command { std: "docker" "create" "-v" "/var/lib/crater-agent-workspace/builds/worker-6-tc2/target:/opt/rustwide/target:rw,Z" "-v" "/var/lib/crater-agent-workspace/builds/worker-6-tc2/source:/opt/rustwide/workdir:ro,Z" "-v" "/var/lib/crater-agent-workspace/cargo-home:/opt/rustwide/cargo-home:ro,Z" "-v" "/var/lib/crater-agent-workspace/rustup-home:/opt/rustwide/rustup-home:ro,Z" "-e" "SOURCE_DIR=/opt/rustwide/workdir" "-e" "CARGO_TARGET_DIR=/opt/rustwide/target" "-e" "CARGO_INCREMENTAL=0" "-e" "RUST_BACKTRACE=full" "-e" "RUSTFLAGS=--cap-lints=forbid -Zrandomize-layout" "-e" "RUSTDOCFLAGS=--cap-lints=forbid" "-e" "CARGO_HOME=/opt/rustwide/cargo-home" "-e" "RUSTUP_HOME=/opt/rustwide/rustup-home" "-w" "/opt/rustwide/workdir" "-m" "1610612736" "--user" "0:0" "--network" "none" "ghcr.io/rust-lang/crates-build-env/linux@sha256:4a844ea9eb2546a2d2c7022eacef16ef2e8229c7fbb2c7d4d55a9ceca922f72d" "/opt/rustwide/cargo-home/bin/cargo" "+nightly-2024-10-28" "test" "--frozen", kill_on_drop: false }`
[INFO] [stdout] 6c24bb6ae62cf875eaccbdd6006f00c92d5744f7b7fd2a933164d8ff2c1c7ead
[INFO] running `Command { std: "docker" "start" "-a" "6c24bb6ae62cf875eaccbdd6006f00c92d5744f7b7fd2a933164d8ff2c1c7ead", kill_on_drop: false }`
[INFO] [stderr] warning: unused `#[macro_use]` import
[INFO] [stderr]  --> src/lib.rs:6:1
[INFO] [stderr]   |
[INFO] [stderr] 6 | #[macro_use]
[INFO] [stderr]   | ^^^^^^^^^^^^
[INFO] [stderr]   |
[INFO] [stderr]   = note: `#[warn(unused_imports)]` on by default
[INFO] [stderr] 
[INFO] [stderr] warning: `sfm-sdk` (lib) generated 1 warning
[INFO] [stderr] warning: `sfm-sdk` (lib test) generated 1 warning (1 duplicate)
[INFO] [stderr]     Finished `test` profile [unoptimized + debuginfo] target(s) in 0.25s
[INFO] [stderr]      Running unittests src/lib.rs (/opt/rustwide/target/debug/deps/sfm_sdk-43f959345b14125e)
[INFO] [stdout] 
[INFO] [stdout] running 4 tests
[INFO] [stdout] test utils::backoff::tests::failing_scenario_one ... ok
[INFO] [stdout] test utils::backoff::tests::scenario_one ... ok
[INFO] [stdout] test export_bindings_block ... FAILED
[INFO] [stdout] test tests::test_shutdown ... ok
[INFO] [stdout] 
[INFO] [stdout] failures:
[INFO] [stdout] 
[INFO] [stdout] ---- export_bindings_block stdout ----
[INFO] [stdout] thread 'export_bindings_block' panicked at src/lib.rs:121:41:
[INFO] [stdout] could not export type: Io(Os { code: 30, kind: ReadOnlyFilesystem, message: "Read-only file system" })
[INFO] [stdout] stack backtrace:
[INFO] [stdout]    0:     0x5fe41fdb5e0a - std::backtrace_rs::backtrace::libunwind::trace::h207520d6e9873551
[INFO] [stdout]                                at /rustc/df4ca44d3fbc9301ee17f30f4d474e6ae4b05252/library/std/src/../../backtrace/src/backtrace/libunwind.rs:116:5
[INFO] [stdout]    1:     0x5fe41fdb5e0a - std::backtrace_rs::backtrace::trace_unsynchronized::h2ed7433f370e3eca
[INFO] [stdout]                                at /rustc/df4ca44d3fbc9301ee17f30f4d474e6ae4b05252/library/std/src/../../backtrace/src/backtrace/mod.rs:66:5
[INFO] [stdout]    2:     0x5fe41fdb5e0a - std::sys::backtrace::_print_fmt::h916fac51166b18d7
[INFO] [stdout]                                at /rustc/df4ca44d3fbc9301ee17f30f4d474e6ae4b05252/library/std/src/sys/backtrace.rs:66:9
[INFO] [stdout]    3:     0x5fe41fdb5e0a - <std::sys::backtrace::BacktraceLock::print::DisplayBacktrace as core::fmt::Display>::fmt::ha0a4c9b8ce3802e6
[INFO] [stdout]                                at /rustc/df4ca44d3fbc9301ee17f30f4d474e6ae4b05252/library/std/src/sys/backtrace.rs:39:26
[INFO] [stdout]    4:     0x5fe41fddd653 - core::fmt::rt::Argument::fmt::h4cfc8587d52b3eb5
[INFO] [stdout]                                at /rustc/df4ca44d3fbc9301ee17f30f4d474e6ae4b05252/library/core/src/fmt/rt.rs:177:76
[INFO] [stdout]    5:     0x5fe41fddd653 - core::fmt::write::h522cc39e5b36ae9f
[INFO] [stdout]                                at /rustc/df4ca44d3fbc9301ee17f30f4d474e6ae4b05252/library/core/src/fmt/mod.rs:1190:21
[INFO] [stdout]    6:     0x5fe41fdb25f3 - std::io::Write::write_fmt::h7d3c26752da97734
[INFO] [stdout]                                at /rustc/df4ca44d3fbc9301ee17f30f4d474e6ae4b05252/library/std/src/io/mod.rs:1839:15
[INFO] [stdout]    7:     0x5fe41fdb5c52 - std::sys::backtrace::BacktraceLock::print::h4b9e00b29e9c0942
[INFO] [stdout]                                at /rustc/df4ca44d3fbc9301ee17f30f4d474e6ae4b05252/library/std/src/sys/backtrace.rs:42:9
[INFO] [stdout]    8:     0x5fe41fdb729a - std::panicking::default_hook::{{closure}}::hb59b88280d0324d9
[INFO] [stdout]                                at /rustc/df4ca44d3fbc9301ee17f30f4d474e6ae4b05252/library/std/src/panicking.rs:268:22
[INFO] [stdout]    9:     0x5fe41fdb70a4 - std::panicking::default_hook::he1dd496665be4a29
[INFO] [stdout]                                at /rustc/df4ca44d3fbc9301ee17f30f4d474e6ae4b05252/library/std/src/panicking.rs:292:9
[INFO] [stdout]   10:     0x5fe41fc0ba59 - <alloc::boxed::Box<F,A> as core::ops::function::Fn<Args>>::call::h4ff71de18744e1dc
[INFO] [stdout]                                at /rustc/df4ca44d3fbc9301ee17f30f4d474e6ae4b05252/library/alloc/src/boxed.rs:2468:9
[INFO] [stdout]   11:     0x5fe41fc0ba59 - test::test_main::{{closure}}::hcf7c055ce117aa81
[INFO] [stdout]                                at /rustc/df4ca44d3fbc9301ee17f30f4d474e6ae4b05252/library/test/src/lib.rs:133:21
[INFO] [stdout]   12:     0x5fe41fdb7998 - <alloc::boxed::Box<F,A> as core::ops::function::Fn<Args>>::call::h1d66c6bbd60c9692
[INFO] [stdout]                                at /rustc/df4ca44d3fbc9301ee17f30f4d474e6ae4b05252/library/alloc/src/boxed.rs:2468:9
[INFO] [stdout]   13:     0x5fe41fdb7998 - std::panicking::rust_panic_with_hook::h2ff17fe8f26dfcf8
[INFO] [stdout]                                at /rustc/df4ca44d3fbc9301ee17f30f4d474e6ae4b05252/library/std/src/panicking.rs:809:13
[INFO] [stdout]   14:     0x5fe41fdb775a - std::panicking::begin_panic_handler::{{closure}}::h4fad77951c07e101
[INFO] [stdout]                                at /rustc/df4ca44d3fbc9301ee17f30f4d474e6ae4b05252/library/std/src/panicking.rs:674:13
[INFO] [stdout]   15:     0x5fe41fdb62e9 - std::sys::backtrace::__rust_end_short_backtrace::hb1a25b3da5d0ea08
[INFO] [stdout]                                at /rustc/df4ca44d3fbc9301ee17f30f4d474e6ae4b05252/library/std/src/sys/backtrace.rs:170:18
[INFO] [stdout]   16:     0x5fe41fdb73ec - rust_begin_unwind
[INFO] [stdout]                                at /rustc/df4ca44d3fbc9301ee17f30f4d474e6ae4b05252/library/std/src/panicking.rs:665:5
[INFO] [stdout]   17:     0x5fe41fddb450 - core::panicking::panic_fmt::ha9db07b529f9b256
[INFO] [stdout]                                at /rustc/df4ca44d3fbc9301ee17f30f4d474e6ae4b05252/library/core/src/panicking.rs:75:14
[INFO] [stdout]   18:     0x5fe41fddb8f6 - core::result::unwrap_failed::h5e8218e4d4338b8a
[INFO] [stdout]                                at /rustc/df4ca44d3fbc9301ee17f30f4d474e6ae4b05252/library/core/src/result.rs:1698:5
[INFO] [stdout]   19:     0x5fe41fbcb28b - core::result::Result<T,E>::expect::h0196e2f50fe40a51
[INFO] [stdout]                                at /rustc/df4ca44d3fbc9301ee17f30f4d474e6ae4b05252/library/core/src/result.rs:1060:23
[INFO] [stdout]   20:     0x5fe41fbbe0a4 - sfm_sdk::export_bindings_block::hd58b326ede3c1f6a
[INFO] [stdout]                                at /opt/rustwide/workdir/src/lib.rs:121:41
[INFO] [stdout]   21:     0x5fe41fbbe067 - sfm_sdk::export_bindings_block::{{closure}}::ha248e344b6c85c6e
[INFO] [stdout]                                at /opt/rustwide/workdir/src/lib.rs:121:43
[INFO] [stdout]   22:     0x5fe41fbce3a6 - core::ops::function::FnOnce::call_once::h62214f51a491adf9
[INFO] [stdout]                                at /rustc/df4ca44d3fbc9301ee17f30f4d474e6ae4b05252/library/core/src/ops/function.rs:250:5
[INFO] [stdout]   23:     0x5fe41fc1032b - core::ops::function::FnOnce::call_once::h22c3ba5715e93f05
[INFO] [stdout]                                at /rustc/df4ca44d3fbc9301ee17f30f4d474e6ae4b05252/library/core/src/ops/function.rs:250:5
[INFO] [stdout]   24:     0x5fe41fc1032b - test::__rust_begin_short_backtrace::h8e82d8113d0da17f
[INFO] [stdout]                                at /rustc/df4ca44d3fbc9301ee17f30f4d474e6ae4b05252/library/test/src/lib.rs:621:18
[INFO] [stdout]   25:     0x5fe41fc0fca7 - test::run_test_in_process::{{closure}}::h33235f4f20b7b7c7
[INFO] [stdout]                                at /rustc/df4ca44d3fbc9301ee17f30f4d474e6ae4b05252/library/test/src/lib.rs:644:60
[INFO] [stdout]   26:     0x5fe41fc0fca7 - <core::panic::unwind_safe::AssertUnwindSafe<F> as core::ops::function::FnOnce<()>>::call_once::hb5043206310c586f
[INFO] [stdout]                                at /rustc/df4ca44d3fbc9301ee17f30f4d474e6ae4b05252/library/core/src/panic/unwind_safe.rs:272:9
[INFO] [stdout]   27:     0x5fe41fc0fca7 - std::panicking::try::do_call::h9ad4731a60ab23e2
[INFO] [stdout]                                at /rustc/df4ca44d3fbc9301ee17f30f4d474e6ae4b05252/library/std/src/panicking.rs:557:40
[INFO] [stdout]   28:     0x5fe41fc0fca7 - std::panicking::try::h3824d23db772a716
[INFO] [stdout]                                at /rustc/df4ca44d3fbc9301ee17f30f4d474e6ae4b05252/library/std/src/panicking.rs:520:19
[INFO] [stdout]   29:     0x5fe41fc0fca7 - std::panic::catch_unwind::h5afd514605fde46b
[INFO] [stdout]                                at /rustc/df4ca44d3fbc9301ee17f30f4d474e6ae4b05252/library/std/src/panic.rs:358:14
[INFO] [stdout]   30:     0x5fe41fc0fca7 - test::run_test_in_process::h0d5cbfa7067d1720
[INFO] [stdout]                                at /rustc/df4ca44d3fbc9301ee17f30f4d474e6ae4b05252/library/test/src/lib.rs:644:27
[INFO] [stdout]   31:     0x5fe41fc0fca7 - test::run_test::{{closure}}::h708eb8872708115d
[INFO] [stdout]                                at /rustc/df4ca44d3fbc9301ee17f30f4d474e6ae4b05252/library/test/src/lib.rs:565:43
[INFO] [stdout]   32:     0x5fe41fbd33c4 - test::run_test::{{closure}}::h392c51cee94713ab
[INFO] [stdout]                                at /rustc/df4ca44d3fbc9301ee17f30f4d474e6ae4b05252/library/test/src/lib.rs:595:41
[INFO] [stdout]   33:     0x5fe41fbd33c4 - std::sys::backtrace::__rust_begin_short_backtrace::h2f40290710935a8b
[INFO] [stdout]                                at /rustc/df4ca44d3fbc9301ee17f30f4d474e6ae4b05252/library/std/src/sys/backtrace.rs:154:18
[INFO] [stdout]   34:     0x5fe41fbd6b6e - std::thread::Builder::spawn_unchecked_::{{closure}}::{{closure}}::h3fd968d89053a903
[INFO] [stdout]                                at /rustc/df4ca44d3fbc9301ee17f30f4d474e6ae4b05252/library/std/src/thread/mod.rs:541:17
[INFO] [stdout]   35:     0x5fe41fbd6b6e - <core::panic::unwind_safe::AssertUnwindSafe<F> as core::ops::function::FnOnce<()>>::call_once::h743f637ba4229880
[INFO] [stdout]                                at /rustc/df4ca44d3fbc9301ee17f30f4d474e6ae4b05252/library/core/src/panic/unwind_safe.rs:272:9
[INFO] [stdout]   36:     0x5fe41fbd6b6e - std::panicking::try::do_call::h07440897322525a6
[INFO] [stdout]                                at /rustc/df4ca44d3fbc9301ee17f30f4d474e6ae4b05252/library/std/src/panicking.rs:557:40
[INFO] [stdout]   37:     0x5fe41fbd6b6e - std::panicking::try::he5a2e00188156637
[INFO] [stdout]                                at /rustc/df4ca44d3fbc9301ee17f30f4d474e6ae4b05252/library/std/src/panicking.rs:520:19
[INFO] [stdout]   38:     0x5fe41fbd6b6e - std::panic::catch_unwind::hbaf3cae49b3c6433
[INFO] [stdout]                                at /rustc/df4ca44d3fbc9301ee17f30f4d474e6ae4b05252/library/std/src/panic.rs:358:14
[INFO] [stdout]   39:     0x5fe41fbd6b6e - std::thread::Builder::spawn_unchecked_::{{closure}}::h8e141ea224820bce
[INFO] [stdout]                                at /rustc/df4ca44d3fbc9301ee17f30f4d474e6ae4b05252/library/std/src/thread/mod.rs:540:30
[INFO] [stdout]   40:     0x5fe41fbd6b6e - core::ops::function::FnOnce::call_once{{vtable.shim}}::h90d312fedd7b8ea8
[INFO] [stdout]                                at /rustc/df4ca44d3fbc9301ee17f30f4d474e6ae4b05252/library/core/src/ops/function.rs:250:5
[INFO] [stdout]   41:     0x5fe41fdbb91b - <alloc::boxed::Box<F,A> as core::ops::function::FnOnce<Args>>::call_once::h69aa08ddb6adb8b6
[INFO] [stdout]                                at /rustc/df4ca44d3fbc9301ee17f30f4d474e6ae4b05252/library/alloc/src/boxed.rs:2454:9
[INFO] [stdout]   42:     0x5fe41fdbb91b - <alloc::boxed::Box<F,A> as core::ops::function::FnOnce<Args>>::call_once::h5aa36efdb79c806f
[INFO] [stdout]                                at /rustc/df4ca44d3fbc9301ee17f30f4d474e6ae4b05252/library/alloc/src/boxed.rs:2454:9
[INFO] [stdout]   43:     0x5fe41fdbb91b - std::sys::pal::unix::thread::Thread::new::thread_start::h6cd80a1b4be5158d
[INFO] [stdout]                                at /rustc/df4ca44d3fbc9301ee17f30f4d474e6ae4b05252/library/std/src/sys/pal/unix/thread.rs:105:17
[INFO] [stdout]   44:     0x743e4947dac3 - <unknown>
[INFO] [stdout]   45:     0x743e4950ea04 - clone
[INFO] [stdout]   46:                0x0 - <unknown>
[INFO] [stdout] 
[INFO] [stdout] 
[INFO] [stdout] failures:
[INFO] [stdout]     export_bindings_block
[INFO] [stdout] 
[INFO] [stdout] test result: FAILED. 3 passed; 1 failed; 0 ignored; 0 measured; 0 filtered out; finished in 2.00s
[INFO] [stdout] 
[INFO] [stderr] error: test failed, to rerun pass `--lib`
[INFO] running `Command { std: "docker" "inspect" "6c24bb6ae62cf875eaccbdd6006f00c92d5744f7b7fd2a933164d8ff2c1c7ead", kill_on_drop: false }`
[INFO] running `Command { std: "docker" "rm" "-f" "6c24bb6ae62cf875eaccbdd6006f00c92d5744f7b7fd2a933164d8ff2c1c7ead", kill_on_drop: false }`
[INFO] [stdout] 6c24bb6ae62cf875eaccbdd6006f00c92d5744f7b7fd2a933164d8ff2c1c7ead
