[INFO] fetching crate sewup-derive 0.1.14...
[INFO] testing sewup-derive-0.1.14 against nightly-2024-10-28 for randomize-layout
[INFO] extracting crate sewup-derive 0.1.14 into /workspace/builds/worker-6-tc1/source
[INFO] validating manifest of crates.io crate sewup-derive 0.1.14 on toolchain nightly-2024-10-28
[INFO] running `Command { std: CARGO_HOME="/workspace/cargo-home" RUSTUP_HOME="/workspace/rustup-home" "/workspace/cargo-home/bin/cargo" "+nightly-2024-10-28" "metadata" "--manifest-path" "Cargo.toml" "--no-deps", kill_on_drop: false }`
[INFO] started tweaking crates.io crate sewup-derive 0.1.14
[INFO] finished tweaking crates.io crate sewup-derive 0.1.14
[INFO] tweaked toml for crates.io crate sewup-derive 0.1.14 written to /workspace/builds/worker-6-tc1/source/Cargo.toml
[INFO] running `Command { std: CARGO_HOME="/workspace/cargo-home" RUSTUP_HOME="/workspace/rustup-home" "/workspace/cargo-home/bin/cargo" "+nightly-2024-10-28" "generate-lockfile" "--manifest-path" "Cargo.toml", kill_on_drop: false }`
[INFO] [stderr]     Blocking waiting for file lock on package cache
[INFO] [stderr]     Updating crates.io index
[INFO] [stderr]     Blocking waiting for file lock on package cache
[INFO] [stderr]      Locking 56 packages to latest compatible versions
[INFO] [stderr]       Adding convert_case v0.5.0 (available: v0.6.0)
[INFO] [stderr]       Adding fancy-regex v0.7.1 (available: v0.14.0)
[INFO] [stderr]       Adding hex-literal v0.3.4 (available: v0.4.1)
[INFO] [stderr]       Adding syn v1.0.109 (available: v2.0.86)
[INFO] running `Command { std: CARGO_HOME="/workspace/cargo-home" RUSTUP_HOME="/workspace/rustup-home" "/workspace/cargo-home/bin/cargo" "+nightly-2024-10-28" "fetch" "--manifest-path" "Cargo.toml", kill_on_drop: false }`
[INFO] [stderr]     Blocking waiting for file lock on package cache
[INFO] [stderr]     Blocking waiting for file lock on package cache
[INFO] running `Command { std: "docker" "create" "-v" "/var/lib/crater-agent-workspace/builds/worker-6-tc1/target:/opt/rustwide/target:rw,Z" "-v" "/var/lib/crater-agent-workspace/builds/worker-6-tc1/source:/opt/rustwide/workdir:ro,Z" "-v" "/var/lib/crater-agent-workspace/cargo-home:/opt/rustwide/cargo-home:ro,Z" "-v" "/var/lib/crater-agent-workspace/rustup-home:/opt/rustwide/rustup-home:ro,Z" "-e" "SOURCE_DIR=/opt/rustwide/workdir" "-e" "CARGO_TARGET_DIR=/opt/rustwide/target" "-e" "CARGO_HOME=/opt/rustwide/cargo-home" "-e" "RUSTUP_HOME=/opt/rustwide/rustup-home" "-w" "/opt/rustwide/workdir" "-m" "1610612736" "--user" "0:0" "--network" "none" "ghcr.io/rust-lang/crates-build-env/linux@sha256:4a844ea9eb2546a2d2c7022eacef16ef2e8229c7fbb2c7d4d55a9ceca922f72d" "/opt/rustwide/cargo-home/bin/cargo" "+nightly-2024-10-28" "metadata" "--no-deps" "--format-version=1", kill_on_drop: false }`
[INFO] [stdout] 345c3e2140eb0754ab928922657e270c16c53b180f0db63bdfa78d2d59810b4d
[INFO] running `Command { std: "docker" "start" "-a" "345c3e2140eb0754ab928922657e270c16c53b180f0db63bdfa78d2d59810b4d", kill_on_drop: false }`
[INFO] running `Command { std: "docker" "inspect" "345c3e2140eb0754ab928922657e270c16c53b180f0db63bdfa78d2d59810b4d", kill_on_drop: false }`
[INFO] running `Command { std: "docker" "rm" "-f" "345c3e2140eb0754ab928922657e270c16c53b180f0db63bdfa78d2d59810b4d", kill_on_drop: false }`
[INFO] [stdout] 345c3e2140eb0754ab928922657e270c16c53b180f0db63bdfa78d2d59810b4d
[INFO] running `Command { std: "docker" "create" "-v" "/var/lib/crater-agent-workspace/builds/worker-6-tc1/target:/opt/rustwide/target:rw,Z" "-v" "/var/lib/crater-agent-workspace/builds/worker-6-tc1/source:/opt/rustwide/workdir:ro,Z" "-v" "/var/lib/crater-agent-workspace/cargo-home:/opt/rustwide/cargo-home:ro,Z" "-v" "/var/lib/crater-agent-workspace/rustup-home:/opt/rustwide/rustup-home:ro,Z" "-e" "SOURCE_DIR=/opt/rustwide/workdir" "-e" "CARGO_TARGET_DIR=/opt/rustwide/target" "-e" "CARGO_INCREMENTAL=0" "-e" "RUST_BACKTRACE=full" "-e" "RUSTFLAGS=--cap-lints=forbid" "-e" "RUSTDOCFLAGS=--cap-lints=forbid" "-e" "CARGO_HOME=/opt/rustwide/cargo-home" "-e" "RUSTUP_HOME=/opt/rustwide/rustup-home" "-w" "/opt/rustwide/workdir" "-m" "1610612736" "--user" "0:0" "--network" "none" "ghcr.io/rust-lang/crates-build-env/linux@sha256:4a844ea9eb2546a2d2c7022eacef16ef2e8229c7fbb2c7d4d55a9ceca922f72d" "/opt/rustwide/cargo-home/bin/cargo" "+nightly-2024-10-28" "build" "--frozen" "--message-format=json", kill_on_drop: false }`
[INFO] [stdout] 82399350da29976ed5f58c4c732d7b5826954b80b128fd39a96d08d7a0a0784f
[INFO] running `Command { std: "docker" "start" "-a" "82399350da29976ed5f58c4c732d7b5826954b80b128fd39a96d08d7a0a0784f", kill_on_drop: false }`
[INFO] [stderr]    Compiling version_check v0.9.5
[INFO] [stderr]    Compiling crunchy v0.2.2
[INFO] [stderr]    Compiling regex-syntax v0.8.5
[INFO] [stderr]    Compiling aho-corasick v1.1.3
[INFO] [stderr]    Compiling bit-vec v0.6.3
[INFO] [stderr]    Compiling paste v1.0.15
[INFO] [stderr]    Compiling tiny-keccak v2.0.2
[INFO] [stderr]    Compiling syn v2.0.86
[INFO] [stderr]    Compiling convert_case v0.5.0
[INFO] [stderr]    Compiling proc-macro-error-attr v1.0.4
[INFO] [stderr]    Compiling proc-macro-error v1.0.4
[INFO] [stderr]    Compiling bit-set v0.5.3
[INFO] [stderr]    Compiling hex v0.4.3
[INFO] [stderr]    Compiling serde_derive v1.0.214
[INFO] [stderr]    Compiling regex-automata v0.4.8
[INFO] [stderr]    Compiling regex v1.11.1
[INFO] [stderr]    Compiling fancy-regex v0.7.1
[INFO] [stderr]    Compiling sewup-derive v0.1.14 (/opt/rustwide/workdir)
[INFO] [stderr]     Finished `dev` profile [unoptimized + debuginfo] target(s) in 11.67s
[INFO] running `Command { std: "docker" "inspect" "82399350da29976ed5f58c4c732d7b5826954b80b128fd39a96d08d7a0a0784f", kill_on_drop: false }`
[INFO] running `Command { std: "docker" "rm" "-f" "82399350da29976ed5f58c4c732d7b5826954b80b128fd39a96d08d7a0a0784f", kill_on_drop: false }`
[INFO] [stdout] 82399350da29976ed5f58c4c732d7b5826954b80b128fd39a96d08d7a0a0784f
[INFO] running `Command { std: "docker" "create" "-v" "/var/lib/crater-agent-workspace/builds/worker-6-tc1/target:/opt/rustwide/target:rw,Z" "-v" "/var/lib/crater-agent-workspace/builds/worker-6-tc1/source:/opt/rustwide/workdir:ro,Z" "-v" "/var/lib/crater-agent-workspace/cargo-home:/opt/rustwide/cargo-home:ro,Z" "-v" "/var/lib/crater-agent-workspace/rustup-home:/opt/rustwide/rustup-home:ro,Z" "-e" "SOURCE_DIR=/opt/rustwide/workdir" "-e" "CARGO_TARGET_DIR=/opt/rustwide/target" "-e" "CARGO_INCREMENTAL=0" "-e" "RUST_BACKTRACE=full" "-e" "RUSTFLAGS=--cap-lints=forbid" "-e" "RUSTDOCFLAGS=--cap-lints=forbid" "-e" "CARGO_HOME=/opt/rustwide/cargo-home" "-e" "RUSTUP_HOME=/opt/rustwide/rustup-home" "-w" "/opt/rustwide/workdir" "-m" "1610612736" "--user" "0:0" "--network" "none" "ghcr.io/rust-lang/crates-build-env/linux@sha256:4a844ea9eb2546a2d2c7022eacef16ef2e8229c7fbb2c7d4d55a9ceca922f72d" "/opt/rustwide/cargo-home/bin/cargo" "+nightly-2024-10-28" "test" "--frozen" "--no-run" "--message-format=json", kill_on_drop: false }`
[INFO] [stdout] 4e6f8e524a1c7c82e984d828b3ef6ebb807dacbb2ffd9a30bffab7b20beb8637
[INFO] running `Command { std: "docker" "start" "-a" "4e6f8e524a1c7c82e984d828b3ef6ebb807dacbb2ffd9a30bffab7b20beb8637", kill_on_drop: false }`
[INFO] [stderr]    Compiling unicode-ident v1.0.13
[INFO] [stderr]    Compiling proc-macro2 v1.0.89
[INFO] [stderr]    Compiling num-traits v0.2.19
[INFO] [stderr]    Compiling toml_datetime v0.6.8
[INFO] [stderr]    Compiling serde_spanned v0.6.8
[INFO] [stderr]    Compiling crunchy v0.2.2
[INFO] [stderr]    Compiling serde_json v1.0.132
[INFO] [stderr]    Compiling syn v1.0.109
[INFO] [stderr]    Compiling itoa v1.0.11
[INFO] [stderr]    Compiling winnow v0.6.20
[INFO] [stderr]    Compiling ryu v1.0.18
[INFO] [stderr]    Compiling bit-vec v0.6.3
[INFO] [stderr]    Compiling tiny-keccak v2.0.2
[INFO] [stderr]    Compiling target-triple v0.1.3
[INFO] [stderr]    Compiling proc-macro-error v1.0.4
[INFO] [stderr]    Compiling bit-set v0.5.3
[INFO] [stderr]    Compiling rustversion v1.0.18
[INFO] [stderr]    Compiling fancy-regex v0.7.1
[INFO] [stderr]    Compiling glob v0.3.1
[INFO] [stderr]    Compiling hex v0.4.3
[INFO] [stderr]    Compiling quote v1.0.37
[INFO] [stderr]    Compiling convert_case v0.5.0
[INFO] [stderr]    Compiling syn v2.0.86
[INFO] [stderr]    Compiling ordered-float v2.10.1
[INFO] [stderr]    Compiling proc-macro-error-attr v1.0.4
[INFO] [stderr]    Compiling serde-value v0.7.0
[INFO] [stderr]    Compiling hex-literal v0.3.4
[INFO] [stderr]    Compiling toml_edit v0.22.22
[INFO] [stderr]    Compiling serde_derive v1.0.214
[INFO] [stderr]    Compiling toml v0.8.19
[INFO] [stderr]    Compiling trybuild v1.0.101
[INFO] [stderr]    Compiling sewup-derive v0.1.14 (/opt/rustwide/workdir)
[INFO] [stderr]     Finished `test` profile [unoptimized + debuginfo] target(s) in 15.55s
[INFO] running `Command { std: "docker" "inspect" "4e6f8e524a1c7c82e984d828b3ef6ebb807dacbb2ffd9a30bffab7b20beb8637", kill_on_drop: false }`
[INFO] running `Command { std: "docker" "rm" "-f" "4e6f8e524a1c7c82e984d828b3ef6ebb807dacbb2ffd9a30bffab7b20beb8637", kill_on_drop: false }`
[INFO] [stdout] 4e6f8e524a1c7c82e984d828b3ef6ebb807dacbb2ffd9a30bffab7b20beb8637
[INFO] running `Command { std: "docker" "create" "-v" "/var/lib/crater-agent-workspace/builds/worker-6-tc1/target:/opt/rustwide/target:rw,Z" "-v" "/var/lib/crater-agent-workspace/builds/worker-6-tc1/source:/opt/rustwide/workdir:ro,Z" "-v" "/var/lib/crater-agent-workspace/cargo-home:/opt/rustwide/cargo-home:ro,Z" "-v" "/var/lib/crater-agent-workspace/rustup-home:/opt/rustwide/rustup-home:ro,Z" "-e" "SOURCE_DIR=/opt/rustwide/workdir" "-e" "CARGO_TARGET_DIR=/opt/rustwide/target" "-e" "CARGO_INCREMENTAL=0" "-e" "RUST_BACKTRACE=full" "-e" "RUSTFLAGS=--cap-lints=forbid" "-e" "RUSTDOCFLAGS=--cap-lints=forbid" "-e" "CARGO_HOME=/opt/rustwide/cargo-home" "-e" "RUSTUP_HOME=/opt/rustwide/rustup-home" "-w" "/opt/rustwide/workdir" "-m" "1610612736" "--user" "0:0" "--network" "none" "ghcr.io/rust-lang/crates-build-env/linux@sha256:4a844ea9eb2546a2d2c7022eacef16ef2e8229c7fbb2c7d4d55a9ceca922f72d" "/opt/rustwide/cargo-home/bin/cargo" "+nightly-2024-10-28" "test" "--frozen", kill_on_drop: false }`
[INFO] [stdout] 911b59fe9de71018fb01afff994afd8a4fcb7c3bd502679682b6698a3c36b1b1
[INFO] running `Command { std: "docker" "start" "-a" "911b59fe9de71018fb01afff994afd8a4fcb7c3bd502679682b6698a3c36b1b1", kill_on_drop: false }`
[INFO] [stderr]     Finished `test` profile [unoptimized + debuginfo] target(s) in 0.07s
[INFO] [stderr]      Running unittests src/lib.rs (/opt/rustwide/target/debug/deps/sewup_derive-039cd9e5cbff9246)
[INFO] [stdout] 
[INFO] [stdout] running 4 tests
[INFO] [stdout] test function_tests::test_function_signature ... ok
[INFO] [stdout] test function_tests::test_contract_mode_option_parser ... ok
[INFO] [stdout] test function_tests::test_parse_fn_attr_validation ... ok
[INFO] [stdout] test function_tests::test_parse_fn_attr ... ok
[INFO] [stdout] 
[INFO] [stdout] test result: ok. 4 passed; 0 failed; 0 ignored; 0 measured; 0 filtered out; finished in 0.07s
[INFO] [stdout] 
[INFO] [stderr]      Running tests/ui.rs (/opt/rustwide/target/debug/deps/ui-78dd8fa29b72f73e)
[INFO] [stdout] 
[INFO] [stdout] running 1 test
[INFO] [stderr]    Compiling proc-macro2 v1.0.89
[INFO] [stderr]    Compiling unicode-ident v1.0.13
[INFO] [stderr]    Compiling version_check v0.9.5
[INFO] [stderr]    Compiling serde v1.0.214
[INFO] [stderr]    Compiling syn v1.0.109
[INFO] [stderr]    Compiling crunchy v0.2.2
[INFO] [stderr]    Compiling memchr v2.7.4
[INFO] [stderr]    Compiling tiny-keccak v2.0.2
[INFO] [stderr]    Compiling autocfg v1.4.0
[INFO] [stderr]    Compiling serde_json v1.0.132
[INFO] [stderr]    Compiling aho-corasick v1.1.3
[INFO] [stderr]    Compiling regex-syntax v0.8.5
[INFO] [stderr]    Compiling quote v1.0.37
[INFO] [stderr]    Compiling proc-macro-error-attr v1.0.4
[INFO] [stderr]    Compiling proc-macro-error v1.0.4
[INFO] [stderr]    Compiling num-traits v0.2.19
[INFO] [stderr]    Compiling bit-vec v0.6.3
[INFO] [stderr]    Compiling paste v1.0.15
[INFO] [stderr]    Compiling regex-automata v0.4.8
[INFO] [stderr]    Compiling bit-set v0.5.3
[INFO] [stderr]    Compiling syn v2.0.86
[INFO] [stderr]    Compiling regex v1.11.1
[INFO] [stderr]    Compiling itoa v1.0.11
[INFO] [stderr]    Compiling rustversion v1.0.18
[INFO] [stderr]    Compiling anyhow v1.0.92
[INFO] [stderr]    Compiling ryu v1.0.18
[INFO] [stderr]    Compiling fancy-regex v0.7.1
[INFO] [stderr]    Compiling ordered-float v2.10.1
[INFO] [stderr]    Compiling hex v0.4.3
[INFO] [stderr]    Compiling convert_case v0.5.0
[INFO] [stderr]    Compiling serde_derive v1.0.214
[INFO] [stderr]    Compiling serde-value v0.7.0
[INFO] [stderr]    Compiling hex-literal v0.3.4
[INFO] [stderr]    Compiling sewup-derive v0.1.14 (/opt/rustwide/workdir)
[INFO] [stderr]    Compiling sewup-derive-tests v0.0.0 (/opt/rustwide/target/tests/trybuild/sewup-derive)
[INFO] [stderr]     Finished `dev` profile [unoptimized + debuginfo] target(s) in 22.10s
[INFO] [stderr] 
[INFO] [stderr] 
[INFO] [stderr] test tests/compile-fail/ewasm_fn_sig.rs [should fail to compile] ... ok
[INFO] [stderr] test tests/compile-fail/ewasm_input_from.rs [should fail to compile] ... mismatch
[INFO] [stderr] 
[INFO] [stderr] EXPECTED:
[INFO] [stderr] ┈┈┈┈┈┈┈┈┈┈┈┈┈┈┈┈┈┈┈┈┈┈┈┈┈┈┈┈┈┈┈┈┈┈┈┈┈┈┈┈┈┈┈┈┈┈┈┈┈┈┈┈┈┈┈┈┈┈┈┈
[INFO] [stderr] error: fail to parsing ewasm_input_from,
[INFO] [stderr]                    please use
[INFO] [stderr]                        `ewasm_input_from( contract move handler )
[INFO] [stderr]                    or
[INFO] [stderr]                        `ewasm_input_from( contract move handler, closure_for_map_err)`
[INFO] [stderr] 
[INFO] [stderr]   --> tests/compile-fail/ewasm_input_from.rs:10:24
[INFO] [stderr]    |
[INFO] [stderr] 10 |     let _new_handler = ewasm_input_from!(contract, original_handler);
[INFO] [stderr]    |                        ^^^^^^^^^^^^^^^^^^^^^^^^^^^^^^^^^^^^^^^^^^^^^
[INFO] [stderr]    |
[INFO] [stderr]    = note: this error originates in the macro `ewasm_input_from` (in Nightly builds, run with -Z macro-backtrace for more info)
[INFO] [stderr] 
[INFO] [stderr] error: expected expression, found end of macro arguments
[INFO] [stderr]   --> tests/compile-fail/ewasm_input_from.rs:10:24
[INFO] [stderr]    |
[INFO] [stderr] 10 |     let _new_handler = ewasm_input_from!(contract, original_handler);
[INFO] [stderr]    |                        ^^^^^^^^^^^^^^^^^^^^^^^^^^^^^^^^^^^^^^^^^^^^^
[INFO] [stderr] 
[INFO] [stderr] error: ` "ErrorStr"` is not an closure input for map_err
[INFO] [stderr]   --> tests/compile-fail/ewasm_input_from.rs:17:9
[INFO] [stderr]    |
[INFO] [stderr] 17 |         ewasm_input_from!(contract move original_handler, "ErrorStr");
[INFO] [stderr]    |         ^^^^^^^^^^^^^^^^^^^^^^^^^^^^^^^^^^^^^^^^^^^^^^^^^^^^^^^^^^^^^
[INFO] [stderr]    |
[INFO] [stderr]    = note: this error originates in the macro `ewasm_input_from` (in Nightly builds, run with -Z macro-backtrace for more info)
[INFO] [stderr] 
[INFO] [stderr] error: expected expression, found end of macro arguments
[INFO] [stderr]   --> tests/compile-fail/ewasm_input_from.rs:17:9
[INFO] [stderr]    |
[INFO] [stderr] 17 |         ewasm_input_from!(contract move original_handler, "ErrorStr");
[INFO] [stderr]    |         ^^^^^^^^^^^^^^^^^^^^^^^^^^^^^^^^^^^^^^^^^^^^^^^^^^^^^^^^^^^^^
[INFO] [stderr] ┈┈┈┈┈┈┈┈┈┈┈┈┈┈┈┈┈┈┈┈┈┈┈┈┈┈┈┈┈┈┈┈┈┈┈┈┈┈┈┈┈┈┈┈┈┈┈┈┈┈┈┈┈┈┈┈┈┈┈┈
[INFO] [stderr] 
[INFO] [stderr] ACTUAL OUTPUT:
[INFO] [stderr] ┈┈┈┈┈┈┈┈┈┈┈┈┈┈┈┈┈┈┈┈┈┈┈┈┈┈┈┈┈┈┈┈┈┈┈┈┈┈┈┈┈┈┈┈┈┈┈┈┈┈┈┈┈┈┈┈┈┈┈┈
[INFO] [stderr] error: fail to parsing ewasm_input_from,
[INFO] [stderr]                    please use
[INFO] [stderr]                        `ewasm_input_from( contract move handler )
[INFO] [stderr]                    or
[INFO] [stderr]                        `ewasm_input_from( contract move handler, closure_for_map_err)`
[INFO] [stderr] 
[INFO] [stderr]   --> tests/compile-fail/ewasm_input_from.rs:10:24
[INFO] [stderr]    |
[INFO] [stderr] 10 |     let _new_handler = ewasm_input_from!(contract, original_handler);
[INFO] [stderr]    |                        ^^^^^^^^^^^^^^^^^^^^^^^^^^^^^^^^^^^^^^^^^^^^^
[INFO] [stderr]    |
[INFO] [stderr]    = note: this error originates in the macro `ewasm_input_from` (in Nightly builds, run with -Z macro-backtrace for more info)
[INFO] [stderr] 
[INFO] [stderr] error: expected expression, found end of macro arguments
[INFO] [stderr]   --> tests/compile-fail/ewasm_input_from.rs:10:24
[INFO] [stderr]    |
[INFO] [stderr] 10 |     let _new_handler = ewasm_input_from!(contract, original_handler);
[INFO] [stderr]    |                        ^^^^^^^^^^^^^^^^^^^^^^^^^^^^^^^^^^^^^^^^^^^^^
[INFO] [stderr] 
[INFO] [stderr] error: ` "ErrorStr"` is not an closure input for map_err
[INFO] [stderr]   --> tests/compile-fail/ewasm_input_from.rs:17:9
[INFO] [stderr]    |
[INFO] [stderr] 17 |         ewasm_input_from!(contract move original_handler, "ErrorStr");
[INFO] [stderr]    |         ^^^^^^^^^^^^^^^^^^^^^^^^^^^^^^^^^^^^^^^^^^^^^^^^^^^^^^^^^^^^^
[INFO] [stderr]    |
[INFO] [stderr]    = note: this error originates in the macro `ewasm_input_from` (in Nightly builds, run with -Z macro-backtrace for more info)
[INFO] [stderr] 
[INFO] [stderr] error: expected expression, found end of macro arguments
[INFO] [stderr]   --> tests/compile-fail/ewasm_input_from.rs:17:9
[INFO] [stderr]    |
[INFO] [stderr] 17 |         ewasm_input_from!(contract move original_handler, "ErrorStr");
[INFO] [stderr]    |         ^^^^^^^^^^^^^^^^^^^^^^^^^^^^^^^^^^^^^^^^^^^^^^^^^^^^^^^^^^^^^
[INFO] [stderr] 
[INFO] [stderr] error[E0433]: failed to resolve: use of undeclared crate or module `sewup`
[INFO] [stderr]  --> tests/compile-fail/ewasm_input_from.rs:1:5
[INFO] [stderr]   |
[INFO] [stderr] 1 | use sewup::primitives::Contract;
[INFO] [stderr]   |     ^^^^^ use of undeclared crate or module `sewup`
[INFO] [stderr] ┈┈┈┈┈┈┈┈┈┈┈┈┈┈┈┈┈┈┈┈┈┈┈┈┈┈┈┈┈┈┈┈┈┈┈┈┈┈┈┈┈┈┈┈┈┈┈┈┈┈┈┈┈┈┈┈┈┈┈┈
[INFO] [stderr] note: If the actual output is the correct output you can bless it by rerunning
[INFO] [stderr]       your test with the environment variable TRYBUILD=overwrite
[INFO] [stderr] 
[INFO] [stderr] test tests/compile-fail/ewasm_main_with_inputs.rs [should fail to compile] ... mismatch
[INFO] [stderr] 
[INFO] [stderr] EXPECTED:
[INFO] [stderr] ┈┈┈┈┈┈┈┈┈┈┈┈┈┈┈┈┈┈┈┈┈┈┈┈┈┈┈┈┈┈┈┈┈┈┈┈┈┈┈┈┈┈┈┈┈┈┈┈┈┈┈┈┈┈┈┈┈┈┈┈
[INFO] [stderr] error: ewasm_main only wrap the function without inputs
[INFO] [stderr]  --> $DIR/ewasm_main_with_inputs.rs:4:9
[INFO] [stderr]   |
[INFO] [stderr] 4 | fn main(input: usize) -> Result<(), ()> {
[INFO] [stderr]   |         ^^^^^^^^^^^^
[INFO] [stderr] 
[INFO] [stderr] error[E0601]: `main` function not found in crate `$CRATE`
[INFO] [stderr]  --> $DIR/ewasm_main_with_inputs.rs:1:1
[INFO] [stderr]   |
[INFO] [stderr] 1 | / use sewup_derive::ewasm_main;
[INFO] [stderr] 2 | |
[INFO] [stderr] 3 | | #[ewasm_main]
[INFO] [stderr] 4 | | fn main(input: usize) -> Result<(), ()> {
[INFO] [stderr] 5 | |     Ok(())
[INFO] [stderr] 6 | | }
[INFO] [stderr]   | |_^ consider adding a `main` function to `$DIR/tests/compile-fail/ewasm_main_with_inputs.rs`
[INFO] [stderr] ┈┈┈┈┈┈┈┈┈┈┈┈┈┈┈┈┈┈┈┈┈┈┈┈┈┈┈┈┈┈┈┈┈┈┈┈┈┈┈┈┈┈┈┈┈┈┈┈┈┈┈┈┈┈┈┈┈┈┈┈
[INFO] [stderr] 
[INFO] [stderr] ACTUAL OUTPUT:
[INFO] [stderr] ┈┈┈┈┈┈┈┈┈┈┈┈┈┈┈┈┈┈┈┈┈┈┈┈┈┈┈┈┈┈┈┈┈┈┈┈┈┈┈┈┈┈┈┈┈┈┈┈┈┈┈┈┈┈┈┈┈┈┈┈
[INFO] [stderr] error: ewasm_main only wrap the function without inputs
[INFO] [stderr]  --> tests/compile-fail/ewasm_main_with_inputs.rs:4:9
[INFO] [stderr]   |
[INFO] [stderr] 4 | fn main(input: usize) -> Result<(), ()> {
[INFO] [stderr]   |         ^^^^^^^^^^^^
[INFO] [stderr] 
[INFO] [stderr] error[E0601]: `main` function not found in crate `$CRATE`
[INFO] [stderr]  --> tests/compile-fail/ewasm_main_with_inputs.rs:6:2
[INFO] [stderr]   |
[INFO] [stderr] 6 | }
[INFO] [stderr]   |  ^ consider adding a `main` function to `$DIR/tests/compile-fail/ewasm_main_with_inputs.rs`
[INFO] [stderr] ┈┈┈┈┈┈┈┈┈┈┈┈┈┈┈┈┈┈┈┈┈┈┈┈┈┈┈┈┈┈┈┈┈┈┈┈┈┈┈┈┈┈┈┈┈┈┈┈┈┈┈┈┈┈┈┈┈┈┈┈
[INFO] [stderr] note: If the actual output is the correct output you can bless it by rerunning
[INFO] [stderr]       your test with the environment variable TRYBUILD=overwrite
[INFO] [stderr] 
[INFO] [stderr] test tests/compile-pass/ewasm_fn.rs [should pass] ... ok
[INFO] [stderr] test tests/compile-pass/ewasm_fn_sig.rs [should pass] ... ok
[INFO] [stderr] test tests/compile-pass/ewasm_input_from.rs [should pass] ... error
[INFO] [stderr] ┈┈┈┈┈┈┈┈┈┈┈┈┈┈┈┈┈┈┈┈┈┈┈┈┈┈┈┈┈┈┈┈┈┈┈┈┈┈┈┈┈┈┈┈┈┈┈┈┈┈┈┈┈┈┈┈┈┈┈┈
[INFO] [stderr] error[E0433]: failed to resolve: use of undeclared crate or module `sewup`
[INFO] [stderr]  --> tests/compile-pass/ewasm_input_from.rs:1:5
[INFO] [stderr]   |
[INFO] [stderr] 1 | use sewup::primitives::Contract;
[INFO] [stderr]   |     ^^^^^ use of undeclared crate or module `sewup`
[INFO] [stderr] 
[INFO] [stderr] error[E0433]: failed to resolve: use of undeclared crate or module `sewup`
[INFO] [stderr]   --> tests/compile-pass/ewasm_input_from.rs:10:24
[INFO] [stderr]    |
[INFO] [stderr] 10 |     let _new_handler = ewasm_input_from!(contract move original_handler);
[INFO] [stderr]    |                        ^^^^^^^^^^^^^^^^^^^^^^^^^^^^^^^^^^^^^^^^^^^^^^^^^ use of undeclared crate or module `sewup`
[INFO] [stderr]    |
[INFO] [stderr]    = note: this error originates in the macro `ewasm_input_from` (in Nightly builds, run with -Z macro-backtrace for more info)
[INFO] [stderr] 
[INFO] [stderr] error[E0433]: failed to resolve: use of undeclared crate or module `sewup`
[INFO] [stderr]   --> tests/compile-pass/ewasm_input_from.rs:17:9
[INFO] [stderr]    |
[INFO] [stderr] 17 |         ewasm_input_from!(contract move original_handler, |_| "ErrorStr");
[INFO] [stderr]    |         ^^^^^^^^^^^^^^^^^^^^^^^^^^^^^^^^^^^^^^^^^^^^^^^^^^^^^^^^^^^^^^^^^ use of undeclared crate or module `sewup`
[INFO] [stderr]    |
[INFO] [stderr]    = note: this error originates in the macro `ewasm_input_from` (in Nightly builds, run with -Z macro-backtrace for more info)
[INFO] [stderr] ┈┈┈┈┈┈┈┈┈┈┈┈┈┈┈┈┈┈┈┈┈┈┈┈┈┈┈┈┈┈┈┈┈┈┈┈┈┈┈┈┈┈┈┈┈┈┈┈┈┈┈┈┈┈┈┈┈┈┈┈
[INFO] [stderr] 
[INFO] [stderr] test tests/compile-pass/ewasm_output_from.rs [should pass] ... error
[INFO] [stderr] ┈┈┈┈┈┈┈┈┈┈┈┈┈┈┈┈┈┈┈┈┈┈┈┈┈┈┈┈┈┈┈┈┈┈┈┈┈┈┈┈┈┈┈┈┈┈┈┈┈┈┈┈┈┈┈┈┈┈┈┈
[INFO] [stderr] error[E0433]: failed to resolve: use of undeclared crate or module `sewup`
[INFO] [stderr]   --> tests/compile-pass/ewasm_output_from.rs:12:5
[INFO] [stderr]    |
[INFO] [stderr] 12 |     ewasm_output_from!(true);
[INFO] [stderr]    |     ^^^^^^^^^^^^^^^^^^^^^^^^ use of undeclared crate or module `sewup`
[INFO] [stderr]    |
[INFO] [stderr]    = note: this error originates in the macro `ewasm_output_from` (in Nightly builds, run with -Z macro-backtrace for more info)
[INFO] [stderr] 
[INFO] [stderr] error[E0433]: failed to resolve: use of undeclared crate or module `sewup`
[INFO] [stderr]   --> tests/compile-pass/ewasm_output_from.rs:13:5
[INFO] [stderr]    |
[INFO] [stderr] 13 |     ewasm_output_from!(1);
[INFO] [stderr]    |     ^^^^^^^^^^^^^^^^^^^^^ use of undeclared crate or module `sewup`
[INFO] [stderr]    |
[INFO] [stderr]    = note: this error originates in the macro `ewasm_output_from` (in Nightly builds, run with -Z macro-backtrace for more info)
[INFO] [stderr] 
[INFO] [stderr] error[E0433]: failed to resolve: use of undeclared crate or module `sewup`
[INFO] [stderr]   --> tests/compile-pass/ewasm_output_from.rs:14:5
[INFO] [stderr]    |
[INFO] [stderr] 14 |     ewasm_output_from!(vec![1u8, 2u8, 3u8]);
[INFO] [stderr]    |     ^^^^^^^^^^^^^^^^^^^^^^^^^^^^^^^^^^^^^^^ use of undeclared crate or module `sewup`
[INFO] [stderr]    |
[INFO] [stderr]    = note: this error originates in the macro `ewasm_output_from` (in Nightly builds, run with -Z macro-backtrace for more info)
[INFO] [stderr] 
[INFO] [stderr] error[E0433]: failed to resolve: use of undeclared crate or module `sewup`
[INFO] [stderr]   --> tests/compile-pass/ewasm_output_from.rs:15:5
[INFO] [stderr]    |
[INFO] [stderr] 15 |     ewasm_output_from!("jovy".to_string());
[INFO] [stderr]    |     ^^^^^^^^^^^^^^^^^^^^^^^^^^^^^^^^^^^^^^ use of undeclared crate or module `sewup`
[INFO] [stderr]    |
[INFO] [stderr]    = note: this error originates in the macro `ewasm_output_from` (in Nightly builds, run with -Z macro-backtrace for more info)
[INFO] [stderr] 
[INFO] [stderr] error[E0433]: failed to resolve: use of undeclared crate or module `sewup`
[INFO] [stderr]   --> tests/compile-pass/ewasm_output_from.rs:16:5
[INFO] [stderr]    |
[INFO] [stderr] 16 |     ewasm_output_from!(simple_struct);
[INFO] [stderr]    |     ^^^^^^^^^^^^^^^^^^^^^^^^^^^^^^^^^ use of undeclared crate or module `sewup`
[INFO] [stderr]    |
[INFO] [stderr]    = note: this error originates in the macro `ewasm_output_from` (in Nightly builds, run with -Z macro-backtrace for more info)
[INFO] [stderr] 
[INFO] [stderr] error[E0433]: failed to resolve: use of undeclared crate or module `sewup`
[INFO] [stderr]   --> tests/compile-pass/ewasm_output_from.rs:17:5
[INFO] [stderr]    |
[INFO] [stderr] 17 |     ewasm_output_from!(&simple_struct);
[INFO] [stderr]    |     ^^^^^^^^^^^^^^^^^^^^^^^^^^^^^^^^^^ use of undeclared crate or module `sewup`
[INFO] [stderr]    |
[INFO] [stderr]    = note: this error originates in the macro `ewasm_output_from` (in Nightly builds, run with -Z macro-backtrace for more info)
[INFO] [stderr] 
[INFO] [stderr] error[E0433]: failed to resolve: use of undeclared crate or module `sewup`
[INFO] [stderr]   --> tests/compile-pass/ewasm_output_from.rs:18:5
[INFO] [stderr]    |
[INFO] [stderr] 18 |     ewasm_output_from!([1u8, 2u8, 3u8]);
[INFO] [stderr]    |     ^^^^^^^^^^^^^^^^^^^^^^^^^^^^^^^^^^^ use of undeclared crate or module `sewup`
[INFO] [stderr]    |
[INFO] [stderr]    = note: this error originates in the macro `ewasm_output_from` (in Nightly builds, run with -Z macro-backtrace for more info)
[INFO] [stderr] ┈┈┈┈┈┈┈┈┈┈┈┈┈┈┈┈┈┈┈┈┈┈┈┈┈┈┈┈┈┈┈┈┈┈┈┈┈┈┈┈┈┈┈┈┈┈┈┈┈┈┈┈┈┈┈┈┈┈┈┈
[INFO] [stderr] 
[INFO] [stderr] 
[INFO] [stderr] 
[INFO] [stdout] test ui ... FAILED
[INFO] [stdout] 
[INFO] [stdout] failures:
[INFO] [stdout] 
[INFO] [stdout] ---- ui stdout ----
[INFO] [stdout] thread 'ui' panicked at /opt/rustwide/cargo-home/registry/src/index.crates.io-6f17d22bba15001f/trybuild-1.0.101/src/run.rs:101:13:
[INFO] [stdout] 4 of 7 tests failed
[INFO] [stdout] stack backtrace:
[INFO] [stdout]    0:     0x5ed5b27bc4ea - std::backtrace_rs::backtrace::libunwind::trace::h207520d6e9873551
[INFO] [stdout]                                at /rustc/df4ca44d3fbc9301ee17f30f4d474e6ae4b05252/library/std/src/../../backtrace/src/backtrace/libunwind.rs:116:5
[INFO] [stdout]    1:     0x5ed5b27bc4ea - std::backtrace_rs::backtrace::trace_unsynchronized::h2ed7433f370e3eca
[INFO] [stdout]                                at /rustc/df4ca44d3fbc9301ee17f30f4d474e6ae4b05252/library/std/src/../../backtrace/src/backtrace/mod.rs:66:5
[INFO] [stdout]    2:     0x5ed5b27bc4ea - std::sys::backtrace::_print_fmt::h916fac51166b18d7
[INFO] [stdout]                                at /rustc/df4ca44d3fbc9301ee17f30f4d474e6ae4b05252/library/std/src/sys/backtrace.rs:66:9
[INFO] [stdout]    3:     0x5ed5b27bc4ea - <std::sys::backtrace::BacktraceLock::print::DisplayBacktrace as core::fmt::Display>::fmt::ha0a4c9b8ce3802e6
[INFO] [stdout]                                at /rustc/df4ca44d3fbc9301ee17f30f4d474e6ae4b05252/library/std/src/sys/backtrace.rs:39:26
[INFO] [stdout]    4:     0x5ed5b27e6993 - core::fmt::rt::Argument::fmt::h4cfc8587d52b3eb5
[INFO] [stdout]                                at /rustc/df4ca44d3fbc9301ee17f30f4d474e6ae4b05252/library/core/src/fmt/rt.rs:177:76
[INFO] [stdout]    5:     0x5ed5b27e6993 - core::fmt::write::h522cc39e5b36ae9f
[INFO] [stdout]                                at /rustc/df4ca44d3fbc9301ee17f30f4d474e6ae4b05252/library/core/src/fmt/mod.rs:1190:21
[INFO] [stdout]    6:     0x5ed5b27b8523 - std::io::Write::write_fmt::h7d3c26752da97734
[INFO] [stdout]                                at /rustc/df4ca44d3fbc9301ee17f30f4d474e6ae4b05252/library/std/src/io/mod.rs:1839:15
[INFO] [stdout]    7:     0x5ed5b27bc332 - std::sys::backtrace::BacktraceLock::print::h4b9e00b29e9c0942
[INFO] [stdout]                                at /rustc/df4ca44d3fbc9301ee17f30f4d474e6ae4b05252/library/std/src/sys/backtrace.rs:42:9
[INFO] [stdout]    8:     0x5ed5b27bdf7a - std::panicking::default_hook::{{closure}}::hb59b88280d0324d9
[INFO] [stdout]                                at /rustc/df4ca44d3fbc9301ee17f30f4d474e6ae4b05252/library/std/src/panicking.rs:268:22
[INFO] [stdout]    9:     0x5ed5b27bdd84 - std::panicking::default_hook::he1dd496665be4a29
[INFO] [stdout]                                at /rustc/df4ca44d3fbc9301ee17f30f4d474e6ae4b05252/library/std/src/panicking.rs:292:9
[INFO] [stdout]   10:     0x5ed5b2784a79 - <alloc::boxed::Box<F,A> as core::ops::function::Fn<Args>>::call::h4ff71de18744e1dc
[INFO] [stdout]                                at /rustc/df4ca44d3fbc9301ee17f30f4d474e6ae4b05252/library/alloc/src/boxed.rs:2468:9
[INFO] [stdout]   11:     0x5ed5b2784a79 - test::test_main::{{closure}}::hcf7c055ce117aa81
[INFO] [stdout]                                at /rustc/df4ca44d3fbc9301ee17f30f4d474e6ae4b05252/library/test/src/lib.rs:133:21
[INFO] [stdout]   12:     0x5ed5b27be678 - <alloc::boxed::Box<F,A> as core::ops::function::Fn<Args>>::call::h1d66c6bbd60c9692
[INFO] [stdout]                                at /rustc/df4ca44d3fbc9301ee17f30f4d474e6ae4b05252/library/alloc/src/boxed.rs:2468:9
[INFO] [stdout]   13:     0x5ed5b27be678 - std::panicking::rust_panic_with_hook::h2ff17fe8f26dfcf8
[INFO] [stdout]                                at /rustc/df4ca44d3fbc9301ee17f30f4d474e6ae4b05252/library/std/src/panicking.rs:809:13
[INFO] [stdout]   14:     0x5ed5b27be43a - std::panicking::begin_panic_handler::{{closure}}::h4fad77951c07e101
[INFO] [stdout]                                at /rustc/df4ca44d3fbc9301ee17f30f4d474e6ae4b05252/library/std/src/panicking.rs:674:13
[INFO] [stdout]   15:     0x5ed5b27bc9c9 - std::sys::backtrace::__rust_end_short_backtrace::hb1a25b3da5d0ea08
[INFO] [stdout]                                at /rustc/df4ca44d3fbc9301ee17f30f4d474e6ae4b05252/library/std/src/sys/backtrace.rs:170:18
[INFO] [stdout]   16:     0x5ed5b27be0cc - rust_begin_unwind
[INFO] [stdout]                                at /rustc/df4ca44d3fbc9301ee17f30f4d474e6ae4b05252/library/std/src/panicking.rs:665:5
[INFO] [stdout]   17:     0x5ed5b27e4d40 - core::panicking::panic_fmt::ha9db07b529f9b256
[INFO] [stdout]                                at /rustc/df4ca44d3fbc9301ee17f30f4d474e6ae4b05252/library/core/src/panicking.rs:75:14
[INFO] [stdout]   18:     0x5ed5b256402f - trybuild::run::<impl trybuild::Runner>::run::hf66a8f1db5c816fe
[INFO] [stdout]                                at /opt/rustwide/cargo-home/registry/src/index.crates.io-6f17d22bba15001f/trybuild-1.0.101/src/run.rs:101:13
[INFO] [stdout]   19:     0x5ed5b2569548 - <trybuild::TestCases as core::ops::drop::Drop>::drop::h9a3ea7425f95ffbe
[INFO] [stdout]                                at /opt/rustwide/cargo-home/registry/src/index.crates.io-6f17d22bba15001f/trybuild-1.0.101/src/lib.rs:340:13
[INFO] [stdout]   20:     0x5ed5b2495497 - core::ptr::drop_in_place<trybuild::TestCases>::hda72da8dc2687823
[INFO] [stdout]                                at /rustc/df4ca44d3fbc9301ee17f30f4d474e6ae4b05252/library/core/src/ptr/mod.rs:521:1
[INFO] [stdout]   21:     0x5ed5b2495d3b - ui::ui::h82aba5873c36f4a5
[INFO] [stdout]                                at /opt/rustwide/workdir/tests/ui.rs:9:1
[INFO] [stdout]   22:     0x5ed5b2495cb7 - ui::ui::{{closure}}::hd07385e495f1ae1a
[INFO] [stdout]                                at /opt/rustwide/workdir/tests/ui.rs:3:8
[INFO] [stdout]   23:     0x5ed5b24953f6 - core::ops::function::FnOnce::call_once::h54e76686a0cbe122
[INFO] [stdout]                                at /rustc/df4ca44d3fbc9301ee17f30f4d474e6ae4b05252/library/core/src/ops/function.rs:250:5
[INFO] [stdout]   24:     0x5ed5b278934b - core::ops::function::FnOnce::call_once::h22c3ba5715e93f05
[INFO] [stdout]                                at /rustc/df4ca44d3fbc9301ee17f30f4d474e6ae4b05252/library/core/src/ops/function.rs:250:5
[INFO] [stdout]   25:     0x5ed5b278934b - test::__rust_begin_short_backtrace::h8e82d8113d0da17f
[INFO] [stdout]                                at /rustc/df4ca44d3fbc9301ee17f30f4d474e6ae4b05252/library/test/src/lib.rs:621:18
[INFO] [stdout]   26:     0x5ed5b2788cc7 - test::run_test_in_process::{{closure}}::h33235f4f20b7b7c7
[INFO] [stdout]                                at /rustc/df4ca44d3fbc9301ee17f30f4d474e6ae4b05252/library/test/src/lib.rs:644:60
[INFO] [stdout]   27:     0x5ed5b2788cc7 - <core::panic::unwind_safe::AssertUnwindSafe<F> as core::ops::function::FnOnce<()>>::call_once::hb5043206310c586f
[INFO] [stdout]                                at /rustc/df4ca44d3fbc9301ee17f30f4d474e6ae4b05252/library/core/src/panic/unwind_safe.rs:272:9
[INFO] [stdout]   28:     0x5ed5b2788cc7 - std::panicking::try::do_call::h9ad4731a60ab23e2
[INFO] [stdout]                                at /rustc/df4ca44d3fbc9301ee17f30f4d474e6ae4b05252/library/std/src/panicking.rs:557:40
[INFO] [stdout]   29:     0x5ed5b2788cc7 - std::panicking::try::h3824d23db772a716
[INFO] [stdout]                                at /rustc/df4ca44d3fbc9301ee17f30f4d474e6ae4b05252/library/std/src/panicking.rs:520:19
[INFO] [stdout]   30:     0x5ed5b2788cc7 - std::panic::catch_unwind::h5afd514605fde46b
[INFO] [stdout]                                at /rustc/df4ca44d3fbc9301ee17f30f4d474e6ae4b05252/library/std/src/panic.rs:358:14
[INFO] [stdout]   31:     0x5ed5b2788cc7 - test::run_test_in_process::h0d5cbfa7067d1720
[INFO] [stdout]                                at /rustc/df4ca44d3fbc9301ee17f30f4d474e6ae4b05252/library/test/src/lib.rs:644:27
[INFO] [stdout]   32:     0x5ed5b2788cc7 - test::run_test::{{closure}}::h708eb8872708115d
[INFO] [stdout]                                at /rustc/df4ca44d3fbc9301ee17f30f4d474e6ae4b05252/library/test/src/lib.rs:565:43
[INFO] [stdout]   33:     0x5ed5b274c3e4 - test::run_test::{{closure}}::h392c51cee94713ab
[INFO] [stdout]                                at /rustc/df4ca44d3fbc9301ee17f30f4d474e6ae4b05252/library/test/src/lib.rs:595:41
[INFO] [stdout]   34:     0x5ed5b274c3e4 - std::sys::backtrace::__rust_begin_short_backtrace::h2f40290710935a8b
[INFO] [stdout]                                at /rustc/df4ca44d3fbc9301ee17f30f4d474e6ae4b05252/library/std/src/sys/backtrace.rs:154:18
[INFO] [stdout]   35:     0x5ed5b274fb8e - std::thread::Builder::spawn_unchecked_::{{closure}}::{{closure}}::h3fd968d89053a903
[INFO] [stdout]                                at /rustc/df4ca44d3fbc9301ee17f30f4d474e6ae4b05252/library/std/src/thread/mod.rs:541:17
[INFO] [stdout]   36:     0x5ed5b274fb8e - <core::panic::unwind_safe::AssertUnwindSafe<F> as core::ops::function::FnOnce<()>>::call_once::h743f637ba4229880
[INFO] [stdout]                                at /rustc/df4ca44d3fbc9301ee17f30f4d474e6ae4b05252/library/core/src/panic/unwind_safe.rs:272:9
[INFO] [stdout]   37:     0x5ed5b274fb8e - std::panicking::try::do_call::h07440897322525a6
[INFO] [stdout]                                at /rustc/df4ca44d3fbc9301ee17f30f4d474e6ae4b05252/library/std/src/panicking.rs:557:40
[INFO] [stdout]   38:     0x5ed5b274fb8e - std::panicking::try::he5a2e00188156637
[INFO] [stdout]                                at /rustc/df4ca44d3fbc9301ee17f30f4d474e6ae4b05252/library/std/src/panicking.rs:520:19
[INFO] [stdout]   39:     0x5ed5b274fb8e - std::panic::catch_unwind::hbaf3cae49b3c6433
[INFO] [stdout]                                at /rustc/df4ca44d3fbc9301ee17f30f4d474e6ae4b05252/library/std/src/panic.rs:358:14
[INFO] [stdout]   40:     0x5ed5b274fb8e - std::thread::Builder::spawn_unchecked_::{{closure}}::h8e141ea224820bce
[INFO] [stdout]                                at /rustc/df4ca44d3fbc9301ee17f30f4d474e6ae4b05252/library/std/src/thread/mod.rs:540:30
[INFO] [stdout]   41:     0x5ed5b274fb8e - core::ops::function::FnOnce::call_once{{vtable.shim}}::h90d312fedd7b8ea8
[INFO] [stdout]                                at /rustc/df4ca44d3fbc9301ee17f30f4d474e6ae4b05252/library/core/src/ops/function.rs:250:5
[INFO] [stdout]   42:     0x5ed5b27c343b - <alloc::boxed::Box<F,A> as core::ops::function::FnOnce<Args>>::call_once::h69aa08ddb6adb8b6
[INFO] [stdout]                                at /rustc/df4ca44d3fbc9301ee17f30f4d474e6ae4b05252/library/alloc/src/boxed.rs:2454:9
[INFO] [stdout]   43:     0x5ed5b27c343b - <alloc::boxed::Box<F,A> as core::ops::function::FnOnce<Args>>::call_once::h5aa36efdb79c806f
[INFO] [stdout]                                at /rustc/df4ca44d3fbc9301ee17f30f4d474e6ae4b05252/library/alloc/src/boxed.rs:2454:9
[INFO] [stdout]   44:     0x5ed5b27c343b - std::sys::pal::unix::thread::Thread::new::thread_start::h6cd80a1b4be5158d
[INFO] [stdout]                                at /rustc/df4ca44d3fbc9301ee17f30f4d474e6ae4b05252/library/std/src/sys/pal/unix/thread.rs:105:17
[INFO] [stdout]   45:     0x797b74406ac3 - <unknown>
[INFO] [stdout]   46:     0x797b74497a04 - clone
[INFO] [stdout]   47:                0x0 - <unknown>
[INFO] [stdout] 
[INFO] [stdout] 
[INFO] [stdout] failures:
[INFO] [stdout]     ui
[INFO] [stdout] 
[INFO] [stdout] test result: FAILED. 0 passed; 1 failed; 0 ignored; 0 measured; 0 filtered out; finished in 23.53s
[INFO] [stdout] 
[INFO] [stderr] error: test failed, to rerun pass `--test ui`
[INFO] running `Command { std: "docker" "inspect" "911b59fe9de71018fb01afff994afd8a4fcb7c3bd502679682b6698a3c36b1b1", kill_on_drop: false }`
[INFO] running `Command { std: "docker" "rm" "-f" "911b59fe9de71018fb01afff994afd8a4fcb7c3bd502679682b6698a3c36b1b1", kill_on_drop: false }`
[INFO] [stdout] 911b59fe9de71018fb01afff994afd8a4fcb7c3bd502679682b6698a3c36b1b1
