[INFO] fetching crate setget 0.1.1...
[INFO] testing setget-0.1.1 against nightly-2024-10-28+rustflags=-Zrandomize-layout for randomize-layout
[INFO] extracting crate setget 0.1.1 into /workspace/builds/worker-5-tc2/source
[INFO] validating manifest of crates.io crate setget 0.1.1 on toolchain nightly-2024-10-28
[INFO] running `Command { std: CARGO_HOME="/workspace/cargo-home" RUSTUP_HOME="/workspace/rustup-home" "/workspace/cargo-home/bin/cargo" "+nightly-2024-10-28" "metadata" "--manifest-path" "Cargo.toml" "--no-deps", kill_on_drop: false }`
[INFO] started tweaking crates.io crate setget 0.1.1
[INFO] finished tweaking crates.io crate setget 0.1.1
[INFO] tweaked toml for crates.io crate setget 0.1.1 written to /workspace/builds/worker-5-tc2/source/Cargo.toml
[INFO] running `Command { std: CARGO_HOME="/workspace/cargo-home" RUSTUP_HOME="/workspace/rustup-home" "/workspace/cargo-home/bin/cargo" "+nightly-2024-10-28" "generate-lockfile" "--manifest-path" "Cargo.toml", kill_on_drop: false }`
[INFO] running `Command { std: CARGO_HOME="/workspace/cargo-home" RUSTUP_HOME="/workspace/rustup-home" "/workspace/cargo-home/bin/cargo" "+nightly-2024-10-28" "fetch" "--manifest-path" "Cargo.toml", kill_on_drop: false }`
[INFO] running `Command { std: "docker" "create" "-v" "/var/lib/crater-agent-workspace/builds/worker-5-tc2/target:/opt/rustwide/target:rw,Z" "-v" "/var/lib/crater-agent-workspace/builds/worker-5-tc2/source:/opt/rustwide/workdir:ro,Z" "-v" "/var/lib/crater-agent-workspace/cargo-home:/opt/rustwide/cargo-home:ro,Z" "-v" "/var/lib/crater-agent-workspace/rustup-home:/opt/rustwide/rustup-home:ro,Z" "-e" "SOURCE_DIR=/opt/rustwide/workdir" "-e" "CARGO_TARGET_DIR=/opt/rustwide/target" "-e" "CARGO_HOME=/opt/rustwide/cargo-home" "-e" "RUSTUP_HOME=/opt/rustwide/rustup-home" "-w" "/opt/rustwide/workdir" "-m" "1610612736" "--user" "0:0" "--network" "none" "ghcr.io/rust-lang/crates-build-env/linux@sha256:4a844ea9eb2546a2d2c7022eacef16ef2e8229c7fbb2c7d4d55a9ceca922f72d" "/opt/rustwide/cargo-home/bin/cargo" "+nightly-2024-10-28" "metadata" "--no-deps" "--format-version=1", kill_on_drop: false }`
[INFO] [stdout] 17650367e3a12e1d7bcaec91f1494bfbfd19f53de9588b121eacd621c5b76e98
[INFO] running `Command { std: "docker" "start" "-a" "17650367e3a12e1d7bcaec91f1494bfbfd19f53de9588b121eacd621c5b76e98", kill_on_drop: false }`
[INFO] running `Command { std: "docker" "inspect" "17650367e3a12e1d7bcaec91f1494bfbfd19f53de9588b121eacd621c5b76e98", kill_on_drop: false }`
[INFO] running `Command { std: "docker" "rm" "-f" "17650367e3a12e1d7bcaec91f1494bfbfd19f53de9588b121eacd621c5b76e98", kill_on_drop: false }`
[INFO] [stdout] 17650367e3a12e1d7bcaec91f1494bfbfd19f53de9588b121eacd621c5b76e98
[INFO] running `Command { std: "docker" "create" "-v" "/var/lib/crater-agent-workspace/builds/worker-5-tc2/target:/opt/rustwide/target:rw,Z" "-v" "/var/lib/crater-agent-workspace/builds/worker-5-tc2/source:/opt/rustwide/workdir:ro,Z" "-v" "/var/lib/crater-agent-workspace/cargo-home:/opt/rustwide/cargo-home:ro,Z" "-v" "/var/lib/crater-agent-workspace/rustup-home:/opt/rustwide/rustup-home:ro,Z" "-e" "SOURCE_DIR=/opt/rustwide/workdir" "-e" "CARGO_TARGET_DIR=/opt/rustwide/target" "-e" "CARGO_INCREMENTAL=0" "-e" "RUST_BACKTRACE=full" "-e" "RUSTFLAGS=--cap-lints=forbid -Zrandomize-layout" "-e" "RUSTDOCFLAGS=--cap-lints=forbid" "-e" "CARGO_HOME=/opt/rustwide/cargo-home" "-e" "RUSTUP_HOME=/opt/rustwide/rustup-home" "-w" "/opt/rustwide/workdir" "-m" "1610612736" "--user" "0:0" "--network" "none" "ghcr.io/rust-lang/crates-build-env/linux@sha256:4a844ea9eb2546a2d2c7022eacef16ef2e8229c7fbb2c7d4d55a9ceca922f72d" "/opt/rustwide/cargo-home/bin/cargo" "+nightly-2024-10-28" "build" "--frozen" "--message-format=json", kill_on_drop: false }`
[INFO] [stdout] 2e80647fb67b29ad5a5ca2c7b6c2bf95f8c0248d99013d36103a8ed049a9e738
[INFO] running `Command { std: "docker" "start" "-a" "2e80647fb67b29ad5a5ca2c7b6c2bf95f8c0248d99013d36103a8ed049a9e738", kill_on_drop: false }`
[INFO] [stderr]    Compiling setget v0.1.1 (/opt/rustwide/workdir)
[INFO] [stderr]     Finished `dev` profile [unoptimized + debuginfo] target(s) in 0.05s
[INFO] running `Command { std: "docker" "inspect" "2e80647fb67b29ad5a5ca2c7b6c2bf95f8c0248d99013d36103a8ed049a9e738", kill_on_drop: false }`
[INFO] running `Command { std: "docker" "rm" "-f" "2e80647fb67b29ad5a5ca2c7b6c2bf95f8c0248d99013d36103a8ed049a9e738", kill_on_drop: false }`
[INFO] [stdout] 2e80647fb67b29ad5a5ca2c7b6c2bf95f8c0248d99013d36103a8ed049a9e738
[INFO] running `Command { std: "docker" "create" "-v" "/var/lib/crater-agent-workspace/builds/worker-5-tc2/target:/opt/rustwide/target:rw,Z" "-v" "/var/lib/crater-agent-workspace/builds/worker-5-tc2/source:/opt/rustwide/workdir:ro,Z" "-v" "/var/lib/crater-agent-workspace/cargo-home:/opt/rustwide/cargo-home:ro,Z" "-v" "/var/lib/crater-agent-workspace/rustup-home:/opt/rustwide/rustup-home:ro,Z" "-e" "SOURCE_DIR=/opt/rustwide/workdir" "-e" "CARGO_TARGET_DIR=/opt/rustwide/target" "-e" "CARGO_INCREMENTAL=0" "-e" "RUST_BACKTRACE=full" "-e" "RUSTFLAGS=--cap-lints=forbid -Zrandomize-layout" "-e" "RUSTDOCFLAGS=--cap-lints=forbid" "-e" "CARGO_HOME=/opt/rustwide/cargo-home" "-e" "RUSTUP_HOME=/opt/rustwide/rustup-home" "-w" "/opt/rustwide/workdir" "-m" "1610612736" "--user" "0:0" "--network" "none" "ghcr.io/rust-lang/crates-build-env/linux@sha256:4a844ea9eb2546a2d2c7022eacef16ef2e8229c7fbb2c7d4d55a9ceca922f72d" "/opt/rustwide/cargo-home/bin/cargo" "+nightly-2024-10-28" "test" "--frozen" "--no-run" "--message-format=json", kill_on_drop: false }`
[INFO] [stdout] ee025fb3334fe1b740083369c2361b1576c3a51bc7f255697444fdbf6122830e
[INFO] running `Command { std: "docker" "start" "-a" "ee025fb3334fe1b740083369c2361b1576c3a51bc7f255697444fdbf6122830e", kill_on_drop: false }`
[INFO] [stderr]    Compiling setget v0.1.1 (/opt/rustwide/workdir)
[INFO] [stderr]     Finished `test` profile [unoptimized + debuginfo] target(s) in 0.11s
[INFO] running `Command { std: "docker" "inspect" "ee025fb3334fe1b740083369c2361b1576c3a51bc7f255697444fdbf6122830e", kill_on_drop: false }`
[INFO] running `Command { std: "docker" "rm" "-f" "ee025fb3334fe1b740083369c2361b1576c3a51bc7f255697444fdbf6122830e", kill_on_drop: false }`
[INFO] [stdout] ee025fb3334fe1b740083369c2361b1576c3a51bc7f255697444fdbf6122830e
[INFO] running `Command { std: "docker" "create" "-v" "/var/lib/crater-agent-workspace/builds/worker-5-tc2/target:/opt/rustwide/target:rw,Z" "-v" "/var/lib/crater-agent-workspace/builds/worker-5-tc2/source:/opt/rustwide/workdir:ro,Z" "-v" "/var/lib/crater-agent-workspace/cargo-home:/opt/rustwide/cargo-home:ro,Z" "-v" "/var/lib/crater-agent-workspace/rustup-home:/opt/rustwide/rustup-home:ro,Z" "-e" "SOURCE_DIR=/opt/rustwide/workdir" "-e" "CARGO_TARGET_DIR=/opt/rustwide/target" "-e" "CARGO_INCREMENTAL=0" "-e" "RUST_BACKTRACE=full" "-e" "RUSTFLAGS=--cap-lints=forbid -Zrandomize-layout" "-e" "RUSTDOCFLAGS=--cap-lints=forbid" "-e" "CARGO_HOME=/opt/rustwide/cargo-home" "-e" "RUSTUP_HOME=/opt/rustwide/rustup-home" "-w" "/opt/rustwide/workdir" "-m" "1610612736" "--user" "0:0" "--network" "none" "ghcr.io/rust-lang/crates-build-env/linux@sha256:4a844ea9eb2546a2d2c7022eacef16ef2e8229c7fbb2c7d4d55a9ceca922f72d" "/opt/rustwide/cargo-home/bin/cargo" "+nightly-2024-10-28" "test" "--frozen", kill_on_drop: false }`
[INFO] [stdout] c19b7c1487d73d2a4b3f849e3848150b4b26a8f9b963a546688206f6a0e60707
[INFO] running `Command { std: "docker" "start" "-a" "c19b7c1487d73d2a4b3f849e3848150b4b26a8f9b963a546688206f6a0e60707", kill_on_drop: false }`
[INFO] [stderr]     Finished `test` profile [unoptimized + debuginfo] target(s) in 0.00s
[INFO] [stderr]      Running unittests src/lib.rs (/opt/rustwide/target/debug/deps/setget-92a8d7240015f84a)
[INFO] [stdout] 
[INFO] [stdout] running 1 test
[INFO] [stdout] test tests::create_user_test ... ok
[INFO] [stdout] 
[INFO] [stdout] test result: ok. 1 passed; 0 failed; 0 ignored; 0 measured; 0 filtered out; finished in 0.00s
[INFO] [stdout] 
[INFO] [stderr]    Doc-tests setget
[INFO] [stdout] 
[INFO] [stdout] running 5 tests
[INFO] [stdout] test src/user.rs - user::User (line 5) ... FAILED
[INFO] [stdout] test src/lib.rs - create_new_user (line 13) ... FAILED
[INFO] [stdout] test src/user.rs - user::User::new (line 28) ... FAILED
[INFO] [stdout] test src/user.rs - user::User::print (line 39) ... FAILED
[INFO] [stdout] test src/user.rs - user::User::get_name (line 55) ... FAILED
[INFO] [stdout] 
[INFO] [stdout] failures:
[INFO] [stdout] 
[INFO] [stdout] ---- src/user.rs - user::User (line 5) stdout ----
[INFO] [stdout] error[E0433]: failed to resolve: use of undeclared crate or module `my_crate`
[INFO] [stdout]  --> src/user.rs:6:5
[INFO] [stdout]   |
[INFO] [stdout] 3 | use my_crate::user::User;
[INFO] [stdout]   |     ^^^^^^^^ use of undeclared crate or module `my_crate`
[INFO] [stdout] 
[INFO] [stdout] error: aborting due to 1 previous error
[INFO] [stdout] 
[INFO] [stdout] For more information about this error, try `rustc --explain E0433`.
[INFO] [stdout] Couldn't compile the test.
[INFO] [stdout] ---- src/lib.rs - create_new_user (line 13) stdout ----
[INFO] [stdout] error[E0432]: unresolved import `my_crate`
[INFO] [stdout]  --> src/lib.rs:14:5
[INFO] [stdout]   |
[INFO] [stdout] 3 | use my_crate::create_new_user;
[INFO] [stdout]   |     ^^^^^^^^ use of undeclared crate or module `my_crate`
[INFO] [stdout] 
[INFO] [stdout] error: aborting due to 1 previous error
[INFO] [stdout] 
[INFO] [stdout] For more information about this error, try `rustc --explain E0432`.
[INFO] [stdout] Couldn't compile the test.
[INFO] [stdout] ---- src/user.rs - user::User::new (line 28) stdout ----
[INFO] [stdout] error[E0433]: failed to resolve: use of undeclared type `User`
[INFO] [stdout]  --> src/user.rs:29:12
[INFO] [stdout]   |
[INFO] [stdout] 3 | let user = User::new("Alice".to_string(), 30);
[INFO] [stdout]   |            ^^^^ use of undeclared type `User`
[INFO] [stdout]   |
[INFO] [stdout] help: consider importing this struct
[INFO] [stdout]   |
[INFO] [stdout] 2 + use setget::user::User;
[INFO] [stdout]   |
[INFO] [stdout] 
[INFO] [stdout] error: aborting due to 1 previous error
[INFO] [stdout] 
[INFO] [stdout] For more information about this error, try `rustc --explain E0433`.
[INFO] [stdout] Couldn't compile the test.
[INFO] [stdout] ---- src/user.rs - user::User::print (line 39) stdout ----
[INFO] [stdout] error[E0433]: failed to resolve: use of undeclared type `User`
[INFO] [stdout]  --> src/user.rs:40:12
[INFO] [stdout]   |
[INFO] [stdout] 3 | let user = User::new("Alice".to_string(), 30);
[INFO] [stdout]   |            ^^^^ use of undeclared type `User`
[INFO] [stdout]   |
[INFO] [stdout] help: consider importing this struct
[INFO] [stdout]   |
[INFO] [stdout] 2 + use setget::user::User;
[INFO] [stdout]   |
[INFO] [stdout] 
[INFO] [stdout] error: aborting due to 1 previous error
[INFO] [stdout] 
[INFO] [stdout] For more information about this error, try `rustc --explain E0433`.
[INFO] [stdout] Couldn't compile the test.
[INFO] [stdout] ---- src/user.rs - user::User::get_name (line 55) stdout ----
[INFO] [stdout] error[E0433]: failed to resolve: use of undeclared type `User`
[INFO] [stdout]  --> src/user.rs:56:12
[INFO] [stdout]   |
[INFO] [stdout] 3 | let user = User::new("Alice".to_string(), 30);
[INFO] [stdout]   |            ^^^^ use of undeclared type `User`
[INFO] [stdout]   |
[INFO] [stdout] help: consider importing this struct
[INFO] [stdout]   |
[INFO] [stdout] 2 + use setget::user::User;
[INFO] [stdout]   |
[INFO] [stdout] 
[INFO] [stdout] error: aborting due to 1 previous error
[INFO] [stdout] 
[INFO] [stdout] For more information about this error, try `rustc --explain E0433`.
[INFO] [stdout] Couldn't compile the test.
[INFO] [stdout] 
[INFO] [stdout] failures:
[INFO] [stdout]     src/lib.rs - create_new_user (line 13)
[INFO] [stdout]     src/user.rs - user::User (line 5)
[INFO] [stdout]     src/user.rs - user::User::get_name (line 55)
[INFO] [stdout]     src/user.rs - user::User::new (line 28)
[INFO] [stdout]     src/user.rs - user::User::print (line 39)
[INFO] [stdout] 
[INFO] [stdout] test result: FAILED. 0 passed; 5 failed; 0 ignored; 0 measured; 0 filtered out; finished in 0.05s
[INFO] [stdout] 
[INFO] [stderr] error: doctest failed, to rerun pass `--doc`
[INFO] running `Command { std: "docker" "inspect" "c19b7c1487d73d2a4b3f849e3848150b4b26a8f9b963a546688206f6a0e60707", kill_on_drop: false }`
[INFO] running `Command { std: "docker" "rm" "-f" "c19b7c1487d73d2a4b3f849e3848150b4b26a8f9b963a546688206f6a0e60707", kill_on_drop: false }`
[INFO] [stdout] c19b7c1487d73d2a4b3f849e3848150b4b26a8f9b963a546688206f6a0e60707
