[INFO] fetching crate seshat-unicode 0.3.1...
[INFO] testing seshat-unicode-0.3.1 against nightly-2024-10-28+rustflags=-Zrandomize-layout for randomize-layout
[INFO] extracting crate seshat-unicode 0.3.1 into /workspace/builds/worker-2-tc2/source
[INFO] validating manifest of crates.io crate seshat-unicode 0.3.1 on toolchain nightly-2024-10-28
[INFO] running `Command { std: CARGO_HOME="/workspace/cargo-home" RUSTUP_HOME="/workspace/rustup-home" "/workspace/cargo-home/bin/cargo" "+nightly-2024-10-28" "metadata" "--manifest-path" "Cargo.toml" "--no-deps", kill_on_drop: false }`
[INFO] started tweaking crates.io crate seshat-unicode 0.3.1
[INFO] finished tweaking crates.io crate seshat-unicode 0.3.1
[INFO] tweaked toml for crates.io crate seshat-unicode 0.3.1 written to /workspace/builds/worker-2-tc2/source/Cargo.toml
[INFO] running `Command { std: CARGO_HOME="/workspace/cargo-home" RUSTUP_HOME="/workspace/rustup-home" "/workspace/cargo-home/bin/cargo" "+nightly-2024-10-28" "generate-lockfile" "--manifest-path" "Cargo.toml", kill_on_drop: false }`
[INFO] [stderr]     Updating crates.io index
[INFO] [stderr]      Locking 9 packages to latest compatible versions
[INFO] [stderr]       Adding num v0.3.1 (available: v0.4.3)
[INFO] running `Command { std: CARGO_HOME="/workspace/cargo-home" RUSTUP_HOME="/workspace/rustup-home" "/workspace/cargo-home/bin/cargo" "+nightly-2024-10-28" "fetch" "--manifest-path" "Cargo.toml", kill_on_drop: false }`
[INFO] running `Command { std: "docker" "create" "-v" "/var/lib/crater-agent-workspace/builds/worker-2-tc2/target:/opt/rustwide/target:rw,Z" "-v" "/var/lib/crater-agent-workspace/builds/worker-2-tc2/source:/opt/rustwide/workdir:ro,Z" "-v" "/var/lib/crater-agent-workspace/cargo-home:/opt/rustwide/cargo-home:ro,Z" "-v" "/var/lib/crater-agent-workspace/rustup-home:/opt/rustwide/rustup-home:ro,Z" "-e" "SOURCE_DIR=/opt/rustwide/workdir" "-e" "CARGO_TARGET_DIR=/opt/rustwide/target" "-e" "CARGO_HOME=/opt/rustwide/cargo-home" "-e" "RUSTUP_HOME=/opt/rustwide/rustup-home" "-w" "/opt/rustwide/workdir" "-m" "1610612736" "--user" "0:0" "--network" "none" "ghcr.io/rust-lang/crates-build-env/linux@sha256:4a844ea9eb2546a2d2c7022eacef16ef2e8229c7fbb2c7d4d55a9ceca922f72d" "/opt/rustwide/cargo-home/bin/cargo" "+nightly-2024-10-28" "metadata" "--no-deps" "--format-version=1", kill_on_drop: false }`
[INFO] [stdout] 56c567dca1fd145f31e4ca771394f83e794650617ebdf53b809f84700584dee7
[INFO] running `Command { std: "docker" "start" "-a" "56c567dca1fd145f31e4ca771394f83e794650617ebdf53b809f84700584dee7", kill_on_drop: false }`
[INFO] running `Command { std: "docker" "inspect" "56c567dca1fd145f31e4ca771394f83e794650617ebdf53b809f84700584dee7", kill_on_drop: false }`
[INFO] running `Command { std: "docker" "rm" "-f" "56c567dca1fd145f31e4ca771394f83e794650617ebdf53b809f84700584dee7", kill_on_drop: false }`
[INFO] [stdout] 56c567dca1fd145f31e4ca771394f83e794650617ebdf53b809f84700584dee7
[INFO] running `Command { std: "docker" "create" "-v" "/var/lib/crater-agent-workspace/builds/worker-2-tc2/target:/opt/rustwide/target:rw,Z" "-v" "/var/lib/crater-agent-workspace/builds/worker-2-tc2/source:/opt/rustwide/workdir:ro,Z" "-v" "/var/lib/crater-agent-workspace/cargo-home:/opt/rustwide/cargo-home:ro,Z" "-v" "/var/lib/crater-agent-workspace/rustup-home:/opt/rustwide/rustup-home:ro,Z" "-e" "SOURCE_DIR=/opt/rustwide/workdir" "-e" "CARGO_TARGET_DIR=/opt/rustwide/target" "-e" "CARGO_INCREMENTAL=0" "-e" "RUST_BACKTRACE=full" "-e" "RUSTFLAGS=--cap-lints=forbid -Zrandomize-layout" "-e" "RUSTDOCFLAGS=--cap-lints=forbid" "-e" "CARGO_HOME=/opt/rustwide/cargo-home" "-e" "RUSTUP_HOME=/opt/rustwide/rustup-home" "-w" "/opt/rustwide/workdir" "-m" "1610612736" "--user" "0:0" "--network" "none" "ghcr.io/rust-lang/crates-build-env/linux@sha256:4a844ea9eb2546a2d2c7022eacef16ef2e8229c7fbb2c7d4d55a9ceca922f72d" "/opt/rustwide/cargo-home/bin/cargo" "+nightly-2024-10-28" "build" "--frozen" "--message-format=json", kill_on_drop: false }`
[INFO] [stdout] da7cd382159f1be9ccca9e572b0e5e1071cfe2c781f477a4ad82835bef0ba261
[INFO] running `Command { std: "docker" "start" "-a" "da7cd382159f1be9ccca9e572b0e5e1071cfe2c781f477a4ad82835bef0ba261", kill_on_drop: false }`
[INFO] [stderr]    Compiling autocfg v1.4.0
[INFO] [stderr]    Compiling num-traits v0.2.19
[INFO] [stderr]    Compiling num-bigint v0.3.3
[INFO] [stderr]    Compiling num-rational v0.3.2
[INFO] [stderr]    Compiling num-integer v0.1.46
[INFO] [stderr]    Compiling num-complex v0.3.1
[INFO] [stderr]    Compiling num-iter v0.1.45
[INFO] [stderr]    Compiling num v0.3.1
[INFO] [stderr]    Compiling seshat-unicode v0.3.1 (/opt/rustwide/workdir)
[INFO] [stdout] warning: function `idsu` is never used
[INFO] [stdout]     --> src/unicode/ucd/binary_props.rs:3779:15
[INFO] [stdout]      |
[INFO] [stdout] 3779 | pub(crate) fn idsu(cp: u32) -> bool {
[INFO] [stdout]      |               ^^^^
[INFO] [stdout]      |
[INFO] [stdout]      = note: `#[warn(dead_code)]` on by default
[INFO] [stdout] 
[INFO] [stdout] 
[INFO] [stdout] warning: function `id_compat_math_continue` is never used
[INFO] [stdout]     --> src/unicode/ucd/binary_props.rs:4103:15
[INFO] [stdout]      |
[INFO] [stdout] 4103 | pub(crate) fn id_compat_math_continue(cp: u32) -> bool {
[INFO] [stdout]      |               ^^^^^^^^^^^^^^^^^^^^^^^
[INFO] [stdout] 
[INFO] [stdout] 
[INFO] [stdout] warning: function `id_compat_math_start` is never used
[INFO] [stdout]     --> src/unicode/ucd/binary_props.rs:4180:15
[INFO] [stdout]      |
[INFO] [stdout] 4180 | pub(crate) fn id_compat_math_start(cp: u32) -> bool {
[INFO] [stdout]      |               ^^^^^^^^^^^^^^^^^^^^
[INFO] [stdout] 
[INFO] [stdout] 
[INFO] [stdout] warning: function `mcm` is never used
[INFO] [stdout]     --> src/unicode/ucd/binary_props.rs:5343:15
[INFO] [stdout]      |
[INFO] [stdout] 5343 | pub(crate) fn mcm(cp: u32) -> bool {
[INFO] [stdout]      |               ^^^
[INFO] [stdout] 
[INFO] [stdout] 
[INFO] [stderr]     Finished `dev` profile [unoptimized + debuginfo] target(s) in 6.26s
[INFO] running `Command { std: "docker" "inspect" "da7cd382159f1be9ccca9e572b0e5e1071cfe2c781f477a4ad82835bef0ba261", kill_on_drop: false }`
[INFO] running `Command { std: "docker" "rm" "-f" "da7cd382159f1be9ccca9e572b0e5e1071cfe2c781f477a4ad82835bef0ba261", kill_on_drop: false }`
[INFO] [stdout] da7cd382159f1be9ccca9e572b0e5e1071cfe2c781f477a4ad82835bef0ba261
[INFO] running `Command { std: "docker" "create" "-v" "/var/lib/crater-agent-workspace/builds/worker-2-tc2/target:/opt/rustwide/target:rw,Z" "-v" "/var/lib/crater-agent-workspace/builds/worker-2-tc2/source:/opt/rustwide/workdir:ro,Z" "-v" "/var/lib/crater-agent-workspace/cargo-home:/opt/rustwide/cargo-home:ro,Z" "-v" "/var/lib/crater-agent-workspace/rustup-home:/opt/rustwide/rustup-home:ro,Z" "-e" "SOURCE_DIR=/opt/rustwide/workdir" "-e" "CARGO_TARGET_DIR=/opt/rustwide/target" "-e" "CARGO_INCREMENTAL=0" "-e" "RUST_BACKTRACE=full" "-e" "RUSTFLAGS=--cap-lints=forbid -Zrandomize-layout" "-e" "RUSTDOCFLAGS=--cap-lints=forbid" "-e" "CARGO_HOME=/opt/rustwide/cargo-home" "-e" "RUSTUP_HOME=/opt/rustwide/rustup-home" "-w" "/opt/rustwide/workdir" "-m" "1610612736" "--user" "0:0" "--network" "none" "ghcr.io/rust-lang/crates-build-env/linux@sha256:4a844ea9eb2546a2d2c7022eacef16ef2e8229c7fbb2c7d4d55a9ceca922f72d" "/opt/rustwide/cargo-home/bin/cargo" "+nightly-2024-10-28" "test" "--frozen" "--no-run" "--message-format=json", kill_on_drop: false }`
[INFO] [stdout] 489c98b4610bba7d416e978788e9d9de9852c922c292d498a76031bce7de3f8b
[INFO] running `Command { std: "docker" "start" "-a" "489c98b4610bba7d416e978788e9d9de9852c922c292d498a76031bce7de3f8b", kill_on_drop: false }`
[INFO] [stderr]    Compiling xml-rs v0.8.22
[INFO] [stdout] warning: function `idsu` is never used
[INFO] [stdout]     --> src/unicode/ucd/binary_props.rs:3779:15
[INFO] [stdout]      |
[INFO] [stdout] 3779 | pub(crate) fn idsu(cp: u32) -> bool {
[INFO] [stdout]      |               ^^^^
[INFO] [stdout]      |
[INFO] [stdout]      = note: `#[warn(dead_code)]` on by default
[INFO] [stdout] 
[INFO] [stdout] 
[INFO] [stdout] warning: function `id_compat_math_continue` is never used
[INFO] [stdout]     --> src/unicode/ucd/binary_props.rs:4103:15
[INFO] [stdout]      |
[INFO] [stdout] 4103 | pub(crate) fn id_compat_math_continue(cp: u32) -> bool {
[INFO] [stdout]      |               ^^^^^^^^^^^^^^^^^^^^^^^
[INFO] [stdout] 
[INFO] [stdout] 
[INFO] [stdout] warning: function `id_compat_math_start` is never used
[INFO] [stdout]     --> src/unicode/ucd/binary_props.rs:4180:15
[INFO] [stdout]      |
[INFO] [stdout] 4180 | pub(crate) fn id_compat_math_start(cp: u32) -> bool {
[INFO] [stdout]      |               ^^^^^^^^^^^^^^^^^^^^
[INFO] [stdout] 
[INFO] [stdout] 
[INFO] [stdout] warning: function `mcm` is never used
[INFO] [stdout]     --> src/unicode/ucd/binary_props.rs:5343:15
[INFO] [stdout]      |
[INFO] [stdout] 5343 | pub(crate) fn mcm(cp: u32) -> bool {
[INFO] [stdout]      |               ^^^
[INFO] [stdout] 
[INFO] [stdout] 
[INFO] [stderr]    Compiling seshat-unicode v0.3.1 (/opt/rustwide/workdir)
[INFO] [stdout] warning: function `idsu` is never used
[INFO] [stdout]     --> src/unicode/ucd/binary_props.rs:3779:15
[INFO] [stdout]      |
[INFO] [stdout] 3779 | pub(crate) fn idsu(cp: u32) -> bool {
[INFO] [stdout]      |               ^^^^
[INFO] [stdout]      |
[INFO] [stdout]      = note: `#[warn(dead_code)]` on by default
[INFO] [stdout] 
[INFO] [stdout] 
[INFO] [stdout] warning: function `id_compat_math_continue` is never used
[INFO] [stdout]     --> src/unicode/ucd/binary_props.rs:4103:15
[INFO] [stdout]      |
[INFO] [stdout] 4103 | pub(crate) fn id_compat_math_continue(cp: u32) -> bool {
[INFO] [stdout]      |               ^^^^^^^^^^^^^^^^^^^^^^^
[INFO] [stdout] 
[INFO] [stdout] 
[INFO] [stdout] warning: function `id_compat_math_start` is never used
[INFO] [stdout]     --> src/unicode/ucd/binary_props.rs:4180:15
[INFO] [stdout]      |
[INFO] [stdout] 4180 | pub(crate) fn id_compat_math_start(cp: u32) -> bool {
[INFO] [stdout]      |               ^^^^^^^^^^^^^^^^^^^^
[INFO] [stdout] 
[INFO] [stdout] 
[INFO] [stdout] warning: function `mcm` is never used
[INFO] [stdout]     --> src/unicode/ucd/binary_props.rs:5343:15
[INFO] [stdout]      |
[INFO] [stdout] 5343 | pub(crate) fn mcm(cp: u32) -> bool {
[INFO] [stdout]      |               ^^^
[INFO] [stdout] 
[INFO] [stdout] 
[INFO] [stderr]     Finished `test` profile [unoptimized + debuginfo] target(s) in 4.63s
[INFO] running `Command { std: "docker" "inspect" "489c98b4610bba7d416e978788e9d9de9852c922c292d498a76031bce7de3f8b", kill_on_drop: false }`
[INFO] running `Command { std: "docker" "rm" "-f" "489c98b4610bba7d416e978788e9d9de9852c922c292d498a76031bce7de3f8b", kill_on_drop: false }`
[INFO] [stdout] 489c98b4610bba7d416e978788e9d9de9852c922c292d498a76031bce7de3f8b
[INFO] running `Command { std: "docker" "create" "-v" "/var/lib/crater-agent-workspace/builds/worker-2-tc2/target:/opt/rustwide/target:rw,Z" "-v" "/var/lib/crater-agent-workspace/builds/worker-2-tc2/source:/opt/rustwide/workdir:ro,Z" "-v" "/var/lib/crater-agent-workspace/cargo-home:/opt/rustwide/cargo-home:ro,Z" "-v" "/var/lib/crater-agent-workspace/rustup-home:/opt/rustwide/rustup-home:ro,Z" "-e" "SOURCE_DIR=/opt/rustwide/workdir" "-e" "CARGO_TARGET_DIR=/opt/rustwide/target" "-e" "CARGO_INCREMENTAL=0" "-e" "RUST_BACKTRACE=full" "-e" "RUSTFLAGS=--cap-lints=forbid -Zrandomize-layout" "-e" "RUSTDOCFLAGS=--cap-lints=forbid" "-e" "CARGO_HOME=/opt/rustwide/cargo-home" "-e" "RUSTUP_HOME=/opt/rustwide/rustup-home" "-w" "/opt/rustwide/workdir" "-m" "1610612736" "--user" "0:0" "--network" "none" "ghcr.io/rust-lang/crates-build-env/linux@sha256:4a844ea9eb2546a2d2c7022eacef16ef2e8229c7fbb2c7d4d55a9ceca922f72d" "/opt/rustwide/cargo-home/bin/cargo" "+nightly-2024-10-28" "test" "--frozen", kill_on_drop: false }`
[INFO] [stdout] 5013d357c7b5d8386a4d3cbbd5c3ea41aa182ce6f30b05105bf3d34c169a46e3
[INFO] running `Command { std: "docker" "start" "-a" "5013d357c7b5d8386a4d3cbbd5c3ea41aa182ce6f30b05105bf3d34c169a46e3", kill_on_drop: false }`
[INFO] [stderr] warning: function `idsu` is never used
[INFO] [stderr]     --> src/unicode/ucd/binary_props.rs:3779:15
[INFO] [stderr]      |
[INFO] [stderr] 3779 | pub(crate) fn idsu(cp: u32) -> bool {
[INFO] [stderr]      |               ^^^^
[INFO] [stderr]      |
[INFO] [stderr]      = note: `#[warn(dead_code)]` on by default
[INFO] [stderr] 
[INFO] [stderr] warning: function `id_compat_math_continue` is never used
[INFO] [stderr]     --> src/unicode/ucd/binary_props.rs:4103:15
[INFO] [stderr]      |
[INFO] [stderr] 4103 | pub(crate) fn id_compat_math_continue(cp: u32) -> bool {
[INFO] [stderr]      |               ^^^^^^^^^^^^^^^^^^^^^^^
[INFO] [stderr] 
[INFO] [stderr] warning: function `id_compat_math_start` is never used
[INFO] [stderr]     --> src/unicode/ucd/binary_props.rs:4180:15
[INFO] [stderr]      |
[INFO] [stderr] 4180 | pub(crate) fn id_compat_math_start(cp: u32) -> bool {
[INFO] [stderr]      |               ^^^^^^^^^^^^^^^^^^^^
[INFO] [stderr] 
[INFO] [stderr] warning: function `mcm` is never used
[INFO] [stderr]     --> src/unicode/ucd/binary_props.rs:5343:15
[INFO] [stderr]      |
[INFO] [stderr] 5343 | pub(crate) fn mcm(cp: u32) -> bool {
[INFO] [stderr]      |               ^^^
[INFO] [stderr] 
[INFO] [stderr] warning: `seshat-unicode` (lib) generated 4 warnings
[INFO] [stderr] warning: `seshat-unicode` (lib test) generated 4 warnings (4 duplicates)
[INFO] [stderr]     Finished `test` profile [unoptimized + debuginfo] target(s) in 0.01s
[INFO] [stderr]      Running unittests src/lib.rs (/opt/rustwide/target/debug/deps/seshat-4b79a24cccdeb32e)
[INFO] [stdout] 
[INFO] [stdout] running 12 tests
[INFO] [stdout] test tests::code_point_na ... ok
[INFO] [stdout] test tests::code_point_to_string ... ok
[INFO] [stdout] test tests::code_point_gc ... ok
[INFO] [stdout] test tests::str_nfd ... ok
[INFO] [stdout] test tests::test_nfc ... ok
[INFO] [stdout] test tests::test_non_starter_decomposition ... ok
[INFO] [stdout] test tests::test_rdm ... ok
[INFO] [stdout] test tests::test_singleton ... ok
[INFO] [stdout] test tests::test_starter ... ok
[INFO] [stdout] test tests::version_check ... ok
[INFO] [stdout] test unicode::normalization::tests::test_blocked ... ok
[INFO] [stdout] test unicode::normalization::tests::test_canonical_ordering ... ok
[INFO] [stdout] 
[INFO] [stdout] test result: ok. 12 passed; 0 failed; 0 ignored; 0 measured; 0 filtered out; finished in 0.00s
[INFO] [stdout] 
[INFO] [stderr]      Running tests/grapheme_break_test.rs (/opt/rustwide/target/debug/deps/grapheme_break_test-373eaed586dbce5d)
[INFO] [stdout] 
[INFO] [stdout] running 1 test
[INFO] [stdout] test validate_grapheme_break ... ok
[INFO] [stdout] 
[INFO] [stdout] test result: ok. 1 passed; 0 failed; 0 ignored; 0 measured; 0 filtered out; finished in 0.00s
[INFO] [stdout] 
[INFO] [stderr]      Running tests/grapheme_break_test_cases.rs (/opt/rustwide/target/debug/deps/grapheme_break_test_cases-fa3f1c1a7de63023)
[INFO] [stdout] 
[INFO] [stdout] running 0 tests
[INFO] [stdout] 
[INFO] [stdout] test result: ok. 0 passed; 0 failed; 0 ignored; 0 measured; 0 filtered out; finished in 0.00s
[INFO] [stdout] 
[INFO] [stderr]      Running tests/normalization_test.rs (/opt/rustwide/target/debug/deps/normalization_test-3040ed5e02e26cac)
[INFO] [stdout] 
[INFO] [stdout] running 1 test
[INFO] [stdout] test validate_normalizations ... ok
[INFO] [stdout] 
[INFO] [stdout] test result: ok. 1 passed; 0 failed; 0 ignored; 0 measured; 0 filtered out; finished in 2.20s
[INFO] [stdout] 
[INFO] [stderr]      Running tests/normalization_test_cases.rs (/opt/rustwide/target/debug/deps/normalization_test_cases-b73cd518ff9b3d81)
[INFO] [stdout] 
[INFO] [stdout] running 0 tests
[INFO] [stdout] 
[INFO] [stdout] test result: ok. 0 passed; 0 failed; 0 ignored; 0 measured; 0 filtered out; finished in 0.00s
[INFO] [stdout] 
[INFO] [stderr]      Running tests/properties_test.rs (/opt/rustwide/target/debug/deps/properties_test-bc651d94c0ba20fb)
[INFO] [stdout] 
[INFO] [stdout] running 1 test
[INFO] [stdout] test validate_properties ... FAILED
[INFO] [stdout] 
[INFO] [stdout] failures:
[INFO] [stdout] 
[INFO] [stdout] ---- validate_properties stdout ----
[INFO] [stdout] thread 'validate_properties' panicked at tests/properties_test.rs:361:19:
[INFO] [stdout] File not exists!
[INFO] [stdout] stack backtrace:
[INFO] [stdout]    0:     0x645f8afaee0a - std::backtrace_rs::backtrace::libunwind::trace::h207520d6e9873551
[INFO] [stdout]                                at /rustc/df4ca44d3fbc9301ee17f30f4d474e6ae4b05252/library/std/src/../../backtrace/src/backtrace/libunwind.rs:116:5
[INFO] [stdout]    1:     0x645f8afaee0a - std::backtrace_rs::backtrace::trace_unsynchronized::h2ed7433f370e3eca
[INFO] [stdout]                                at /rustc/df4ca44d3fbc9301ee17f30f4d474e6ae4b05252/library/std/src/../../backtrace/src/backtrace/mod.rs:66:5
[INFO] [stdout]    2:     0x645f8afaee0a - std::sys::backtrace::_print_fmt::h916fac51166b18d7
[INFO] [stdout]                                at /rustc/df4ca44d3fbc9301ee17f30f4d474e6ae4b05252/library/std/src/sys/backtrace.rs:66:9
[INFO] [stdout]    3:     0x645f8afaee0a - <std::sys::backtrace::BacktraceLock::print::DisplayBacktrace as core::fmt::Display>::fmt::ha0a4c9b8ce3802e6
[INFO] [stdout]                                at /rustc/df4ca44d3fbc9301ee17f30f4d474e6ae4b05252/library/std/src/sys/backtrace.rs:39:26
[INFO] [stdout]    4:     0x645f8afd64d3 - core::fmt::rt::Argument::fmt::h4cfc8587d52b3eb5
[INFO] [stdout]                                at /rustc/df4ca44d3fbc9301ee17f30f4d474e6ae4b05252/library/core/src/fmt/rt.rs:177:76
[INFO] [stdout]    5:     0x645f8afd64d3 - core::fmt::write::h522cc39e5b36ae9f
[INFO] [stdout]                                at /rustc/df4ca44d3fbc9301ee17f30f4d474e6ae4b05252/library/core/src/fmt/mod.rs:1190:21
[INFO] [stdout]    6:     0x645f8afaba73 - std::io::Write::write_fmt::h7d3c26752da97734
[INFO] [stdout]                                at /rustc/df4ca44d3fbc9301ee17f30f4d474e6ae4b05252/library/std/src/io/mod.rs:1839:15
[INFO] [stdout]    7:     0x645f8afaec52 - std::sys::backtrace::BacktraceLock::print::h4b9e00b29e9c0942
[INFO] [stdout]                                at /rustc/df4ca44d3fbc9301ee17f30f4d474e6ae4b05252/library/std/src/sys/backtrace.rs:42:9
[INFO] [stdout]    8:     0x645f8afb029a - std::panicking::default_hook::{{closure}}::hb59b88280d0324d9
[INFO] [stdout]                                at /rustc/df4ca44d3fbc9301ee17f30f4d474e6ae4b05252/library/std/src/panicking.rs:268:22
[INFO] [stdout]    9:     0x645f8afb00a4 - std::panicking::default_hook::he1dd496665be4a29
[INFO] [stdout]                                at /rustc/df4ca44d3fbc9301ee17f30f4d474e6ae4b05252/library/std/src/panicking.rs:292:9
[INFO] [stdout]   10:     0x645f8af07c79 - <alloc::boxed::Box<F,A> as core::ops::function::Fn<Args>>::call::h4ff71de18744e1dc
[INFO] [stdout]                                at /rustc/df4ca44d3fbc9301ee17f30f4d474e6ae4b05252/library/alloc/src/boxed.rs:2468:9
[INFO] [stdout]   11:     0x645f8af07c79 - test::test_main::{{closure}}::hcf7c055ce117aa81
[INFO] [stdout]                                at /rustc/df4ca44d3fbc9301ee17f30f4d474e6ae4b05252/library/test/src/lib.rs:133:21
[INFO] [stdout]   12:     0x645f8afb0998 - <alloc::boxed::Box<F,A> as core::ops::function::Fn<Args>>::call::h1d66c6bbd60c9692
[INFO] [stdout]                                at /rustc/df4ca44d3fbc9301ee17f30f4d474e6ae4b05252/library/alloc/src/boxed.rs:2468:9
[INFO] [stdout]   13:     0x645f8afb0998 - std::panicking::rust_panic_with_hook::h2ff17fe8f26dfcf8
[INFO] [stdout]                                at /rustc/df4ca44d3fbc9301ee17f30f4d474e6ae4b05252/library/std/src/panicking.rs:809:13
[INFO] [stdout]   14:     0x645f8af835ca - std::panicking::begin_panic::{{closure}}::he16d5a383486b5d6
[INFO] [stdout]                                at /rustc/df4ca44d3fbc9301ee17f30f4d474e6ae4b05252/library/std/src/panicking.rs:738:9
[INFO] [stdout]   15:     0x645f8af8353a - std::sys::backtrace::__rust_end_short_backtrace::ha388ba680efd1008
[INFO] [stdout]                                at /rustc/df4ca44d3fbc9301ee17f30f4d474e6ae4b05252/library/std/src/sys/backtrace.rs:170:18
[INFO] [stdout]   16:     0x645f8af83573 - std::panicking::begin_panic::ha47cfe286a708e27
[INFO] [stdout]                                at /rustc/df4ca44d3fbc9301ee17f30f4d474e6ae4b05252/library/std/src/panicking.rs:737:5
[INFO] [stdout]   17:     0x645f8aec21a4 - properties_test::validate_properties::h30772d96f48dbe62
[INFO] [stdout]                                at /opt/rustwide/workdir/tests/properties_test.rs:361:19
[INFO] [stdout]   18:     0x645f8aec20d7 - properties_test::validate_properties::{{closure}}::he78670e99a132955
[INFO] [stdout]                                at /opt/rustwide/workdir/tests/properties_test.rs:358:25
[INFO] [stdout]   19:     0x645f8aebb886 - core::ops::function::FnOnce::call_once::ha609732a49530369
[INFO] [stdout]                                at /rustc/df4ca44d3fbc9301ee17f30f4d474e6ae4b05252/library/core/src/ops/function.rs:250:5
[INFO] [stdout]   20:     0x645f8af0c54b - core::ops::function::FnOnce::call_once::h22c3ba5715e93f05
[INFO] [stdout]                                at /rustc/df4ca44d3fbc9301ee17f30f4d474e6ae4b05252/library/core/src/ops/function.rs:250:5
[INFO] [stdout]   21:     0x645f8af0c54b - test::__rust_begin_short_backtrace::h8e82d8113d0da17f
[INFO] [stdout]                                at /rustc/df4ca44d3fbc9301ee17f30f4d474e6ae4b05252/library/test/src/lib.rs:621:18
[INFO] [stdout]   22:     0x645f8af0bec7 - test::run_test_in_process::{{closure}}::h33235f4f20b7b7c7
[INFO] [stdout]                                at /rustc/df4ca44d3fbc9301ee17f30f4d474e6ae4b05252/library/test/src/lib.rs:644:60
[INFO] [stdout]   23:     0x645f8af0bec7 - <core::panic::unwind_safe::AssertUnwindSafe<F> as core::ops::function::FnOnce<()>>::call_once::hb5043206310c586f
[INFO] [stdout]                                at /rustc/df4ca44d3fbc9301ee17f30f4d474e6ae4b05252/library/core/src/panic/unwind_safe.rs:272:9
[INFO] [stdout]   24:     0x645f8af0bec7 - std::panicking::try::do_call::h9ad4731a60ab23e2
[INFO] [stdout]                                at /rustc/df4ca44d3fbc9301ee17f30f4d474e6ae4b05252/library/std/src/panicking.rs:557:40
[INFO] [stdout]   25:     0x645f8af0bec7 - std::panicking::try::h3824d23db772a716
[INFO] [stdout]                                at /rustc/df4ca44d3fbc9301ee17f30f4d474e6ae4b05252/library/std/src/panicking.rs:520:19
[INFO] [stdout]   26:     0x645f8af0bec7 - std::panic::catch_unwind::h5afd514605fde46b
[INFO] [stdout]                                at /rustc/df4ca44d3fbc9301ee17f30f4d474e6ae4b05252/library/std/src/panic.rs:358:14
[INFO] [stdout]   27:     0x645f8af0bec7 - test::run_test_in_process::h0d5cbfa7067d1720
[INFO] [stdout]                                at /rustc/df4ca44d3fbc9301ee17f30f4d474e6ae4b05252/library/test/src/lib.rs:644:27
[INFO] [stdout]   28:     0x645f8af0bec7 - test::run_test::{{closure}}::h708eb8872708115d
[INFO] [stdout]                                at /rustc/df4ca44d3fbc9301ee17f30f4d474e6ae4b05252/library/test/src/lib.rs:565:43
[INFO] [stdout]   29:     0x645f8aecf5e4 - test::run_test::{{closure}}::h392c51cee94713ab
[INFO] [stdout]                                at /rustc/df4ca44d3fbc9301ee17f30f4d474e6ae4b05252/library/test/src/lib.rs:595:41
[INFO] [stdout]   30:     0x645f8aecf5e4 - std::sys::backtrace::__rust_begin_short_backtrace::h2f40290710935a8b
[INFO] [stdout]                                at /rustc/df4ca44d3fbc9301ee17f30f4d474e6ae4b05252/library/std/src/sys/backtrace.rs:154:18
[INFO] [stdout]   31:     0x645f8aed2d8e - std::thread::Builder::spawn_unchecked_::{{closure}}::{{closure}}::h3fd968d89053a903
[INFO] [stdout]                                at /rustc/df4ca44d3fbc9301ee17f30f4d474e6ae4b05252/library/std/src/thread/mod.rs:541:17
[INFO] [stdout]   32:     0x645f8aed2d8e - <core::panic::unwind_safe::AssertUnwindSafe<F> as core::ops::function::FnOnce<()>>::call_once::h743f637ba4229880
[INFO] [stdout]                                at /rustc/df4ca44d3fbc9301ee17f30f4d474e6ae4b05252/library/core/src/panic/unwind_safe.rs:272:9
[INFO] [stdout]   33:     0x645f8aed2d8e - std::panicking::try::do_call::h07440897322525a6
[INFO] [stdout]                                at /rustc/df4ca44d3fbc9301ee17f30f4d474e6ae4b05252/library/std/src/panicking.rs:557:40
[INFO] [stdout]   34:     0x645f8aed2d8e - std::panicking::try::he5a2e00188156637
[INFO] [stdout]                                at /rustc/df4ca44d3fbc9301ee17f30f4d474e6ae4b05252/library/std/src/panicking.rs:520:19
[INFO] [stdout]   35:     0x645f8aed2d8e - std::panic::catch_unwind::hbaf3cae49b3c6433
[INFO] [stdout]                                at /rustc/df4ca44d3fbc9301ee17f30f4d474e6ae4b05252/library/std/src/panic.rs:358:14
[INFO] [stdout]   36:     0x645f8aed2d8e - std::thread::Builder::spawn_unchecked_::{{closure}}::h8e141ea224820bce
[INFO] [stdout]                                at /rustc/df4ca44d3fbc9301ee17f30f4d474e6ae4b05252/library/std/src/thread/mod.rs:540:30
[INFO] [stdout]   37:     0x645f8aed2d8e - core::ops::function::FnOnce::call_once{{vtable.shim}}::h90d312fedd7b8ea8
[INFO] [stdout]                                at /rustc/df4ca44d3fbc9301ee17f30f4d474e6ae4b05252/library/core/src/ops/function.rs:250:5
[INFO] [stdout]   38:     0x645f8afb479b - <alloc::boxed::Box<F,A> as core::ops::function::FnOnce<Args>>::call_once::h69aa08ddb6adb8b6
[INFO] [stdout]                                at /rustc/df4ca44d3fbc9301ee17f30f4d474e6ae4b05252/library/alloc/src/boxed.rs:2454:9
[INFO] [stdout]   39:     0x645f8afb479b - <alloc::boxed::Box<F,A> as core::ops::function::FnOnce<Args>>::call_once::h5aa36efdb79c806f
[INFO] [stdout]                                at /rustc/df4ca44d3fbc9301ee17f30f4d474e6ae4b05252/library/alloc/src/boxed.rs:2454:9
[INFO] [stdout]   40:     0x645f8afb479b - std::sys::pal::unix::thread::Thread::new::thread_start::h6cd80a1b4be5158d
[INFO] [stdout]                                at /rustc/df4ca44d3fbc9301ee17f30f4d474e6ae4b05252/library/std/src/sys/pal/unix/thread.rs:105:17
[INFO] [stdout]   41:     0x764f620b4ac3 - <unknown>
[INFO] [stdout]   42:     0x764f62145a04 - clone
[INFO] [stdout]   43:                0x0 - <unknown>
[INFO] [stdout] 
[INFO] [stdout] 
[INFO] [stdout] failures:
[INFO] [stdout]     validate_properties
[INFO] [stdout] 
[INFO] [stdout] test result: FAILED. 0 passed; 1 failed; 0 ignored; 0 measured; 0 filtered out; finished in 0.01s
[INFO] [stdout] 
[INFO] [stderr] error: test failed, to rerun pass `--test properties_test`
[INFO] running `Command { std: "docker" "inspect" "5013d357c7b5d8386a4d3cbbd5c3ea41aa182ce6f30b05105bf3d34c169a46e3", kill_on_drop: false }`
[INFO] running `Command { std: "docker" "rm" "-f" "5013d357c7b5d8386a4d3cbbd5c3ea41aa182ce6f30b05105bf3d34c169a46e3", kill_on_drop: false }`
[INFO] [stdout] 5013d357c7b5d8386a4d3cbbd5c3ea41aa182ce6f30b05105bf3d34c169a46e3
