[INFO] fetching crate serverforge 0.1.3...
[INFO] testing serverforge-0.1.3 against nightly-2024-10-28+rustflags=-Zrandomize-layout for randomize-layout
[INFO] extracting crate serverforge 0.1.3 into /workspace/builds/worker-2-tc2/source
[INFO] validating manifest of crates.io crate serverforge 0.1.3 on toolchain nightly-2024-10-28
[INFO] running `Command { std: CARGO_HOME="/workspace/cargo-home" RUSTUP_HOME="/workspace/rustup-home" "/workspace/cargo-home/bin/cargo" "+nightly-2024-10-28" "metadata" "--manifest-path" "Cargo.toml" "--no-deps", kill_on_drop: false }`
[INFO] started tweaking crates.io crate serverforge 0.1.3
[INFO] finished tweaking crates.io crate serverforge 0.1.3
[INFO] tweaked toml for crates.io crate serverforge 0.1.3 written to /workspace/builds/worker-2-tc2/source/Cargo.toml
[INFO] crate crates.io crate serverforge 0.1.3 already has a lockfile, it will not be regenerated
[INFO] running `Command { std: CARGO_HOME="/workspace/cargo-home" RUSTUP_HOME="/workspace/rustup-home" "/workspace/cargo-home/bin/cargo" "+nightly-2024-10-28" "fetch" "--manifest-path" "Cargo.toml", kill_on_drop: false }`
[INFO] running `Command { std: "docker" "create" "-v" "/var/lib/crater-agent-workspace/builds/worker-2-tc2/target:/opt/rustwide/target:rw,Z" "-v" "/var/lib/crater-agent-workspace/builds/worker-2-tc2/source:/opt/rustwide/workdir:ro,Z" "-v" "/var/lib/crater-agent-workspace/cargo-home:/opt/rustwide/cargo-home:ro,Z" "-v" "/var/lib/crater-agent-workspace/rustup-home:/opt/rustwide/rustup-home:ro,Z" "-e" "SOURCE_DIR=/opt/rustwide/workdir" "-e" "CARGO_TARGET_DIR=/opt/rustwide/target" "-e" "CARGO_HOME=/opt/rustwide/cargo-home" "-e" "RUSTUP_HOME=/opt/rustwide/rustup-home" "-w" "/opt/rustwide/workdir" "-m" "1610612736" "--user" "0:0" "--network" "none" "ghcr.io/rust-lang/crates-build-env/linux@sha256:4a844ea9eb2546a2d2c7022eacef16ef2e8229c7fbb2c7d4d55a9ceca922f72d" "/opt/rustwide/cargo-home/bin/cargo" "+nightly-2024-10-28" "metadata" "--no-deps" "--format-version=1", kill_on_drop: false }`
[INFO] [stdout] f41f5fd6a95b3e4c5c03354fa7da67f65189687a7dfbd3283affcb1374a9ead1
[INFO] running `Command { std: "docker" "start" "-a" "f41f5fd6a95b3e4c5c03354fa7da67f65189687a7dfbd3283affcb1374a9ead1", kill_on_drop: false }`
[INFO] running `Command { std: "docker" "inspect" "f41f5fd6a95b3e4c5c03354fa7da67f65189687a7dfbd3283affcb1374a9ead1", kill_on_drop: false }`
[INFO] running `Command { std: "docker" "rm" "-f" "f41f5fd6a95b3e4c5c03354fa7da67f65189687a7dfbd3283affcb1374a9ead1", kill_on_drop: false }`
[INFO] [stdout] f41f5fd6a95b3e4c5c03354fa7da67f65189687a7dfbd3283affcb1374a9ead1
[INFO] running `Command { std: "docker" "create" "-v" "/var/lib/crater-agent-workspace/builds/worker-2-tc2/target:/opt/rustwide/target:rw,Z" "-v" "/var/lib/crater-agent-workspace/builds/worker-2-tc2/source:/opt/rustwide/workdir:ro,Z" "-v" "/var/lib/crater-agent-workspace/cargo-home:/opt/rustwide/cargo-home:ro,Z" "-v" "/var/lib/crater-agent-workspace/rustup-home:/opt/rustwide/rustup-home:ro,Z" "-e" "SOURCE_DIR=/opt/rustwide/workdir" "-e" "CARGO_TARGET_DIR=/opt/rustwide/target" "-e" "CARGO_INCREMENTAL=0" "-e" "RUST_BACKTRACE=full" "-e" "RUSTFLAGS=--cap-lints=forbid -Zrandomize-layout" "-e" "RUSTDOCFLAGS=--cap-lints=forbid" "-e" "CARGO_HOME=/opt/rustwide/cargo-home" "-e" "RUSTUP_HOME=/opt/rustwide/rustup-home" "-w" "/opt/rustwide/workdir" "-m" "1610612736" "--user" "0:0" "--network" "none" "ghcr.io/rust-lang/crates-build-env/linux@sha256:4a844ea9eb2546a2d2c7022eacef16ef2e8229c7fbb2c7d4d55a9ceca922f72d" "/opt/rustwide/cargo-home/bin/cargo" "+nightly-2024-10-28" "build" "--frozen" "--message-format=json", kill_on_drop: false }`
[INFO] [stdout] a39befb0d4dc591fce071341de77455f617ff015f5cc59bee2806c0544d46afe
[INFO] running `Command { std: "docker" "start" "-a" "a39befb0d4dc591fce071341de77455f617ff015f5cc59bee2806c0544d46afe", kill_on_drop: false }`
[INFO] [stderr]    Compiling proc-macro2 v1.0.86
[INFO] [stderr]    Compiling unicode-ident v1.0.12
[INFO] [stderr]    Compiling serde v1.0.203
[INFO] [stderr]    Compiling once_cell v1.19.0
[INFO] [stderr]    Compiling autocfg v1.3.0
[INFO] [stderr]    Compiling libc v0.2.155
[INFO] [stderr]    Compiling thiserror v1.0.61
[INFO] [stderr]    Compiling crunchy v0.2.2
[INFO] [stderr]    Compiling tiny-keccak v2.0.2
[INFO] [stderr]    Compiling memchr v2.7.4
[INFO] [stderr]    Compiling ucd-trie v0.1.6
[INFO] [stderr]    Compiling hashbrown v0.14.5
[INFO] [stderr]    Compiling ryu v1.0.18
[INFO] [stderr]    Compiling serde_json v1.0.117
[INFO] [stderr]    Compiling itoa v1.0.11
[INFO] [stderr]    Compiling syn v1.0.109
[INFO] [stderr]    Compiling destructure_traitobject v0.2.0
[INFO] [stderr]    Compiling winnow v0.6.13
[INFO] [stderr]    Compiling ppv-lite86 v0.2.17
[INFO] [stderr]    Compiling rustix v0.38.34
[INFO] [stderr]    Compiling anyhow v1.0.86
[INFO] [stderr]    Compiling predicates-core v1.0.6
[INFO] [stderr]    Compiling hashbrown v0.13.2
[INFO] [stderr]    Compiling unsafe-any-ors v1.0.0
[INFO] [stderr]    Compiling unsafe-libyaml v0.2.11
[INFO] [stderr]    Compiling termtree v0.4.1
[INFO] [stderr]    Compiling num-traits v0.2.19
[INFO] [stderr]    Compiling lock_api v0.4.12
[INFO] [stderr]    Compiling minimal-lexical v0.2.1
[INFO] [stderr]    Compiling iana-time-zone v0.1.60
[INFO] [stderr]    Compiling unicode-segmentation v1.11.0
[INFO] [stderr]    Compiling linux-raw-sys v0.4.14
[INFO] [stderr]    Compiling lazy_static v1.5.0
[INFO] [stderr]    Compiling anstyle v1.0.7
[INFO] [stderr]    Compiling linked-hash-map v0.5.6
[INFO] [stderr]    Compiling base64 v0.21.7
[INFO] [stderr]    Compiling indexmap v2.2.6
[INFO] [stderr]    Compiling quote v1.0.36
[INFO] [stderr]    Compiling yaml-rust v0.4.5
[INFO] [stderr]    Compiling predicates v3.1.0
[INFO] [stderr]    Compiling convert_case v0.6.0
[INFO] [stderr]    Compiling nom v7.1.3
[INFO] [stderr]    Compiling predicates-tree v1.0.9
[INFO] [stderr]    Compiling syn v2.0.68
[INFO] [stderr]    Compiling getrandom v0.2.15
[INFO] [stderr]    Compiling parking_lot_core v0.9.10
[INFO] [stderr]    Compiling thread-id v4.2.1
[INFO] [stderr]    Compiling typemap-ors v1.0.0
[INFO] [stderr]    Compiling const-random-macro v0.1.16
[INFO] [stderr]    Compiling rand_core v0.6.4
[INFO] [stderr]    Compiling arc-swap v1.7.1
[INFO] [stderr]    Compiling fragile v2.0.0
[INFO] [stderr]    Compiling parking_lot v0.12.3
[INFO] [stderr]    Compiling fnv v1.0.7
[INFO] [stderr]    Compiling log-mdc v0.1.0
[INFO] [stderr]    Compiling ordered-float v2.10.1
[INFO] [stderr]    Compiling rand_chacha v0.3.1
[INFO] [stderr]    Compiling chrono v0.4.38
[INFO] [stderr]    Compiling pathdiff v0.2.1
[INFO] [stderr]    Compiling downcast v0.11.0
[INFO] [stderr]    Compiling fastrand v2.1.0
[INFO] [stderr]    Compiling rand v0.8.5
[INFO] [stderr]    Compiling const-random v0.1.18
[INFO] [stderr]    Compiling dlv-list v0.5.2
[INFO] [stderr]    Compiling ordered-multimap v0.6.0
[INFO] [stderr]    Compiling rust-ini v0.19.0
[INFO] [stderr]    Compiling derivative v2.2.0
[INFO] [stderr]    Compiling serde_derive v1.0.203
[INFO] [stderr]    Compiling thiserror-impl v1.0.61
[INFO] [stderr]    Compiling async-trait v0.1.80
[INFO] [stderr]    Compiling mockall_derive v0.12.1
[INFO] [stderr]    Compiling pest v2.7.10
[INFO] [stderr]    Compiling pest_meta v2.7.10
[INFO] [stderr]    Compiling mockall v0.12.1
[INFO] [stderr]    Compiling pest_generator v2.7.10
[INFO] [stderr]    Compiling pest_derive v2.7.10
[INFO] [stderr]    Compiling bitflags v2.5.0
[INFO] [stderr]    Compiling serde_spanned v0.6.6
[INFO] [stderr]    Compiling toml_datetime v0.6.6
[INFO] [stderr]    Compiling log v0.4.21
[INFO] [stderr]    Compiling json5 v0.4.1
[INFO] [stderr]    Compiling serde-value v0.7.0
[INFO] [stderr]    Compiling serde_yaml v0.9.34+deprecated
[INFO] [stderr]    Compiling ron v0.8.1
[INFO] [stderr]    Compiling toml_edit v0.22.14
[INFO] [stderr]    Compiling log4rs v1.3.0
[INFO] [stderr]    Compiling tempfile v3.10.1
[INFO] [stderr]    Compiling toml v0.8.14
[INFO] [stderr]    Compiling config v0.14.0
[INFO] [stderr]    Compiling serverforge v0.1.3 (/opt/rustwide/workdir)
[INFO] [stdout] warning: unused import: `crate::distro::get_package_manager`
[INFO] [stdout]   --> src/updates.rs:10:5
[INFO] [stdout]    |
[INFO] [stdout] 10 | use crate::distro::get_package_manager;
[INFO] [stdout]    |     ^^^^^^^^^^^^^^^^^^^^^^^^^^^^^^^^^^
[INFO] [stdout]    |
[INFO] [stdout]    = note: `#[warn(unused_imports)]` on by default
[INFO] [stdout] 
[INFO] [stdout] 
[INFO] [stdout] warning: unused variable: `config`
[INFO] [stdout]   --> src/monitoring.rs:56:33
[INFO] [stdout]    |
[INFO] [stdout] 56 | pub fn install_monitoring_tools(config: &Config) -> Result<(), Box<dyn Error>> {
[INFO] [stdout]    |                                 ^^^^^^ help: if this is intentional, prefix it with an underscore: `_config`
[INFO] [stdout]    |
[INFO] [stdout]    = note: `#[warn(unused_variables)]` on by default
[INFO] [stdout] 
[INFO] [stdout] 
[INFO] [stdout] warning: unused variable: `config`
[INFO] [stdout]    --> src/security.rs:129:32
[INFO] [stdout]     |
[INFO] [stdout] 129 | pub fn setup_rootkit_detection(config: &Config) -> Result<(), Box<dyn Error>> {
[INFO] [stdout]     |                                ^^^^^^ help: if this is intentional, prefix it with an underscore: `_config`
[INFO] [stdout] 
[INFO] [stdout] 
[INFO] [stdout] warning: unused variable: `config`
[INFO] [stdout]    --> src/updates.rs:120:25
[INFO] [stdout]     |
[INFO] [stdout] 120 | fn setup_centos_updates(config: &Config) -> Result<(), Box<dyn Error>> {
[INFO] [stdout]     |                         ^^^^^^ help: if this is intentional, prefix it with an underscore: `_config`
[INFO] [stdout] 
[INFO] [stdout] 
[INFO] [stdout] warning: unused variable: `config`
[INFO] [stdout]    --> src/updates.rs:146:25
[INFO] [stdout]     |
[INFO] [stdout] 146 | fn setup_fedora_updates(config: &Config) -> Result<(), Box<dyn Error>> {
[INFO] [stdout]     |                         ^^^^^^ help: if this is intentional, prefix it with an underscore: `_config`
[INFO] [stdout] 
[INFO] [stdout] 
[INFO] [stdout] warning: function `create_sample_web_app` is never used
[INFO] [stdout]    --> src/deployment.rs:429:4
[INFO] [stdout]     |
[INFO] [stdout] 429 | fn create_sample_web_app(app_type: &str) -> Result<(), Box<dyn Error>> {
[INFO] [stdout]     |    ^^^^^^^^^^^^^^^^^^^^^
[INFO] [stdout]     |
[INFO] [stdout]     = note: `#[warn(dead_code)]` on by default
[INFO] [stdout] 
[INFO] [stdout] 
[INFO] [stdout] warning: function `setup_firewall_rules` is never used
[INFO] [stdout]    --> src/deployment.rs:487:4
[INFO] [stdout]     |
[INFO] [stdout] 487 | fn setup_firewall_rules(config: &Config) -> Result<(), Box<dyn Error>> {
[INFO] [stdout]     |    ^^^^^^^^^^^^^^^^^^^^
[INFO] [stdout] 
[INFO] [stdout] 
[INFO] [stdout] warning: unused imports: `Deserialize` and `Serialize`
[INFO] [stdout]   --> src/main.rs:10:13
[INFO] [stdout]    |
[INFO] [stdout] 10 | use serde::{Deserialize, Serialize};
[INFO] [stdout]    |             ^^^^^^^^^^^  ^^^^^^^^^
[INFO] [stdout]    |
[INFO] [stdout]    = note: `#[warn(unused_imports)]` on by default
[INFO] [stdout] 
[INFO] [stdout] 
[INFO] [stdout] warning: unused import: `crate::distro::get_package_manager`
[INFO] [stdout]   --> src/updates.rs:10:5
[INFO] [stdout]    |
[INFO] [stdout] 10 | use crate::distro::get_package_manager;
[INFO] [stdout]    |     ^^^^^^^^^^^^^^^^^^^^^^^^^^^^^^^^^^
[INFO] [stdout] 
[INFO] [stdout] 
[INFO] [stdout] warning: unused variable: `config`
[INFO] [stdout]   --> src/monitoring.rs:56:33
[INFO] [stdout]    |
[INFO] [stdout] 56 | pub fn install_monitoring_tools(config: &Config) -> Result<(), Box<dyn Error>> {
[INFO] [stdout]    |                                 ^^^^^^ help: if this is intentional, prefix it with an underscore: `_config`
[INFO] [stdout]    |
[INFO] [stdout]    = note: `#[warn(unused_variables)]` on by default
[INFO] [stdout] 
[INFO] [stdout] 
[INFO] [stdout] warning: unused variable: `config`
[INFO] [stdout]    --> src/security.rs:129:32
[INFO] [stdout]     |
[INFO] [stdout] 129 | pub fn setup_rootkit_detection(config: &Config) -> Result<(), Box<dyn Error>> {
[INFO] [stdout]     |                                ^^^^^^ help: if this is intentional, prefix it with an underscore: `_config`
[INFO] [stdout] 
[INFO] [stdout] 
[INFO] [stdout] warning: unused variable: `config`
[INFO] [stdout]    --> src/updates.rs:120:25
[INFO] [stdout]     |
[INFO] [stdout] 120 | fn setup_centos_updates(config: &Config) -> Result<(), Box<dyn Error>> {
[INFO] [stdout]     |                         ^^^^^^ help: if this is intentional, prefix it with an underscore: `_config`
[INFO] [stdout] 
[INFO] [stdout] 
[INFO] [stdout] warning: unused variable: `config`
[INFO] [stdout]    --> src/updates.rs:146:25
[INFO] [stdout]     |
[INFO] [stdout] 146 | fn setup_fedora_updates(config: &Config) -> Result<(), Box<dyn Error>> {
[INFO] [stdout]     |                         ^^^^^^ help: if this is intentional, prefix it with an underscore: `_config`
[INFO] [stdout] 
[INFO] [stdout] 
[INFO] [stdout] warning: function `setup_web_server_config` is never used
[INFO] [stdout]    --> src/deployment.rs:287:8
[INFO] [stdout]     |
[INFO] [stdout] 287 | pub fn setup_web_server_config(app: &str) -> Result<(), Box<dyn Error>> {
[INFO] [stdout]     |        ^^^^^^^^^^^^^^^^^^^^^^^
[INFO] [stdout]     |
[INFO] [stdout]     = note: `#[warn(dead_code)]` on by default
[INFO] [stdout] 
[INFO] [stdout] 
[INFO] [stdout] warning: function `setup_nginx_config` is never used
[INFO] [stdout]    --> src/deployment.rs:296:4
[INFO] [stdout]     |
[INFO] [stdout] 296 | fn setup_nginx_config() -> Result<(), Box<dyn Error>> {
[INFO] [stdout]     |    ^^^^^^^^^^^^^^^^^^
[INFO] [stdout] 
[INFO] [stdout] 
[INFO] [stdout] warning: function `setup_apache_config` is never used
[INFO] [stdout]    --> src/deployment.rs:314:4
[INFO] [stdout]     |
[INFO] [stdout] 314 | fn setup_apache_config() -> Result<(), Box<dyn Error>> {
[INFO] [stdout]     |    ^^^^^^^^^^^^^^^^^^^
[INFO] [stdout] 
[INFO] [stdout] 
[INFO] [stdout] warning: function `setup_database` is never used
[INFO] [stdout]    --> src/deployment.rs:333:8
[INFO] [stdout]     |
[INFO] [stdout] 333 | pub fn setup_database(db: &str) -> Result<(), Box<dyn Error>> {
[INFO] [stdout]     |        ^^^^^^^^^^^^^^
[INFO] [stdout] 
[INFO] [stdout] 
[INFO] [stdout] warning: function `setup_mysql` is never used
[INFO] [stdout]    --> src/deployment.rs:342:4
[INFO] [stdout]     |
[INFO] [stdout] 342 | fn setup_mysql() -> Result<(), Box<dyn Error>> {
[INFO] [stdout]     |    ^^^^^^^^^^^
[INFO] [stdout] 
[INFO] [stdout] 
[INFO] [stdout] warning: function `setup_postgresql` is never used
[INFO] [stdout]    --> src/deployment.rs:367:4
[INFO] [stdout]     |
[INFO] [stdout] 367 | fn setup_postgresql() -> Result<(), Box<dyn Error>> {
[INFO] [stdout]     |    ^^^^^^^^^^^^^^^^
[INFO] [stdout] 
[INFO] [stdout] 
[INFO] [stdout] warning: function `generate_secure_password` is never used
[INFO] [stdout]    --> src/deployment.rs:398:4
[INFO] [stdout]     |
[INFO] [stdout] 398 | fn generate_secure_password() -> String {
[INFO] [stdout]     |    ^^^^^^^^^^^^^^^^^^^^^^^^
[INFO] [stdout] 
[INFO] [stdout] 
[INFO] [stdout] warning: function `create_sample_web_app` is never used
[INFO] [stdout]    --> src/deployment.rs:429:4
[INFO] [stdout]     |
[INFO] [stdout] 429 | fn create_sample_web_app(app_type: &str) -> Result<(), Box<dyn Error>> {
[INFO] [stdout]     |    ^^^^^^^^^^^^^^^^^^^^^
[INFO] [stdout] 
[INFO] [stdout] 
[INFO] [stdout] warning: function `setup_firewall_rules` is never used
[INFO] [stdout]    --> src/deployment.rs:487:4
[INFO] [stdout]     |
[INFO] [stdout] 487 | fn setup_firewall_rules(config: &Config) -> Result<(), Box<dyn Error>> {
[INFO] [stdout]     |    ^^^^^^^^^^^^^^^^^^^^
[INFO] [stdout] 
[INFO] [stdout] 
[INFO] [stdout] warning: methods `add_file_change`, `add_package_installed`, and `rollback_to` are never used
[INFO] [stdout]    --> src/rollback.rs:55:12
[INFO] [stdout]     |
[INFO] [stdout] 23  | impl RollbackManager {
[INFO] [stdout]     | -------------------- methods in this implementation
[INFO] [stdout] ...
[INFO] [stdout] 55  |     pub fn add_file_change(
[INFO] [stdout]     |            ^^^^^^^^^^^^^^^
[INFO] [stdout] ...
[INFO] [stdout] 77  |     pub fn add_package_installed(
[INFO] [stdout]     |            ^^^^^^^^^^^^^^^^^^^^^
[INFO] [stdout] ...
[INFO] [stdout] 152 |     pub fn rollback_to(&self, snapshot_id: usize) -> Result<(), Box<dyn Error>> {
[INFO] [stdout]     |            ^^^^^^^^^^^
[INFO] [stdout] 
[INFO] [stdout] 
[INFO] [stdout] warning: function `update_system` is never used
[INFO] [stdout]   --> src/distro.rs:50:8
[INFO] [stdout]    |
[INFO] [stdout] 50 | pub fn update_system(package_manager: &PackageManager) -> Result<(), Box<dyn Error>> {
[INFO] [stdout]    |        ^^^^^^^^^^^^^
[INFO] [stdout] 
[INFO] [stdout] 
[INFO] [stdout] warning: function `install_package` is never used
[INFO] [stdout]   --> src/distro.rs:78:8
[INFO] [stdout]    |
[INFO] [stdout] 78 | pub fn install_package(
[INFO] [stdout]    |        ^^^^^^^^^^^^^^^
[INFO] [stdout] 
[INFO] [stdout] 
[INFO] [stderr]     Finished `dev` profile [unoptimized + debuginfo] target(s) in 13.38s
[INFO] running `Command { std: "docker" "inspect" "a39befb0d4dc591fce071341de77455f617ff015f5cc59bee2806c0544d46afe", kill_on_drop: false }`
[INFO] running `Command { std: "docker" "rm" "-f" "a39befb0d4dc591fce071341de77455f617ff015f5cc59bee2806c0544d46afe", kill_on_drop: false }`
[INFO] [stdout] a39befb0d4dc591fce071341de77455f617ff015f5cc59bee2806c0544d46afe
[INFO] running `Command { std: "docker" "create" "-v" "/var/lib/crater-agent-workspace/builds/worker-2-tc2/target:/opt/rustwide/target:rw,Z" "-v" "/var/lib/crater-agent-workspace/builds/worker-2-tc2/source:/opt/rustwide/workdir:ro,Z" "-v" "/var/lib/crater-agent-workspace/cargo-home:/opt/rustwide/cargo-home:ro,Z" "-v" "/var/lib/crater-agent-workspace/rustup-home:/opt/rustwide/rustup-home:ro,Z" "-e" "SOURCE_DIR=/opt/rustwide/workdir" "-e" "CARGO_TARGET_DIR=/opt/rustwide/target" "-e" "CARGO_INCREMENTAL=0" "-e" "RUST_BACKTRACE=full" "-e" "RUSTFLAGS=--cap-lints=forbid -Zrandomize-layout" "-e" "RUSTDOCFLAGS=--cap-lints=forbid" "-e" "CARGO_HOME=/opt/rustwide/cargo-home" "-e" "RUSTUP_HOME=/opt/rustwide/rustup-home" "-w" "/opt/rustwide/workdir" "-m" "1610612736" "--user" "0:0" "--network" "none" "ghcr.io/rust-lang/crates-build-env/linux@sha256:4a844ea9eb2546a2d2c7022eacef16ef2e8229c7fbb2c7d4d55a9ceca922f72d" "/opt/rustwide/cargo-home/bin/cargo" "+nightly-2024-10-28" "test" "--frozen" "--no-run" "--message-format=json", kill_on_drop: false }`
[INFO] [stdout] 6ac83b551a8d9e2078eb0e439a754ad3a2dad247f6a38661816d8d968badc55a
[INFO] running `Command { std: "docker" "start" "-a" "6ac83b551a8d9e2078eb0e439a754ad3a2dad247f6a38661816d8d968badc55a", kill_on_drop: false }`
[INFO] [stdout] warning: unused import: `crate::distro::get_package_manager`
[INFO] [stdout]   --> src/updates.rs:10:5
[INFO] [stdout]    |
[INFO] [stdout] 10 | use crate::distro::get_package_manager;
[INFO] [stdout]    |     ^^^^^^^^^^^^^^^^^^^^^^^^^^^^^^^^^^
[INFO] [stdout]    |
[INFO] [stdout]    = note: `#[warn(unused_imports)]` on by default
[INFO] [stdout] 
[INFO] [stdout] 
[INFO] [stdout] warning: unused variable: `config`
[INFO] [stdout]   --> src/monitoring.rs:56:33
[INFO] [stdout]    |
[INFO] [stdout] 56 | pub fn install_monitoring_tools(config: &Config) -> Result<(), Box<dyn Error>> {
[INFO] [stdout]    |                                 ^^^^^^ help: if this is intentional, prefix it with an underscore: `_config`
[INFO] [stdout]    |
[INFO] [stdout]    = note: `#[warn(unused_variables)]` on by default
[INFO] [stdout] 
[INFO] [stdout] 
[INFO] [stdout] warning: unused variable: `config`
[INFO] [stdout]    --> src/security.rs:129:32
[INFO] [stdout]     |
[INFO] [stdout] 129 | pub fn setup_rootkit_detection(config: &Config) -> Result<(), Box<dyn Error>> {
[INFO] [stdout]     |                                ^^^^^^ help: if this is intentional, prefix it with an underscore: `_config`
[INFO] [stdout] 
[INFO] [stdout] 
[INFO] [stdout] warning: unused variable: `config`
[INFO] [stdout]    --> src/updates.rs:120:25
[INFO] [stdout]     |
[INFO] [stdout] 120 | fn setup_centos_updates(config: &Config) -> Result<(), Box<dyn Error>> {
[INFO] [stdout]     |                         ^^^^^^ help: if this is intentional, prefix it with an underscore: `_config`
[INFO] [stdout] 
[INFO] [stdout] 
[INFO] [stdout] warning: unused variable: `config`
[INFO] [stdout]    --> src/updates.rs:146:25
[INFO] [stdout]     |
[INFO] [stdout] 146 | fn setup_fedora_updates(config: &Config) -> Result<(), Box<dyn Error>> {
[INFO] [stdout]     |                         ^^^^^^ help: if this is intentional, prefix it with an underscore: `_config`
[INFO] [stdout] 
[INFO] [stdout] 
[INFO] [stdout] warning: function `create_sample_web_app` is never used
[INFO] [stdout]    --> src/deployment.rs:429:4
[INFO] [stdout]     |
[INFO] [stdout] 429 | fn create_sample_web_app(app_type: &str) -> Result<(), Box<dyn Error>> {
[INFO] [stdout]     |    ^^^^^^^^^^^^^^^^^^^^^
[INFO] [stdout]     |
[INFO] [stdout]     = note: `#[warn(dead_code)]` on by default
[INFO] [stdout] 
[INFO] [stdout] 
[INFO] [stdout] warning: function `setup_firewall_rules` is never used
[INFO] [stdout]    --> src/deployment.rs:487:4
[INFO] [stdout]     |
[INFO] [stdout] 487 | fn setup_firewall_rules(config: &Config) -> Result<(), Box<dyn Error>> {
[INFO] [stdout]     |    ^^^^^^^^^^^^^^^^^^^^
[INFO] [stdout] 
[INFO] [stdout] 
[INFO] [stderr]    Compiling serverforge v0.1.3 (/opt/rustwide/workdir)
[INFO] [stdout] warning: unused imports: `Deserialize` and `Serialize`
[INFO] [stdout]   --> src/main.rs:10:13
[INFO] [stdout]    |
[INFO] [stdout] 10 | use serde::{Deserialize, Serialize};
[INFO] [stdout]    |             ^^^^^^^^^^^  ^^^^^^^^^
[INFO] [stdout]    |
[INFO] [stdout]    = note: `#[warn(unused_imports)]` on by default
[INFO] [stdout] 
[INFO] [stdout] 
[INFO] [stdout] warning: unused import: `crate::distro::get_package_manager`
[INFO] [stdout]   --> src/updates.rs:10:5
[INFO] [stdout]    |
[INFO] [stdout] 10 | use crate::distro::get_package_manager;
[INFO] [stdout]    |     ^^^^^^^^^^^^^^^^^^^^^^^^^^^^^^^^^^
[INFO] [stdout] 
[INFO] [stdout] 
[INFO] [stdout] warning: unused variable: `config`
[INFO] [stdout]   --> src/monitoring.rs:56:33
[INFO] [stdout]    |
[INFO] [stdout] 56 | pub fn install_monitoring_tools(config: &Config) -> Result<(), Box<dyn Error>> {
[INFO] [stdout]    |                                 ^^^^^^ help: if this is intentional, prefix it with an underscore: `_config`
[INFO] [stdout]    |
[INFO] [stdout]    = note: `#[warn(unused_variables)]` on by default
[INFO] [stdout] 
[INFO] [stdout] 
[INFO] [stdout] warning: unused variable: `config`
[INFO] [stdout]    --> src/security.rs:129:32
[INFO] [stdout]     |
[INFO] [stdout] 129 | pub fn setup_rootkit_detection(config: &Config) -> Result<(), Box<dyn Error>> {
[INFO] [stdout]     |                                ^^^^^^ help: if this is intentional, prefix it with an underscore: `_config`
[INFO] [stdout] 
[INFO] [stdout] 
[INFO] [stdout] warning: unused variable: `config`
[INFO] [stdout]    --> src/updates.rs:120:25
[INFO] [stdout]     |
[INFO] [stdout] 120 | fn setup_centos_updates(config: &Config) -> Result<(), Box<dyn Error>> {
[INFO] [stdout]     |                         ^^^^^^ help: if this is intentional, prefix it with an underscore: `_config`
[INFO] [stdout] 
[INFO] [stdout] 
[INFO] [stdout] warning: unused variable: `config`
[INFO] [stdout]    --> src/updates.rs:146:25
[INFO] [stdout]     |
[INFO] [stdout] 146 | fn setup_fedora_updates(config: &Config) -> Result<(), Box<dyn Error>> {
[INFO] [stdout]     |                         ^^^^^^ help: if this is intentional, prefix it with an underscore: `_config`
[INFO] [stdout] 
[INFO] [stdout] 
[INFO] [stdout] warning: function `setup_web_server_config` is never used
[INFO] [stdout]    --> src/deployment.rs:287:8
[INFO] [stdout]     |
[INFO] [stdout] 287 | pub fn setup_web_server_config(app: &str) -> Result<(), Box<dyn Error>> {
[INFO] [stdout]     |        ^^^^^^^^^^^^^^^^^^^^^^^
[INFO] [stdout]     |
[INFO] [stdout]     = note: `#[warn(dead_code)]` on by default
[INFO] [stdout] 
[INFO] [stdout] 
[INFO] [stdout] warning: function `setup_nginx_config` is never used
[INFO] [stdout]    --> src/deployment.rs:296:4
[INFO] [stdout]     |
[INFO] [stdout] 296 | fn setup_nginx_config() -> Result<(), Box<dyn Error>> {
[INFO] [stdout]     |    ^^^^^^^^^^^^^^^^^^
[INFO] [stdout] 
[INFO] [stdout] 
[INFO] [stdout] warning: function `setup_apache_config` is never used
[INFO] [stdout]    --> src/deployment.rs:314:4
[INFO] [stdout]     |
[INFO] [stdout] 314 | fn setup_apache_config() -> Result<(), Box<dyn Error>> {
[INFO] [stdout]     |    ^^^^^^^^^^^^^^^^^^^
[INFO] [stdout] 
[INFO] [stdout] 
[INFO] [stdout] warning: function `setup_database` is never used
[INFO] [stdout]    --> src/deployment.rs:333:8
[INFO] [stdout]     |
[INFO] [stdout] 333 | pub fn setup_database(db: &str) -> Result<(), Box<dyn Error>> {
[INFO] [stdout]     |        ^^^^^^^^^^^^^^
[INFO] [stdout] 
[INFO] [stdout] 
[INFO] [stdout] warning: function `setup_mysql` is never used
[INFO] [stdout]    --> src/deployment.rs:342:4
[INFO] [stdout]     |
[INFO] [stdout] 342 | fn setup_mysql() -> Result<(), Box<dyn Error>> {
[INFO] [stdout]     |    ^^^^^^^^^^^
[INFO] [stdout] 
[INFO] [stdout] 
[INFO] [stdout] warning: function `setup_postgresql` is never used
[INFO] [stdout]    --> src/deployment.rs:367:4
[INFO] [stdout]     |
[INFO] [stdout] 367 | fn setup_postgresql() -> Result<(), Box<dyn Error>> {
[INFO] [stdout]     |    ^^^^^^^^^^^^^^^^
[INFO] [stdout] 
[INFO] [stdout] 
[INFO] [stdout] warning: function `generate_secure_password` is never used
[INFO] [stdout]    --> src/deployment.rs:398:4
[INFO] [stdout]     |
[INFO] [stdout] 398 | fn generate_secure_password() -> String {
[INFO] [stdout]     |    ^^^^^^^^^^^^^^^^^^^^^^^^
[INFO] [stdout] 
[INFO] [stdout] 
[INFO] [stdout] warning: function `create_sample_web_app` is never used
[INFO] [stdout]    --> src/deployment.rs:429:4
[INFO] [stdout]     |
[INFO] [stdout] 429 | fn create_sample_web_app(app_type: &str) -> Result<(), Box<dyn Error>> {
[INFO] [stdout]     |    ^^^^^^^^^^^^^^^^^^^^^
[INFO] [stdout] 
[INFO] [stdout] 
[INFO] [stdout] warning: function `setup_firewall_rules` is never used
[INFO] [stdout]    --> src/deployment.rs:487:4
[INFO] [stdout]     |
[INFO] [stdout] 487 | fn setup_firewall_rules(config: &Config) -> Result<(), Box<dyn Error>> {
[INFO] [stdout]     |    ^^^^^^^^^^^^^^^^^^^^
[INFO] [stdout] 
[INFO] [stdout] 
[INFO] [stdout] warning: methods `add_file_change`, `add_package_installed`, and `rollback_to` are never used
[INFO] [stdout]    --> src/rollback.rs:55:12
[INFO] [stdout]     |
[INFO] [stdout] 23  | impl RollbackManager {
[INFO] [stdout]     | -------------------- methods in this implementation
[INFO] [stdout] ...
[INFO] [stdout] 55  |     pub fn add_file_change(
[INFO] [stdout]     |            ^^^^^^^^^^^^^^^
[INFO] [stdout] ...
[INFO] [stdout] 77  |     pub fn add_package_installed(
[INFO] [stdout]     |            ^^^^^^^^^^^^^^^^^^^^^
[INFO] [stdout] ...
[INFO] [stdout] 152 |     pub fn rollback_to(&self, snapshot_id: usize) -> Result<(), Box<dyn Error>> {
[INFO] [stdout]     |            ^^^^^^^^^^^
[INFO] [stdout] 
[INFO] [stdout] 
[INFO] [stdout] warning: function `update_system` is never used
[INFO] [stdout]   --> src/distro.rs:50:8
[INFO] [stdout]    |
[INFO] [stdout] 50 | pub fn update_system(package_manager: &PackageManager) -> Result<(), Box<dyn Error>> {
[INFO] [stdout]    |        ^^^^^^^^^^^^^
[INFO] [stdout] 
[INFO] [stdout] 
[INFO] [stdout] warning: function `install_package` is never used
[INFO] [stdout]   --> src/distro.rs:78:8
[INFO] [stdout]    |
[INFO] [stdout] 78 | pub fn install_package(
[INFO] [stdout]    |        ^^^^^^^^^^^^^^^
[INFO] [stdout] 
[INFO] [stdout] 
[INFO] [stdout] warning: unused import: `super::*`
[INFO] [stdout]  --> tests/config_tests.rs:3:9
[INFO] [stdout]   |
[INFO] [stdout] 3 |     use super::*;
[INFO] [stdout]   |         ^^^^^^^^
[INFO] [stdout]   |
[INFO] [stdout]   = note: `#[warn(unused_imports)]` on by default
[INFO] [stdout] 
[INFO] [stdout] 
[INFO] [stdout] warning: unused import: `chrono::Local`
[INFO] [stdout]  --> tests/utils_test.rs:1:5
[INFO] [stdout]   |
[INFO] [stdout] 1 | use chrono::Local;
[INFO] [stdout]   |     ^^^^^^^^^^^^^
[INFO] [stdout]   |
[INFO] [stdout]   = note: `#[warn(unused_imports)]` on by default
[INFO] [stdout] 
[INFO] [stdout] 
[INFO] [stdout] warning: unused import: `std::error::Error`
[INFO] [stdout]  --> tests/utils_test.rs:2:5
[INFO] [stdout]   |
[INFO] [stdout] 2 | use std::error::Error;
[INFO] [stdout]   |     ^^^^^^^^^^^^^^^^^
[INFO] [stdout] 
[INFO] [stdout] 
[INFO] [stdout] warning: unused import: `super::*`
[INFO] [stdout]   --> tests/utils_test.rs:29:9
[INFO] [stdout]    |
[INFO] [stdout] 29 |     use super::*;
[INFO] [stdout]    |         ^^^^^^^^
[INFO] [stdout] 
[INFO] [stdout] 
[INFO] [stdout] warning: unused import: `server_forge::config::Config`
[INFO] [stdout]   --> tests/utils_test.rs:30:9
[INFO] [stdout]    |
[INFO] [stdout] 30 |     use server_forge::config::Config;
[INFO] [stdout]    |         ^^^^^^^^^^^^^^^^^^^^^^^^^^^^
[INFO] [stdout] 
[INFO] [stdout] 
[INFO] [stdout] warning: unused imports: `generate_report`, `get_user_input`, and `save_config`
[INFO] [stdout]   --> tests/utils_test.rs:31:31
[INFO] [stdout]    |
[INFO] [stdout] 31 |     use server_forge::utils::{generate_report, get_user_input, run_command, save_config};
[INFO] [stdout]    |                               ^^^^^^^^^^^^^^^  ^^^^^^^^^^^^^^               ^^^^^^^^^^^
[INFO] [stdout] 
[INFO] [stdout] 
[INFO] [stdout] warning: unused import: `std::fs`
[INFO] [stdout]   --> tests/utils_test.rs:33:9
[INFO] [stdout]    |
[INFO] [stdout] 33 |     use std::fs;
[INFO] [stdout]    |         ^^^^^^^
[INFO] [stdout] 
[INFO] [stdout] 
[INFO] [stdout] warning: unused import: `std::io::Cursor`
[INFO] [stdout]   --> tests/utils_test.rs:34:9
[INFO] [stdout]    |
[INFO] [stdout] 34 |     use std::io::Cursor;
[INFO] [stdout]    |         ^^^^^^^^^^^^^^^
[INFO] [stdout] 
[INFO] [stdout] 
[INFO] [stdout] warning: unused import: `tempfile::tempdir`
[INFO] [stdout]   --> tests/utils_test.rs:35:9
[INFO] [stdout]    |
[INFO] [stdout] 35 |     use tempfile::tempdir;
[INFO] [stdout]    |         ^^^^^^^^^^^^^^^^^
[INFO] [stdout] 
[INFO] [stdout] 
[INFO] [stdout] warning: unused import: `crate::distro::get_package_manager`
[INFO] [stdout]   --> src/updates.rs:10:5
[INFO] [stdout]    |
[INFO] [stdout] 10 | use crate::distro::get_package_manager;
[INFO] [stdout]    |     ^^^^^^^^^^^^^^^^^^^^^^^^^^^^^^^^^^
[INFO] [stdout]    |
[INFO] [stdout]    = note: `#[warn(unused_imports)]` on by default
[INFO] [stdout] 
[INFO] [stdout] 
[INFO] [stdout] warning: unused imports: `Deserialize` and `Serialize`
[INFO] [stdout]   --> src/main.rs:10:13
[INFO] [stdout]    |
[INFO] [stdout] 10 | use serde::{Deserialize, Serialize};
[INFO] [stdout]    |             ^^^^^^^^^^^  ^^^^^^^^^
[INFO] [stdout]    |
[INFO] [stdout]    = note: `#[warn(unused_imports)]` on by default
[INFO] [stdout] 
[INFO] [stdout] 
[INFO] [stdout] warning: unused import: `crate::distro::get_package_manager`
[INFO] [stdout]   --> src/updates.rs:10:5
[INFO] [stdout]    |
[INFO] [stdout] 10 | use crate::distro::get_package_manager;
[INFO] [stdout]    |     ^^^^^^^^^^^^^^^^^^^^^^^^^^^^^^^^^^
[INFO] [stdout] 
[INFO] [stdout] 
[INFO] [stdout] warning: unused import: `super::*`
[INFO] [stdout]  --> tests/config_tests.rs:3:9
[INFO] [stdout]   |
[INFO] [stdout] 3 |     use super::*;
[INFO] [stdout]   |         ^^^^^^^^
[INFO] [stdout]   |
[INFO] [stdout]   = note: `#[warn(unused_imports)]` on by default
[INFO] [stdout] 
[INFO] [stdout] 
[INFO] [stdout] warning: unused variable: `config`
[INFO] [stdout]   --> src/monitoring.rs:56:33
[INFO] [stdout]    |
[INFO] [stdout] 56 | pub fn install_monitoring_tools(config: &Config) -> Result<(), Box<dyn Error>> {
[INFO] [stdout]    |                                 ^^^^^^ help: if this is intentional, prefix it with an underscore: `_config`
[INFO] [stdout]    |
[INFO] [stdout]    = note: `#[warn(unused_variables)]` on by default
[INFO] [stdout] 
[INFO] [stdout] 
[INFO] [stdout] warning: unused variable: `config`
[INFO] [stdout]    --> src/security.rs:129:32
[INFO] [stdout]     |
[INFO] [stdout] 129 | pub fn setup_rootkit_detection(config: &Config) -> Result<(), Box<dyn Error>> {
[INFO] [stdout]     |                                ^^^^^^ help: if this is intentional, prefix it with an underscore: `_config`
[INFO] [stdout] 
[INFO] [stdout] 
[INFO] [stdout] warning: unused variable: `config`
[INFO] [stdout]    --> src/updates.rs:120:25
[INFO] [stdout]     |
[INFO] [stdout] 120 | fn setup_centos_updates(config: &Config) -> Result<(), Box<dyn Error>> {
[INFO] [stdout]     |                         ^^^^^^ help: if this is intentional, prefix it with an underscore: `_config`
[INFO] [stdout] 
[INFO] [stdout] 
[INFO] [stdout] warning: unused variable: `config`
[INFO] [stdout]    --> src/updates.rs:146:25
[INFO] [stdout]     |
[INFO] [stdout] 146 | fn setup_fedora_updates(config: &Config) -> Result<(), Box<dyn Error>> {
[INFO] [stdout]     |                         ^^^^^^ help: if this is intentional, prefix it with an underscore: `_config`
[INFO] [stdout] 
[INFO] [stdout] 
[INFO] [stdout] warning: unused variable: `config`
[INFO] [stdout]   --> src/monitoring.rs:56:33
[INFO] [stdout]    |
[INFO] [stdout] 56 | pub fn install_monitoring_tools(config: &Config) -> Result<(), Box<dyn Error>> {
[INFO] [stdout]    |                                 ^^^^^^ help: if this is intentional, prefix it with an underscore: `_config`
[INFO] [stdout]    |
[INFO] [stdout]    = note: `#[warn(unused_variables)]` on by default
[INFO] [stdout] 
[INFO] [stdout] 
[INFO] [stdout] warning: unused variable: `config`
[INFO] [stdout]    --> src/security.rs:129:32
[INFO] [stdout]     |
[INFO] [stdout] 129 | pub fn setup_rootkit_detection(config: &Config) -> Result<(), Box<dyn Error>> {
[INFO] [stdout]     |                                ^^^^^^ help: if this is intentional, prefix it with an underscore: `_config`
[INFO] [stdout] 
[INFO] [stdout] 
[INFO] [stdout] warning: unused variable: `config`
[INFO] [stdout]    --> src/updates.rs:120:25
[INFO] [stdout]     |
[INFO] [stdout] 120 | fn setup_centos_updates(config: &Config) -> Result<(), Box<dyn Error>> {
[INFO] [stdout]     |                         ^^^^^^ help: if this is intentional, prefix it with an underscore: `_config`
[INFO] [stdout] 
[INFO] [stdout] 
[INFO] [stdout] warning: unused variable: `config`
[INFO] [stdout]    --> src/updates.rs:146:25
[INFO] [stdout]     |
[INFO] [stdout] 146 | fn setup_fedora_updates(config: &Config) -> Result<(), Box<dyn Error>> {
[INFO] [stdout]     |                         ^^^^^^ help: if this is intentional, prefix it with an underscore: `_config`
[INFO] [stdout] 
[INFO] [stdout] 
[INFO] [stdout] warning: function `create_sample_web_app` is never used
[INFO] [stdout]    --> src/deployment.rs:429:4
[INFO] [stdout]     |
[INFO] [stdout] 429 | fn create_sample_web_app(app_type: &str) -> Result<(), Box<dyn Error>> {
[INFO] [stdout]     |    ^^^^^^^^^^^^^^^^^^^^^
[INFO] [stdout]     |
[INFO] [stdout]     = note: `#[warn(dead_code)]` on by default
[INFO] [stdout] 
[INFO] [stdout] 
[INFO] [stdout] warning: function `setup_firewall_rules` is never used
[INFO] [stdout]    --> src/deployment.rs:487:4
[INFO] [stdout]     |
[INFO] [stdout] 487 | fn setup_firewall_rules(config: &Config) -> Result<(), Box<dyn Error>> {
[INFO] [stdout]     |    ^^^^^^^^^^^^^^^^^^^^
[INFO] [stdout] 
[INFO] [stdout] 
[INFO] [stdout] warning: function `setup_web_server_config` is never used
[INFO] [stdout]    --> src/deployment.rs:287:8
[INFO] [stdout]     |
[INFO] [stdout] 287 | pub fn setup_web_server_config(app: &str) -> Result<(), Box<dyn Error>> {
[INFO] [stdout]     |        ^^^^^^^^^^^^^^^^^^^^^^^
[INFO] [stdout]     |
[INFO] [stdout]     = note: `#[warn(dead_code)]` on by default
[INFO] [stdout] 
[INFO] [stdout] 
[INFO] [stdout] warning: function `setup_nginx_config` is never used
[INFO] [stdout]    --> src/deployment.rs:296:4
[INFO] [stdout]     |
[INFO] [stdout] 296 | fn setup_nginx_config() -> Result<(), Box<dyn Error>> {
[INFO] [stdout]     |    ^^^^^^^^^^^^^^^^^^
[INFO] [stdout] 
[INFO] [stdout] 
[INFO] [stdout] warning: function `setup_apache_config` is never used
[INFO] [stdout]    --> src/deployment.rs:314:4
[INFO] [stdout]     |
[INFO] [stdout] 314 | fn setup_apache_config() -> Result<(), Box<dyn Error>> {
[INFO] [stdout]     |    ^^^^^^^^^^^^^^^^^^^
[INFO] [stdout] 
[INFO] [stdout] 
[INFO] [stdout] warning: function `setup_database` is never used
[INFO] [stdout]    --> src/deployment.rs:333:8
[INFO] [stdout]     |
[INFO] [stdout] 333 | pub fn setup_database(db: &str) -> Result<(), Box<dyn Error>> {
[INFO] [stdout]     |        ^^^^^^^^^^^^^^
[INFO] [stdout] 
[INFO] [stdout] 
[INFO] [stdout] warning: function `setup_mysql` is never used
[INFO] [stdout]    --> src/deployment.rs:342:4
[INFO] [stdout]     |
[INFO] [stdout] 342 | fn setup_mysql() -> Result<(), Box<dyn Error>> {
[INFO] [stdout]     |    ^^^^^^^^^^^
[INFO] [stdout] 
[INFO] [stdout] 
[INFO] [stdout] warning: function `setup_postgresql` is never used
[INFO] [stdout]    --> src/deployment.rs:367:4
[INFO] [stdout]     |
[INFO] [stdout] 367 | fn setup_postgresql() -> Result<(), Box<dyn Error>> {
[INFO] [stdout]     |    ^^^^^^^^^^^^^^^^
[INFO] [stdout] 
[INFO] [stdout] 
[INFO] [stdout] warning: function `generate_secure_password` is never used
[INFO] [stdout]    --> src/deployment.rs:398:4
[INFO] [stdout]     |
[INFO] [stdout] 398 | fn generate_secure_password() -> String {
[INFO] [stdout]     |    ^^^^^^^^^^^^^^^^^^^^^^^^
[INFO] [stdout] 
[INFO] [stdout] 
[INFO] [stdout] warning: function `create_sample_web_app` is never used
[INFO] [stdout]    --> src/deployment.rs:429:4
[INFO] [stdout]     |
[INFO] [stdout] 429 | fn create_sample_web_app(app_type: &str) -> Result<(), Box<dyn Error>> {
[INFO] [stdout]     |    ^^^^^^^^^^^^^^^^^^^^^
[INFO] [stdout] 
[INFO] [stdout] 
[INFO] [stdout] warning: function `setup_firewall_rules` is never used
[INFO] [stdout]    --> src/deployment.rs:487:4
[INFO] [stdout]     |
[INFO] [stdout] 487 | fn setup_firewall_rules(config: &Config) -> Result<(), Box<dyn Error>> {
[INFO] [stdout]     |    ^^^^^^^^^^^^^^^^^^^^
[INFO] [stdout] 
[INFO] [stdout] 
[INFO] [stdout] warning: methods `add_file_change`, `add_package_installed`, and `rollback_to` are never used
[INFO] [stdout]    --> src/rollback.rs:55:12
[INFO] [stdout]     |
[INFO] [stdout] 23  | impl RollbackManager {
[INFO] [stdout]     | -------------------- methods in this implementation
[INFO] [stdout] ...
[INFO] [stdout] 55  |     pub fn add_file_change(
[INFO] [stdout]     |            ^^^^^^^^^^^^^^^
[INFO] [stdout] ...
[INFO] [stdout] 77  |     pub fn add_package_installed(
[INFO] [stdout]     |            ^^^^^^^^^^^^^^^^^^^^^
[INFO] [stdout] ...
[INFO] [stdout] 152 |     pub fn rollback_to(&self, snapshot_id: usize) -> Result<(), Box<dyn Error>> {
[INFO] [stdout]     |            ^^^^^^^^^^^
[INFO] [stdout] 
[INFO] [stdout] 
[INFO] [stdout] warning: function `update_system` is never used
[INFO] [stdout]   --> src/distro.rs:50:8
[INFO] [stdout]    |
[INFO] [stdout] 50 | pub fn update_system(package_manager: &PackageManager) -> Result<(), Box<dyn Error>> {
[INFO] [stdout]    |        ^^^^^^^^^^^^^
[INFO] [stdout] 
[INFO] [stdout] 
[INFO] [stdout] warning: function `install_package` is never used
[INFO] [stdout]   --> src/distro.rs:78:8
[INFO] [stdout]    |
[INFO] [stdout] 78 | pub fn install_package(
[INFO] [stdout]    |        ^^^^^^^^^^^^^^^
[INFO] [stdout] 
[INFO] [stdout] 
[INFO] [stderr]     Finished `test` profile [unoptimized + debuginfo] target(s) in 1.27s
[INFO] running `Command { std: "docker" "inspect" "6ac83b551a8d9e2078eb0e439a754ad3a2dad247f6a38661816d8d968badc55a", kill_on_drop: false }`
[INFO] running `Command { std: "docker" "rm" "-f" "6ac83b551a8d9e2078eb0e439a754ad3a2dad247f6a38661816d8d968badc55a", kill_on_drop: false }`
[INFO] [stdout] 6ac83b551a8d9e2078eb0e439a754ad3a2dad247f6a38661816d8d968badc55a
[INFO] running `Command { std: "docker" "create" "-v" "/var/lib/crater-agent-workspace/builds/worker-2-tc2/target:/opt/rustwide/target:rw,Z" "-v" "/var/lib/crater-agent-workspace/builds/worker-2-tc2/source:/opt/rustwide/workdir:ro,Z" "-v" "/var/lib/crater-agent-workspace/cargo-home:/opt/rustwide/cargo-home:ro,Z" "-v" "/var/lib/crater-agent-workspace/rustup-home:/opt/rustwide/rustup-home:ro,Z" "-e" "SOURCE_DIR=/opt/rustwide/workdir" "-e" "CARGO_TARGET_DIR=/opt/rustwide/target" "-e" "CARGO_INCREMENTAL=0" "-e" "RUST_BACKTRACE=full" "-e" "RUSTFLAGS=--cap-lints=forbid -Zrandomize-layout" "-e" "RUSTDOCFLAGS=--cap-lints=forbid" "-e" "CARGO_HOME=/opt/rustwide/cargo-home" "-e" "RUSTUP_HOME=/opt/rustwide/rustup-home" "-w" "/opt/rustwide/workdir" "-m" "1610612736" "--user" "0:0" "--network" "none" "ghcr.io/rust-lang/crates-build-env/linux@sha256:4a844ea9eb2546a2d2c7022eacef16ef2e8229c7fbb2c7d4d55a9ceca922f72d" "/opt/rustwide/cargo-home/bin/cargo" "+nightly-2024-10-28" "test" "--frozen", kill_on_drop: false }`
[INFO] [stdout] 41a7c1c6e11deab74d29263fd28087d9eced878e7b5c2bdbd372e46f37f6c378
[INFO] running `Command { std: "docker" "start" "-a" "41a7c1c6e11deab74d29263fd28087d9eced878e7b5c2bdbd372e46f37f6c378", kill_on_drop: false }`
[INFO] [stderr] warning: unused import: `crate::distro::get_package_manager`
[INFO] [stderr]   --> src/updates.rs:10:5
[INFO] [stderr]    |
[INFO] [stderr] 10 | use crate::distro::get_package_manager;
[INFO] [stderr]    |     ^^^^^^^^^^^^^^^^^^^^^^^^^^^^^^^^^^
[INFO] [stderr]    |
[INFO] [stderr]    = note: `#[warn(unused_imports)]` on by default
[INFO] [stderr] 
[INFO] [stderr] warning: unused variable: `config`
[INFO] [stderr]   --> src/monitoring.rs:56:33
[INFO] [stderr]    |
[INFO] [stderr] 56 | pub fn install_monitoring_tools(config: &Config) -> Result<(), Box<dyn Error>> {
[INFO] [stderr]    |                                 ^^^^^^ help: if this is intentional, prefix it with an underscore: `_config`
[INFO] [stderr]    |
[INFO] [stderr]    = note: `#[warn(unused_variables)]` on by default
[INFO] [stderr] 
[INFO] [stderr] warning: unused variable: `config`
[INFO] [stderr]    --> src/security.rs:129:32
[INFO] [stderr]     |
[INFO] [stderr] 129 | pub fn setup_rootkit_detection(config: &Config) -> Result<(), Box<dyn Error>> {
[INFO] [stderr]     |                                ^^^^^^ help: if this is intentional, prefix it with an underscore: `_config`
[INFO] [stderr] 
[INFO] [stderr] warning: unused variable: `config`
[INFO] [stderr]    --> src/updates.rs:120:25
[INFO] [stderr]     |
[INFO] [stderr] 120 | fn setup_centos_updates(config: &Config) -> Result<(), Box<dyn Error>> {
[INFO] [stderr]     |                         ^^^^^^ help: if this is intentional, prefix it with an underscore: `_config`
[INFO] [stderr] 
[INFO] [stderr] warning: unused variable: `config`
[INFO] [stderr]    --> src/updates.rs:146:25
[INFO] [stderr]     |
[INFO] [stderr] 146 | fn setup_fedora_updates(config: &Config) -> Result<(), Box<dyn Error>> {
[INFO] [stderr]     |                         ^^^^^^ help: if this is intentional, prefix it with an underscore: `_config`
[INFO] [stderr] 
[INFO] [stderr] warning: function `create_sample_web_app` is never used
[INFO] [stderr]    --> src/deployment.rs:429:4
[INFO] [stderr]     |
[INFO] [stderr] 429 | fn create_sample_web_app(app_type: &str) -> Result<(), Box<dyn Error>> {
[INFO] [stderr]     |    ^^^^^^^^^^^^^^^^^^^^^
[INFO] [stderr]     |
[INFO] [stderr]     = note: `#[warn(dead_code)]` on by default
[INFO] [stderr] 
[INFO] [stderr] warning: function `setup_firewall_rules` is never used
[INFO] [stderr]    --> src/deployment.rs:487:4
[INFO] [stderr]     |
[INFO] [stderr] 487 | fn setup_firewall_rules(config: &Config) -> Result<(), Box<dyn Error>> {
[INFO] [stderr]     |    ^^^^^^^^^^^^^^^^^^^^
[INFO] [stderr] 
[INFO] [stderr] warning: `serverforge` (lib) generated 7 warnings (run `cargo fix --lib -p serverforge` to apply 1 suggestion)
[INFO] [stderr] warning: `serverforge` (lib test) generated 7 warnings (7 duplicates)
[INFO] [stderr] warning: unused import: `super::*`
[INFO] [stderr]  --> tests/config_tests.rs:3:9
[INFO] [stderr]   |
[INFO] [stderr] 3 |     use super::*;
[INFO] [stderr]   |         ^^^^^^^^
[INFO] [stderr]   |
[INFO] [stderr]   = note: `#[warn(unused_imports)]` on by default
[INFO] [stderr] 
[INFO] [stderr] warning: unused imports: `Deserialize` and `Serialize`
[INFO] [stderr]   --> src/main.rs:10:13
[INFO] [stderr]    |
[INFO] [stderr] 10 | use serde::{Deserialize, Serialize};
[INFO] [stderr]    |             ^^^^^^^^^^^  ^^^^^^^^^
[INFO] [stderr]    |
[INFO] [stderr]    = note: `#[warn(unused_imports)]` on by default
[INFO] [stderr] 
[INFO] [stderr] warning: unused import: `crate::distro::get_package_manager`
[INFO] [stderr]   --> src/updates.rs:10:5
[INFO] [stderr]    |
[INFO] [stderr] 10 | use crate::distro::get_package_manager;
[INFO] [stderr]    |     ^^^^^^^^^^^^^^^^^^^^^^^^^^^^^^^^^^
[INFO] [stderr] 
[INFO] [stderr] warning: function `setup_web_server_config` is never used
[INFO] [stderr]    --> src/deployment.rs:287:8
[INFO] [stderr]     |
[INFO] [stderr] 287 | pub fn setup_web_server_config(app: &str) -> Result<(), Box<dyn Error>> {
[INFO] [stderr]     |        ^^^^^^^^^^^^^^^^^^^^^^^
[INFO] [stderr]     |
[INFO] [stderr]     = note: `#[warn(dead_code)]` on by default
[INFO] [stderr] 
[INFO] [stderr] warning: function `setup_nginx_config` is never used
[INFO] [stderr]    --> src/deployment.rs:296:4
[INFO] [stderr]     |
[INFO] [stderr] 296 | fn setup_nginx_config() -> Result<(), Box<dyn Error>> {
[INFO] [stderr]     |    ^^^^^^^^^^^^^^^^^^
[INFO] [stderr] 
[INFO] [stderr] warning: function `setup_apache_config` is never used
[INFO] [stderr]    --> src/deployment.rs:314:4
[INFO] [stderr]     |
[INFO] [stderr] 314 | fn setup_apache_config() -> Result<(), Box<dyn Error>> {
[INFO] [stderr]     |    ^^^^^^^^^^^^^^^^^^^
[INFO] [stderr] 
[INFO] [stderr] warning: function `setup_database` is never used
[INFO] [stderr]    --> src/deployment.rs:333:8
[INFO] [stderr]     |
[INFO] [stderr] 333 | pub fn setup_database(db: &str) -> Result<(), Box<dyn Error>> {
[INFO] [stderr]     |        ^^^^^^^^^^^^^^
[INFO] [stderr] 
[INFO] [stderr] warning: function `setup_mysql` is never used
[INFO] [stderr]    --> src/deployment.rs:342:4
[INFO] [stderr]     |
[INFO] [stderr] 342 | fn setup_mysql() -> Result<(), Box<dyn Error>> {
[INFO] [stderr]     |    ^^^^^^^^^^^
[INFO] [stderr] 
[INFO] [stderr] warning: function `setup_postgresql` is never used
[INFO] [stderr]    --> src/deployment.rs:367:4
[INFO] [stderr]     |
[INFO] [stderr] 367 | fn setup_postgresql() -> Result<(), Box<dyn Error>> {
[INFO] [stderr]     |    ^^^^^^^^^^^^^^^^
[INFO] [stderr] 
[INFO] [stderr] warning: function `generate_secure_password` is never used
[INFO] [stderr]    --> src/deployment.rs:398:4
[INFO] [stderr]     |
[INFO] [stderr] 398 | fn generate_secure_password() -> String {
[INFO] [stderr]     |    ^^^^^^^^^^^^^^^^^^^^^^^^
[INFO] [stderr] 
[INFO] [stderr] warning: function `create_sample_web_app` is never used
[INFO] [stderr]    --> src/deployment.rs:429:4
[INFO] [stderr]     |
[INFO] [stderr] 429 | fn create_sample_web_app(app_type: &str) -> Result<(), Box<dyn Error>> {
[INFO] [stderr]     |    ^^^^^^^^^^^^^^^^^^^^^
[INFO] [stderr] 
[INFO] [stderr] warning: methods `add_file_change`, `add_package_installed`, and `rollback_to` are never used
[INFO] [stderr]    --> src/rollback.rs:55:12
[INFO] [stderr]     |
[INFO] [stderr] 23  | impl RollbackManager {
[INFO] [stderr]     | -------------------- methods in this implementation
[INFO] [stderr] ...
[INFO] [stderr] 55  |     pub fn add_file_change(
[INFO] [stderr]     |            ^^^^^^^^^^^^^^^
[INFO] [stderr] ...
[INFO] [stderr] 77  |     pub fn add_package_installed(
[INFO] [stderr]     |            ^^^^^^^^^^^^^^^^^^^^^
[INFO] [stderr] ...
[INFO] [stderr] 152 |     pub fn rollback_to(&self, snapshot_id: usize) -> Result<(), Box<dyn Error>> {
[INFO] [stderr]     |            ^^^^^^^^^^^
[INFO] [stderr] 
[INFO] [stderr] warning: function `update_system` is never used
[INFO] [stderr]   --> src/distro.rs:50:8
[INFO] [stderr]    |
[INFO] [stderr] 50 | pub fn update_system(package_manager: &PackageManager) -> Result<(), Box<dyn Error>> {
[INFO] [stderr]    |        ^^^^^^^^^^^^^
[INFO] [stderr] 
[INFO] [stderr] warning: function `install_package` is never used
[INFO] [stderr]   --> src/distro.rs:78:8
[INFO] [stderr]    |
[INFO] [stderr] 78 | pub fn install_package(
[INFO] [stderr]    |        ^^^^^^^^^^^^^^^
[INFO] [stderr] 
[INFO] [stderr] warning: unused import: `chrono::Local`
[INFO] [stderr]  --> tests/utils_test.rs:1:5
[INFO] [stderr]   |
[INFO] [stderr] 1 | use chrono::Local;
[INFO] [stderr]   |     ^^^^^^^^^^^^^
[INFO] [stderr]   |
[INFO] [stderr]   = note: `#[warn(unused_imports)]` on by default
[INFO] [stderr] 
[INFO] [stderr] warning: unused import: `std::error::Error`
[INFO] [stderr]  --> tests/utils_test.rs:2:5
[INFO] [stderr]   |
[INFO] [stderr] 2 | use std::error::Error;
[INFO] [stderr]   |     ^^^^^^^^^^^^^^^^^
[INFO] [stderr] 
[INFO] [stderr] warning: unused import: `super::*`
[INFO] [stderr]   --> tests/utils_test.rs:29:9
[INFO] [stderr]    |
[INFO] [stderr] 29 |     use super::*;
[INFO] [stderr]    |         ^^^^^^^^
[INFO] [stderr] 
[INFO] [stderr] warning: unused import: `server_forge::config::Config`
[INFO] [stderr]   --> tests/utils_test.rs:30:9
[INFO] [stderr]    |
[INFO] [stderr] 30 |     use server_forge::config::Config;
[INFO] [stderr]    |         ^^^^^^^^^^^^^^^^^^^^^^^^^^^^
[INFO] [stderr] 
[INFO] [stderr] warning: unused imports: `generate_report`, `get_user_input`, and `save_config`
[INFO] [stderr]   --> tests/utils_test.rs:31:31
[INFO] [stderr]    |
[INFO] [stderr] 31 |     use server_forge::utils::{generate_report, get_user_input, run_command, save_config};
[INFO] [stderr]    |                               ^^^^^^^^^^^^^^^  ^^^^^^^^^^^^^^               ^^^^^^^^^^^
[INFO] [stderr] 
[INFO] [stderr] warning: unused import: `std::fs`
[INFO] [stderr]   --> tests/utils_test.rs:33:9
[INFO] [stderr]    |
[INFO] [stderr] 33 |     use std::fs;
[INFO] [stderr]    |         ^^^^^^^
[INFO] [stderr] 
[INFO] [stderr] warning: unused import: `std::io::Cursor`
[INFO] [stderr]   --> tests/utils_test.rs:34:9
[INFO] [stderr]    |
[INFO] [stderr] 34 |     use std::io::Cursor;
[INFO] [stderr]    |         ^^^^^^^^^^^^^^^
[INFO] [stderr] 
[INFO] [stderr] warning: unused import: `tempfile::tempdir`
[INFO] [stderr]   --> tests/utils_test.rs:35:9
[INFO] [stderr]    |
[INFO] [stderr] 35 |     use tempfile::tempdir;
[INFO] [stderr]    |         ^^^^^^^^^^^^^^^^^
[INFO] [stderr] 
[INFO] [stderr] warning: `serverforge` (test "config_tests") generated 1 warning (run `cargo fix --test "config_tests"` to apply 1 suggestion)
[INFO] [stderr] warning: `serverforge` (test "mod") generated 1 warning (1 duplicate)
[INFO] [stderr] warning: `serverforge` (bin "server_forge") generated 18 warnings (5 duplicates) (run `cargo fix --bin "server_forge"` to apply 2 suggestions)
[INFO] [stderr] warning: `serverforge` (bin "server_forge" test) generated 18 warnings (18 duplicates)
[INFO] [stderr] warning: `serverforge` (test "utils_test") generated 8 warnings (run `cargo fix --test "utils_test"` to apply 8 suggestions)
[INFO] [stderr]     Finished `test` profile [unoptimized + debuginfo] target(s) in 0.08s
[INFO] [stderr]      Running unittests src/lib.rs (/opt/rustwide/target/debug/deps/server_forge-98cc9a039e1580e4)
[INFO] [stdout] 
[INFO] [stdout] running 0 tests
[INFO] [stdout] 
[INFO] [stdout] test result: ok. 0 passed; 0 failed; 0 ignored; 0 measured; 0 filtered out; finished in 0.00s
[INFO] [stdout] 
[INFO] [stderr]      Running unittests src/main.rs (/opt/rustwide/target/debug/deps/server_forge-c3f228ff97001746)
[INFO] [stdout] 
[INFO] [stdout] running 0 tests
[INFO] [stdout] 
[INFO] [stdout] test result: ok. 0 passed; 0 failed; 0 ignored; 0 measured; 0 filtered out; finished in 0.00s
[INFO] [stdout] 
[INFO] [stderr]      Running tests/backup_tests.rs (/opt/rustwide/target/debug/deps/backup_tests-eb9a5d95a6ae4f4c)
[INFO] [stdout] 
[INFO] [stdout] running 4 tests
[INFO] [stdout] test test_configure_backup_schedule ... ok
[INFO] [stdout] test test_setup_backup_locations ... FAILED
[INFO] [stdout] test test_setup_backup_system ... FAILED
[INFO] [stdout] test test_install_backup_tools ... FAILED
[INFO] [stdout] 
[INFO] [stdout] failures:
[INFO] [stdout] 
[INFO] [stdout] ---- test_setup_backup_locations stdout ----
[INFO] [stdout] thread 'test_setup_backup_locations' panicked at tests/backup_tests.rs:40:5:
[INFO] [stdout] assertion failed: backup::setup_backup_locations(&config).is_ok()
[INFO] [stdout] stack backtrace:
[INFO] [stdout]    0:     0x650ca443db8a - std::backtrace_rs::backtrace::libunwind::trace::h207520d6e9873551
[INFO] [stdout]                                at /rustc/df4ca44d3fbc9301ee17f30f4d474e6ae4b05252/library/std/src/../../backtrace/src/backtrace/libunwind.rs:116:5
[INFO] [stdout]    1:     0x650ca443db8a - std::backtrace_rs::backtrace::trace_unsynchronized::h2ed7433f370e3eca
[INFO] [stdout]                                at /rustc/df4ca44d3fbc9301ee17f30f4d474e6ae4b05252/library/std/src/../../backtrace/src/backtrace/mod.rs:66:5
[INFO] [stdout]    2:     0x650ca443db8a - std::sys::backtrace::_print_fmt::h916fac51166b18d7
[INFO] [stdout]                                at /rustc/df4ca44d3fbc9301ee17f30f4d474e6ae4b05252/library/std/src/sys/backtrace.rs:66:9
[INFO] [stdout]    3:     0x650ca443db8a - <std::sys::backtrace::BacktraceLock::print::DisplayBacktrace as core::fmt::Display>::fmt::ha0a4c9b8ce3802e6
[INFO] [stdout]                                at /rustc/df4ca44d3fbc9301ee17f30f4d474e6ae4b05252/library/std/src/sys/backtrace.rs:39:26
[INFO] [stdout]    4:     0x650ca4464533 - core::fmt::rt::Argument::fmt::h4cfc8587d52b3eb5
[INFO] [stdout]                                at /rustc/df4ca44d3fbc9301ee17f30f4d474e6ae4b05252/library/core/src/fmt/rt.rs:177:76
[INFO] [stdout]    5:     0x650ca4464533 - core::fmt::write::h522cc39e5b36ae9f
[INFO] [stdout]                                at /rustc/df4ca44d3fbc9301ee17f30f4d474e6ae4b05252/library/core/src/fmt/mod.rs:1190:21
[INFO] [stdout]    6:     0x650ca443a6f3 - std::io::Write::write_fmt::h7d3c26752da97734
[INFO] [stdout]                                at /rustc/df4ca44d3fbc9301ee17f30f4d474e6ae4b05252/library/std/src/io/mod.rs:1839:15
[INFO] [stdout]    7:     0x650ca443d9d2 - std::sys::backtrace::BacktraceLock::print::h4b9e00b29e9c0942
[INFO] [stdout]                                at /rustc/df4ca44d3fbc9301ee17f30f4d474e6ae4b05252/library/std/src/sys/backtrace.rs:42:9
[INFO] [stdout]    8:     0x650ca443f01a - std::panicking::default_hook::{{closure}}::hb59b88280d0324d9
[INFO] [stdout]                                at /rustc/df4ca44d3fbc9301ee17f30f4d474e6ae4b05252/library/std/src/panicking.rs:268:22
[INFO] [stdout]    9:     0x650ca443ee24 - std::panicking::default_hook::he1dd496665be4a29
[INFO] [stdout]                                at /rustc/df4ca44d3fbc9301ee17f30f4d474e6ae4b05252/library/std/src/panicking.rs:292:9
[INFO] [stdout]   10:     0x650ca43f6a29 - <alloc::boxed::Box<F,A> as core::ops::function::Fn<Args>>::call::h4ff71de18744e1dc
[INFO] [stdout]                                at /rustc/df4ca44d3fbc9301ee17f30f4d474e6ae4b05252/library/alloc/src/boxed.rs:2468:9
[INFO] [stdout]   11:     0x650ca43f6a29 - test::test_main::{{closure}}::hcf7c055ce117aa81
[INFO] [stdout]                                at /rustc/df4ca44d3fbc9301ee17f30f4d474e6ae4b05252/library/test/src/lib.rs:133:21
[INFO] [stdout]   12:     0x650ca443f718 - <alloc::boxed::Box<F,A> as core::ops::function::Fn<Args>>::call::h1d66c6bbd60c9692
[INFO] [stdout]                                at /rustc/df4ca44d3fbc9301ee17f30f4d474e6ae4b05252/library/alloc/src/boxed.rs:2468:9
[INFO] [stdout]   13:     0x650ca443f718 - std::panicking::rust_panic_with_hook::h2ff17fe8f26dfcf8
[INFO] [stdout]                                at /rustc/df4ca44d3fbc9301ee17f30f4d474e6ae4b05252/library/std/src/panicking.rs:809:13
[INFO] [stdout]   14:     0x650ca443f4a6 - std::panicking::begin_panic_handler::{{closure}}::h4fad77951c07e101
[INFO] [stdout]                                at /rustc/df4ca44d3fbc9301ee17f30f4d474e6ae4b05252/library/std/src/panicking.rs:667:13
[INFO] [stdout]   15:     0x650ca443e069 - std::sys::backtrace::__rust_end_short_backtrace::hb1a25b3da5d0ea08
[INFO] [stdout]                                at /rustc/df4ca44d3fbc9301ee17f30f4d474e6ae4b05252/library/std/src/sys/backtrace.rs:170:18
[INFO] [stdout]   16:     0x650ca443f16c - rust_begin_unwind
[INFO] [stdout]                                at /rustc/df4ca44d3fbc9301ee17f30f4d474e6ae4b05252/library/std/src/panicking.rs:665:5
[INFO] [stdout]   17:     0x650ca4462f30 - core::panicking::panic_fmt::ha9db07b529f9b256
[INFO] [stdout]                                at /rustc/df4ca44d3fbc9301ee17f30f4d474e6ae4b05252/library/core/src/panicking.rs:75:14
[INFO] [stdout]   18:     0x650ca4462fbc - core::panicking::panic::h993086813d94accc
[INFO] [stdout]                                at /rustc/df4ca44d3fbc9301ee17f30f4d474e6ae4b05252/library/core/src/panicking.rs:152:5
[INFO] [stdout]   19:     0x650ca43bc04a - backup_tests::test_setup_backup_locations::he553f20a00114c3f
[INFO] [stdout]                                at /opt/rustwide/workdir/tests/backup_tests.rs:40:5
[INFO] [stdout]   20:     0x650ca43bbda7 - backup_tests::test_setup_backup_locations::{{closure}}::h2ee52bdee1d22130
[INFO] [stdout]                                at /opt/rustwide/workdir/tests/backup_tests.rs:34:33
[INFO] [stdout]   21:     0x650ca43baea6 - core::ops::function::FnOnce::call_once::h818fa96922f3c237
[INFO] [stdout]                                at /rustc/df4ca44d3fbc9301ee17f30f4d474e6ae4b05252/library/core/src/ops/function.rs:250:5
[INFO] [stdout]   22:     0x650ca43fb2fb - core::ops::function::FnOnce::call_once::h22c3ba5715e93f05
[INFO] [stdout]                                at /rustc/df4ca44d3fbc9301ee17f30f4d474e6ae4b05252/library/core/src/ops/function.rs:250:5
[INFO] [stdout]   23:     0x650ca43fb2fb - test::__rust_begin_short_backtrace::h8e82d8113d0da17f
[INFO] [stdout]                                at /rustc/df4ca44d3fbc9301ee17f30f4d474e6ae4b05252/library/test/src/lib.rs:621:18
[INFO] [stdout]   24:     0x650ca43fac77 - test::run_test_in_process::{{closure}}::h33235f4f20b7b7c7
[INFO] [stdout]                                at /rustc/df4ca44d3fbc9301ee17f30f4d474e6ae4b05252/library/test/src/lib.rs:644:60
[INFO] [stdout]   25:     0x650ca43fac77 - <core::panic::unwind_safe::AssertUnwindSafe<F> as core::ops::function::FnOnce<()>>::call_once::hb5043206310c586f
[INFO] [stdout]                                at /rustc/df4ca44d3fbc9301ee17f30f4d474e6ae4b05252/library/core/src/panic/unwind_safe.rs:272:9
[INFO] [stdout]   26:     0x650ca43fac77 - std::panicking::try::do_call::h9ad4731a60ab23e2
[INFO] [stdout]                                at /rustc/df4ca44d3fbc9301ee17f30f4d474e6ae4b05252/library/std/src/panicking.rs:557:40
[INFO] [stdout]   27:     0x650ca43fac77 - std::panicking::try::h3824d23db772a716
[INFO] [stdout]                                at /rustc/df4ca44d3fbc9301ee17f30f4d474e6ae4b05252/library/std/src/panicking.rs:520:19
[INFO] [stdout]   28:     0x650ca43fac77 - std::panic::catch_unwind::h5afd514605fde46b
[INFO] [stdout]                                at /rustc/df4ca44d3fbc9301ee17f30f4d474e6ae4b05252/library/std/src/panic.rs:358:14
[INFO] [stdout]   29:     0x650ca43fac77 - test::run_test_in_process::h0d5cbfa7067d1720
[INFO] [stdout]                                at /rustc/df4ca44d3fbc9301ee17f30f4d474e6ae4b05252/library/test/src/lib.rs:644:27
[INFO] [stdout]   30:     0x650ca43fac77 - test::run_test::{{closure}}::h708eb8872708115d
[INFO] [stdout]                                at /rustc/df4ca44d3fbc9301ee17f30f4d474e6ae4b05252/library/test/src/lib.rs:565:43
[INFO] [stdout]   31:     0x650ca43be394 - test::run_test::{{closure}}::h392c51cee94713ab
[INFO] [stdout]                                at /rustc/df4ca44d3fbc9301ee17f30f4d474e6ae4b05252/library/test/src/lib.rs:595:41
[INFO] [stdout]   32:     0x650ca43be394 - std::sys::backtrace::__rust_begin_short_backtrace::h2f40290710935a8b
[INFO] [stdout]                                at /rustc/df4ca44d3fbc9301ee17f30f4d474e6ae4b05252/library/std/src/sys/backtrace.rs:154:18
[INFO] [stdout]   33:     0x650ca43c1b3e - std::thread::Builder::spawn_unchecked_::{{closure}}::{{closure}}::h3fd968d89053a903
[INFO] [stdout]                                at /rustc/df4ca44d3fbc9301ee17f30f4d474e6ae4b05252/library/std/src/thread/mod.rs:541:17
[INFO] [stdout]   34:     0x650ca43c1b3e - <core::panic::unwind_safe::AssertUnwindSafe<F> as core::ops::function::FnOnce<()>>::call_once::h743f637ba4229880
[INFO] [stdout]                                at /rustc/df4ca44d3fbc9301ee17f30f4d474e6ae4b05252/library/core/src/panic/unwind_safe.rs:272:9
[INFO] [stdout]   35:     0x650ca43c1b3e - std::panicking::try::do_call::h07440897322525a6
[INFO] [stdout]                                at /rustc/df4ca44d3fbc9301ee17f30f4d474e6ae4b05252/library/std/src/panicking.rs:557:40
[INFO] [stdout]   36:     0x650ca43c1b3e - std::panicking::try::he5a2e00188156637
[INFO] [stdout]                                at /rustc/df4ca44d3fbc9301ee17f30f4d474e6ae4b05252/library/std/src/panicking.rs:520:19
[INFO] [stdout]   37:     0x650ca43c1b3e - std::panic::catch_unwind::hbaf3cae49b3c6433
[INFO] [stdout]                                at /rustc/df4ca44d3fbc9301ee17f30f4d474e6ae4b05252/library/std/src/panic.rs:358:14
[INFO] [stdout]   38:     0x650ca43c1b3e - std::thread::Builder::spawn_unchecked_::{{closure}}::h8e141ea224820bce
[INFO] [stdout]                                at /rustc/df4ca44d3fbc9301ee17f30f4d474e6ae4b05252/library/std/src/thread/mod.rs:540:30
[INFO] [stdout]   39:     0x650ca43c1b3e - core::ops::function::FnOnce::call_once{{vtable.shim}}::h90d312fedd7b8ea8
[INFO] [stdout]                                at /rustc/df4ca44d3fbc9301ee17f30f4d474e6ae4b05252/library/core/src/ops/function.rs:250:5
[INFO] [stdout]   40:     0x650ca444360b - <alloc::boxed::Box<F,A> as core::ops::function::FnOnce<Args>>::call_once::h69aa08ddb6adb8b6
[INFO] [stdout]                                at /rustc/df4ca44d3fbc9301ee17f30f4d474e6ae4b05252/library/alloc/src/boxed.rs:2454:9
[INFO] [stdout]   41:     0x650ca444360b - <alloc::boxed::Box<F,A> as core::ops::function::FnOnce<Args>>::call_once::h5aa36efdb79c806f
[INFO] [stdout]                                at /rustc/df4ca44d3fbc9301ee17f30f4d474e6ae4b05252/library/alloc/src/boxed.rs:2454:9
[INFO] [stdout]   42:     0x650ca444360b - std::sys::pal::unix::thread::Thread::new::thread_start::h6cd80a1b4be5158d
[INFO] [stdout]                                at /rustc/df4ca44d3fbc9301ee17f30f4d474e6ae4b05252/library/std/src/sys/pal/unix/thread.rs:105:17
[INFO] [stdout]   43:     0x79eebc4d9ac3 - <unknown>
[INFO] [stdout]   44:     0x79eebc56aa04 - clone
[INFO] [stdout]   45:                0x0 - <unknown>
[INFO] [stdout] 
[INFO] [stdout] ---- test_setup_backup_system stdout ----
[INFO] [stdout] thread 'test_setup_backup_system' panicked at tests/backup_tests.rs:62:5:
[INFO] [stdout] assertion failed: backup::setup_backup_system(&config, &rollback_manager).is_ok()
[INFO] [stdout] stack backtrace:
[INFO] [stdout]    0:     0x650ca443db8a - std::backtrace_rs::backtrace::libunwind::trace::h207520d6e9873551
[INFO] [stdout]                                at /rustc/df4ca44d3fbc9301ee17f30f4d474e6ae4b05252/library/std/src/../../backtrace/src/backtrace/libunwind.rs:116:5
[INFO] [stdout]    1:     0x650ca443db8a - std::backtrace_rs::backtrace::trace_unsynchronized::h2ed7433f370e3eca
[INFO] [stdout]                                at /rustc/df4ca44d3fbc9301ee17f30f4d474e6ae4b05252/library/std/src/../../backtrace/src/backtrace/mod.rs:66:5
[INFO] [stdout]    2:     0x650ca443db8a - std::sys::backtrace::_print_fmt::h916fac51166b18d7
[INFO] [stdout]                                at /rustc/df4ca44d3fbc9301ee17f30f4d474e6ae4b05252/library/std/src/sys/backtrace.rs:66:9
[INFO] [stdout]    3:     0x650ca443db8a - <std::sys::backtrace::BacktraceLock::print::DisplayBacktrace as core::fmt::Display>::fmt::ha0a4c9b8ce3802e6
[INFO] [stdout]                                at /rustc/df4ca44d3fbc9301ee17f30f4d474e6ae4b05252/library/std/src/sys/backtrace.rs:39:26
[INFO] [stdout]    4:     0x650ca4464533 - core::fmt::rt::Argument::fmt::h4cfc8587d52b3eb5
[INFO] [stdout]                                at /rustc/df4ca44d3fbc9301ee17f30f4d474e6ae4b05252/library/core/src/fmt/rt.rs:177:76
[INFO] [stdout]    5:     0x650ca4464533 - core::fmt::write::h522cc39e5b36ae9f
[INFO] [stdout]                                at /rustc/df4ca44d3fbc9301ee17f30f4d474e6ae4b05252/library/core/src/fmt/mod.rs:1190:21
[INFO] [stdout]    6:     0x650ca443a6f3 - std::io::Write::write_fmt::h7d3c26752da97734
[INFO] [stdout]                                at /rustc/df4ca44d3fbc9301ee17f30f4d474e6ae4b05252/library/std/src/io/mod.rs:1839:15
[INFO] [stdout]    7:     0x650ca443d9d2 - std::sys::backtrace::BacktraceLock::print::h4b9e00b29e9c0942
[INFO] [stdout]                                at /rustc/df4ca44d3fbc9301ee17f30f4d474e6ae4b05252/library/std/src/sys/backtrace.rs:42:9
[INFO] [stdout]    8:     0x650ca443f01a - std::panicking::default_hook::{{closure}}::hb59b88280d0324d9
[INFO] [stdout]                                at /rustc/df4ca44d3fbc9301ee17f30f4d474e6ae4b05252/library/std/src/panicking.rs:268:22
[INFO] [stdout]    9:     0x650ca443ee24 - std::panicking::default_hook::he1dd496665be4a29
[INFO] [stdout]                                at /rustc/df4ca44d3fbc9301ee17f30f4d474e6ae4b05252/library/std/src/panicking.rs:292:9
[INFO] [stdout]   10:     0x650ca43f6a29 - <alloc::boxed::Box<F,A> as core::ops::function::Fn<Args>>::call::h4ff71de18744e1dc
[INFO] [stdout]                                at /rustc/df4ca44d3fbc9301ee17f30f4d474e6ae4b05252/library/alloc/src/boxed.rs:2468:9
[INFO] [stdout]   11:     0x650ca43f6a29 - test::test_main::{{closure}}::hcf7c055ce117aa81
[INFO] [stdout]                                at /rustc/df4ca44d3fbc9301ee17f30f4d474e6ae4b05252/library/test/src/lib.rs:133:21
[INFO] [stdout]   12:     0x650ca443f718 - <alloc::boxed::Box<F,A> as core::ops::function::Fn<Args>>::call::h1d66c6bbd60c9692
[INFO] [stdout]                                at /rustc/df4ca44d3fbc9301ee17f30f4d474e6ae4b05252/library/alloc/src/boxed.rs:2468:9
[INFO] [stdout]   13:     0x650ca443f718 - std::panicking::rust_panic_with_hook::h2ff17fe8f26dfcf8
[INFO] [stdout]                                at /rustc/df4ca44d3fbc9301ee17f30f4d474e6ae4b05252/library/std/src/panicking.rs:809:13
[INFO] [stdout]   14:     0x650ca443f4a6 - std::panicking::begin_panic_handler::{{closure}}::h4fad77951c07e101
[INFO] [stdout]                                at /rustc/df4ca44d3fbc9301ee17f30f4d474e6ae4b05252/library/std/src/panicking.rs:667:13
[INFO] [stdout]   15:     0x650ca443e069 - std::sys::backtrace::__rust_end_short_backtrace::hb1a25b3da5d0ea08
[INFO] [stdout]                                at /rustc/df4ca44d3fbc9301ee17f30f4d474e6ae4b05252/library/std/src/sys/backtrace.rs:170:18
[INFO] [stdout]   16:     0x650ca443f16c - rust_begin_unwind
[INFO] [stdout]                                at /rustc/df4ca44d3fbc9301ee17f30f4d474e6ae4b05252/library/std/src/panicking.rs:665:5
[INFO] [stdout]   17:     0x650ca4462f30 - core::panicking::panic_fmt::ha9db07b529f9b256
[INFO] [stdout]                                at /rustc/df4ca44d3fbc9301ee17f30f4d474e6ae4b05252/library/core/src/panicking.rs:75:14
[INFO] [stdout]   18:     0x650ca4462fbc - core::panicking::panic::h993086813d94accc
[INFO] [stdout]                                at /rustc/df4ca44d3fbc9301ee17f30f4d474e6ae4b05252/library/core/src/panicking.rs:152:5
[INFO] [stdout]   19:     0x650ca43bc795 - backup_tests::test_setup_backup_system::hef1dfa6f9d0b0fb5
[INFO] [stdout]                                at /opt/rustwide/workdir/tests/backup_tests.rs:62:5
[INFO] [stdout]   20:     0x650ca43bc467 - backup_tests::test_setup_backup_system::{{closure}}::hda55813f59bddf99
[INFO] [stdout]                                at /opt/rustwide/workdir/tests/backup_tests.rs:54:30
[INFO] [stdout]   21:     0x650ca43bae66 - core::ops::function::FnOnce::call_once::h655610d188329929
[INFO] [stdout]                                at /rustc/df4ca44d3fbc9301ee17f30f4d474e6ae4b05252/library/core/src/ops/function.rs:250:5
[INFO] [stdout]   22:     0x650ca43fb2fb - core::ops::function::FnOnce::call_once::h22c3ba5715e93f05
[INFO] [stdout]                                at /rustc/df4ca44d3fbc9301ee17f30f4d474e6ae4b05252/library/core/src/ops/function.rs:250:5
[INFO] [stdout]   23:     0x650ca43fb2fb - test::__rust_begin_short_backtrace::h8e82d8113d0da17f
[INFO] [stdout]                                at /rustc/df4ca44d3fbc9301ee17f30f4d474e6ae4b05252/library/test/src/lib.rs:621:18
[INFO] [stdout]   24:     0x650ca43fac77 - test::run_test_in_process::{{closure}}::h33235f4f20b7b7c7
[INFO] [stdout]                                at /rustc/df4ca44d3fbc9301ee17f30f4d474e6ae4b05252/library/test/src/lib.rs:644:60
[INFO] [stdout]   25:     0x650ca43fac77 - <core::panic::unwind_safe::AssertUnwindSafe<F> as core::ops::function::FnOnce<()>>::call_once::hb5043206310c586f
[INFO] [stdout]                                at /rustc/df4ca44d3fbc9301ee17f30f4d474e6ae4b05252/library/core/src/panic/unwind_safe.rs:272:9
[INFO] [stdout]   26:     0x650ca43fac77 - std::panicking::try::do_call::h9ad4731a60ab23e2
[INFO] [stdout]                                at /rustc/df4ca44d3fbc9301ee17f30f4d474e6ae4b05252/library/std/src/panicking.rs:557:40
[INFO] [stdout]   27:     0x650ca43fac77 - std::panicking::try::h3824d23db772a716
[INFO] [stdout]                                at /rustc/df4ca44d3fbc9301ee17f30f4d474e6ae4b05252/library/std/src/panicking.rs:520:19
[INFO] [stdout]   28:     0x650ca43fac77 - std::panic::catch_unwind::h5afd514605fde46b
[INFO] [stdout]                                at /rustc/df4ca44d3fbc9301ee17f30f4d474e6ae4b05252/library/std/src/panic.rs:358:14
[INFO] [stdout]   29:     0x650ca43fac77 - test::run_test_in_process::h0d5cbfa7067d1720
[INFO] [stdout]                                at /rustc/df4ca44d3fbc9301ee17f30f4d474e6ae4b05252/library/test/src/lib.rs:644:27
[INFO] [stdout]   30:     0x650ca43fac77 - test::run_test::{{closure}}::h708eb8872708115d
[INFO] [stdout]                                at /rustc/df4ca44d3fbc9301ee17f30f4d474e6ae4b05252/library/test/src/lib.rs:565:43
[INFO] [stdout]   31:     0x650ca43be394 - test::run_test::{{closure}}::h392c51cee94713ab
[INFO] [stdout]                                at /rustc/df4ca44d3fbc9301ee17f30f4d474e6ae4b05252/library/test/src/lib.rs:595:41
[INFO] [stdout]   32:     0x650ca43be394 - std::sys::backtrace::__rust_begin_short_backtrace::h2f40290710935a8b
[INFO] [stdout]                                at /rustc/df4ca44d3fbc9301ee17f30f4d474e6ae4b05252/library/std/src/sys/backtrace.rs:154:18
[INFO] [stdout]   33:     0x650ca43c1b3e - std::thread::Builder::spawn_unchecked_::{{closure}}::{{closure}}::h3fd968d89053a903
[INFO] [stdout]                                at /rustc/df4ca44d3fbc9301ee17f30f4d474e6ae4b05252/library/std/src/thread/mod.rs:541:17
[INFO] [stdout]   34:     0x650ca43c1b3e - <core::panic::unwind_safe::AssertUnwindSafe<F> as core::ops::function::FnOnce<()>>::call_once::h743f637ba4229880
[INFO] [stdout]                                at /rustc/df4ca44d3fbc9301ee17f30f4d474e6ae4b05252/library/core/src/panic/unwind_safe.rs:272:9
[INFO] [stdout]   35:     0x650ca43c1b3e - std::panicking::try::do_call::h07440897322525a6
[INFO] [stdout]                                at /rustc/df4ca44d3fbc9301ee17f30f4d474e6ae4b05252/library/std/src/panicking.rs:557:40
[INFO] [stdout]   36:     0x650ca43c1b3e - std::panicking::try::he5a2e00188156637
[INFO] [stdout]                                at /rustc/df4ca44d3fbc9301ee17f30f4d474e6ae4b05252/library/std/src/panicking.rs:520:19
[INFO] [stdout]   37:     0x650ca43c1b3e - std::panic::catch_unwind::hbaf3cae49b3c6433
[INFO] [stdout]                                at /rustc/df4ca44d3fbc9301ee17f30f4d474e6ae4b05252/library/std/src/panic.rs:358:14
[INFO] [stdout]   38:     0x650ca43c1b3e - std::thread::Builder::spawn_unchecked_::{{closure}}::h8e141ea224820bce
[INFO] [stdout]                                at /rustc/df4ca44d3fbc9301ee17f30f4d474e6ae4b05252/library/std/src/thread/mod.rs:540:30
[INFO] [stdout]   39:     0x650ca43c1b3e - core::ops::function::FnOnce::call_once{{vtable.shim}}::h90d312fedd7b8ea8
[INFO] [stdout]                                at /rustc/df4ca44d3fbc9301ee17f30f4d474e6ae4b05252/library/core/src/ops/function.rs:250:5
[INFO] [stdout]   40:     0x650ca444360b - <alloc::boxed::Box<F,A> as core::ops::function::FnOnce<Args>>::call_once::h69aa08ddb6adb8b6
[INFO] [stdout]                                at /rustc/df4ca44d3fbc9301ee17f30f4d474e6ae4b05252/library/alloc/src/boxed.rs:2454:9
[INFO] [stdout]   41:     0x650ca444360b - <alloc::boxed::Box<F,A> as core::ops::function::FnOnce<Args>>::call_once::h5aa36efdb79c806f
[INFO] [stdout]                                at /rustc/df4ca44d3fbc9301ee17f30f4d474e6ae4b05252/library/alloc/src/boxed.rs:2454:9
[INFO] [stdout]   42:     0x650ca444360b - std::sys::pal::unix::thread::Thread::new::thread_start::h6cd80a1b4be5158d
[INFO] [stdout]                                at /rustc/df4ca44d3fbc9301ee17f30f4d474e6ae4b05252/library/std/src/sys/pal/unix/thread.rs:105:17
[INFO] [stdout]   43:     0x79eebc4d9ac3 - <unknown>
[INFO] [stdout]   44:     0x79eebc56aa04 - clone
[INFO] [stdout]   45:                0x0 - <unknown>
[INFO] [stdout] 
[INFO] [stdout] ---- test_install_backup_tools stdout ----
[INFO] [stdout] thread 'test_install_backup_tools' panicked at tests/backup_tests.rs:9:5:
[INFO] [stdout] assertion failed: backup::install_backup_tools().is_ok()
[INFO] [stdout] stack backtrace:
[INFO] [stdout]    0:     0x650ca443db8a - std::backtrace_rs::backtrace::libunwind::trace::h207520d6e9873551
[INFO] [stdout]                                at /rustc/df4ca44d3fbc9301ee17f30f4d474e6ae4b05252/library/std/src/../../backtrace/src/backtrace/libunwind.rs:116:5
[INFO] [stdout]    1:     0x650ca443db8a - std::backtrace_rs::backtrace::trace_unsynchronized::h2ed7433f370e3eca
[INFO] [stdout]                                at /rustc/df4ca44d3fbc9301ee17f30f4d474e6ae4b05252/library/std/src/../../backtrace/src/backtrace/mod.rs:66:5
[INFO] [stdout]    2:     0x650ca443db8a - std::sys::backtrace::_print_fmt::h916fac51166b18d7
[INFO] [stdout]                                at /rustc/df4ca44d3fbc9301ee17f30f4d474e6ae4b05252/library/std/src/sys/backtrace.rs:66:9
[INFO] [stdout]    3:     0x650ca443db8a - <std::sys::backtrace::BacktraceLock::print::DisplayBacktrace as core::fmt::Display>::fmt::ha0a4c9b8ce3802e6
[INFO] [stdout]                                at /rustc/df4ca44d3fbc9301ee17f30f4d474e6ae4b05252/library/std/src/sys/backtrace.rs:39:26
[INFO] [stdout]    4:     0x650ca4464533 - core::fmt::rt::Argument::fmt::h4cfc8587d52b3eb5
[INFO] [stdout]                                at /rustc/df4ca44d3fbc9301ee17f30f4d474e6ae4b05252/library/core/src/fmt/rt.rs:177:76
[INFO] [stdout]    5:     0x650ca4464533 - core::fmt::write::h522cc39e5b36ae9f
[INFO] [stdout]                                at /rustc/df4ca44d3fbc9301ee17f30f4d474e6ae4b05252/library/core/src/fmt/mod.rs:1190:21
[INFO] [stdout]    6:     0x650ca443a6f3 - std::io::Write::write_fmt::h7d3c26752da97734
[INFO] [stdout]                                at /rustc/df4ca44d3fbc9301ee17f30f4d474e6ae4b05252/library/std/src/io/mod.rs:1839:15
[INFO] [stdout]    7:     0x650ca443d9d2 - std::sys::backtrace::BacktraceLock::print::h4b9e00b29e9c0942
[INFO] [stdout]                                at /rustc/df4ca44d3fbc9301ee17f30f4d474e6ae4b05252/library/std/src/sys/backtrace.rs:42:9
[INFO] [stdout]    8:     0x650ca443f01a - std::panicking::default_hook::{{closure}}::hb59b88280d0324d9
[INFO] [stdout]                                at /rustc/df4ca44d3fbc9301ee17f30f4d474e6ae4b05252/library/std/src/panicking.rs:268:22
[INFO] [stdout]    9:     0x650ca443ee24 - std::panicking::default_hook::he1dd496665be4a29
[INFO] [stdout]                                at /rustc/df4ca44d3fbc9301ee17f30f4d474e6ae4b05252/library/std/src/panicking.rs:292:9
[INFO] [stdout]   10:     0x650ca43f6a29 - <alloc::boxed::Box<F,A> as core::ops::function::Fn<Args>>::call::h4ff71de18744e1dc
[INFO] [stdout]                                at /rustc/df4ca44d3fbc9301ee17f30f4d474e6ae4b05252/library/alloc/src/boxed.rs:2468:9
[INFO] [stdout]   11:     0x650ca43f6a29 - test::test_main::{{closure}}::hcf7c055ce117aa81
[INFO] [stdout]                                at /rustc/df4ca44d3fbc9301ee17f30f4d474e6ae4b05252/library/test/src/lib.rs:133:21
[INFO] [stdout]   12:     0x650ca443f718 - <alloc::boxed::Box<F,A> as core::ops::function::Fn<Args>>::call::h1d66c6bbd60c9692
[INFO] [stdout]                                at /rustc/df4ca44d3fbc9301ee17f30f4d474e6ae4b05252/library/alloc/src/boxed.rs:2468:9
[INFO] [stdout]   13:     0x650ca443f718 - std::panicking::rust_panic_with_hook::h2ff17fe8f26dfcf8
[INFO] [stdout]                                at /rustc/df4ca44d3fbc9301ee17f30f4d474e6ae4b05252/library/std/src/panicking.rs:809:13
[INFO] [stdout]   14:     0x650ca443f4a6 - std::panicking::begin_panic_handler::{{closure}}::h4fad77951c07e101
[INFO] [stdout]                                at /rustc/df4ca44d3fbc9301ee17f30f4d474e6ae4b05252/library/std/src/panicking.rs:667:13
[INFO] [stdout]   15:     0x650ca443e069 - std::sys::backtrace::__rust_end_short_backtrace::hb1a25b3da5d0ea08
[INFO] [stdout]                                at /rustc/df4ca44d3fbc9301ee17f30f4d474e6ae4b05252/library/std/src/sys/backtrace.rs:170:18
[INFO] [stdout]   16:     0x650ca443f16c - rust_begin_unwind
[INFO] [stdout]                                at /rustc/df4ca44d3fbc9301ee17f30f4d474e6ae4b05252/library/std/src/panicking.rs:665:5
[INFO] [stdout]   17:     0x650ca4462f30 - core::panicking::panic_fmt::ha9db07b529f9b256
[INFO] [stdout]                                at /rustc/df4ca44d3fbc9301ee17f30f4d474e6ae4b05252/library/core/src/panicking.rs:75:14
[INFO] [stdout]   18:     0x650ca4462fbc - core::panicking::panic::h993086813d94accc
[INFO] [stdout]                                at /rustc/df4ca44d3fbc9301ee17f30f4d474e6ae4b05252/library/core/src/panicking.rs:152:5
[INFO] [stdout]   19:     0x650ca43bb767 - backup_tests::test_install_backup_tools::h13cf814024cc6e70
[INFO] [stdout]                                at /opt/rustwide/workdir/tests/backup_tests.rs:9:5
[INFO] [stdout]   20:     0x650ca43bb6c7 - backup_tests::test_install_backup_tools::{{closure}}::h6a69c8be865350be
[INFO] [stdout]                                at /opt/rustwide/workdir/tests/backup_tests.rs:8:31
[INFO] [stdout]   21:     0x650ca43baf36 - core::ops::function::FnOnce::call_once::hc9aeb5d814e099ad
[INFO] [stdout]                                at /rustc/df4ca44d3fbc9301ee17f30f4d474e6ae4b05252/library/core/src/ops/function.rs:250:5
[INFO] [stdout]   22:     0x650ca43fb2fb - core::ops::function::FnOnce::call_once::h22c3ba5715e93f05
[INFO] [stdout]                                at /rustc/df4ca44d3fbc9301ee17f30f4d474e6ae4b05252/library/core/src/ops/function.rs:250:5
[INFO] [stdout]   23:     0x650ca43fb2fb - test::__rust_begin_short_backtrace::h8e82d8113d0da17f
[INFO] [stdout]                                at /rustc/df4ca44d3fbc9301ee17f30f4d474e6ae4b05252/library/test/src/lib.rs:621:18
[INFO] [stdout]   24:     0x650ca43fac77 - test::run_test_in_process::{{closure}}::h33235f4f20b7b7c7
[INFO] [stdout]                                at /rustc/df4ca44d3fbc9301ee17f30f4d474e6ae4b05252/library/test/src/lib.rs:644:60
[INFO] [stdout]   25:     0x650ca43fac77 - <core::panic::unwind_safe::AssertUnwindSafe<F> as core::ops::function::FnOnce<()>>::call_once::hb5043206310c586f
[INFO] [stdout]                                at /rustc/df4ca44d3fbc9301ee17f30f4d474e6ae4b05252/library/core/src/panic/unwind_safe.rs:272:9
[INFO] [stdout]   26:     0x650ca43fac77 - std::panicking::try::do_call::h9ad4731a60ab23e2
[INFO] [stdout]                                at /rustc/df4ca44d3fbc9301ee17f30f4d474e6ae4b05252/library/std/src/panicking.rs:557:40
[INFO] [stdout]   27:     0x650ca43fac77 - std::panicking::try::h3824d23db772a716
[INFO] [stdout]                                at /rustc/df4ca44d3fbc9301ee17f30f4d474e6ae4b05252/library/std/src/panicking.rs:520:19
[INFO] [stdout]   28:     0x650ca43fac77 - std::panic::catch_unwind::h5afd514605fde46b
[INFO] [stdout]                                at /rustc/df4ca44d3fbc9301ee17f30f4d474e6ae4b05252/library/std/src/panic.rs:358:14
[INFO] [stdout]   29:     0x650ca43fac77 - test::run_test_in_process::h0d5cbfa7067d1720
[INFO] [stdout]                                at /rustc/df4ca44d3fbc9301ee17f30f4d474e6ae4b05252/library/test/src/lib.rs:644:27
[INFO] [stdout]   30:     0x650ca43fac77 - test::run_test::{{closure}}::h708eb8872708115d
[INFO] [stdout]                                at /rustc/df4ca44d3fbc9301ee17f30f4d474e6ae4b05252/library/test/src/lib.rs:565:43
[INFO] [stdout]   31:     0x650ca43be394 - test::run_test::{{closure}}::h392c51cee94713ab
[INFO] [stdout]                                at /rustc/df4ca44d3fbc9301ee17f30f4d474e6ae4b05252/library/test/src/lib.rs:595:41
[INFO] [stdout]   32:     0x650ca43be394 - std::sys::backtrace::__rust_begin_short_backtrace::h2f40290710935a8b
[INFO] [stdout]                                at /rustc/df4ca44d3fbc9301ee17f30f4d474e6ae4b05252/library/std/src/sys/backtrace.rs:154:18
[INFO] [stdout]   33:     0x650ca43c1b3e - std::thread::Builder::spawn_unchecked_::{{closure}}::{{closure}}::h3fd968d89053a903
[INFO] [stdout]                                at /rustc/df4ca44d3fbc9301ee17f30f4d474e6ae4b05252/library/std/src/thread/mod.rs:541:17
[INFO] [stdout]   34:     0x650ca43c1b3e - <core::panic::unwind_safe::AssertUnwindSafe<F> as core::ops::function::FnOnce<()>>::call_once::h743f637ba4229880
[INFO] [stdout]                                at /rustc/df4ca44d3fbc9301ee17f30f4d474e6ae4b05252/library/core/src/panic/unwind_safe.rs:272:9
[INFO] [stdout]   35:     0x650ca43c1b3e - std::panicking::try::do_call::h07440897322525a6
[INFO] [stdout]                                at /rustc/df4ca44d3fbc9301ee17f30f4d474e6ae4b05252/library/std/src/panicking.rs:557:40
[INFO] [stdout]   36:     0x650ca43c1b3e - std::panicking::try::he5a2e00188156637
[INFO] [stdout]                                at /rustc/df4ca44d3fbc9301ee17f30f4d474e6ae4b05252/library/std/src/panicking.rs:520:19
[INFO] [stdout]   37:     0x650ca43c1b3e - std::panic::catch_unwind::hbaf3cae49b3c6433
[INFO] [stdout]                                at /rustc/df4ca44d3fbc9301ee17f30f4d474e6ae4b05252/library/std/src/panic.rs:358:14
[INFO] [stdout]   38:     0x650ca43c1b3e - std::thread::Builder::spawn_unchecked_::{{closure}}::h8e141ea224820bce
[INFO] [stdout]                                at /rustc/df4ca44d3fbc9301ee17f30f4d474e6ae4b05252/library/std/src/thread/mod.rs:540:30
[INFO] [stdout]   39:     0x650ca43c1b3e - core::ops::function::FnOnce::call_once{{vtable.shim}}::h90d312fedd7b8ea8
[INFO] [stdout]                                at /rustc/df4ca44d3fbc9301ee17f30f4d474e6ae4b05252/library/core/src/ops/function.rs:250:5
[INFO] [stdout]   40:     0x650ca444360b - <alloc::boxed::Box<F,A> as core::ops::function::FnOnce<Args>>::call_once::h69aa08ddb6adb8b6
[INFO] [stdout]                                at /rustc/df4ca44d3fbc9301ee17f30f4d474e6ae4b05252/library/alloc/src/boxed.rs:2454:9
[INFO] [stdout]   41:     0x650ca444360b - <alloc::boxed::Box<F,A> as core::ops::function::FnOnce<Args>>::call_once::h5aa36efdb79c806f
[INFO] [stdout]                                at /rustc/df4ca44d3fbc9301ee17f30f4d474e6ae4b05252/library/alloc/src/boxed.rs:2454:9
[INFO] [stdout]   42:     0x650ca444360b - std::sys::pal::unix::thread::Thread::new::thread_start::h6cd80a1b4be5158d
[INFO] [stdout]                                at /rustc/df4ca44d3fbc9301ee17f30f4d474e6ae4b05252/library/std/src/sys/pal/unix/thread.rs:105:17
[INFO] [stdout]   43:     0x79eebc4d9ac3 - <unknown>
[INFO] [stdout]   44:     0x79eebc56aa04 - clone
[INFO] [stdout]   45:                0x0 - <unknown>
[INFO] [stdout] 
[INFO] [stdout] 
[INFO] [stdout] failures:
[INFO] [stdout]     test_install_backup_tools
[INFO] [stdout]     test_setup_backup_locations
[INFO] [stdout]     test_setup_backup_system
[INFO] [stdout] 
[INFO] [stdout] test result: FAILED. 1 passed; 3 failed; 0 ignored; 0 measured; 0 filtered out; finished in 1.04s
[INFO] [stdout] 
[INFO] [stderr] error: test failed, to rerun pass `--test backup_tests`
[INFO] running `Command { std: "docker" "inspect" "41a7c1c6e11deab74d29263fd28087d9eced878e7b5c2bdbd372e46f37f6c378", kill_on_drop: false }`
[INFO] running `Command { std: "docker" "rm" "-f" "41a7c1c6e11deab74d29263fd28087d9eced878e7b5c2bdbd372e46f37f6c378", kill_on_drop: false }`
[INFO] [stdout] 41a7c1c6e11deab74d29263fd28087d9eced878e7b5c2bdbd372e46f37f6c378
