[INFO] fetching crate serialize-to-javascript-impl 0.1.2...
[INFO] testing serialize-to-javascript-impl-0.1.2 against nightly-2024-10-28+rustflags=-Zrandomize-layout for randomize-layout
[INFO] extracting crate serialize-to-javascript-impl 0.1.2 into /workspace/builds/worker-1-tc2/source
[INFO] validating manifest of crates.io crate serialize-to-javascript-impl 0.1.2 on toolchain nightly-2024-10-28
[INFO] running `Command { std: CARGO_HOME="/workspace/cargo-home" RUSTUP_HOME="/workspace/rustup-home" "/workspace/cargo-home/bin/cargo" "+nightly-2024-10-28" "metadata" "--manifest-path" "Cargo.toml" "--no-deps", kill_on_drop: false }`
[INFO] started tweaking crates.io crate serialize-to-javascript-impl 0.1.2
[INFO] finished tweaking crates.io crate serialize-to-javascript-impl 0.1.2
[INFO] tweaked toml for crates.io crate serialize-to-javascript-impl 0.1.2 written to /workspace/builds/worker-1-tc2/source/Cargo.toml
[INFO] running `Command { std: CARGO_HOME="/workspace/cargo-home" RUSTUP_HOME="/workspace/rustup-home" "/workspace/cargo-home/bin/cargo" "+nightly-2024-10-28" "generate-lockfile" "--manifest-path" "Cargo.toml", kill_on_drop: false }`
[INFO] [stderr]     Updating crates.io index
[INFO] [stderr]      Locking 4 packages to latest compatible versions
[INFO] running `Command { std: CARGO_HOME="/workspace/cargo-home" RUSTUP_HOME="/workspace/rustup-home" "/workspace/cargo-home/bin/cargo" "+nightly-2024-10-28" "fetch" "--manifest-path" "Cargo.toml", kill_on_drop: false }`
[INFO] running `Command { std: "docker" "create" "-v" "/var/lib/crater-agent-workspace/builds/worker-1-tc2/target:/opt/rustwide/target:rw,Z" "-v" "/var/lib/crater-agent-workspace/builds/worker-1-tc2/source:/opt/rustwide/workdir:ro,Z" "-v" "/var/lib/crater-agent-workspace/cargo-home:/opt/rustwide/cargo-home:ro,Z" "-v" "/var/lib/crater-agent-workspace/rustup-home:/opt/rustwide/rustup-home:ro,Z" "-e" "SOURCE_DIR=/opt/rustwide/workdir" "-e" "CARGO_TARGET_DIR=/opt/rustwide/target" "-e" "CARGO_HOME=/opt/rustwide/cargo-home" "-e" "RUSTUP_HOME=/opt/rustwide/rustup-home" "-w" "/opt/rustwide/workdir" "-m" "1610612736" "--user" "0:0" "--network" "none" "ghcr.io/rust-lang/crates-build-env/linux@sha256:4a844ea9eb2546a2d2c7022eacef16ef2e8229c7fbb2c7d4d55a9ceca922f72d" "/opt/rustwide/cargo-home/bin/cargo" "+nightly-2024-10-28" "metadata" "--no-deps" "--format-version=1", kill_on_drop: false }`
[INFO] [stdout] ba1ac5b10cfd70725249e9320f081f17e96d13c252175d00c81795bc2a738180
[INFO] running `Command { std: "docker" "start" "-a" "ba1ac5b10cfd70725249e9320f081f17e96d13c252175d00c81795bc2a738180", kill_on_drop: false }`
[INFO] running `Command { std: "docker" "inspect" "ba1ac5b10cfd70725249e9320f081f17e96d13c252175d00c81795bc2a738180", kill_on_drop: false }`
[INFO] running `Command { std: "docker" "rm" "-f" "ba1ac5b10cfd70725249e9320f081f17e96d13c252175d00c81795bc2a738180", kill_on_drop: false }`
[INFO] [stdout] ba1ac5b10cfd70725249e9320f081f17e96d13c252175d00c81795bc2a738180
[INFO] running `Command { std: "docker" "create" "-v" "/var/lib/crater-agent-workspace/builds/worker-1-tc2/target:/opt/rustwide/target:rw,Z" "-v" "/var/lib/crater-agent-workspace/builds/worker-1-tc2/source:/opt/rustwide/workdir:ro,Z" "-v" "/var/lib/crater-agent-workspace/cargo-home:/opt/rustwide/cargo-home:ro,Z" "-v" "/var/lib/crater-agent-workspace/rustup-home:/opt/rustwide/rustup-home:ro,Z" "-e" "SOURCE_DIR=/opt/rustwide/workdir" "-e" "CARGO_TARGET_DIR=/opt/rustwide/target" "-e" "CARGO_INCREMENTAL=0" "-e" "RUST_BACKTRACE=full" "-e" "RUSTFLAGS=--cap-lints=forbid -Zrandomize-layout" "-e" "RUSTDOCFLAGS=--cap-lints=forbid" "-e" "CARGO_HOME=/opt/rustwide/cargo-home" "-e" "RUSTUP_HOME=/opt/rustwide/rustup-home" "-w" "/opt/rustwide/workdir" "-m" "1610612736" "--user" "0:0" "--network" "none" "ghcr.io/rust-lang/crates-build-env/linux@sha256:4a844ea9eb2546a2d2c7022eacef16ef2e8229c7fbb2c7d4d55a9ceca922f72d" "/opt/rustwide/cargo-home/bin/cargo" "+nightly-2024-10-28" "build" "--frozen" "--message-format=json", kill_on_drop: false }`
[INFO] [stdout] 9f4f71340d946a2d3cf904a07604ea6c734a8626cddcf803bab19fbf73afb6cb
[INFO] running `Command { std: "docker" "start" "-a" "9f4f71340d946a2d3cf904a07604ea6c734a8626cddcf803bab19fbf73afb6cb", kill_on_drop: false }`
[INFO] [stderr]    Compiling proc-macro2 v1.0.89
[INFO] [stderr]    Compiling unicode-ident v1.0.13
[INFO] [stderr]    Compiling quote v1.0.37
[INFO] [stderr]    Compiling syn v2.0.86
[INFO] [stderr]    Compiling serialize-to-javascript-impl v0.1.2 (/opt/rustwide/workdir)
[INFO] [stderr]     Finished `dev` profile [unoptimized + debuginfo] target(s) in 2.44s
[INFO] running `Command { std: "docker" "inspect" "9f4f71340d946a2d3cf904a07604ea6c734a8626cddcf803bab19fbf73afb6cb", kill_on_drop: false }`
[INFO] running `Command { std: "docker" "rm" "-f" "9f4f71340d946a2d3cf904a07604ea6c734a8626cddcf803bab19fbf73afb6cb", kill_on_drop: false }`
[INFO] [stdout] 9f4f71340d946a2d3cf904a07604ea6c734a8626cddcf803bab19fbf73afb6cb
[INFO] running `Command { std: "docker" "create" "-v" "/var/lib/crater-agent-workspace/builds/worker-1-tc2/target:/opt/rustwide/target:rw,Z" "-v" "/var/lib/crater-agent-workspace/builds/worker-1-tc2/source:/opt/rustwide/workdir:ro,Z" "-v" "/var/lib/crater-agent-workspace/cargo-home:/opt/rustwide/cargo-home:ro,Z" "-v" "/var/lib/crater-agent-workspace/rustup-home:/opt/rustwide/rustup-home:ro,Z" "-e" "SOURCE_DIR=/opt/rustwide/workdir" "-e" "CARGO_TARGET_DIR=/opt/rustwide/target" "-e" "CARGO_INCREMENTAL=0" "-e" "RUST_BACKTRACE=full" "-e" "RUSTFLAGS=--cap-lints=forbid -Zrandomize-layout" "-e" "RUSTDOCFLAGS=--cap-lints=forbid" "-e" "CARGO_HOME=/opt/rustwide/cargo-home" "-e" "RUSTUP_HOME=/opt/rustwide/rustup-home" "-w" "/opt/rustwide/workdir" "-m" "1610612736" "--user" "0:0" "--network" "none" "ghcr.io/rust-lang/crates-build-env/linux@sha256:4a844ea9eb2546a2d2c7022eacef16ef2e8229c7fbb2c7d4d55a9ceca922f72d" "/opt/rustwide/cargo-home/bin/cargo" "+nightly-2024-10-28" "test" "--frozen" "--no-run" "--message-format=json", kill_on_drop: false }`
[INFO] [stdout] 4bba9cbd8a3192308adf9a53150876884d2c5ed00203ff5afafcf623aee65ee3
[INFO] running `Command { std: "docker" "start" "-a" "4bba9cbd8a3192308adf9a53150876884d2c5ed00203ff5afafcf623aee65ee3", kill_on_drop: false }`
[INFO] [stderr]    Compiling serialize-to-javascript-impl v0.1.2 (/opt/rustwide/workdir)
[INFO] [stderr]     Finished `test` profile [unoptimized + debuginfo] target(s) in 0.20s
[INFO] running `Command { std: "docker" "inspect" "4bba9cbd8a3192308adf9a53150876884d2c5ed00203ff5afafcf623aee65ee3", kill_on_drop: false }`
[INFO] running `Command { std: "docker" "rm" "-f" "4bba9cbd8a3192308adf9a53150876884d2c5ed00203ff5afafcf623aee65ee3", kill_on_drop: false }`
[INFO] [stdout] 4bba9cbd8a3192308adf9a53150876884d2c5ed00203ff5afafcf623aee65ee3
[INFO] running `Command { std: "docker" "create" "-v" "/var/lib/crater-agent-workspace/builds/worker-1-tc2/target:/opt/rustwide/target:rw,Z" "-v" "/var/lib/crater-agent-workspace/builds/worker-1-tc2/source:/opt/rustwide/workdir:ro,Z" "-v" "/var/lib/crater-agent-workspace/cargo-home:/opt/rustwide/cargo-home:ro,Z" "-v" "/var/lib/crater-agent-workspace/rustup-home:/opt/rustwide/rustup-home:ro,Z" "-e" "SOURCE_DIR=/opt/rustwide/workdir" "-e" "CARGO_TARGET_DIR=/opt/rustwide/target" "-e" "CARGO_INCREMENTAL=0" "-e" "RUST_BACKTRACE=full" "-e" "RUSTFLAGS=--cap-lints=forbid -Zrandomize-layout" "-e" "RUSTDOCFLAGS=--cap-lints=forbid" "-e" "CARGO_HOME=/opt/rustwide/cargo-home" "-e" "RUSTUP_HOME=/opt/rustwide/rustup-home" "-w" "/opt/rustwide/workdir" "-m" "1610612736" "--user" "0:0" "--network" "none" "ghcr.io/rust-lang/crates-build-env/linux@sha256:4a844ea9eb2546a2d2c7022eacef16ef2e8229c7fbb2c7d4d55a9ceca922f72d" "/opt/rustwide/cargo-home/bin/cargo" "+nightly-2024-10-28" "test" "--frozen", kill_on_drop: false }`
[INFO] [stdout] 83cc7b5dc5b93908064b27d2a50662f3e27558d9c4961502ab6ac51d811a2780
[INFO] running `Command { std: "docker" "start" "-a" "83cc7b5dc5b93908064b27d2a50662f3e27558d9c4961502ab6ac51d811a2780", kill_on_drop: false }`
[INFO] [stderr]     Finished `test` profile [unoptimized + debuginfo] target(s) in 0.01s
[INFO] [stderr]      Running unittests src/lib.rs (/opt/rustwide/target/debug/deps/serialize_to_javascript_impl-7ec6c22c65697ecf)
[INFO] [stdout] 
[INFO] [stdout] running 0 tests
[INFO] [stdout] 
[INFO] [stdout] test result: ok. 0 passed; 0 failed; 0 ignored; 0 measured; 0 filtered out; finished in 0.00s
[INFO] [stdout] 
[INFO] [stderr]    Doc-tests serialize_to_javascript_impl
[INFO] [stdout] 
[INFO] [stdout] running 2 tests
[INFO] [stdout] test src/lib.rs - default_template (line 122) - compile ... FAILED
[INFO] [stdout] test src/lib.rs - derive_template (line 26) - compile ... FAILED
[INFO] [stdout] 
[INFO] [stdout] failures:
[INFO] [stdout] 
[INFO] [stdout] ---- src/lib.rs - default_template (line 122) stdout ----
[INFO] [stdout] error: expected statement after outer attribute
[INFO] [stdout]  --> src/lib.rs:123:1
[INFO] [stdout]   |
[INFO] [stdout] 3 | #[default_template("path/to/my_javascript_file.js")]
[INFO] [stdout]   | ^^^^^^^^^^^^^^^^^^^^^^^^^^^^^^^^^^^^^^^^^^^^^^^^^^^^
[INFO] [stdout] 
[INFO] [stdout] error: aborting due to 1 previous error
[INFO] [stdout] 
[INFO] [stdout] Couldn't compile the test.
[INFO] [stdout] ---- src/lib.rs - derive_template (line 26) stdout ----
[INFO] [stdout] error: cannot find derive macro `Template` in this scope
[INFO] [stdout]  --> src/lib.rs:27:10
[INFO] [stdout]   |
[INFO] [stdout] 3 | #[derive(Template)]
[INFO] [stdout]   |          ^^^^^^^^
[INFO] [stdout]   |
[INFO] [stdout] help: consider importing this derive macro
[INFO] [stdout]   |
[INFO] [stdout] 2 + use serialize_to_javascript_impl::Template;
[INFO] [stdout]   |
[INFO] [stdout] 
[INFO] [stdout] error: cannot find attribute `raw` in this scope
[INFO] [stdout]  --> src/lib.rs:31:7
[INFO] [stdout]   |
[INFO] [stdout] 7 |     #[raw]
[INFO] [stdout]   |       ^^^
[INFO] [stdout] 
[INFO] [stdout] error: aborting due to 2 previous errors
[INFO] [stdout] 
[INFO] [stdout] Couldn't compile the test.
[INFO] [stdout] 
[INFO] [stdout] failures:
[INFO] [stdout]     src/lib.rs - default_template (line 122)
[INFO] [stdout]     src/lib.rs - derive_template (line 26)
[INFO] [stdout] 
[INFO] [stdout] test result: FAILED. 0 passed; 2 failed; 0 ignored; 0 measured; 0 filtered out; finished in 0.05s
[INFO] [stdout] 
[INFO] [stderr] error: doctest failed, to rerun pass `--doc`
[INFO] running `Command { std: "docker" "inspect" "83cc7b5dc5b93908064b27d2a50662f3e27558d9c4961502ab6ac51d811a2780", kill_on_drop: false }`
[INFO] running `Command { std: "docker" "rm" "-f" "83cc7b5dc5b93908064b27d2a50662f3e27558d9c4961502ab6ac51d811a2780", kill_on_drop: false }`
[INFO] [stdout] 83cc7b5dc5b93908064b27d2a50662f3e27558d9c4961502ab6ac51d811a2780
