[INFO] fetching crate serial-settings 0.1.0...
[INFO] testing serial-settings-0.1.0 against nightly-2024-10-28 for randomize-layout
[INFO] extracting crate serial-settings 0.1.0 into /workspace/builds/worker-1-tc1/source
[INFO] validating manifest of crates.io crate serial-settings 0.1.0 on toolchain nightly-2024-10-28
[INFO] running `Command { std: CARGO_HOME="/workspace/cargo-home" RUSTUP_HOME="/workspace/rustup-home" "/workspace/cargo-home/bin/cargo" "+nightly-2024-10-28" "metadata" "--manifest-path" "Cargo.toml" "--no-deps", kill_on_drop: false }`
[INFO] started tweaking crates.io crate serial-settings 0.1.0
[INFO] finished tweaking crates.io crate serial-settings 0.1.0
[INFO] tweaked toml for crates.io crate serial-settings 0.1.0 written to /workspace/builds/worker-1-tc1/source/Cargo.toml
[INFO] running `Command { std: CARGO_HOME="/workspace/cargo-home" RUSTUP_HOME="/workspace/rustup-home" "/workspace/cargo-home/bin/cargo" "+nightly-2024-10-28" "generate-lockfile" "--manifest-path" "Cargo.toml", kill_on_drop: false }`
[INFO] [stderr]     Updating crates.io index
[INFO] [stderr]      Locking 38 packages to latest compatible versions
[INFO] [stderr]       Adding menu v0.5.1 (available: v0.6.0)
[INFO] [stderr]       Adding miniconf v0.13.0 (available: v0.17.0)
[INFO] running `Command { std: CARGO_HOME="/workspace/cargo-home" RUSTUP_HOME="/workspace/rustup-home" "/workspace/cargo-home/bin/cargo" "+nightly-2024-10-28" "fetch" "--manifest-path" "Cargo.toml", kill_on_drop: false }`
[INFO] [stderr]  Downloading crates ...
[INFO] [stderr]   Downloaded menu v0.5.1
[INFO] [stderr]   Downloaded miniconf v0.13.0
[INFO] [stderr]   Downloaded miniconf_derive v0.13.0
[INFO] [stderr]   Downloaded yafnv v3.0.0
[INFO] running `Command { std: "docker" "create" "-v" "/var/lib/crater-agent-workspace/builds/worker-1-tc1/target:/opt/rustwide/target:rw,Z" "-v" "/var/lib/crater-agent-workspace/builds/worker-1-tc1/source:/opt/rustwide/workdir:ro,Z" "-v" "/var/lib/crater-agent-workspace/cargo-home:/opt/rustwide/cargo-home:ro,Z" "-v" "/var/lib/crater-agent-workspace/rustup-home:/opt/rustwide/rustup-home:ro,Z" "-e" "SOURCE_DIR=/opt/rustwide/workdir" "-e" "CARGO_TARGET_DIR=/opt/rustwide/target" "-e" "CARGO_HOME=/opt/rustwide/cargo-home" "-e" "RUSTUP_HOME=/opt/rustwide/rustup-home" "-w" "/opt/rustwide/workdir" "-m" "1610612736" "--user" "0:0" "--network" "none" "ghcr.io/rust-lang/crates-build-env/linux@sha256:4a844ea9eb2546a2d2c7022eacef16ef2e8229c7fbb2c7d4d55a9ceca922f72d" "/opt/rustwide/cargo-home/bin/cargo" "+nightly-2024-10-28" "metadata" "--no-deps" "--format-version=1", kill_on_drop: false }`
[INFO] [stdout] b5794e589a898c41c6d4f179abfbabcad9b99c260a063cb881dfc03183646064
[INFO] running `Command { std: "docker" "start" "-a" "b5794e589a898c41c6d4f179abfbabcad9b99c260a063cb881dfc03183646064", kill_on_drop: false }`
[INFO] running `Command { std: "docker" "inspect" "b5794e589a898c41c6d4f179abfbabcad9b99c260a063cb881dfc03183646064", kill_on_drop: false }`
[INFO] running `Command { std: "docker" "rm" "-f" "b5794e589a898c41c6d4f179abfbabcad9b99c260a063cb881dfc03183646064", kill_on_drop: false }`
[INFO] [stdout] b5794e589a898c41c6d4f179abfbabcad9b99c260a063cb881dfc03183646064
[INFO] running `Command { std: "docker" "create" "-v" "/var/lib/crater-agent-workspace/builds/worker-1-tc1/target:/opt/rustwide/target:rw,Z" "-v" "/var/lib/crater-agent-workspace/builds/worker-1-tc1/source:/opt/rustwide/workdir:ro,Z" "-v" "/var/lib/crater-agent-workspace/cargo-home:/opt/rustwide/cargo-home:ro,Z" "-v" "/var/lib/crater-agent-workspace/rustup-home:/opt/rustwide/rustup-home:ro,Z" "-e" "SOURCE_DIR=/opt/rustwide/workdir" "-e" "CARGO_TARGET_DIR=/opt/rustwide/target" "-e" "CARGO_INCREMENTAL=0" "-e" "RUST_BACKTRACE=full" "-e" "RUSTFLAGS=--cap-lints=forbid" "-e" "RUSTDOCFLAGS=--cap-lints=forbid" "-e" "CARGO_HOME=/opt/rustwide/cargo-home" "-e" "RUSTUP_HOME=/opt/rustwide/rustup-home" "-w" "/opt/rustwide/workdir" "-m" "1610612736" "--user" "0:0" "--network" "none" "ghcr.io/rust-lang/crates-build-env/linux@sha256:4a844ea9eb2546a2d2c7022eacef16ef2e8229c7fbb2c7d4d55a9ceca922f72d" "/opt/rustwide/cargo-home/bin/cargo" "+nightly-2024-10-28" "build" "--frozen" "--message-format=json", kill_on_drop: false }`
[INFO] [stdout] fd709465c693ba1b793178c1a478f96e771cd4997ba59af18053a1c429320d10
[INFO] running `Command { std: "docker" "start" "-a" "fd709465c693ba1b793178c1a478f96e771cd4997ba59af18053a1c429320d10", kill_on_drop: false }`
[INFO] [stderr]    Compiling serde v1.0.214
[INFO] [stderr]    Compiling stable_deref_trait v1.2.0
[INFO] [stderr]    Compiling strsim v0.11.1
[INFO] [stderr]    Compiling hash32 v0.2.1
[INFO] [stderr]    Compiling syn v2.0.86
[INFO] [stderr]    Compiling heapless v0.7.17
[INFO] [stderr]    Compiling spin v0.9.8
[INFO] [stderr]    Compiling cobs v0.2.3
[INFO] [stderr]    Compiling heapless v0.8.0
[INFO] [stderr]    Compiling hash32 v0.3.1
[INFO] [stderr]    Compiling yafnv v3.0.0
[INFO] [stderr]    Compiling embedded-io v0.6.1
[INFO] [stderr]    Compiling log v0.4.22
[INFO] [stderr]    Compiling menu v0.5.1
[INFO] [stderr]    Compiling darling_core v0.20.10
[INFO] [stderr]    Compiling serde_derive v1.0.214
[INFO] [stderr]    Compiling darling_macro v0.20.10
[INFO] [stderr]    Compiling darling v0.20.10
[INFO] [stderr]    Compiling miniconf_derive v0.13.0
[INFO] [stderr]    Compiling serde-json-core v0.5.1
[INFO] [stderr]    Compiling postcard v1.0.10
[INFO] [stderr]    Compiling miniconf v0.13.0
[INFO] [stderr]    Compiling serial-settings v0.1.0 (/opt/rustwide/workdir)
[INFO] [stderr]     Finished `dev` profile [unoptimized + debuginfo] target(s) in 5.99s
[INFO] running `Command { std: "docker" "inspect" "fd709465c693ba1b793178c1a478f96e771cd4997ba59af18053a1c429320d10", kill_on_drop: false }`
[INFO] running `Command { std: "docker" "rm" "-f" "fd709465c693ba1b793178c1a478f96e771cd4997ba59af18053a1c429320d10", kill_on_drop: false }`
[INFO] [stdout] fd709465c693ba1b793178c1a478f96e771cd4997ba59af18053a1c429320d10
[INFO] running `Command { std: "docker" "create" "-v" "/var/lib/crater-agent-workspace/builds/worker-1-tc1/target:/opt/rustwide/target:rw,Z" "-v" "/var/lib/crater-agent-workspace/builds/worker-1-tc1/source:/opt/rustwide/workdir:ro,Z" "-v" "/var/lib/crater-agent-workspace/cargo-home:/opt/rustwide/cargo-home:ro,Z" "-v" "/var/lib/crater-agent-workspace/rustup-home:/opt/rustwide/rustup-home:ro,Z" "-e" "SOURCE_DIR=/opt/rustwide/workdir" "-e" "CARGO_TARGET_DIR=/opt/rustwide/target" "-e" "CARGO_INCREMENTAL=0" "-e" "RUST_BACKTRACE=full" "-e" "RUSTFLAGS=--cap-lints=forbid" "-e" "RUSTDOCFLAGS=--cap-lints=forbid" "-e" "CARGO_HOME=/opt/rustwide/cargo-home" "-e" "RUSTUP_HOME=/opt/rustwide/rustup-home" "-w" "/opt/rustwide/workdir" "-m" "1610612736" "--user" "0:0" "--network" "none" "ghcr.io/rust-lang/crates-build-env/linux@sha256:4a844ea9eb2546a2d2c7022eacef16ef2e8229c7fbb2c7d4d55a9ceca922f72d" "/opt/rustwide/cargo-home/bin/cargo" "+nightly-2024-10-28" "test" "--frozen" "--no-run" "--message-format=json", kill_on_drop: false }`
[INFO] [stdout] 6f3bd7ae5ea106a3aaefd4cd50f7911f526594d57aa4f6d25ba1f428eeb7cb65
[INFO] running `Command { std: "docker" "start" "-a" "6f3bd7ae5ea106a3aaefd4cd50f7911f526594d57aa4f6d25ba1f428eeb7cb65", kill_on_drop: false }`
[INFO] [stderr]    Compiling serial-settings v0.1.0 (/opt/rustwide/workdir)
[INFO] [stderr]     Finished `test` profile [unoptimized + debuginfo] target(s) in 0.16s
[INFO] running `Command { std: "docker" "inspect" "6f3bd7ae5ea106a3aaefd4cd50f7911f526594d57aa4f6d25ba1f428eeb7cb65", kill_on_drop: false }`
[INFO] running `Command { std: "docker" "rm" "-f" "6f3bd7ae5ea106a3aaefd4cd50f7911f526594d57aa4f6d25ba1f428eeb7cb65", kill_on_drop: false }`
[INFO] [stdout] 6f3bd7ae5ea106a3aaefd4cd50f7911f526594d57aa4f6d25ba1f428eeb7cb65
[INFO] running `Command { std: "docker" "create" "-v" "/var/lib/crater-agent-workspace/builds/worker-1-tc1/target:/opt/rustwide/target:rw,Z" "-v" "/var/lib/crater-agent-workspace/builds/worker-1-tc1/source:/opt/rustwide/workdir:ro,Z" "-v" "/var/lib/crater-agent-workspace/cargo-home:/opt/rustwide/cargo-home:ro,Z" "-v" "/var/lib/crater-agent-workspace/rustup-home:/opt/rustwide/rustup-home:ro,Z" "-e" "SOURCE_DIR=/opt/rustwide/workdir" "-e" "CARGO_TARGET_DIR=/opt/rustwide/target" "-e" "CARGO_INCREMENTAL=0" "-e" "RUST_BACKTRACE=full" "-e" "RUSTFLAGS=--cap-lints=forbid" "-e" "RUSTDOCFLAGS=--cap-lints=forbid" "-e" "CARGO_HOME=/opt/rustwide/cargo-home" "-e" "RUSTUP_HOME=/opt/rustwide/rustup-home" "-w" "/opt/rustwide/workdir" "-m" "1610612736" "--user" "0:0" "--network" "none" "ghcr.io/rust-lang/crates-build-env/linux@sha256:4a844ea9eb2546a2d2c7022eacef16ef2e8229c7fbb2c7d4d55a9ceca922f72d" "/opt/rustwide/cargo-home/bin/cargo" "+nightly-2024-10-28" "test" "--frozen", kill_on_drop: false }`
[INFO] [stdout] 58d8ec9f2e874572dc97b4e5e4f773d0e281fa48a01ab3ca721fc5c791e3c775
[INFO] running `Command { std: "docker" "start" "-a" "58d8ec9f2e874572dc97b4e5e4f773d0e281fa48a01ab3ca721fc5c791e3c775", kill_on_drop: false }`
[INFO] [stderr]     Finished `test` profile [unoptimized + debuginfo] target(s) in 0.02s
[INFO] [stderr]      Running unittests src/lib.rs (/opt/rustwide/target/debug/deps/serial_settings-c48a04c71cf447dc)
[INFO] [stdout] 
[INFO] [stdout] running 0 tests
[INFO] [stdout] 
[INFO] [stdout] test result: ok. 0 passed; 0 failed; 0 ignored; 0 measured; 0 filtered out; finished in 0.00s
[INFO] [stdout] 
[INFO] [stderr]    Doc-tests serial_settings
[INFO] [stdout] 
[INFO] [stdout] running 2 tests
[INFO] [stdout] test src/../README.md - (line 10) ... FAILED
[INFO] [stdout] test src/../README.md - (line 19) ... FAILED
[INFO] [stdout] 
[INFO] [stdout] failures:
[INFO] [stdout] 
[INFO] [stdout] ---- src/../README.md - (line 10) stdout ----
[INFO] [stdout] error: expected unsuffixed literal, found `...`
[INFO] [stdout]  --> src/../README.md:11:26
[INFO] [stdout]   |
[INFO] [stdout] 3 | #[derive(miniconf::Tree, ...)]
[INFO] [stdout]   |                          ^^^
[INFO] [stdout] 
[INFO] [stdout] error: aborting due to 1 previous error
[INFO] [stdout] 
[INFO] [stdout] Couldn't compile the test.
[INFO] [stdout] ---- src/../README.md - (line 19) stdout ----
[INFO] [stdout] error: expected `;`, found `AVAILABLE`
[INFO] [stdout]  --> src/../README.md:20:5
[INFO] [stdout]   |
[INFO] [stdout] 3 | help
[INFO] [stdout]   |     ^ help: add `;` here
[INFO] [stdout] 4 | AVAILABLE ITEMS:
[INFO] [stdout]   | --------- unexpected token
[INFO] [stdout] 
[INFO] [stdout] error: expected one of `!`, `.`, `::`, `;`, `?`, `{`, `}`, or an operator, found `ITEMS`
[INFO] [stdout]  --> src/../README.md:21:11
[INFO] [stdout]   |
[INFO] [stdout] 4 | AVAILABLE ITEMS:
[INFO] [stdout]   |           ^^^^^ expected one of 8 possible tokens
[INFO] [stdout] 
[INFO] [stdout] error: aborting due to 2 previous errors
[INFO] [stdout] 
[INFO] [stdout] Couldn't compile the test.
[INFO] [stdout] 
[INFO] [stdout] failures:
[INFO] [stdout]     src/../README.md - (line 10)
[INFO] [stdout]     src/../README.md - (line 19)
[INFO] [stdout] 
[INFO] [stdout] test result: FAILED. 0 passed; 2 failed; 0 ignored; 0 measured; 0 filtered out; finished in 0.03s
[INFO] [stdout] 
[INFO] [stderr] error: doctest failed, to rerun pass `--doc`
[INFO] running `Command { std: "docker" "inspect" "58d8ec9f2e874572dc97b4e5e4f773d0e281fa48a01ab3ca721fc5c791e3c775", kill_on_drop: false }`
[INFO] running `Command { std: "docker" "rm" "-f" "58d8ec9f2e874572dc97b4e5e4f773d0e281fa48a01ab3ca721fc5c791e3c775", kill_on_drop: false }`
[INFO] [stdout] 58d8ec9f2e874572dc97b4e5e4f773d0e281fa48a01ab3ca721fc5c791e3c775
