[INFO] fetching crate serde_spanned 0.6.8...
[INFO] testing serde_spanned-0.6.8 against nightly-2024-10-28 for randomize-layout
[INFO] extracting crate serde_spanned 0.6.8 into /workspace/builds/worker-1-tc1/source
[INFO] validating manifest of crates.io crate serde_spanned 0.6.8 on toolchain nightly-2024-10-28
[INFO] running `Command { std: CARGO_HOME="/workspace/cargo-home" RUSTUP_HOME="/workspace/rustup-home" "/workspace/cargo-home/bin/cargo" "+nightly-2024-10-28" "metadata" "--manifest-path" "Cargo.toml" "--no-deps", kill_on_drop: false }`
[INFO] started tweaking crates.io crate serde_spanned 0.6.8
[INFO] finished tweaking crates.io crate serde_spanned 0.6.8
[INFO] tweaked toml for crates.io crate serde_spanned 0.6.8 written to /workspace/builds/worker-1-tc1/source/Cargo.toml
[INFO] running `Command { std: CARGO_HOME="/workspace/cargo-home" RUSTUP_HOME="/workspace/rustup-home" "/workspace/cargo-home/bin/cargo" "+nightly-2024-10-28" "generate-lockfile" "--manifest-path" "Cargo.toml", kill_on_drop: false }`
[INFO] [stderr]     Updating crates.io index
[INFO] [stderr]      Locking 9 packages to latest compatible versions
[INFO] running `Command { std: CARGO_HOME="/workspace/cargo-home" RUSTUP_HOME="/workspace/rustup-home" "/workspace/cargo-home/bin/cargo" "+nightly-2024-10-28" "fetch" "--manifest-path" "Cargo.toml", kill_on_drop: false }`
[INFO] [stderr]  Downloading crates ...
[INFO] [stderr]   Downloaded typeid v1.0.2
[INFO] [stderr]   Downloaded serde-untagged v0.1.6
[INFO] running `Command { std: "docker" "create" "-v" "/var/lib/crater-agent-workspace/builds/worker-1-tc1/target:/opt/rustwide/target:rw,Z" "-v" "/var/lib/crater-agent-workspace/builds/worker-1-tc1/source:/opt/rustwide/workdir:ro,Z" "-v" "/var/lib/crater-agent-workspace/cargo-home:/opt/rustwide/cargo-home:ro,Z" "-v" "/var/lib/crater-agent-workspace/rustup-home:/opt/rustwide/rustup-home:ro,Z" "-e" "SOURCE_DIR=/opt/rustwide/workdir" "-e" "CARGO_TARGET_DIR=/opt/rustwide/target" "-e" "CARGO_HOME=/opt/rustwide/cargo-home" "-e" "RUSTUP_HOME=/opt/rustwide/rustup-home" "-w" "/opt/rustwide/workdir" "-m" "1610612736" "--user" "0:0" "--network" "none" "ghcr.io/rust-lang/crates-build-env/linux@sha256:4a844ea9eb2546a2d2c7022eacef16ef2e8229c7fbb2c7d4d55a9ceca922f72d" "/opt/rustwide/cargo-home/bin/cargo" "+nightly-2024-10-28" "metadata" "--no-deps" "--format-version=1", kill_on_drop: false }`
[INFO] [stdout] feab4a4ae0e16b49ec727f8554bdf4fe01b3a2ea6055dca18eae16af360cdd81
[INFO] running `Command { std: "docker" "start" "-a" "feab4a4ae0e16b49ec727f8554bdf4fe01b3a2ea6055dca18eae16af360cdd81", kill_on_drop: false }`
[INFO] running `Command { std: "docker" "inspect" "feab4a4ae0e16b49ec727f8554bdf4fe01b3a2ea6055dca18eae16af360cdd81", kill_on_drop: false }`
[INFO] running `Command { std: "docker" "rm" "-f" "feab4a4ae0e16b49ec727f8554bdf4fe01b3a2ea6055dca18eae16af360cdd81", kill_on_drop: false }`
[INFO] [stdout] feab4a4ae0e16b49ec727f8554bdf4fe01b3a2ea6055dca18eae16af360cdd81
[INFO] running `Command { std: "docker" "create" "-v" "/var/lib/crater-agent-workspace/builds/worker-1-tc1/target:/opt/rustwide/target:rw,Z" "-v" "/var/lib/crater-agent-workspace/builds/worker-1-tc1/source:/opt/rustwide/workdir:ro,Z" "-v" "/var/lib/crater-agent-workspace/cargo-home:/opt/rustwide/cargo-home:ro,Z" "-v" "/var/lib/crater-agent-workspace/rustup-home:/opt/rustwide/rustup-home:ro,Z" "-e" "SOURCE_DIR=/opt/rustwide/workdir" "-e" "CARGO_TARGET_DIR=/opt/rustwide/target" "-e" "CARGO_INCREMENTAL=0" "-e" "RUST_BACKTRACE=full" "-e" "RUSTFLAGS=--cap-lints=forbid" "-e" "RUSTDOCFLAGS=--cap-lints=forbid" "-e" "CARGO_HOME=/opt/rustwide/cargo-home" "-e" "RUSTUP_HOME=/opt/rustwide/rustup-home" "-w" "/opt/rustwide/workdir" "-m" "1610612736" "--user" "0:0" "--network" "none" "ghcr.io/rust-lang/crates-build-env/linux@sha256:4a844ea9eb2546a2d2c7022eacef16ef2e8229c7fbb2c7d4d55a9ceca922f72d" "/opt/rustwide/cargo-home/bin/cargo" "+nightly-2024-10-28" "build" "--frozen" "--message-format=json", kill_on_drop: false }`
[INFO] [stdout] 923542ad42dd2b193f8ad7193523073af2d827166806333797ba48fe53a26c77
[INFO] running `Command { std: "docker" "start" "-a" "923542ad42dd2b193f8ad7193523073af2d827166806333797ba48fe53a26c77", kill_on_drop: false }`
[INFO] [stderr]    Compiling serde_spanned v0.6.8 (/opt/rustwide/workdir)
[INFO] [stderr]     Finished `dev` profile [unoptimized + debuginfo] target(s) in 0.06s
[INFO] running `Command { std: "docker" "inspect" "923542ad42dd2b193f8ad7193523073af2d827166806333797ba48fe53a26c77", kill_on_drop: false }`
[INFO] running `Command { std: "docker" "rm" "-f" "923542ad42dd2b193f8ad7193523073af2d827166806333797ba48fe53a26c77", kill_on_drop: false }`
[INFO] [stdout] 923542ad42dd2b193f8ad7193523073af2d827166806333797ba48fe53a26c77
[INFO] running `Command { std: "docker" "create" "-v" "/var/lib/crater-agent-workspace/builds/worker-1-tc1/target:/opt/rustwide/target:rw,Z" "-v" "/var/lib/crater-agent-workspace/builds/worker-1-tc1/source:/opt/rustwide/workdir:ro,Z" "-v" "/var/lib/crater-agent-workspace/cargo-home:/opt/rustwide/cargo-home:ro,Z" "-v" "/var/lib/crater-agent-workspace/rustup-home:/opt/rustwide/rustup-home:ro,Z" "-e" "SOURCE_DIR=/opt/rustwide/workdir" "-e" "CARGO_TARGET_DIR=/opt/rustwide/target" "-e" "CARGO_INCREMENTAL=0" "-e" "RUST_BACKTRACE=full" "-e" "RUSTFLAGS=--cap-lints=forbid" "-e" "RUSTDOCFLAGS=--cap-lints=forbid" "-e" "CARGO_HOME=/opt/rustwide/cargo-home" "-e" "RUSTUP_HOME=/opt/rustwide/rustup-home" "-w" "/opt/rustwide/workdir" "-m" "1610612736" "--user" "0:0" "--network" "none" "ghcr.io/rust-lang/crates-build-env/linux@sha256:4a844ea9eb2546a2d2c7022eacef16ef2e8229c7fbb2c7d4d55a9ceca922f72d" "/opt/rustwide/cargo-home/bin/cargo" "+nightly-2024-10-28" "test" "--frozen" "--no-run" "--message-format=json", kill_on_drop: false }`
[INFO] [stdout] fc10596c203f5b1c1b3d158e76ec72becbfe63ab72994d086b6b11f33e611009
[INFO] running `Command { std: "docker" "start" "-a" "fc10596c203f5b1c1b3d158e76ec72becbfe63ab72994d086b6b11f33e611009", kill_on_drop: false }`
[INFO] [stderr]    Compiling typeid v1.0.2
[INFO] [stderr]    Compiling serde v1.0.214
[INFO] [stderr]    Compiling erased-serde v0.4.5
[INFO] [stderr]    Compiling serde-untagged v0.1.6
[INFO] [stderr]    Compiling serde_spanned v0.6.8 (/opt/rustwide/workdir)
[INFO] [stderr]     Finished `test` profile [unoptimized + debuginfo] target(s) in 2.65s
[INFO] running `Command { std: "docker" "inspect" "fc10596c203f5b1c1b3d158e76ec72becbfe63ab72994d086b6b11f33e611009", kill_on_drop: false }`
[INFO] running `Command { std: "docker" "rm" "-f" "fc10596c203f5b1c1b3d158e76ec72becbfe63ab72994d086b6b11f33e611009", kill_on_drop: false }`
[INFO] [stdout] fc10596c203f5b1c1b3d158e76ec72becbfe63ab72994d086b6b11f33e611009
[INFO] running `Command { std: "docker" "create" "-v" "/var/lib/crater-agent-workspace/builds/worker-1-tc1/target:/opt/rustwide/target:rw,Z" "-v" "/var/lib/crater-agent-workspace/builds/worker-1-tc1/source:/opt/rustwide/workdir:ro,Z" "-v" "/var/lib/crater-agent-workspace/cargo-home:/opt/rustwide/cargo-home:ro,Z" "-v" "/var/lib/crater-agent-workspace/rustup-home:/opt/rustwide/rustup-home:ro,Z" "-e" "SOURCE_DIR=/opt/rustwide/workdir" "-e" "CARGO_TARGET_DIR=/opt/rustwide/target" "-e" "CARGO_INCREMENTAL=0" "-e" "RUST_BACKTRACE=full" "-e" "RUSTFLAGS=--cap-lints=forbid" "-e" "RUSTDOCFLAGS=--cap-lints=forbid" "-e" "CARGO_HOME=/opt/rustwide/cargo-home" "-e" "RUSTUP_HOME=/opt/rustwide/rustup-home" "-w" "/opt/rustwide/workdir" "-m" "1610612736" "--user" "0:0" "--network" "none" "ghcr.io/rust-lang/crates-build-env/linux@sha256:4a844ea9eb2546a2d2c7022eacef16ef2e8229c7fbb2c7d4d55a9ceca922f72d" "/opt/rustwide/cargo-home/bin/cargo" "+nightly-2024-10-28" "test" "--frozen", kill_on_drop: false }`
[INFO] [stdout] c6302d8cdc4dba3906c83231714c9f482b3ebecbc8c74ae6dfeb03bb011f15df
[INFO] running `Command { std: "docker" "start" "-a" "c6302d8cdc4dba3906c83231714c9f482b3ebecbc8c74ae6dfeb03bb011f15df", kill_on_drop: false }`
[INFO] [stderr]     Finished `test` profile [unoptimized + debuginfo] target(s) in 0.01s
[INFO] [stderr]      Running unittests src/lib.rs (/opt/rustwide/target/debug/deps/serde_spanned-24e42c33ae76a5ff)
[INFO] [stdout] 
[INFO] [stdout] running 0 tests
[INFO] [stderr]    Doc-tests serde_spanned
[INFO] [stdout] 
[INFO] [stdout] test result: ok. 0 passed; 0 failed; 0 ignored; 0 measured; 0 filtered out; finished in 0.00s
[INFO] [stdout] 
[INFO] [stdout] 
[INFO] [stdout] running 1 test
[INFO] [stdout] test src/spanned.rs - spanned::Spanned<T>::new (line 44) ... FAILED
[INFO] [stdout] 
[INFO] [stdout] failures:
[INFO] [stdout] 
[INFO] [stdout] ---- src/spanned.rs - spanned::Spanned<T>::new (line 44) stdout ----
[INFO] [stdout] error[E0432]: unresolved import `toml`
[INFO] [stdout]  --> src/spanned.rs:47:5
[INFO] [stdout]   |
[INFO] [stdout] 5 | use toml::Spanned;
[INFO] [stdout]   |     ^^^^ use of undeclared crate or module `toml`
[INFO] [stdout] 
[INFO] [stdout] error: aborting due to 1 previous error
[INFO] [stdout] 
[INFO] [stdout] For more information about this error, try `rustc --explain E0432`.
[INFO] [stdout] Couldn't compile the test.
[INFO] [stdout] 
[INFO] [stdout] failures:
[INFO] [stdout]     src/spanned.rs - spanned::Spanned<T>::new (line 44)
[INFO] [stdout] 
[INFO] [stdout] test result: FAILED. 0 passed; 1 failed; 0 ignored; 0 measured; 0 filtered out; finished in 0.04s
[INFO] [stdout] 
[INFO] [stderr] error: doctest failed, to rerun pass `--doc`
[INFO] running `Command { std: "docker" "inspect" "c6302d8cdc4dba3906c83231714c9f482b3ebecbc8c74ae6dfeb03bb011f15df", kill_on_drop: false }`
[INFO] running `Command { std: "docker" "rm" "-f" "c6302d8cdc4dba3906c83231714c9f482b3ebecbc8c74ae6dfeb03bb011f15df", kill_on_drop: false }`
[INFO] [stdout] c6302d8cdc4dba3906c83231714c9f482b3ebecbc8c74ae6dfeb03bb011f15df
