[INFO] fetching crate serde_flow 1.1.1...
[INFO] testing serde_flow-1.1.1 against nightly-2024-10-28 for randomize-layout
[INFO] extracting crate serde_flow 1.1.1 into /workspace/builds/worker-0-tc1/source
[INFO] validating manifest of crates.io crate serde_flow 1.1.1 on toolchain nightly-2024-10-28
[INFO] running `Command { std: CARGO_HOME="/workspace/cargo-home" RUSTUP_HOME="/workspace/rustup-home" "/workspace/cargo-home/bin/cargo" "+nightly-2024-10-28" "metadata" "--manifest-path" "Cargo.toml" "--no-deps", kill_on_drop: false }`
[INFO] started tweaking crates.io crate serde_flow 1.1.1
[INFO] finished tweaking crates.io crate serde_flow 1.1.1
[INFO] tweaked toml for crates.io crate serde_flow 1.1.1 written to /workspace/builds/worker-0-tc1/source/Cargo.toml
[INFO] running `Command { std: CARGO_HOME="/workspace/cargo-home" RUSTUP_HOME="/workspace/rustup-home" "/workspace/cargo-home/bin/cargo" "+nightly-2024-10-28" "generate-lockfile" "--manifest-path" "Cargo.toml", kill_on_drop: false }`
[INFO] [stderr]     Updating crates.io index
[INFO] [stderr]      Locking 124 packages to latest compatible versions
[INFO] [stderr]       Adding rkyv v0.7.45 (available: v0.8.8)
[INFO] running `Command { std: CARGO_HOME="/workspace/cargo-home" RUSTUP_HOME="/workspace/rustup-home" "/workspace/cargo-home/bin/cargo" "+nightly-2024-10-28" "fetch" "--manifest-path" "Cargo.toml", kill_on_drop: false }`
[INFO] [stderr]  Downloading crates ...
[INFO] [stderr]   Downloaded serde_flow_derive v1.1.1
[INFO] running `Command { std: "docker" "create" "-v" "/var/lib/crater-agent-workspace/builds/worker-0-tc1/target:/opt/rustwide/target:rw,Z" "-v" "/var/lib/crater-agent-workspace/builds/worker-0-tc1/source:/opt/rustwide/workdir:ro,Z" "-v" "/var/lib/crater-agent-workspace/cargo-home:/opt/rustwide/cargo-home:ro,Z" "-v" "/var/lib/crater-agent-workspace/rustup-home:/opt/rustwide/rustup-home:ro,Z" "-e" "SOURCE_DIR=/opt/rustwide/workdir" "-e" "CARGO_TARGET_DIR=/opt/rustwide/target" "-e" "CARGO_HOME=/opt/rustwide/cargo-home" "-e" "RUSTUP_HOME=/opt/rustwide/rustup-home" "-w" "/opt/rustwide/workdir" "-m" "1610612736" "--user" "0:0" "--network" "none" "ghcr.io/rust-lang/crates-build-env/linux@sha256:4a844ea9eb2546a2d2c7022eacef16ef2e8229c7fbb2c7d4d55a9ceca922f72d" "/opt/rustwide/cargo-home/bin/cargo" "+nightly-2024-10-28" "metadata" "--no-deps" "--format-version=1", kill_on_drop: false }`
[INFO] [stdout] d6ac2f8848b9e9b395389da643d2b1a38609cf81cb5b25f751fd230cb915203c
[INFO] running `Command { std: "docker" "start" "-a" "d6ac2f8848b9e9b395389da643d2b1a38609cf81cb5b25f751fd230cb915203c", kill_on_drop: false }`
[INFO] running `Command { std: "docker" "inspect" "d6ac2f8848b9e9b395389da643d2b1a38609cf81cb5b25f751fd230cb915203c", kill_on_drop: false }`
[INFO] running `Command { std: "docker" "rm" "-f" "d6ac2f8848b9e9b395389da643d2b1a38609cf81cb5b25f751fd230cb915203c", kill_on_drop: false }`
[INFO] [stdout] d6ac2f8848b9e9b395389da643d2b1a38609cf81cb5b25f751fd230cb915203c
[INFO] running `Command { std: "docker" "create" "-v" "/var/lib/crater-agent-workspace/builds/worker-0-tc1/target:/opt/rustwide/target:rw,Z" "-v" "/var/lib/crater-agent-workspace/builds/worker-0-tc1/source:/opt/rustwide/workdir:ro,Z" "-v" "/var/lib/crater-agent-workspace/cargo-home:/opt/rustwide/cargo-home:ro,Z" "-v" "/var/lib/crater-agent-workspace/rustup-home:/opt/rustwide/rustup-home:ro,Z" "-e" "SOURCE_DIR=/opt/rustwide/workdir" "-e" "CARGO_TARGET_DIR=/opt/rustwide/target" "-e" "CARGO_INCREMENTAL=0" "-e" "RUST_BACKTRACE=full" "-e" "RUSTFLAGS=--cap-lints=forbid" "-e" "RUSTDOCFLAGS=--cap-lints=forbid" "-e" "CARGO_HOME=/opt/rustwide/cargo-home" "-e" "RUSTUP_HOME=/opt/rustwide/rustup-home" "-w" "/opt/rustwide/workdir" "-m" "1610612736" "--user" "0:0" "--network" "none" "ghcr.io/rust-lang/crates-build-env/linux@sha256:4a844ea9eb2546a2d2c7022eacef16ef2e8229c7fbb2c7d4d55a9ceca922f72d" "/opt/rustwide/cargo-home/bin/cargo" "+nightly-2024-10-28" "build" "--frozen" "--message-format=json", kill_on_drop: false }`
[INFO] [stdout] 7a1bbad2ad6f3fb3d9132648a03c8759cd44c3f11505dfbd34d253d43bdff513
[INFO] running `Command { std: "docker" "start" "-a" "7a1bbad2ad6f3fb3d9132648a03c8759cd44c3f11505dfbd34d253d43bdff513", kill_on_drop: false }`
[INFO] [stderr]    Compiling libc v0.2.161
[INFO] [stderr]    Compiling parking_lot_core v0.9.10
[INFO] [stderr]    Compiling serde v1.0.214
[INFO] [stderr]    Compiling lock_api v0.4.12
[INFO] [stderr]    Compiling slab v0.4.9
[INFO] [stderr]    Compiling scopeguard v1.2.0
[INFO] [stderr]    Compiling pin-project-lite v0.2.15
[INFO] [stderr]    Compiling bytes v1.8.0
[INFO] [stderr]    Compiling pin-utils v0.1.0
[INFO] [stderr]    Compiling futures-task v0.3.31
[INFO] [stderr]    Compiling futures-core v0.3.31
[INFO] [stderr]    Compiling crc-catalog v2.4.0
[INFO] [stderr]    Compiling syn v2.0.86
[INFO] [stderr]    Compiling crc v3.2.1
[INFO] [stderr]    Compiling socket2 v0.5.7
[INFO] [stderr]    Compiling signal-hook-registry v1.4.2
[INFO] [stderr]    Compiling mio v1.0.2
[INFO] [stderr]    Compiling parking_lot v0.12.3
[INFO] [stderr]    Compiling serde_derive v1.0.214
[INFO] [stderr]    Compiling thiserror-impl v1.0.66
[INFO] [stderr]    Compiling tokio-macros v2.4.0
[INFO] [stderr]    Compiling futures-macro v0.3.31
[INFO] [stderr]    Compiling tokio v1.41.0
[INFO] [stderr]    Compiling futures-util v0.3.31
[INFO] [stderr]    Compiling thiserror v1.0.66
[INFO] [stderr]    Compiling bincode v1.3.3
[INFO] [stderr]    Compiling serde_flow_derive v1.1.1
[INFO] [stderr]    Compiling serde_flow v1.1.1 (/opt/rustwide/workdir)
[INFO] [stdout] warning: elided lifetime has a name
[INFO] [stdout]   --> src/flow/mod.rs:25:87
[INFO] [stdout]    |
[INFO] [stdout] 25 |     fn save_to_path_async<'a, E: FlowEncoder>(&'a self, path: &'a Path) -> AsyncResult<()>;
[INFO] [stdout]    |                           -- lifetime `'a` declared here                              ^ this elided lifetime gets resolved as `'a`
[INFO] [stdout]    |
[INFO] [stdout]    = note: `#[warn(elided_named_lifetimes)]` on by default
[INFO] [stdout] 
[INFO] [stdout] 
[INFO] [stderr]     Finished `dev` profile [unoptimized + debuginfo] target(s) in 8.15s
[INFO] running `Command { std: "docker" "inspect" "7a1bbad2ad6f3fb3d9132648a03c8759cd44c3f11505dfbd34d253d43bdff513", kill_on_drop: false }`
[INFO] running `Command { std: "docker" "rm" "-f" "7a1bbad2ad6f3fb3d9132648a03c8759cd44c3f11505dfbd34d253d43bdff513", kill_on_drop: false }`
[INFO] [stdout] 7a1bbad2ad6f3fb3d9132648a03c8759cd44c3f11505dfbd34d253d43bdff513
[INFO] running `Command { std: "docker" "create" "-v" "/var/lib/crater-agent-workspace/builds/worker-0-tc1/target:/opt/rustwide/target:rw,Z" "-v" "/var/lib/crater-agent-workspace/builds/worker-0-tc1/source:/opt/rustwide/workdir:ro,Z" "-v" "/var/lib/crater-agent-workspace/cargo-home:/opt/rustwide/cargo-home:ro,Z" "-v" "/var/lib/crater-agent-workspace/rustup-home:/opt/rustwide/rustup-home:ro,Z" "-e" "SOURCE_DIR=/opt/rustwide/workdir" "-e" "CARGO_TARGET_DIR=/opt/rustwide/target" "-e" "CARGO_INCREMENTAL=0" "-e" "RUST_BACKTRACE=full" "-e" "RUSTFLAGS=--cap-lints=forbid" "-e" "RUSTDOCFLAGS=--cap-lints=forbid" "-e" "CARGO_HOME=/opt/rustwide/cargo-home" "-e" "RUSTUP_HOME=/opt/rustwide/rustup-home" "-w" "/opt/rustwide/workdir" "-m" "1610612736" "--user" "0:0" "--network" "none" "ghcr.io/rust-lang/crates-build-env/linux@sha256:4a844ea9eb2546a2d2c7022eacef16ef2e8229c7fbb2c7d4d55a9ceca922f72d" "/opt/rustwide/cargo-home/bin/cargo" "+nightly-2024-10-28" "test" "--frozen" "--no-run" "--message-format=json", kill_on_drop: false }`
[INFO] [stdout] 984e671a1d65791f711fbbd2d48ee0453ec5cc5f99164b8e40cda76195409702
[INFO] running `Command { std: "docker" "start" "-a" "984e671a1d65791f711fbbd2d48ee0453ec5cc5f99164b8e40cda76195409702", kill_on_drop: false }`
[INFO] [stderr]    Compiling rustix v0.38.38
[INFO] [stderr]    Compiling linux-raw-sys v0.4.14
[INFO] [stderr]    Compiling bitflags v2.6.0
[INFO] [stderr]    Compiling fastrand v2.1.1
[INFO] [stderr]    Compiling once_cell v1.20.2
[INFO] [stdout] warning: elided lifetime has a name
[INFO] [stdout]   --> src/flow/mod.rs:25:87
[INFO] [stdout]    |
[INFO] [stdout] 25 |     fn save_to_path_async<'a, E: FlowEncoder>(&'a self, path: &'a Path) -> AsyncResult<()>;
[INFO] [stdout]    |                           -- lifetime `'a` declared here                              ^ this elided lifetime gets resolved as `'a`
[INFO] [stdout]    |
[INFO] [stdout]    = note: `#[warn(elided_named_lifetimes)]` on by default
[INFO] [stdout] 
[INFO] [stdout] 
[INFO] [stderr]    Compiling tempfile v3.13.0
[INFO] [stderr]    Compiling serde_flow v1.1.1 (/opt/rustwide/workdir)
[INFO] [stdout] warning: elided lifetime has a name
[INFO] [stdout]   --> src/flow/mod.rs:25:87
[INFO] [stdout]    |
[INFO] [stdout] 25 |     fn save_to_path_async<'a, E: FlowEncoder>(&'a self, path: &'a Path) -> AsyncResult<()>;
[INFO] [stdout]    |                           -- lifetime `'a` declared here                              ^ this elided lifetime gets resolved as `'a`
[INFO] [stdout]    |
[INFO] [stdout]    = note: `#[warn(elided_named_lifetimes)]` on by default
[INFO] [stdout] 
[INFO] [stdout] 
[INFO] [stderr]     Finished `test` profile [unoptimized + debuginfo] target(s) in 2.38s
[INFO] running `Command { std: "docker" "inspect" "984e671a1d65791f711fbbd2d48ee0453ec5cc5f99164b8e40cda76195409702", kill_on_drop: false }`
[INFO] running `Command { std: "docker" "rm" "-f" "984e671a1d65791f711fbbd2d48ee0453ec5cc5f99164b8e40cda76195409702", kill_on_drop: false }`
[INFO] [stdout] 984e671a1d65791f711fbbd2d48ee0453ec5cc5f99164b8e40cda76195409702
[INFO] running `Command { std: "docker" "create" "-v" "/var/lib/crater-agent-workspace/builds/worker-0-tc1/target:/opt/rustwide/target:rw,Z" "-v" "/var/lib/crater-agent-workspace/builds/worker-0-tc1/source:/opt/rustwide/workdir:ro,Z" "-v" "/var/lib/crater-agent-workspace/cargo-home:/opt/rustwide/cargo-home:ro,Z" "-v" "/var/lib/crater-agent-workspace/rustup-home:/opt/rustwide/rustup-home:ro,Z" "-e" "SOURCE_DIR=/opt/rustwide/workdir" "-e" "CARGO_TARGET_DIR=/opt/rustwide/target" "-e" "CARGO_INCREMENTAL=0" "-e" "RUST_BACKTRACE=full" "-e" "RUSTFLAGS=--cap-lints=forbid" "-e" "RUSTDOCFLAGS=--cap-lints=forbid" "-e" "CARGO_HOME=/opt/rustwide/cargo-home" "-e" "RUSTUP_HOME=/opt/rustwide/rustup-home" "-w" "/opt/rustwide/workdir" "-m" "1610612736" "--user" "0:0" "--network" "none" "ghcr.io/rust-lang/crates-build-env/linux@sha256:4a844ea9eb2546a2d2c7022eacef16ef2e8229c7fbb2c7d4d55a9ceca922f72d" "/opt/rustwide/cargo-home/bin/cargo" "+nightly-2024-10-28" "test" "--frozen", kill_on_drop: false }`
[INFO] [stdout] f738ab67c4bd153c5e46a171ce9aaa757ae761cd3650ead4737118aae63021c6
[INFO] running `Command { std: "docker" "start" "-a" "f738ab67c4bd153c5e46a171ce9aaa757ae761cd3650ead4737118aae63021c6", kill_on_drop: false }`
[INFO] [stderr] warning: elided lifetime has a name
[INFO] [stderr]   --> src/flow/mod.rs:25:87
[INFO] [stderr]    |
[INFO] [stderr] 25 |     fn save_to_path_async<'a, E: FlowEncoder>(&'a self, path: &'a Path) -> AsyncResult<()>;
[INFO] [stderr]    |                           -- lifetime `'a` declared here                              ^ this elided lifetime gets resolved as `'a`
[INFO] [stderr]    |
[INFO] [stderr]    = note: `#[warn(elided_named_lifetimes)]` on by default
[INFO] [stderr] 
[INFO] [stderr] warning: `serde_flow` (lib) generated 1 warning
[INFO] [stderr] warning: `serde_flow` (lib test) generated 1 warning (1 duplicate)
[INFO] [stderr]     Finished `test` profile [unoptimized + debuginfo] target(s) in 0.06s
[INFO] [stderr]      Running unittests src/lib.rs (/opt/rustwide/target/debug/deps/serde_flow-1bcc66406e35daf8)
[INFO] [stdout] 
[INFO] [stdout] running 0 tests
[INFO] [stdout] 
[INFO] [stdout] test result: ok. 0 passed; 0 failed; 0 ignored; 0 measured; 0 filtered out; finished in 0.00s
[INFO] [stdout] 
[INFO] [stderr]    Doc-tests serde_flow
[INFO] [stdout] 
[INFO] [stdout] running 11 tests
[INFO] [stdout] test src/lib.rs - (line 235) ... FAILED
[INFO] [stdout] test src/lib.rs - (line 262) ... FAILED
[INFO] [stdout] test src/lib.rs - (line 117) ... FAILED
[INFO] [stdout] test src/lib.rs - (line 290) ... FAILED
[INFO] [stdout] test src/lib.rs - (line 133) ... ok
[INFO] [stdout] test src/lib.rs - (line 87) ... ok
[INFO] [stdout] test src/lib.rs - (line 102) ... ok
[INFO] [stdout] test src/lib.rs - (line 59) ... ok
[INFO] [stdout] test src/lib.rs - (line 27) ... ok
[INFO] [stdout] test src/lib.rs - (line 150) ... ok
[INFO] [stdout] test src/lib.rs - (line 193) ... ok
[INFO] [stdout] 
[INFO] [stdout] failures:
[INFO] [stdout] 
[INFO] [stdout] ---- src/lib.rs - (line 235) stdout ----
[INFO] [stdout] error[E0432]: unresolved import `serde_flow::flow::zerocopy`
[INFO] [stdout]  --> src/lib.rs:237:24
[INFO] [stdout]   |
[INFO] [stdout] 4 | use serde_flow::{flow::zerocopy::{File, FileMigrate}, Flow};
[INFO] [stdout]   |                        ^^^^^^^^ could not find `zerocopy` in `flow`
[INFO] [stdout]   |
[INFO] [stdout] note: found an item that was configured out
[INFO] [stdout]  --> /opt/rustwide/workdir/src/flow/mod.rs:8:9
[INFO] [stdout]   |
[INFO] [stdout] 8 | pub mod zerocopy;
[INFO] [stdout]   |         ^^^^^^^^
[INFO] [stdout] note: the item is gated behind the `zerocopy` feature
[INFO] [stdout]  --> /opt/rustwide/workdir/src/flow/mod.rs:7:7
[INFO] [stdout]   |
[INFO] [stdout] 7 | #[cfg(feature = "zerocopy")]
[INFO] [stdout]   |       ^^^^^^^^^^^^^^^^^^^^
[INFO] [stdout] 
[INFO] [stdout] error[E0432]: unresolved import `rkyv`
[INFO] [stdout]  --> src/lib.rs:238:5
[INFO] [stdout]   |
[INFO] [stdout] 5 | use rkyv::{Archive, Serialize, Deserialize};
[INFO] [stdout]   |     ^^^^ use of undeclared crate or module `rkyv`
[INFO] [stdout] 
[INFO] [stdout] error: cannot find attribute `archive` in this scope
[INFO] [stdout]  --> src/lib.rs:242:3
[INFO] [stdout]   |
[INFO] [stdout] 9 | #[archive(check_bytes)]
[INFO] [stdout]   |   ^^^^^^^
[INFO] [stdout] 
[INFO] [stdout] error[E0433]: failed to resolve: could not find `zerocopy` in `flow`
[INFO] [stdout]  --> src/lib.rs:241:10
[INFO] [stdout]   |
[INFO] [stdout] 8 | #[derive(Flow, Archive, Serialize, Deserialize)]
[INFO] [stdout]   |          ^^^^ could not find `zerocopy` in `flow`
[INFO] [stdout]   |
[INFO] [stdout] note: found an item that was configured out
[INFO] [stdout]  --> /opt/rustwide/workdir/src/flow/mod.rs:8:9
[INFO] [stdout]   |
[INFO] [stdout] 8 | pub mod zerocopy;
[INFO] [stdout]   |         ^^^^^^^^
[INFO] [stdout] note: the item is gated behind the `zerocopy` feature
[INFO] [stdout]  --> /opt/rustwide/workdir/src/flow/mod.rs:7:7
[INFO] [stdout]   |
[INFO] [stdout] 7 | #[cfg(feature = "zerocopy")]
[INFO] [stdout]   |       ^^^^^^^^^^^^^^^^^^^^
[INFO] [stdout]   = note: this error originates in the derive macro `Flow` (in Nightly builds, run with -Z macro-backtrace for more info)
[INFO] [stdout] 
[INFO] [stdout] error[E0433]: failed to resolve: could not find `zerocopy` in `encoder`
[INFO] [stdout]  --> src/lib.rs:241:10
[INFO] [stdout]   |
[INFO] [stdout] 8 | #[derive(Flow, Archive, Serialize, Deserialize)]
[INFO] [stdout]   |          ^^^^ could not find `zerocopy` in `encoder`
[INFO] [stdout]   |
[INFO] [stdout] note: found an item that was configured out
[INFO] [stdout]  --> /opt/rustwide/workdir/src/encoder/mod.rs:9:9
[INFO] [stdout]   |
[INFO] [stdout] 9 | pub mod zerocopy;
[INFO] [stdout]   |         ^^^^^^^^
[INFO] [stdout] note: the item is gated behind the `zerocopy` feature
[INFO] [stdout]  --> /opt/rustwide/workdir/src/encoder/mod.rs:8:7
[INFO] [stdout]   |
[INFO] [stdout] 8 | #[cfg(feature = "zerocopy")]
[INFO] [stdout]   |       ^^^^^^^^^^^^^^^^^^^^
[INFO] [stdout]   = note: this error originates in the derive macro `Flow` (in Nightly builds, run with -Z macro-backtrace for more info)
[INFO] [stdout] 
[INFO] [stdout] error[E0433]: failed to resolve: could not find `zerocopy` in `encoder`
[INFO] [stdout]  --> src/lib.rs:241:10
[INFO] [stdout]   |
[INFO] [stdout] 8 | #[derive(Flow, Archive, Serialize, Deserialize)]
[INFO] [stdout]   |          ^^^^ could not find `zerocopy` in `encoder`
[INFO] [stdout]   |
[INFO] [stdout] note: found an item that was configured out
[INFO] [stdout]  --> /opt/rustwide/workdir/src/encoder/mod.rs:9:9
[INFO] [stdout]   |
[INFO] [stdout] 9 | pub mod zerocopy;
[INFO] [stdout]   |         ^^^^^^^^
[INFO] [stdout] note: the item is gated behind the `zerocopy` feature
[INFO] [stdout]  --> /opt/rustwide/workdir/src/encoder/mod.rs:8:7
[INFO] [stdout]   |
[INFO] [stdout] 8 | #[cfg(feature = "zerocopy")]
[INFO] [stdout]   |       ^^^^^^^^^^^^^^^^^^^^
[INFO] [stdout]   = note: this error originates in the derive macro `Flow` (in Nightly builds, run with -Z macro-backtrace for more info)
[INFO] [stdout] 
[INFO] [stdout] error[E0433]: failed to resolve: could not find `zerocopy` in `encoder`
[INFO] [stdout]  --> src/lib.rs:241:10
[INFO] [stdout]   |
[INFO] [stdout] 8 | #[derive(Flow, Archive, Serialize, Deserialize)]
[INFO] [stdout]   |          ^^^^ could not find `zerocopy` in `encoder`
[INFO] [stdout]   |
[INFO] [stdout] note: found an item that was configured out
[INFO] [stdout]  --> /opt/rustwide/workdir/src/encoder/mod.rs:9:9
[INFO] [stdout]   |
[INFO] [stdout] 9 | pub mod zerocopy;
[INFO] [stdout]   |         ^^^^^^^^
[INFO] [stdout] note: the item is gated behind the `zerocopy` feature
[INFO] [stdout]  --> /opt/rustwide/workdir/src/encoder/mod.rs:8:7
[INFO] [stdout]   |
[INFO] [stdout] 8 | #[cfg(feature = "zerocopy")]
[INFO] [stdout]   |       ^^^^^^^^^^^^^^^^^^^^
[INFO] [stdout]   = note: this error originates in the derive macro `Flow` (in Nightly builds, run with -Z macro-backtrace for more info)
[INFO] [stdout] help: consider importing this struct
[INFO] [stdout]   |
[INFO] [stdout] 4 + use serde_flow::encoder::bincode::Encoder;
[INFO] [stdout]   |
[INFO] [stdout] 
[INFO] [stdout] error: aborting due to 7 previous errors
[INFO] [stdout] 
[INFO] [stdout] Some errors have detailed explanations: E0432, E0433.
[INFO] [stdout] For more information about an error, try `rustc --explain E0432`.
[INFO] [stdout] Couldn't compile the test.
[INFO] [stdout] ---- src/lib.rs - (line 262) stdout ----
[INFO] [stdout] error[E0432]: unresolved import `serde_flow::flow::zerocopy`
[INFO] [stdout]  --> src/lib.rs:264:24
[INFO] [stdout]   |
[INFO] [stdout] 4 | use serde_flow::{flow::zerocopy::File, Flow};
[INFO] [stdout]   |                        ^^^^^^^^ could not find `zerocopy` in `flow`
[INFO] [stdout]   |
[INFO] [stdout] note: found an item that was configured out
[INFO] [stdout]  --> /opt/rustwide/workdir/src/flow/mod.rs:8:9
[INFO] [stdout]   |
[INFO] [stdout] 8 | pub mod zerocopy;
[INFO] [stdout]   |         ^^^^^^^^
[INFO] [stdout] note: the item is gated behind the `zerocopy` feature
[INFO] [stdout]  --> /opt/rustwide/workdir/src/flow/mod.rs:7:7
[INFO] [stdout]   |
[INFO] [stdout] 7 | #[cfg(feature = "zerocopy")]
[INFO] [stdout]   |       ^^^^^^^^^^^^^^^^^^^^
[INFO] [stdout] 
[INFO] [stdout] error[E0432]: unresolved import `rkyv`
[INFO] [stdout]  --> src/lib.rs:265:5
[INFO] [stdout]   |
[INFO] [stdout] 5 | use rkyv::{Archive, Serialize, Deserialize};
[INFO] [stdout]   |     ^^^^ use of undeclared crate or module `rkyv`
[INFO] [stdout] 
[INFO] [stdout] error: cannot find attribute `archive` in this scope
[INFO] [stdout]   --> src/lib.rs:270:3
[INFO] [stdout]    |
[INFO] [stdout] 10 | #[archive(check_bytes)]
[INFO] [stdout]    |   ^^^^^^^
[INFO] [stdout] 
[INFO] [stdout] error[E0433]: failed to resolve: could not find `zerocopy` in `flow`
[INFO] [stdout]  --> src/lib.rs:269:10
[INFO] [stdout]   |
[INFO] [stdout] 9 | #[derive(Flow, Archive, Serialize, Deserialize)]
[INFO] [stdout]   |          ^^^^ could not find `zerocopy` in `flow`
[INFO] [stdout]   |
[INFO] [stdout] note: found an item that was configured out
[INFO] [stdout]  --> /opt/rustwide/workdir/src/flow/mod.rs:8:9
[INFO] [stdout]   |
[INFO] [stdout] 8 | pub mod zerocopy;
[INFO] [stdout]   |         ^^^^^^^^
[INFO] [stdout] note: the item is gated behind the `zerocopy` feature
[INFO] [stdout]  --> /opt/rustwide/workdir/src/flow/mod.rs:7:7
[INFO] [stdout]   |
[INFO] [stdout] 7 | #[cfg(feature = "zerocopy")]
[INFO] [stdout]   |       ^^^^^^^^^^^^^^^^^^^^
[INFO] [stdout]   = note: this error originates in the derive macro `Flow` (in Nightly builds, run with -Z macro-backtrace for more info)
[INFO] [stdout] 
[INFO] [stdout] error[E0433]: failed to resolve: could not find `zerocopy` in `encoder`
[INFO] [stdout]  --> src/lib.rs:269:10
[INFO] [stdout]   |
[INFO] [stdout] 9 | #[derive(Flow, Archive, Serialize, Deserialize)]
[INFO] [stdout]   |          ^^^^ could not find `zerocopy` in `encoder`
[INFO] [stdout]   |
[INFO] [stdout] note: found an item that was configured out
[INFO] [stdout]  --> /opt/rustwide/workdir/src/encoder/mod.rs:9:9
[INFO] [stdout]   |
[INFO] [stdout] 9 | pub mod zerocopy;
[INFO] [stdout]   |         ^^^^^^^^
[INFO] [stdout] note: the item is gated behind the `zerocopy` feature
[INFO] [stdout]  --> /opt/rustwide/workdir/src/encoder/mod.rs:8:7
[INFO] [stdout]   |
[INFO] [stdout] 8 | #[cfg(feature = "zerocopy")]
[INFO] [stdout]   |       ^^^^^^^^^^^^^^^^^^^^
[INFO] [stdout]   = note: this error originates in the derive macro `Flow` (in Nightly builds, run with -Z macro-backtrace for more info)
[INFO] [stdout] 
[INFO] [stdout] error[E0433]: failed to resolve: could not find `zerocopy` in `encoder`
[INFO] [stdout]  --> src/lib.rs:269:10
[INFO] [stdout]   |
[INFO] [stdout] 9 | #[derive(Flow, Archive, Serialize, Deserialize)]
[INFO] [stdout]   |          ^^^^ could not find `zerocopy` in `encoder`
[INFO] [stdout]   |
[INFO] [stdout] note: found an item that was configured out
[INFO] [stdout]  --> /opt/rustwide/workdir/src/encoder/mod.rs:9:9
[INFO] [stdout]   |
[INFO] [stdout] 9 | pub mod zerocopy;
[INFO] [stdout]   |         ^^^^^^^^
[INFO] [stdout] note: the item is gated behind the `zerocopy` feature
[INFO] [stdout]  --> /opt/rustwide/workdir/src/encoder/mod.rs:8:7
[INFO] [stdout]   |
[INFO] [stdout] 8 | #[cfg(feature = "zerocopy")]
[INFO] [stdout]   |       ^^^^^^^^^^^^^^^^^^^^
[INFO] [stdout]   = note: this error originates in the derive macro `Flow` (in Nightly builds, run with -Z macro-backtrace for more info)
[INFO] [stdout] 
[INFO] [stdout] error[E0433]: failed to resolve: could not find `zerocopy` in `encoder`
[INFO] [stdout]  --> src/lib.rs:269:10
[INFO] [stdout]   |
[INFO] [stdout] 9 | #[derive(Flow, Archive, Serialize, Deserialize)]
[INFO] [stdout]   |          ^^^^ could not find `zerocopy` in `encoder`
[INFO] [stdout]   |
[INFO] [stdout] note: found an item that was configured out
[INFO] [stdout]  --> /opt/rustwide/workdir/src/encoder/mod.rs:9:9
[INFO] [stdout]   |
[INFO] [stdout] 9 | pub mod zerocopy;
[INFO] [stdout]   |         ^^^^^^^^
[INFO] [stdout] note: the item is gated behind the `zerocopy` feature
[INFO] [stdout]  --> /opt/rustwide/workdir/src/encoder/mod.rs:8:7
[INFO] [stdout]   |
[INFO] [stdout] 8 | #[cfg(feature = "zerocopy")]
[INFO] [stdout]   |       ^^^^^^^^^^^^^^^^^^^^
[INFO] [stdout]   = note: this error originates in the derive macro `Flow` (in Nightly builds, run with -Z macro-backtrace for more info)
[INFO] [stdout] help: consider importing this struct
[INFO] [stdout]   |
[INFO] [stdout] 4 + use serde_flow::encoder::bincode::Encoder;
[INFO] [stdout]   |
[INFO] [stdout] 
[INFO] [stdout] error: aborting due to 7 previous errors
[INFO] [stdout] 
[INFO] [stdout] Some errors have detailed explanations: E0432, E0433.
[INFO] [stdout] For more information about an error, try `rustc --explain E0432`.
[INFO] [stdout] Couldn't compile the test.
[INFO] [stdout] ---- src/lib.rs - (line 117) stdout ----
[INFO] [stdout] error[E0432]: unresolved import `rkyv`
[INFO] [stdout]  --> src/lib.rs:119:5
[INFO] [stdout]   |
[INFO] [stdout] 5 | use rkyv::{Archive, Deserialize, Serialize};
[INFO] [stdout]   |     ^^^^ use of undeclared crate or module `rkyv`
[INFO] [stdout] 
[INFO] [stdout] error: cannot find attribute `archive` in this scope
[INFO] [stdout]   --> src/lib.rs:124:3
[INFO] [stdout]    |
[INFO] [stdout] 10 | #[archive(check_bytes)]
[INFO] [stdout]    |   ^^^^^^^
[INFO] [stdout] 
[INFO] [stdout] error[E0433]: failed to resolve: could not find `zerocopy` in `flow`
[INFO] [stdout]  --> src/lib.rs:122:10
[INFO] [stdout]   |
[INFO] [stdout] 8 | #[derive(Flow, Archive, Serialize, Deserialize)]
[INFO] [stdout]   |          ^^^^ could not find `zerocopy` in `flow`
[INFO] [stdout]   |
[INFO] [stdout] note: found an item that was configured out
[INFO] [stdout]  --> /opt/rustwide/workdir/src/flow/mod.rs:8:9
[INFO] [stdout]   |
[INFO] [stdout] 8 | pub mod zerocopy;
[INFO] [stdout]   |         ^^^^^^^^
[INFO] [stdout] note: the item is gated behind the `zerocopy` feature
[INFO] [stdout]  --> /opt/rustwide/workdir/src/flow/mod.rs:7:7
[INFO] [stdout]   |
[INFO] [stdout] 7 | #[cfg(feature = "zerocopy")]
[INFO] [stdout]   |       ^^^^^^^^^^^^^^^^^^^^
[INFO] [stdout]   = note: this error originates in the derive macro `Flow` (in Nightly builds, run with -Z macro-backtrace for more info)
[INFO] [stdout] 
[INFO] [stdout] error[E0433]: failed to resolve: could not find `zerocopy` in `encoder`
[INFO] [stdout]  --> src/lib.rs:122:10
[INFO] [stdout]   |
[INFO] [stdout] 8 | #[derive(Flow, Archive, Serialize, Deserialize)]
[INFO] [stdout]   |          ^^^^ could not find `zerocopy` in `encoder`
[INFO] [stdout]   |
[INFO] [stdout] note: found an item that was configured out
[INFO] [stdout]  --> /opt/rustwide/workdir/src/encoder/mod.rs:9:9
[INFO] [stdout]   |
[INFO] [stdout] 9 | pub mod zerocopy;
[INFO] [stdout]   |         ^^^^^^^^
[INFO] [stdout] note: the item is gated behind the `zerocopy` feature
[INFO] [stdout]  --> /opt/rustwide/workdir/src/encoder/mod.rs:8:7
[INFO] [stdout]   |
[INFO] [stdout] 8 | #[cfg(feature = "zerocopy")]
[INFO] [stdout]   |       ^^^^^^^^^^^^^^^^^^^^
[INFO] [stdout]   = note: this error originates in the derive macro `Flow` (in Nightly builds, run with -Z macro-backtrace for more info)
[INFO] [stdout] 
[INFO] [stdout] error[E0433]: failed to resolve: could not find `zerocopy` in `encoder`
[INFO] [stdout]  --> src/lib.rs:122:10
[INFO] [stdout]   |
[INFO] [stdout] 8 | #[derive(Flow, Archive, Serialize, Deserialize)]
[INFO] [stdout]   |          ^^^^ could not find `zerocopy` in `encoder`
[INFO] [stdout]   |
[INFO] [stdout] note: found an item that was configured out
[INFO] [stdout]  --> /opt/rustwide/workdir/src/encoder/mod.rs:9:9
[INFO] [stdout]   |
[INFO] [stdout] 9 | pub mod zerocopy;
[INFO] [stdout]   |         ^^^^^^^^
[INFO] [stdout] note: the item is gated behind the `zerocopy` feature
[INFO] [stdout]  --> /opt/rustwide/workdir/src/encoder/mod.rs:8:7
[INFO] [stdout]   |
[INFO] [stdout] 8 | #[cfg(feature = "zerocopy")]
[INFO] [stdout]   |       ^^^^^^^^^^^^^^^^^^^^
[INFO] [stdout]   = note: this error originates in the derive macro `Flow` (in Nightly builds, run with -Z macro-backtrace for more info)
[INFO] [stdout] 
[INFO] [stdout] error[E0433]: failed to resolve: could not find `zerocopy` in `encoder`
[INFO] [stdout]  --> src/lib.rs:122:10
[INFO] [stdout]   |
[INFO] [stdout] 8 | #[derive(Flow, Archive, Serialize, Deserialize)]
[INFO] [stdout]   |          ^^^^ could not find `zerocopy` in `encoder`
[INFO] [stdout]   |
[INFO] [stdout] note: found an item that was configured out
[INFO] [stdout]  --> /opt/rustwide/workdir/src/encoder/mod.rs:9:9
[INFO] [stdout]   |
[INFO] [stdout] 9 | pub mod zerocopy;
[INFO] [stdout]   |         ^^^^^^^^
[INFO] [stdout] note: the item is gated behind the `zerocopy` feature
[INFO] [stdout]  --> /opt/rustwide/workdir/src/encoder/mod.rs:8:7
[INFO] [stdout]   |
[INFO] [stdout] 8 | #[cfg(feature = "zerocopy")]
[INFO] [stdout]   |       ^^^^^^^^^^^^^^^^^^^^
[INFO] [stdout]   = note: this error originates in the derive macro `Flow` (in Nightly builds, run with -Z macro-backtrace for more info)
[INFO] [stdout] help: consider importing this struct
[INFO] [stdout]   |
[INFO] [stdout] 2 + use serde_flow::encoder::bincode::Encoder;
[INFO] [stdout]   |
[INFO] [stdout] 
[INFO] [stdout] error: aborting due to 6 previous errors
[INFO] [stdout] 
[INFO] [stdout] Some errors have detailed explanations: E0432, E0433.
[INFO] [stdout] For more information about an error, try `rustc --explain E0432`.
[INFO] [stdout] Couldn't compile the test.
[INFO] [stdout] ---- src/lib.rs - (line 290) stdout ----
[INFO] [stdout] error[E0432]: unresolved import `serde_flow::flow::zerocopy`
[INFO] [stdout]  --> src/lib.rs:292:24
[INFO] [stdout]   |
[INFO] [stdout] 4 | use serde_flow::{flow::zerocopy::FileAsync, Flow};
[INFO] [stdout]   |                        ^^^^^^^^ could not find `zerocopy` in `flow`
[INFO] [stdout]   |
[INFO] [stdout] note: found an item that was configured out
[INFO] [stdout]  --> /opt/rustwide/workdir/src/flow/mod.rs:8:9
[INFO] [stdout]   |
[INFO] [stdout] 8 | pub mod zerocopy;
[INFO] [stdout]   |         ^^^^^^^^
[INFO] [stdout] note: the item is gated behind the `zerocopy` feature
[INFO] [stdout]  --> /opt/rustwide/workdir/src/flow/mod.rs:7:7
[INFO] [stdout]   |
[INFO] [stdout] 7 | #[cfg(feature = "zerocopy")]
[INFO] [stdout]   |       ^^^^^^^^^^^^^^^^^^^^
[INFO] [stdout] 
[INFO] [stdout] error[E0432]: unresolved import `rkyv`
[INFO] [stdout]  --> src/lib.rs:293:5
[INFO] [stdout]   |
[INFO] [stdout] 5 | use rkyv::{Archive, Serialize, Deserialize};
[INFO] [stdout]   |     ^^^^ use of undeclared crate or module `rkyv`
[INFO] [stdout] 
[INFO] [stdout] error: cannot find attribute `archive` in this scope
[INFO] [stdout]   --> src/lib.rs:298:3
[INFO] [stdout]    |
[INFO] [stdout] 10 | #[archive(check_bytes)]
[INFO] [stdout]    |   ^^^^^^^
[INFO] [stdout] 
[INFO] [stdout] error[E0433]: failed to resolve: could not find `zerocopy` in `flow`
[INFO] [stdout]  --> src/lib.rs:297:10
[INFO] [stdout]   |
[INFO] [stdout] 9 | #[derive(Flow, Archive, Serialize, Deserialize)]
[INFO] [stdout]   |          ^^^^ could not find `zerocopy` in `flow`
[INFO] [stdout]   |
[INFO] [stdout] note: found an item that was configured out
[INFO] [stdout]  --> /opt/rustwide/workdir/src/flow/mod.rs:8:9
[INFO] [stdout]   |
[INFO] [stdout] 8 | pub mod zerocopy;
[INFO] [stdout]   |         ^^^^^^^^
[INFO] [stdout] note: the item is gated behind the `zerocopy` feature
[INFO] [stdout]  --> /opt/rustwide/workdir/src/flow/mod.rs:7:7
[INFO] [stdout]   |
[INFO] [stdout] 7 | #[cfg(feature = "zerocopy")]
[INFO] [stdout]   |       ^^^^^^^^^^^^^^^^^^^^
[INFO] [stdout]   = note: this error originates in the derive macro `Flow` (in Nightly builds, run with -Z macro-backtrace for more info)
[INFO] [stdout] 
[INFO] [stdout] error[E0433]: failed to resolve: could not find `zerocopy` in `encoder`
[INFO] [stdout]  --> src/lib.rs:297:10
[INFO] [stdout]   |
[INFO] [stdout] 9 | #[derive(Flow, Archive, Serialize, Deserialize)]
[INFO] [stdout]   |          ^^^^ could not find `zerocopy` in `encoder`
[INFO] [stdout]   |
[INFO] [stdout] note: found an item that was configured out
[INFO] [stdout]  --> /opt/rustwide/workdir/src/encoder/mod.rs:9:9
[INFO] [stdout]   |
[INFO] [stdout] 9 | pub mod zerocopy;
[INFO] [stdout]   |         ^^^^^^^^
[INFO] [stdout] note: the item is gated behind the `zerocopy` feature
[INFO] [stdout]  --> /opt/rustwide/workdir/src/encoder/mod.rs:8:7
[INFO] [stdout]   |
[INFO] [stdout] 8 | #[cfg(feature = "zerocopy")]
[INFO] [stdout]   |       ^^^^^^^^^^^^^^^^^^^^
[INFO] [stdout]   = note: this error originates in the derive macro `Flow` (in Nightly builds, run with -Z macro-backtrace for more info)
[INFO] [stdout] 
[INFO] [stdout] error[E0433]: failed to resolve: could not find `zerocopy` in `encoder`
[INFO] [stdout]  --> src/lib.rs:297:10
[INFO] [stdout]   |
[INFO] [stdout] 9 | #[derive(Flow, Archive, Serialize, Deserialize)]
[INFO] [stdout]   |          ^^^^ could not find `zerocopy` in `encoder`
[INFO] [stdout]   |
[INFO] [stdout] note: found an item that was configured out
[INFO] [stdout]  --> /opt/rustwide/workdir/src/encoder/mod.rs:9:9
[INFO] [stdout]   |
[INFO] [stdout] 9 | pub mod zerocopy;
[INFO] [stdout]   |         ^^^^^^^^
[INFO] [stdout] note: the item is gated behind the `zerocopy` feature
[INFO] [stdout]  --> /opt/rustwide/workdir/src/encoder/mod.rs:8:7
[INFO] [stdout]   |
[INFO] [stdout] 8 | #[cfg(feature = "zerocopy")]
[INFO] [stdout]   |       ^^^^^^^^^^^^^^^^^^^^
[INFO] [stdout]   = note: this error originates in the derive macro `Flow` (in Nightly builds, run with -Z macro-backtrace for more info)
[INFO] [stdout] 
[INFO] [stdout] error[E0433]: failed to resolve: could not find `zerocopy` in `encoder`
[INFO] [stdout]  --> src/lib.rs:297:10
[INFO] [stdout]   |
[INFO] [stdout] 9 | #[derive(Flow, Archive, Serialize, Deserialize)]
[INFO] [stdout]   |          ^^^^ could not find `zerocopy` in `encoder`
[INFO] [stdout]   |
[INFO] [stdout] note: found an item that was configured out
[INFO] [stdout]  --> /opt/rustwide/workdir/src/encoder/mod.rs:9:9
[INFO] [stdout]   |
[INFO] [stdout] 9 | pub mod zerocopy;
[INFO] [stdout]   |         ^^^^^^^^
[INFO] [stdout] note: the item is gated behind the `zerocopy` feature
[INFO] [stdout]  --> /opt/rustwide/workdir/src/encoder/mod.rs:8:7
[INFO] [stdout]   |
[INFO] [stdout] 8 | #[cfg(feature = "zerocopy")]
[INFO] [stdout]   |       ^^^^^^^^^^^^^^^^^^^^
[INFO] [stdout]   = note: this error originates in the derive macro `Flow` (in Nightly builds, run with -Z macro-backtrace for more info)
[INFO] [stdout] help: consider importing this struct
[INFO] [stdout]   |
[INFO] [stdout] 4 + use serde_flow::encoder::bincode::Encoder;
[INFO] [stdout]   |
[INFO] [stdout] 
[INFO] [stdout] error: aborting due to 7 previous errors
[INFO] [stdout] 
[INFO] [stdout] Some errors have detailed explanations: E0432, E0433.
[INFO] [stdout] For more information about an error, try `rustc --explain E0432`.
[INFO] [stdout] Couldn't compile the test.
[INFO] [stdout] 
[INFO] [stdout] failures:
[INFO] [stdout]     src/lib.rs - (line 117)
[INFO] [stdout]     src/lib.rs - (line 235)
[INFO] [stdout]     src/lib.rs - (line 262)
[INFO] [stdout]     src/lib.rs - (line 290)
[INFO] [stdout] 
[INFO] [stdout] test result: FAILED. 7 passed; 4 failed; 0 ignored; 0 measured; 0 filtered out; finished in 0.68s
[INFO] [stdout] 
[INFO] [stderr] error: doctest failed, to rerun pass `--doc`
[INFO] running `Command { std: "docker" "inspect" "f738ab67c4bd153c5e46a171ce9aaa757ae761cd3650ead4737118aae63021c6", kill_on_drop: false }`
[INFO] running `Command { std: "docker" "rm" "-f" "f738ab67c4bd153c5e46a171ce9aaa757ae761cd3650ead4737118aae63021c6", kill_on_drop: false }`
[INFO] [stdout] f738ab67c4bd153c5e46a171ce9aaa757ae761cd3650ead4737118aae63021c6
