[INFO] fetching crate serde_esri 0.3.1...
[INFO] testing serde_esri-0.3.1 against nightly-2024-10-28 for randomize-layout
[INFO] extracting crate serde_esri 0.3.1 into /workspace/builds/worker-7-tc1/source
[INFO] validating manifest of crates.io crate serde_esri 0.3.1 on toolchain nightly-2024-10-28
[INFO] running `Command { std: CARGO_HOME="/workspace/cargo-home" RUSTUP_HOME="/workspace/rustup-home" "/workspace/cargo-home/bin/cargo" "+nightly-2024-10-28" "metadata" "--manifest-path" "Cargo.toml" "--no-deps", kill_on_drop: false }`
[INFO] started tweaking crates.io crate serde_esri 0.3.1
[INFO] finished tweaking crates.io crate serde_esri 0.3.1
[INFO] tweaked toml for crates.io crate serde_esri 0.3.1 written to /workspace/builds/worker-7-tc1/source/Cargo.toml
[INFO] running `Command { std: CARGO_HOME="/workspace/cargo-home" RUSTUP_HOME="/workspace/rustup-home" "/workspace/cargo-home/bin/cargo" "+nightly-2024-10-28" "generate-lockfile" "--manifest-path" "Cargo.toml", kill_on_drop: false }`
[INFO] [stderr]     Updating crates.io index
[INFO] [stderr]      Locking 242 packages to latest compatible versions
[INFO] [stderr]       Adding arrow v51.0.0 (available: v53.2.0)
[INFO] [stderr]       Adding geoarrow v0.2.0 (available: v0.3.0)
[INFO] running `Command { std: CARGO_HOME="/workspace/cargo-home" RUSTUP_HOME="/workspace/rustup-home" "/workspace/cargo-home/bin/cargo" "+nightly-2024-10-28" "fetch" "--manifest-path" "Cargo.toml", kill_on_drop: false }`
[INFO] [stderr]  Downloading crates ...
[INFO] [stderr]   Downloaded arrow-ipc v51.0.0
[INFO] [stderr]   Downloaded arrow-string v51.0.0
[INFO] [stderr]   Downloaded arrow-schema v51.0.0
[INFO] [stderr]   Downloaded arrow-row v51.0.0
[INFO] [stderr]   Downloaded arrow-arith v51.0.0
[INFO] [stderr]   Downloaded arrow-ord v51.0.0
[INFO] [stderr]   Downloaded arrow-cast v51.0.0
[INFO] [stderr]   Downloaded arrow v51.0.0
[INFO] [stderr]   Downloaded arrow-buffer v51.0.0
[INFO] [stderr]   Downloaded arrow-data v51.0.0
[INFO] [stderr]   Downloaded arrow-csv v51.0.0
[INFO] [stderr]   Downloaded arrow-json v51.0.0
[INFO] [stderr]   Downloaded arrow-array v51.0.0
[INFO] [stderr]   Downloaded arrow-select v51.0.0
[INFO] [stderr]   Downloaded geoarrow v0.2.0
[INFO] running `Command { std: "docker" "create" "-v" "/var/lib/crater-agent-workspace/builds/worker-7-tc1/target:/opt/rustwide/target:rw,Z" "-v" "/var/lib/crater-agent-workspace/builds/worker-7-tc1/source:/opt/rustwide/workdir:ro,Z" "-v" "/var/lib/crater-agent-workspace/cargo-home:/opt/rustwide/cargo-home:ro,Z" "-v" "/var/lib/crater-agent-workspace/rustup-home:/opt/rustwide/rustup-home:ro,Z" "-e" "SOURCE_DIR=/opt/rustwide/workdir" "-e" "CARGO_TARGET_DIR=/opt/rustwide/target" "-e" "CARGO_HOME=/opt/rustwide/cargo-home" "-e" "RUSTUP_HOME=/opt/rustwide/rustup-home" "-w" "/opt/rustwide/workdir" "-m" "1610612736" "--user" "0:0" "--network" "none" "ghcr.io/rust-lang/crates-build-env/linux@sha256:4a844ea9eb2546a2d2c7022eacef16ef2e8229c7fbb2c7d4d55a9ceca922f72d" "/opt/rustwide/cargo-home/bin/cargo" "+nightly-2024-10-28" "metadata" "--no-deps" "--format-version=1", kill_on_drop: false }`
[INFO] [stdout] 0dc49dd9c7333529563364082e55aeb02deb42ca7f535c88b5cc551b1863b730
[INFO] running `Command { std: "docker" "start" "-a" "0dc49dd9c7333529563364082e55aeb02deb42ca7f535c88b5cc551b1863b730", kill_on_drop: false }`
[INFO] running `Command { std: "docker" "inspect" "0dc49dd9c7333529563364082e55aeb02deb42ca7f535c88b5cc551b1863b730", kill_on_drop: false }`
[INFO] running `Command { std: "docker" "rm" "-f" "0dc49dd9c7333529563364082e55aeb02deb42ca7f535c88b5cc551b1863b730", kill_on_drop: false }`
[INFO] [stdout] 0dc49dd9c7333529563364082e55aeb02deb42ca7f535c88b5cc551b1863b730
[INFO] running `Command { std: "docker" "create" "-v" "/var/lib/crater-agent-workspace/builds/worker-7-tc1/target:/opt/rustwide/target:rw,Z" "-v" "/var/lib/crater-agent-workspace/builds/worker-7-tc1/source:/opt/rustwide/workdir:ro,Z" "-v" "/var/lib/crater-agent-workspace/cargo-home:/opt/rustwide/cargo-home:ro,Z" "-v" "/var/lib/crater-agent-workspace/rustup-home:/opt/rustwide/rustup-home:ro,Z" "-e" "SOURCE_DIR=/opt/rustwide/workdir" "-e" "CARGO_TARGET_DIR=/opt/rustwide/target" "-e" "CARGO_INCREMENTAL=0" "-e" "RUST_BACKTRACE=full" "-e" "RUSTFLAGS=--cap-lints=forbid" "-e" "RUSTDOCFLAGS=--cap-lints=forbid" "-e" "CARGO_HOME=/opt/rustwide/cargo-home" "-e" "RUSTUP_HOME=/opt/rustwide/rustup-home" "-w" "/opt/rustwide/workdir" "-m" "1610612736" "--user" "0:0" "--network" "none" "ghcr.io/rust-lang/crates-build-env/linux@sha256:4a844ea9eb2546a2d2c7022eacef16ef2e8229c7fbb2c7d4d55a9ceca922f72d" "/opt/rustwide/cargo-home/bin/cargo" "+nightly-2024-10-28" "build" "--frozen" "--message-format=json", kill_on_drop: false }`
[INFO] [stdout] 1d25a33f3cdaf62f57af3411b511f84ceb0d9f040dc949c4cab26c3c7a35ff73
[INFO] running `Command { std: "docker" "start" "-a" "1d25a33f3cdaf62f57af3411b511f84ceb0d9f040dc949c4cab26c3c7a35ff73", kill_on_drop: false }`
[INFO] [stderr]    Compiling strsim v0.11.1
[INFO] [stderr]    Compiling fnv v1.0.7
[INFO] [stderr]    Compiling ident_case v1.0.1
[INFO] [stderr]    Compiling serde v1.0.214
[INFO] [stderr]    Compiling memchr v2.7.4
[INFO] [stderr]    Compiling syn v2.0.86
[INFO] [stderr]    Compiling darling_core v0.20.10
[INFO] [stderr]    Compiling serde_derive v1.0.214
[INFO] [stderr]    Compiling darling_macro v0.20.10
[INFO] [stderr]    Compiling darling v0.20.10
[INFO] [stderr]    Compiling derive_builder_core v0.20.2
[INFO] [stderr]    Compiling serde_with_macros v3.11.0
[INFO] [stderr]    Compiling derive_builder_macro v0.20.2
[INFO] [stderr]    Compiling derive_builder v0.20.2
[INFO] [stderr]    Compiling serde_json v1.0.132
[INFO] [stderr]    Compiling serde_with v3.11.0
[INFO] [stderr]    Compiling serde_esri v0.3.1 (/opt/rustwide/workdir)
[INFO] [stderr]     Finished `dev` profile [unoptimized + debuginfo] target(s) in 12.32s
[INFO] running `Command { std: "docker" "inspect" "1d25a33f3cdaf62f57af3411b511f84ceb0d9f040dc949c4cab26c3c7a35ff73", kill_on_drop: false }`
[INFO] running `Command { std: "docker" "rm" "-f" "1d25a33f3cdaf62f57af3411b511f84ceb0d9f040dc949c4cab26c3c7a35ff73", kill_on_drop: false }`
[INFO] [stdout] 1d25a33f3cdaf62f57af3411b511f84ceb0d9f040dc949c4cab26c3c7a35ff73
[INFO] running `Command { std: "docker" "create" "-v" "/var/lib/crater-agent-workspace/builds/worker-7-tc1/target:/opt/rustwide/target:rw,Z" "-v" "/var/lib/crater-agent-workspace/builds/worker-7-tc1/source:/opt/rustwide/workdir:ro,Z" "-v" "/var/lib/crater-agent-workspace/cargo-home:/opt/rustwide/cargo-home:ro,Z" "-v" "/var/lib/crater-agent-workspace/rustup-home:/opt/rustwide/rustup-home:ro,Z" "-e" "SOURCE_DIR=/opt/rustwide/workdir" "-e" "CARGO_TARGET_DIR=/opt/rustwide/target" "-e" "CARGO_INCREMENTAL=0" "-e" "RUST_BACKTRACE=full" "-e" "RUSTFLAGS=--cap-lints=forbid" "-e" "RUSTDOCFLAGS=--cap-lints=forbid" "-e" "CARGO_HOME=/opt/rustwide/cargo-home" "-e" "RUSTUP_HOME=/opt/rustwide/rustup-home" "-w" "/opt/rustwide/workdir" "-m" "1610612736" "--user" "0:0" "--network" "none" "ghcr.io/rust-lang/crates-build-env/linux@sha256:4a844ea9eb2546a2d2c7022eacef16ef2e8229c7fbb2c7d4d55a9ceca922f72d" "/opt/rustwide/cargo-home/bin/cargo" "+nightly-2024-10-28" "test" "--frozen" "--no-run" "--message-format=json", kill_on_drop: false }`
[INFO] [stdout] 211f8b860242d7251ffb167fc791a3d7653b3a7af7f6af82c4893db8a39ad2ab
[INFO] running `Command { std: "docker" "start" "-a" "211f8b860242d7251ffb167fc791a3d7653b3a7af7f6af82c4893db8a39ad2ab", kill_on_drop: false }`
[INFO] [stderr]    Compiling serde_esri v0.3.1 (/opt/rustwide/workdir)
[INFO] [stderr]     Finished `test` profile [unoptimized + debuginfo] target(s) in 1.19s
[INFO] running `Command { std: "docker" "inspect" "211f8b860242d7251ffb167fc791a3d7653b3a7af7f6af82c4893db8a39ad2ab", kill_on_drop: false }`
[INFO] running `Command { std: "docker" "rm" "-f" "211f8b860242d7251ffb167fc791a3d7653b3a7af7f6af82c4893db8a39ad2ab", kill_on_drop: false }`
[INFO] [stdout] 211f8b860242d7251ffb167fc791a3d7653b3a7af7f6af82c4893db8a39ad2ab
[INFO] running `Command { std: "docker" "create" "-v" "/var/lib/crater-agent-workspace/builds/worker-7-tc1/target:/opt/rustwide/target:rw,Z" "-v" "/var/lib/crater-agent-workspace/builds/worker-7-tc1/source:/opt/rustwide/workdir:ro,Z" "-v" "/var/lib/crater-agent-workspace/cargo-home:/opt/rustwide/cargo-home:ro,Z" "-v" "/var/lib/crater-agent-workspace/rustup-home:/opt/rustwide/rustup-home:ro,Z" "-e" "SOURCE_DIR=/opt/rustwide/workdir" "-e" "CARGO_TARGET_DIR=/opt/rustwide/target" "-e" "CARGO_INCREMENTAL=0" "-e" "RUST_BACKTRACE=full" "-e" "RUSTFLAGS=--cap-lints=forbid" "-e" "RUSTDOCFLAGS=--cap-lints=forbid" "-e" "CARGO_HOME=/opt/rustwide/cargo-home" "-e" "RUSTUP_HOME=/opt/rustwide/rustup-home" "-w" "/opt/rustwide/workdir" "-m" "1610612736" "--user" "0:0" "--network" "none" "ghcr.io/rust-lang/crates-build-env/linux@sha256:4a844ea9eb2546a2d2c7022eacef16ef2e8229c7fbb2c7d4d55a9ceca922f72d" "/opt/rustwide/cargo-home/bin/cargo" "+nightly-2024-10-28" "test" "--frozen", kill_on_drop: false }`
[INFO] [stdout] 564eac8324dfd18f5ccb473383263512b58874d0c07c142be6094f7dbb40ba59
[INFO] running `Command { std: "docker" "start" "-a" "564eac8324dfd18f5ccb473383263512b58874d0c07c142be6094f7dbb40ba59", kill_on_drop: false }`
[INFO] [stderr]     Finished `test` profile [unoptimized + debuginfo] target(s) in 0.09s
[INFO] [stderr]      Running unittests src/lib.rs (/opt/rustwide/target/debug/deps/serde_esri-84ecc206211b7190)
[INFO] [stdout] 
[INFO] [stdout] running 0 tests
[INFO] [stdout] 
[INFO] [stdout] test result: ok. 0 passed; 0 failed; 0 ignored; 0 measured; 0 filtered out; finished in 0.00s
[INFO] [stdout] 
[INFO] [stderr]    Doc-tests serde_esri
[INFO] [stdout] 
[INFO] [stdout] running 6 tests
[INFO] [stdout] test src/../README.md - (line 140) ... FAILED
[INFO] [stdout] test src/../README.md - (line 98) ... FAILED
[INFO] [stdout] test src/../README.md - (line 107) ... FAILED
[INFO] [stdout] test src/../README.md - (line 81) ... FAILED
[INFO] [stdout] test src/../README.md - (line 27) ... FAILED
[INFO] [stdout] test src/../README.md - (line 120) ... ok
[INFO] [stdout] 
[INFO] [stdout] failures:
[INFO] [stdout] 
[INFO] [stdout] ---- src/../README.md - (line 140) stdout ----
[INFO] [stdout] error[E0425]: cannot find value `PLACES_API_URL` in this scope
[INFO] [stdout]  --> src/../README.md:144:9
[INFO] [stdout]   |
[INFO] [stdout] 5 |         PLACES_API_URL,
[INFO] [stdout]   |         ^^^^^^^^^^^^^^ not found in this scope
[INFO] [stdout] 
[INFO] [stdout] error[E0433]: failed to resolve: use of undeclared type `WithinExtentQueryParamsBuilder`
[INFO] [stdout]   --> src/../README.md:149:18
[INFO] [stdout]    |
[INFO] [stdout] 10 |     let params = WithinExtentQueryParamsBuilder::default()
[INFO] [stdout]    |                  ^^^^^^^^^^^^^^^^^^^^^^^^^^^^^^ use of undeclared type `WithinExtentQueryParamsBuilder`
[INFO] [stdout]    |
[INFO] [stdout] help: consider importing this struct
[INFO] [stdout]    |
[INFO] [stdout] 2  + use serde_esri::places::query::WithinExtentQueryParamsBuilder;
[INFO] [stdout]    |
[INFO] [stdout] 
[INFO] [stdout] error[E0433]: failed to resolve: use of undeclared type `PlacesClient`
[INFO] [stdout]  --> src/../README.md:143:18
[INFO] [stdout]   |
[INFO] [stdout] 4 |     let client = PlacesClient::new(
[INFO] [stdout]   |                  ^^^^^^^^^^^^ use of undeclared type `PlacesClient`
[INFO] [stdout] 
[INFO] [stdout] error: aborting due to 3 previous errors
[INFO] [stdout] 
[INFO] [stdout] Some errors have detailed explanations: E0425, E0433.
[INFO] [stdout] For more information about an error, try `rustc --explain E0425`.
[INFO] [stdout] Couldn't compile the test.
[INFO] [stdout] ---- src/../README.md - (line 98) stdout ----
[INFO] [stdout] error[E0412]: cannot find type `EsriGeometry` in this scope
[INFO] [stdout]  --> src/../README.md:100:22
[INFO] [stdout]   |
[INFO] [stdout] 4 |     geometry: Option<EsriGeometry<N>>,
[INFO] [stdout]   |                      ^^^^^^^^^^^^ not found in this scope
[INFO] [stdout]   |
[INFO] [stdout] help: consider importing this enum
[INFO] [stdout]   |
[INFO] [stdout] 2 + use serde_esri::geometry::EsriGeometry;
[INFO] [stdout]   |
[INFO] [stdout] 
[INFO] [stdout] error[E0412]: cannot find type `Map` in this scope
[INFO] [stdout]  --> src/../README.md:101:24
[INFO] [stdout]   |
[INFO] [stdout] 5 |     attributes: Option<Map<String, Value>>,
[INFO] [stdout]   |                        ^^^ not found in this scope
[INFO] [stdout]   |
[INFO] [stdout] help: consider importing one of these structs
[INFO] [stdout]   |
[INFO] [stdout] 2 + use std::iter::Map;
[INFO] [stdout]   |
[INFO] [stdout] 2 + use serde_json::Map;
[INFO] [stdout]   |
[INFO] [stdout] 2 + use serde_with::Map;
[INFO] [stdout]   |
[INFO] [stdout] 
[INFO] [stdout] error[E0412]: cannot find type `Value` in this scope
[INFO] [stdout]  --> src/../README.md:101:36
[INFO] [stdout]   |
[INFO] [stdout] 5 |     attributes: Option<Map<String, Value>>,
[INFO] [stdout]   |                                    ^^^^^ not found in this scope
[INFO] [stdout]   |
[INFO] [stdout] help: consider importing this enum
[INFO] [stdout]   |
[INFO] [stdout] 2 + use serde_json::Value;
[INFO] [stdout]   |
[INFO] [stdout] 
[INFO] [stdout] error: aborting due to 3 previous errors
[INFO] [stdout] 
[INFO] [stdout] For more information about this error, try `rustc --explain E0412`.
[INFO] [stdout] Couldn't compile the test.
[INFO] [stdout] ---- src/../README.md - (line 107) stdout ----
[INFO] [stdout] error[E0412]: cannot find type `Feature` in this scope
[INFO] [stdout]  --> src/../README.md:110:19
[INFO] [stdout]   |
[INFO] [stdout] 5 |     features: Vec<Feature<N>>,
[INFO] [stdout]   |                   ^^^^^^^ not found in this scope
[INFO] [stdout]   |
[INFO] [stdout] help: consider importing this struct
[INFO] [stdout]   |
[INFO] [stdout] 2 + use serde_esri::features::Feature;
[INFO] [stdout]   |
[INFO] [stdout] 
[INFO] [stdout] error[E0412]: cannot find type `SpatialReference` in this scope
[INFO] [stdout]  --> src/../README.md:112:23
[INFO] [stdout]   |
[INFO] [stdout] 7 |     spatialReference: SpatialReference,
[INFO] [stdout]   |                       ^^^^^^^^^^^^^^^^ not found in this scope
[INFO] [stdout]   |
[INFO] [stdout] help: consider importing this struct
[INFO] [stdout]   |
[INFO] [stdout] 2 + use serde_esri::spatial_reference::SpatialReference;
[INFO] [stdout]   |
[INFO] [stdout] 
[INFO] [stdout] error: aborting due to 2 previous errors
[INFO] [stdout] 
[INFO] [stdout] For more information about this error, try `rustc --explain E0412`.
[INFO] [stdout] Couldn't compile the test.
[INFO] [stdout] ---- src/../README.md - (line 81) stdout ----
[INFO] [stdout] error[E0412]: cannot find type `EsriPoint` in this scope
[INFO] [stdout]  --> src/../README.md:83:11
[INFO] [stdout]   |
[INFO] [stdout] 4 |     Point(EsriPoint),
[INFO] [stdout]   |           ^^^^^^^^^ not found in this scope
[INFO] [stdout]   |
[INFO] [stdout] help: consider importing this struct
[INFO] [stdout]   |
[INFO] [stdout] 2 + use serde_esri::geometry::EsriPoint;
[INFO] [stdout]   |
[INFO] [stdout] 
[INFO] [stdout] error[E0412]: cannot find type `EsriMultiPoint` in this scope
[INFO] [stdout]  --> src/../README.md:84:16
[INFO] [stdout]   |
[INFO] [stdout] 5 |     MultiPoint(EsriMultiPoint<N>),
[INFO] [stdout]   |                ^^^^^^^^^^^^^^ not found in this scope
[INFO] [stdout]   |
[INFO] [stdout] help: consider importing this struct
[INFO] [stdout]   |
[INFO] [stdout] 2 + use serde_esri::geometry::EsriMultiPoint;
[INFO] [stdout]   |
[INFO] [stdout] 
[INFO] [stdout] error[E0412]: cannot find type `EsriPolygon` in this scope
[INFO] [stdout]  --> src/../README.md:85:13
[INFO] [stdout]   |
[INFO] [stdout] 6 |     Polygon(EsriPolygon<N>),
[INFO] [stdout]   |             ^^^^^^^^^^^ not found in this scope
[INFO] [stdout]   |
[INFO] [stdout] help: consider importing this struct
[INFO] [stdout]   |
[INFO] [stdout] 2 + use serde_esri::geometry::EsriPolygon;
[INFO] [stdout]   |
[INFO] [stdout] 
[INFO] [stdout] error[E0412]: cannot find type `EsriPolyline` in this scope
[INFO] [stdout]  --> src/../README.md:86:14
[INFO] [stdout]   |
[INFO] [stdout] 7 |     Polyline(EsriPolyline<N>),
[INFO] [stdout]   |              ^^^^^^^^^^^^ not found in this scope
[INFO] [stdout]   |
[INFO] [stdout] help: consider importing this struct
[INFO] [stdout]   |
[INFO] [stdout] 2 + use serde_esri::geometry::EsriPolyline;
[INFO] [stdout]   |
[INFO] [stdout] 
[INFO] [stdout] error[E0412]: cannot find type `EsriEnvelope` in this scope
[INFO] [stdout]  --> src/../README.md:87:14
[INFO] [stdout]   |
[INFO] [stdout] 8 |     Envelope(EsriEnvelope),
[INFO] [stdout]   |              ^^^^^^^^^^^^ not found in this scope
[INFO] [stdout]   |
[INFO] [stdout] help: consider importing this struct
[INFO] [stdout]   |
[INFO] [stdout] 2 + use serde_esri::geometry::EsriEnvelope;
[INFO] [stdout]   |
[INFO] [stdout] 
[INFO] [stdout] error: aborting due to 5 previous errors
[INFO] [stdout] 
[INFO] [stdout] For more information about this error, try `rustc --explain E0412`.
[INFO] [stdout] Couldn't compile the test.
[INFO] [stdout] ---- src/../README.md - (line 27) stdout ----
[INFO] [stdout] error[E0432]: unresolved import `geo`
[INFO] [stdout]  --> src/../README.md:29:5
[INFO] [stdout]   |
[INFO] [stdout] 4 | use geo::{GeodesicArea, Polygon};
[INFO] [stdout]   |     ^^^ use of undeclared crate or module `geo`
[INFO] [stdout] 
[INFO] [stdout] error[E0432]: unresolved import `serde_esri::arrow_compat`
[INFO] [stdout]   --> src/../README.md:30:17
[INFO] [stdout]    |
[INFO] [stdout] 5  | use serde_esri::arrow_compat::featureset_to_geoarrow;
[INFO] [stdout]    |                 ^^^^^^^^^^^^ could not find `arrow_compat` in `serde_esri`
[INFO] [stdout]    |
[INFO] [stdout] note: found an item that was configured out
[INFO] [stdout]   --> /opt/rustwide/workdir/src/lib.rs:14:9
[INFO] [stdout]    |
[INFO] [stdout] 14 | pub mod arrow_compat;
[INFO] [stdout]    |         ^^^^^^^^^^^^
[INFO] [stdout] note: the item is gated behind the `geoarrow` feature
[INFO] [stdout]   --> /opt/rustwide/workdir/src/lib.rs:13:7
[INFO] [stdout]    |
[INFO] [stdout] 13 | #[cfg(feature = "geoarrow")]
[INFO] [stdout]    |       ^^^^^^^^^^^^^^^^^^^^
[INFO] [stdout] 
[INFO] [stdout] error[E0433]: failed to resolve: use of undeclared crate or module `reqwest`
[INFO] [stdout]   --> src/../README.md:36:19
[INFO] [stdout]    |
[INFO] [stdout] 11 |     let mut res = reqwest::blocking::get(flayer_url).unwrap();
[INFO] [stdout]    |                   ^^^^^^^ use of undeclared crate or module `reqwest`
[INFO] [stdout] 
[INFO] [stdout] error: aborting due to 3 previous errors
[INFO] [stdout] 
[INFO] [stdout] Some errors have detailed explanations: E0432, E0433.
[INFO] [stdout] For more information about an error, try `rustc --explain E0432`.
[INFO] [stdout] Couldn't compile the test.
[INFO] [stdout] 
[INFO] [stdout] failures:
[INFO] [stdout]     src/../README.md - (line 107)
[INFO] [stdout]     src/../README.md - (line 140)
[INFO] [stdout]     src/../README.md - (line 27)
[INFO] [stdout]     src/../README.md - (line 81)
[INFO] [stdout]     src/../README.md - (line 98)
[INFO] [stdout] 
[INFO] [stdout] test result: FAILED. 1 passed; 5 failed; 0 ignored; 0 measured; 0 filtered out; finished in 0.11s
[INFO] [stdout] 
[INFO] [stderr] error: doctest failed, to rerun pass `--doc`
[INFO] running `Command { std: "docker" "inspect" "564eac8324dfd18f5ccb473383263512b58874d0c07c142be6094f7dbb40ba59", kill_on_drop: false }`
[INFO] running `Command { std: "docker" "rm" "-f" "564eac8324dfd18f5ccb473383263512b58874d0c07c142be6094f7dbb40ba59", kill_on_drop: false }`
[INFO] [stdout] 564eac8324dfd18f5ccb473383263512b58874d0c07c142be6094f7dbb40ba59
