[INFO] fetching crate serde_dhall_typegen 0.1.0...
[INFO] testing serde_dhall_typegen-0.1.0 against nightly-2024-10-28+rustflags=-Zrandomize-layout for randomize-layout
[INFO] extracting crate serde_dhall_typegen 0.1.0 into /workspace/builds/worker-7-tc2/source
[INFO] validating manifest of crates.io crate serde_dhall_typegen 0.1.0 on toolchain nightly-2024-10-28
[INFO] running `Command { std: CARGO_HOME="/workspace/cargo-home" RUSTUP_HOME="/workspace/rustup-home" "/workspace/cargo-home/bin/cargo" "+nightly-2024-10-28" "metadata" "--manifest-path" "Cargo.toml" "--no-deps", kill_on_drop: false }`
[INFO] started tweaking crates.io crate serde_dhall_typegen 0.1.0
[INFO] finished tweaking crates.io crate serde_dhall_typegen 0.1.0
[INFO] tweaked toml for crates.io crate serde_dhall_typegen 0.1.0 written to /workspace/builds/worker-7-tc2/source/Cargo.toml
[INFO] running `Command { std: CARGO_HOME="/workspace/cargo-home" RUSTUP_HOME="/workspace/rustup-home" "/workspace/cargo-home/bin/cargo" "+nightly-2024-10-28" "generate-lockfile" "--manifest-path" "Cargo.toml", kill_on_drop: false }`
[INFO] [stderr]     Updating crates.io index
[INFO] [stderr]      Locking 188 packages to latest compatible versions
[INFO] [stderr]       Adding convert_case v0.5.0 (available: v0.6.0)
[INFO] [stderr]       Adding dhall_proc_macros v0.6.0 (available: v0.6.1)
[INFO] [stderr]       Adding path-slash v0.1.5 (available: v0.2.1)
[INFO] [stderr]       Adding serde_dhall v0.11.2 (available: v0.12.1)
[INFO] [stderr]       Adding syn v1.0.109 (available: v2.0.86)
[INFO] running `Command { std: CARGO_HOME="/workspace/cargo-home" RUSTUP_HOME="/workspace/rustup-home" "/workspace/cargo-home/bin/cargo" "+nightly-2024-10-28" "fetch" "--manifest-path" "Cargo.toml", kill_on_drop: false }`
[INFO] running `Command { std: "docker" "create" "-v" "/var/lib/crater-agent-workspace/builds/worker-7-tc2/target:/opt/rustwide/target:rw,Z" "-v" "/var/lib/crater-agent-workspace/builds/worker-7-tc2/source:/opt/rustwide/workdir:ro,Z" "-v" "/var/lib/crater-agent-workspace/cargo-home:/opt/rustwide/cargo-home:ro,Z" "-v" "/var/lib/crater-agent-workspace/rustup-home:/opt/rustwide/rustup-home:ro,Z" "-e" "SOURCE_DIR=/opt/rustwide/workdir" "-e" "CARGO_TARGET_DIR=/opt/rustwide/target" "-e" "CARGO_HOME=/opt/rustwide/cargo-home" "-e" "RUSTUP_HOME=/opt/rustwide/rustup-home" "-w" "/opt/rustwide/workdir" "-m" "1610612736" "--user" "0:0" "--network" "none" "ghcr.io/rust-lang/crates-build-env/linux@sha256:4a844ea9eb2546a2d2c7022eacef16ef2e8229c7fbb2c7d4d55a9ceca922f72d" "/opt/rustwide/cargo-home/bin/cargo" "+nightly-2024-10-28" "metadata" "--no-deps" "--format-version=1", kill_on_drop: false }`
[INFO] [stdout] 2129b7b951c2cbc752853cb66e6ff4fc4fa173d34857aac52ed4ebe270de5be8
[INFO] running `Command { std: "docker" "start" "-a" "2129b7b951c2cbc752853cb66e6ff4fc4fa173d34857aac52ed4ebe270de5be8", kill_on_drop: false }`
[INFO] running `Command { std: "docker" "inspect" "2129b7b951c2cbc752853cb66e6ff4fc4fa173d34857aac52ed4ebe270de5be8", kill_on_drop: false }`
[INFO] running `Command { std: "docker" "rm" "-f" "2129b7b951c2cbc752853cb66e6ff4fc4fa173d34857aac52ed4ebe270de5be8", kill_on_drop: false }`
[INFO] [stdout] 2129b7b951c2cbc752853cb66e6ff4fc4fa173d34857aac52ed4ebe270de5be8
[INFO] running `Command { std: "docker" "create" "-v" "/var/lib/crater-agent-workspace/builds/worker-7-tc2/target:/opt/rustwide/target:rw,Z" "-v" "/var/lib/crater-agent-workspace/builds/worker-7-tc2/source:/opt/rustwide/workdir:ro,Z" "-v" "/var/lib/crater-agent-workspace/cargo-home:/opt/rustwide/cargo-home:ro,Z" "-v" "/var/lib/crater-agent-workspace/rustup-home:/opt/rustwide/rustup-home:ro,Z" "-e" "SOURCE_DIR=/opt/rustwide/workdir" "-e" "CARGO_TARGET_DIR=/opt/rustwide/target" "-e" "CARGO_INCREMENTAL=0" "-e" "RUST_BACKTRACE=full" "-e" "RUSTFLAGS=--cap-lints=forbid -Zrandomize-layout" "-e" "RUSTDOCFLAGS=--cap-lints=forbid" "-e" "CARGO_HOME=/opt/rustwide/cargo-home" "-e" "RUSTUP_HOME=/opt/rustwide/rustup-home" "-w" "/opt/rustwide/workdir" "-m" "1610612736" "--user" "0:0" "--network" "none" "ghcr.io/rust-lang/crates-build-env/linux@sha256:4a844ea9eb2546a2d2c7022eacef16ef2e8229c7fbb2c7d4d55a9ceca922f72d" "/opt/rustwide/cargo-home/bin/cargo" "+nightly-2024-10-28" "build" "--frozen" "--message-format=json", kill_on_drop: false }`
[INFO] [stdout] f5a196179db4284f8ea9bf3663ce172f9340bd38a7234a47fc6d46010ec0f39e
[INFO] running `Command { std: "docker" "start" "-a" "f5a196179db4284f8ea9bf3663ce172f9340bd38a7234a47fc6d46010ec0f39e", kill_on_drop: false }`
[INFO] [stderr]    Compiling memchr v2.7.4
[INFO] [stderr]    Compiling once_cell v1.20.2
[INFO] [stderr]    Compiling pin-project-lite v0.2.15
[INFO] [stderr]    Compiling libc v0.2.161
[INFO] [stderr]    Compiling cc v1.1.31
[INFO] [stderr]    Compiling bytes v1.8.0
[INFO] [stderr]    Compiling syn v2.0.86
[INFO] [stderr]    Compiling thiserror v1.0.66
[INFO] [stderr]    Compiling itoa v1.0.11
[INFO] [stderr]    Compiling ucd-trie v0.1.7
[INFO] [stderr]    Compiling futures-core v0.3.31
[INFO] [stderr]    Compiling slab v0.4.9
[INFO] [stderr]    Compiling foreign-types-shared v0.1.1
[INFO] [stderr]    Compiling minimal-lexical v0.2.1
[INFO] [stderr]    Compiling fnv v1.0.7
[INFO] [stderr]    Compiling foreign-types v0.3.2
[INFO] [stderr]    Compiling typenum v1.17.0
[INFO] [stderr]    Compiling http v0.2.12
[INFO] [stderr]    Compiling tracing-core v0.1.32
[INFO] [stderr]    Compiling nom v7.1.3
[INFO] [stderr]    Compiling futures-task v0.3.31
[INFO] [stderr]    Compiling pin-utils v0.1.0
[INFO] [stderr]    Compiling futures-io v0.3.31
[INFO] [stderr]    Compiling tinyvec_macros v0.1.1
[INFO] [stderr]    Compiling futures-sink v0.3.31
[INFO] [stderr]    Compiling either v1.13.0
[INFO] [stderr]    Compiling bitflags v2.6.0
[INFO] [stderr]    Compiling indexmap v2.6.0
[INFO] [stderr]    Compiling futures-util v0.3.31
[INFO] [stderr]    Compiling tinyvec v1.8.0
[INFO] [stderr]    Compiling openssl-sys v0.9.104
[INFO] [stderr]    Compiling mio v1.0.2
[INFO] [stderr]    Compiling socket2 v0.5.7
[INFO] [stderr]    Compiling serde v1.0.214
[INFO] [stderr]    Compiling httparse v1.9.5
[INFO] [stderr]    Compiling tracing v0.1.40
[INFO] [stderr]    Compiling indexmap v1.9.3
[INFO] [stderr]    Compiling tokio v1.41.0
[INFO] [stderr]    Compiling openssl v0.10.68
[INFO] [stderr]    Compiling native-tls v0.2.12
[INFO] [stderr]    Compiling generic-array v0.14.7
[INFO] [stderr]    Compiling openssl-probe v0.1.5
[INFO] [stderr]    Compiling hashbrown v0.12.3
[INFO] [stderr]    Compiling abnf-core v0.5.0
[INFO] [stderr]    Compiling try-lock v0.2.5
[INFO] [stderr]    Compiling arrayvec v0.5.2
[INFO] [stderr]    Compiling typed-arena v2.0.2
[INFO] [stderr]    Compiling percent-encoding v2.3.1
[INFO] [stderr]    Compiling form_urlencoded v1.2.1
[INFO] [stderr]    Compiling want v0.3.1
[INFO] [stderr]    Compiling pretty v0.11.3
[INFO] [stderr]    Compiling abnf v0.12.0
[INFO] [stderr]    Compiling unicode-normalization v0.1.24
[INFO] [stderr]    Compiling itertools v0.10.5
[INFO] [stderr]    Compiling http-body v0.4.6
[INFO] [stderr]    Compiling futures-channel v0.3.31
[INFO] [stderr]    Compiling httpdate v1.0.3
[INFO] [stderr]    Compiling unicode-bidi v0.3.17
[INFO] [stderr]    Compiling tower-service v0.3.3
[INFO] [stderr]    Compiling base64 v0.21.7
[INFO] [stderr]    Compiling ryu v1.0.18
[INFO] [stderr]    Compiling digest v0.9.0
[INFO] [stderr]    Compiling block-buffer v0.9.0
[INFO] [stderr]    Compiling rustls-pemfile v1.0.4
[INFO] [stderr]    Compiling pest_consume_macros v1.1.0
[INFO] [stderr]    Compiling encoding_rs v0.8.35
[INFO] [stderr]    Compiling mime v0.3.17
[INFO] [stderr]    Compiling stable_deref_trait v1.2.0
[INFO] [stderr]    Compiling idna v0.5.0
[INFO] [stderr]    Compiling cpufeatures v0.2.14
[INFO] [stderr]    Compiling ipnet v2.10.1
[INFO] [stderr]    Compiling doc-comment v0.3.3
[INFO] [stderr]    Compiling url v2.5.2
[INFO] [stderr]    Compiling half v1.8.3
[INFO] [stderr]    Compiling abnf_to_pest v0.5.1
[INFO] [stderr]    Compiling unicode-width v0.1.14
[INFO] [stderr]    Compiling sync_wrapper v0.1.2
[INFO] [stderr]    Compiling opaque-debug v0.3.1
[INFO] [stderr]    Compiling sha2 v0.9.9
[INFO] [stderr]    Compiling annotate-snippets v0.9.2
[INFO] [stderr]    Compiling elsa v1.10.0
[INFO] [stderr]    Compiling itertools v0.9.0
[INFO] [stderr]    Compiling hex v0.4.3
[INFO] [stderr]    Compiling lazy_static v1.5.0
[INFO] [stderr]    Compiling home v0.5.9
[INFO] [stderr]    Compiling dhall_proc_macros v0.6.0
[INFO] [stderr]    Compiling convert_case v0.5.0
[INFO] [stderr]    Compiling path-slash v0.1.5
[INFO] [stderr]    Compiling thiserror-impl v1.0.66
[INFO] [stderr]    Compiling openssl-macros v0.1.1
[INFO] [stderr]    Compiling tokio-util v0.7.12
[INFO] [stderr]    Compiling serde_derive v1.0.214
[INFO] [stderr]    Compiling pathdiff v0.2.2
[INFO] [stderr]    Compiling h2 v0.3.26
[INFO] [stderr]    Compiling pest v2.7.14
[INFO] [stderr]    Compiling pest_meta v2.7.14
[INFO] [stderr]    Compiling hyper v0.14.31
[INFO] [stderr]    Compiling pest_generator v2.7.14
[INFO] [stderr]    Compiling tokio-native-tls v0.3.1
[INFO] [stderr]    Compiling serde_urlencoded v0.7.1
[INFO] [stderr]    Compiling hyper-tls v0.5.0
[INFO] [stderr]    Compiling serde_cbor v0.11.2
[INFO] [stderr]    Compiling dhall v0.11.1
[INFO] [stderr]    Compiling pest_derive v2.7.14
[INFO] [stderr]    Compiling reqwest v0.11.27
[INFO] [stderr]    Compiling pest_consume v1.1.3
[INFO] [stderr]    Compiling serde_dhall v0.11.2
[INFO] [stderr]    Compiling serde_dhall_typegen v0.1.0 (/opt/rustwide/workdir)
[INFO] [stdout] warning: field `default` is never read
[INFO] [stdout]  --> src/schema.rs:5:9
[INFO] [stdout]   |
[INFO] [stdout] 3 | pub struct Schema {
[INFO] [stdout]   |            ------ field in this struct
[INFO] [stdout] 4 |     pub r#type: SimpleType,
[INFO] [stdout] 5 |     pub default: SimpleValue,
[INFO] [stdout]   |         ^^^^^^^
[INFO] [stdout]   |
[INFO] [stdout]   = note: `#[warn(dead_code)]` on by default
[INFO] [stdout] 
[INFO] [stdout] 
[INFO] [stderr]     Finished `dev` profile [unoptimized + debuginfo] target(s) in 41.88s
[INFO] running `Command { std: "docker" "inspect" "f5a196179db4284f8ea9bf3663ce172f9340bd38a7234a47fc6d46010ec0f39e", kill_on_drop: false }`
[INFO] running `Command { std: "docker" "rm" "-f" "f5a196179db4284f8ea9bf3663ce172f9340bd38a7234a47fc6d46010ec0f39e", kill_on_drop: false }`
[INFO] [stdout] f5a196179db4284f8ea9bf3663ce172f9340bd38a7234a47fc6d46010ec0f39e
[INFO] running `Command { std: "docker" "create" "-v" "/var/lib/crater-agent-workspace/builds/worker-7-tc2/target:/opt/rustwide/target:rw,Z" "-v" "/var/lib/crater-agent-workspace/builds/worker-7-tc2/source:/opt/rustwide/workdir:ro,Z" "-v" "/var/lib/crater-agent-workspace/cargo-home:/opt/rustwide/cargo-home:ro,Z" "-v" "/var/lib/crater-agent-workspace/rustup-home:/opt/rustwide/rustup-home:ro,Z" "-e" "SOURCE_DIR=/opt/rustwide/workdir" "-e" "CARGO_TARGET_DIR=/opt/rustwide/target" "-e" "CARGO_INCREMENTAL=0" "-e" "RUST_BACKTRACE=full" "-e" "RUSTFLAGS=--cap-lints=forbid -Zrandomize-layout" "-e" "RUSTDOCFLAGS=--cap-lints=forbid" "-e" "CARGO_HOME=/opt/rustwide/cargo-home" "-e" "RUSTUP_HOME=/opt/rustwide/rustup-home" "-w" "/opt/rustwide/workdir" "-m" "1610612736" "--user" "0:0" "--network" "none" "ghcr.io/rust-lang/crates-build-env/linux@sha256:4a844ea9eb2546a2d2c7022eacef16ef2e8229c7fbb2c7d4d55a9ceca922f72d" "/opt/rustwide/cargo-home/bin/cargo" "+nightly-2024-10-28" "test" "--frozen" "--no-run" "--message-format=json", kill_on_drop: false }`
[INFO] [stdout] 23ee74fe17532d6510890e3a7f46ee15b3f4d5847537286599e9474559d4942a
[INFO] running `Command { std: "docker" "start" "-a" "23ee74fe17532d6510890e3a7f46ee15b3f4d5847537286599e9474559d4942a", kill_on_drop: false }`
[INFO] [stderr]    Compiling proc-macro2 v1.0.89
[INFO] [stderr]    Compiling unicode-ident v1.0.13
[INFO] [stderr]    Compiling openssl-sys v0.9.104
[INFO] [stderr]    Compiling mio v1.0.2
[INFO] [stderr]    Compiling socket2 v0.5.7
[INFO] [stderr]    Compiling ucd-trie v0.1.7
[INFO] [stderr]    Compiling nom v7.1.3
[INFO] [stderr]    Compiling either v1.13.0
[INFO] [stderr]    Compiling openssl v0.10.68
[INFO] [stderr]    Compiling futures-io v0.3.31
[INFO] [stderr]    Compiling futures-util v0.3.31
[INFO] [stderr]    Compiling native-tls v0.2.12
[INFO] [stderr]    Compiling syn v1.0.109
[INFO] [stderr]    Compiling tracing v0.1.40
[INFO] [stderr]    Compiling pretty v0.11.3
[INFO] [stderr]    Compiling quote v1.0.37
[INFO] [stderr]    Compiling tokio v1.41.0
[INFO] [stderr]    Compiling syn v2.0.86
[INFO] [stderr]    Compiling unicode-normalization v0.1.24
[INFO] [stderr]    Compiling itertools v0.10.5
[INFO] [stderr]    Compiling unicode-bidi v0.3.17
[INFO] [stderr]    Compiling idna v0.5.0
[INFO] [stderr]    Compiling abnf-core v0.5.0
[INFO] [stderr]    Compiling base64 v0.21.7
[INFO] [stderr]    Compiling abnf v0.12.0
[INFO] [stderr]    Compiling rustls-pemfile v1.0.4
[INFO] [stderr]    Compiling url v2.5.2
[INFO] [stderr]    Compiling digest v0.9.0
[INFO] [stderr]    Compiling block-buffer v0.9.0
[INFO] [stderr]    Compiling encoding_rs v0.8.35
[INFO] [stderr]    Compiling opaque-debug v0.3.1
[INFO] [stderr]    Compiling unicode-width v0.1.14
[INFO] [stderr]    Compiling abnf_to_pest v0.5.1
[INFO] [stderr]    Compiling half v1.8.3
[INFO] [stderr]    Compiling ipnet v2.10.1
[INFO] [stderr]    Compiling elsa v1.10.0
[INFO] [stderr]    Compiling sha2 v0.9.9
[INFO] [stderr]    Compiling annotate-snippets v0.9.2
[INFO] [stderr]    Compiling doc-comment v0.3.3
[INFO] [stderr]    Compiling itertools v0.9.0
[INFO] [stderr]    Compiling target-triple v0.1.3
[INFO] [stderr]    Compiling home v0.5.9
[INFO] [stderr]    Compiling winnow v0.6.20
[INFO] [stderr]    Compiling termcolor v1.4.1
[INFO] [stderr]    Compiling convert_case v0.5.0
[INFO] [stderr]    Compiling glob v0.3.1
[INFO] [stderr]    Compiling path-slash v0.1.5
[INFO] [stderr]    Compiling pathdiff v0.2.2
[INFO] [stderr]    Compiling tokio-util v0.7.12
[INFO] [stderr]    Compiling serde_derive v1.0.214
[INFO] [stderr]    Compiling thiserror-impl v1.0.66
[INFO] [stderr]    Compiling openssl-macros v0.1.1
[INFO] [stderr]    Compiling pest_consume_macros v1.1.0
[INFO] [stderr]    Compiling h2 v0.3.26
[INFO] [stderr]    Compiling dhall_proc_macros v0.6.0
[INFO] [stderr]    Compiling thiserror v1.0.66
[INFO] [stderr]    Compiling pest v2.7.14
[INFO] [stderr]    Compiling serde v1.0.214
[INFO] [stderr]    Compiling pest_meta v2.7.14
[INFO] [stderr]    Compiling pest_generator v2.7.14
[INFO] [stderr]    Compiling tokio-native-tls v0.3.1
[INFO] [stderr]    Compiling hyper v0.14.31
[INFO] [stderr]    Compiling dhall v0.11.1
[INFO] [stderr]    Compiling pest_derive v2.7.14
[INFO] [stderr]    Compiling pest_consume v1.1.3
[INFO] [stderr]    Compiling serde_urlencoded v0.7.1
[INFO] [stderr]    Compiling serde_spanned v0.6.8
[INFO] [stderr]    Compiling serde_cbor v0.11.2
[INFO] [stderr]    Compiling toml_datetime v0.6.8
[INFO] [stderr]    Compiling serde_json v1.0.132
[INFO] [stderr]    Compiling toml_edit v0.22.22
[INFO] [stderr]    Compiling hyper-tls v0.5.0
[INFO] [stderr]    Compiling reqwest v0.11.27
[INFO] [stderr]    Compiling toml v0.8.19
[INFO] [stderr]    Compiling trybuild v1.0.101
[INFO] [stderr]    Compiling serde_dhall v0.11.2
[INFO] [stderr]    Compiling serde_dhall_typegen v0.1.0 (/opt/rustwide/workdir)
[INFO] [stdout] warning: field `default` is never read
[INFO] [stdout]  --> src/schema.rs:5:9
[INFO] [stdout]   |
[INFO] [stdout] 3 | pub struct Schema {
[INFO] [stdout]   |            ------ field in this struct
[INFO] [stdout] 4 |     pub r#type: SimpleType,
[INFO] [stdout] 5 |     pub default: SimpleValue,
[INFO] [stdout]   |         ^^^^^^^
[INFO] [stdout]   |
[INFO] [stdout]   = note: `#[warn(dead_code)]` on by default
[INFO] [stdout] 
[INFO] [stdout] 
[INFO] [stdout] warning: field `default` is never read
[INFO] [stdout]  --> src/schema.rs:5:9
[INFO] [stdout]   |
[INFO] [stdout] 3 | pub struct Schema {
[INFO] [stdout]   |            ------ field in this struct
[INFO] [stdout] 4 |     pub r#type: SimpleType,
[INFO] [stdout] 5 |     pub default: SimpleValue,
[INFO] [stdout]   |         ^^^^^^^
[INFO] [stdout]   |
[INFO] [stdout]   = note: `#[warn(dead_code)]` on by default
[INFO] [stdout] 
[INFO] [stdout] 
[INFO] [stderr]     Finished `test` profile [unoptimized + debuginfo] target(s) in 50.84s
[INFO] running `Command { std: "docker" "inspect" "23ee74fe17532d6510890e3a7f46ee15b3f4d5847537286599e9474559d4942a", kill_on_drop: false }`
[INFO] running `Command { std: "docker" "rm" "-f" "23ee74fe17532d6510890e3a7f46ee15b3f4d5847537286599e9474559d4942a", kill_on_drop: false }`
[INFO] [stdout] 23ee74fe17532d6510890e3a7f46ee15b3f4d5847537286599e9474559d4942a
[INFO] running `Command { std: "docker" "create" "-v" "/var/lib/crater-agent-workspace/builds/worker-7-tc2/target:/opt/rustwide/target:rw,Z" "-v" "/var/lib/crater-agent-workspace/builds/worker-7-tc2/source:/opt/rustwide/workdir:ro,Z" "-v" "/var/lib/crater-agent-workspace/cargo-home:/opt/rustwide/cargo-home:ro,Z" "-v" "/var/lib/crater-agent-workspace/rustup-home:/opt/rustwide/rustup-home:ro,Z" "-e" "SOURCE_DIR=/opt/rustwide/workdir" "-e" "CARGO_TARGET_DIR=/opt/rustwide/target" "-e" "CARGO_INCREMENTAL=0" "-e" "RUST_BACKTRACE=full" "-e" "RUSTFLAGS=--cap-lints=forbid -Zrandomize-layout" "-e" "RUSTDOCFLAGS=--cap-lints=forbid" "-e" "CARGO_HOME=/opt/rustwide/cargo-home" "-e" "RUSTUP_HOME=/opt/rustwide/rustup-home" "-w" "/opt/rustwide/workdir" "-m" "1610612736" "--user" "0:0" "--network" "none" "ghcr.io/rust-lang/crates-build-env/linux@sha256:4a844ea9eb2546a2d2c7022eacef16ef2e8229c7fbb2c7d4d55a9ceca922f72d" "/opt/rustwide/cargo-home/bin/cargo" "+nightly-2024-10-28" "test" "--frozen", kill_on_drop: false }`
[INFO] [stdout] ba59fde61d0799e55138e6e14c60bfa816ced16094dc079c88946579dc2d520e
[INFO] running `Command { std: "docker" "start" "-a" "ba59fde61d0799e55138e6e14c60bfa816ced16094dc079c88946579dc2d520e", kill_on_drop: false }`
[INFO] [stderr] warning: field `default` is never read
[INFO] [stderr]  --> src/schema.rs:5:9
[INFO] [stderr]   |
[INFO] [stderr] 3 | pub struct Schema {
[INFO] [stderr]   |            ------ field in this struct
[INFO] [stderr] 4 |     pub r#type: SimpleType,
[INFO] [stderr] 5 |     pub default: SimpleValue,
[INFO] [stderr]   |         ^^^^^^^
[INFO] [stderr]   |
[INFO] [stderr]   = note: `#[warn(dead_code)]` on by default
[INFO] [stderr] 
[INFO] [stderr] warning: `serde_dhall_typegen` (lib) generated 1 warning
[INFO] [stderr] warning: `serde_dhall_typegen` (lib test) generated 1 warning (1 duplicate)
[INFO] [stderr]     Finished `test` profile [unoptimized + debuginfo] target(s) in 0.24s
[INFO] [stderr]      Running unittests src/lib.rs (/opt/rustwide/target/debug/deps/serde_dhall_typegen-285f6768bfd663a6)
[INFO] [stdout] 
[INFO] [stdout] running 9 tests
[INFO] [stdout] test appendlist::appendlist::test::empty_list ... ok
[INFO] [stdout] test appendlist::appendlist::test::equality ... ok
[INFO] [stdout] test appendlist::appendlist::test::million_item_list ... ignored
[INFO] [stdout] test appendlist::appendlist::test::iterator ... ok
[INFO] [stdout] test appendlist::common::test::chunk_sizes_make_sense ... ok
[INFO] [stdout] test appendlist::appendlist::test::from_iterator ... ok
[INFO] [stdout] test appendlist::appendlist::test::iterator_size_hint ... ok
[INFO] [stdout] test appendlist::appendlist::test::thousand_item_list ... ok
[INFO] [stdout] test appendlist::common::test::index_chunk_matches_up ... ok
[INFO] [stdout] 
[INFO] [stdout] test result: ok. 8 passed; 0 failed; 1 ignored; 0 measured; 0 filtered out; finished in 0.06s
[INFO] [stdout] 
[INFO] [stderr]      Running tests/trybuild.rs (/opt/rustwide/target/debug/deps/trybuild-8ff3d85ba8cb0953)
[INFO] [stdout] 
[INFO] [stdout] running 1 test
[INFO] [stderr]    Compiling proc-macro2 v1.0.89
[INFO] [stderr]    Compiling unicode-ident v1.0.13
[INFO] [stderr]    Compiling libc v0.2.161
[INFO] [stderr]    Compiling autocfg v1.4.0
[INFO] [stderr]    Compiling shlex v1.3.0
[INFO] [stderr]    Compiling vcpkg v0.2.15
[INFO] [stderr]    Compiling pkg-config v0.3.31
[INFO] [stderr]    Compiling memchr v2.7.4
[INFO] [stderr]    Compiling once_cell v1.20.2
[INFO] [stderr]    Compiling cc v1.1.31
[INFO] [stderr]    Compiling thiserror v1.0.66
[INFO] [stderr]    Compiling openssl v0.10.68
[INFO] [stderr]    Compiling typenum v1.17.0
[INFO] [stderr]    Compiling version_check v0.9.5
[INFO] [stderr]    Compiling slab v0.4.9
[INFO] [stderr]    Compiling quote v1.0.37
[INFO] [stderr]    Compiling syn v2.0.86
[INFO] [stderr]    Compiling generic-array v0.14.7
[INFO] [stderr]    Compiling native-tls v0.2.12
[INFO] [stderr]    Compiling httparse v1.9.5
[INFO] [stderr]    Compiling serde v1.0.214
[INFO] [stderr]    Compiling log v0.4.22
[INFO] [stderr]    Compiling ucd-trie v0.1.7
[INFO] [stderr]    Compiling syn v1.0.109
[INFO] [stderr]    Compiling pin-project-lite v0.2.15
[INFO] [stderr]    Compiling minimal-lexical v0.2.1
[INFO] [stderr]    Compiling bytes v1.8.0
[INFO] [stderr]    Compiling nom v7.1.3
[INFO] [stderr]    Compiling indexmap v1.9.3
[INFO] [stderr]    Compiling either v1.13.0
[INFO] [stderr]    Compiling hashbrown v0.12.3
[INFO] [stderr]    Compiling itoa v1.0.11
[INFO] [stderr]    Compiling unicode-segmentation v1.12.0
[INFO] [stderr]    Compiling openssl-sys v0.9.104
[INFO] [stderr]    Compiling socket2 v0.5.7
[INFO] [stderr]    Compiling mio v1.0.2
[INFO] [stderr]    Compiling typed-arena v2.0.2
[INFO] [stderr]    Compiling futures-core v0.3.31
[INFO] [stderr]    Compiling cfg-if v1.0.0
[INFO] [stderr]    Compiling arrayvec v0.5.2
[INFO] [stderr]    Compiling pretty v0.11.3
[INFO] [stderr]    Compiling tokio v1.41.0
[INFO] [stderr]    Compiling itertools v0.10.5
[INFO] [stderr]    Compiling fnv v1.0.7
[INFO] [stderr]    Compiling foreign-types-shared v0.1.1
[INFO] [stderr]    Compiling foreign-types v0.3.2
[INFO] [stderr]    Compiling http v0.2.12
[INFO] [stderr]    Compiling abnf-core v0.5.0
[INFO] [stderr]    Compiling abnf v0.12.0
[INFO] [stderr]    Compiling abnf_to_pest v0.5.1
[INFO] [stderr]    Compiling tracing-core v0.1.32
[INFO] [stderr]    Compiling futures-task v0.3.31
[INFO] [stderr]    Compiling futures-sink v0.3.31
[INFO] [stderr]    Compiling tinyvec_macros v0.1.1
[INFO] [stderr]    Compiling equivalent v1.0.1
[INFO] [stderr]    Compiling futures-io v0.3.31
[INFO] [stderr]    Compiling pin-utils v0.1.0
[INFO] [stderr]    Compiling hashbrown v0.15.0
[INFO] [stderr]    Compiling bitflags v2.6.0
[INFO] [stderr]    Compiling futures-util v0.3.31
[INFO] [stderr]    Compiling tinyvec v1.8.0
[INFO] [stderr]    Compiling tracing v0.1.40
[INFO] [stderr]    Compiling indexmap v2.6.0
[INFO] [stderr]    Compiling tokio-util v0.7.12
[INFO] [stderr]    Compiling thiserror-impl v1.0.66
[INFO] [stderr]    Compiling openssl-macros v0.1.1
[INFO] [stderr]    Compiling serde_derive v1.0.214
[INFO] [stderr]    Compiling percent-encoding v2.3.1
[INFO] [stderr]    Compiling try-lock v0.2.5
[INFO] [stderr]    Compiling doc-comment v0.3.3
[INFO] [stderr]    Compiling openssl-probe v0.1.5
[INFO] [stderr]    Compiling pest_consume_macros v1.1.0
[INFO] [stderr]    Compiling pest v2.7.14
[INFO] [stderr]    Compiling want v0.3.1
[INFO] [stderr]    Compiling form_urlencoded v1.2.1
[INFO] [stderr]    Compiling h2 v0.3.26
[INFO] [stderr]    Compiling unicode-normalization v0.1.24
[INFO] [stderr]    Compiling http-body v0.4.6
[INFO] [stderr]    Compiling pest_meta v2.7.14
[INFO] [stderr]    Compiling futures-channel v0.3.31
[INFO] [stderr]    Compiling unicode-bidi v0.3.17
[INFO] [stderr]    Compiling tower-service v0.3.3
[INFO] [stderr]    Compiling pest_generator v2.7.14
[INFO] [stderr]    Compiling httpdate v1.0.3
[INFO] [stderr]    Compiling idna v0.5.0
[INFO] [stderr]    Compiling tokio-native-tls v0.3.1
[INFO] [stdout] test trybuild has been running for over 60 seconds
[INFO] [stderr]    Compiling hyper v0.14.31
[INFO] [stderr]    Compiling pest_derive v2.7.14
[INFO] [stderr]    Compiling dhall v0.11.1
[INFO] [stderr]    Compiling ryu v1.0.18
[INFO] [stderr]    Compiling base64 v0.21.7
[INFO] [stderr]    Compiling serde_urlencoded v0.7.1
[INFO] [stderr]    Compiling url v2.5.2
[INFO] [stderr]    Compiling digest v0.9.0
[INFO] [stderr]    Compiling rustls-pemfile v1.0.4
[INFO] [stderr]    Compiling block-buffer v0.9.0
[INFO] [stderr]    Compiling encoding_rs v0.8.35
[INFO] [stderr]    Compiling opaque-debug v0.3.1
[INFO] [stderr]    Compiling mime v0.3.17
[INFO] [stderr]    Compiling half v1.8.3
[INFO] [stderr]    Compiling stable_deref_trait v1.2.0
[INFO] [stderr]    Compiling cpufeatures v0.2.14
[INFO] [stderr]    Compiling sync_wrapper v0.1.2
[INFO] [stderr]    Compiling ipnet v2.10.1
[INFO] [stderr]    Compiling unicode-width v0.1.14
[INFO] [stderr]    Compiling sha2 v0.9.9
[INFO] [stderr]    Compiling hyper-tls v0.5.0
[INFO] [stderr]    Compiling reqwest v0.11.27
[INFO] [stderr]    Compiling annotate-snippets v0.9.2
[INFO] [stderr]    Compiling elsa v1.10.0
[INFO] [stderr]    Compiling serde_cbor v0.11.2
[INFO] [stderr]    Compiling pest_consume v1.1.3
[INFO] [stderr]    Compiling dhall_proc_macros v0.6.0
[INFO] [stderr]    Compiling itertools v0.9.0
[INFO] [stderr]    Compiling home v0.5.9
[INFO] [stderr]    Compiling lazy_static v1.5.0
[INFO] [stderr]    Compiling hex v0.4.3
[INFO] [stderr]    Compiling pathdiff v0.2.2
[INFO] [stderr]    Compiling convert_case v0.5.0
[INFO] [stderr]    Compiling path-slash v0.1.5
[INFO] [stderr]    Compiling serde_dhall v0.11.2
[INFO] [stderr]    Compiling serde_dhall_typegen v0.1.0 (/opt/rustwide/workdir)
[INFO] [stderr] warning: field `default` is never read
[INFO] [stderr]  --> /opt/rustwide/workdir/src/schema.rs:5:9
[INFO] [stderr]   |
[INFO] [stderr] 3 | pub struct Schema {
[INFO] [stderr]   |            ------ field in this struct
[INFO] [stderr] 4 |     pub r#type: SimpleType,
[INFO] [stderr] 5 |     pub default: SimpleValue,
[INFO] [stderr]   |         ^^^^^^^
[INFO] [stderr]   |
[INFO] [stderr]   = note: `#[warn(dead_code)]` on by default
[INFO] [stderr] 
[INFO] [stderr] warning: `serde_dhall_typegen` (lib) generated 1 warning
[INFO] [stderr]    Compiling serde_dhall_typegen-tests v0.0.0 (/opt/rustwide/target/tests/trybuild/serde_dhall_typegen)
[INFO] [stderr]     Finished `dev` profile [unoptimized + debuginfo] target(s) in 1m 31s
[INFO] [stderr] 
[INFO] [stderr] 
[INFO] [stderr] test tests/rust/anonymous_types.rs ... error
[INFO] [stderr] ┈┈┈┈┈┈┈┈┈┈┈┈┈┈┈┈┈┈┈┈┈┈┈┈┈┈┈┈┈┈┈┈┈┈┈┈┈┈┈┈┈┈┈┈┈┈┈┈┈┈┈┈┈┈┈┈┈┈┈┈
[INFO] [stderr] error: Directory read error: No such file or directory (os error 2)
[INFO] [stderr]  --> tests/rust/anonymous_types.rs:1:1
[INFO] [stderr]   |
[INFO] [stderr] 1 | #[serde_dhall_typegen::dhall_types("../../../tests/dhall/schema/")]
[INFO] [stderr]   | ^^^^^^^^^^^^^^^^^^^^^^^^^^^^^^^^^^^^^^^^^^^^^^^^^^^^^^^^^^^^^^^^^^^
[INFO] [stderr]   |
[INFO] [stderr]   = note: this error originates in the attribute macro `serde_dhall_typegen::dhall_types` (in Nightly builds, run with -Z macro-backtrace for more info)
[INFO] [stderr] 
[INFO] [stderr] error[E0412]: cannot find type `Person` in module `dhall`
[INFO] [stderr]  --> tests/rust/anonymous_types.rs:5:99
[INFO] [stderr]   |
[INFO] [stderr] 5 |     let persons = serde_dhall::from_file("../../../tests/dhall/persons.dhall").parse::<Vec<dhall::Person>>().unwrap();
[INFO] [stderr]   |                                                                                                   ^^^^^^ not found in `dhall`
[INFO] [stderr] ┈┈┈┈┈┈┈┈┈┈┈┈┈┈┈┈┈┈┈┈┈┈┈┈┈┈┈┈┈┈┈┈┈┈┈┈┈┈┈┈┈┈┈┈┈┈┈┈┈┈┈┈┈┈┈┈┈┈┈┈
[INFO] [stderr] 
[INFO] [stderr] test tests/rust/metadata_lets.rs ... error
[INFO] [stderr] ┈┈┈┈┈┈┈┈┈┈┈┈┈┈┈┈┈┈┈┈┈┈┈┈┈┈┈┈┈┈┈┈┈┈┈┈┈┈┈┈┈┈┈┈┈┈┈┈┈┈┈┈┈┈┈┈┈┈┈┈
[INFO] [stderr] error: Directory read error: No such file or directory (os error 2)
[INFO] [stderr]  --> tests/rust/metadata_lets.rs:1:1
[INFO] [stderr]   |
[INFO] [stderr] 1 | #[serde_dhall_typegen::dhall_types("../../../tests/dhall/schema/")]
[INFO] [stderr]   | ^^^^^^^^^^^^^^^^^^^^^^^^^^^^^^^^^^^^^^^^^^^^^^^^^^^^^^^^^^^^^^^^^^^
[INFO] [stderr]   |
[INFO] [stderr]   = note: this error originates in the attribute macro `serde_dhall_typegen::dhall_types` (in Nightly builds, run with -Z macro-backtrace for more info)
[INFO] [stderr] 
[INFO] [stderr] error[E0433]: failed to resolve: could not find `AmPm` in `dhall`
[INFO] [stderr]  --> tests/rust/metadata_lets.rs:5:78
[INFO] [stderr]   |
[INFO] [stderr] 5 |     let time = dhall::Time { hour: 11, minute: 59, second: 59, am_pm: dhall::AmPm::Am };
[INFO] [stderr]   |                                                                              ^^^^ could not find `AmPm` in `dhall`
[INFO] [stderr] 
[INFO] [stderr] error[E0422]: cannot find struct, variant or union type `Time` in module `dhall`
[INFO] [stderr]  --> tests/rust/metadata_lets.rs:5:23
[INFO] [stderr]   |
[INFO] [stderr] 5 |     let time = dhall::Time { hour: 11, minute: 59, second: 59, am_pm: dhall::AmPm::Am };
[INFO] [stderr]   |                       ^^^^ not found in `dhall`
[INFO] [stderr] ┈┈┈┈┈┈┈┈┈┈┈┈┈┈┈┈┈┈┈┈┈┈┈┈┈┈┈┈┈┈┈┈┈┈┈┈┈┈┈┈┈┈┈┈┈┈┈┈┈┈┈┈┈┈┈┈┈┈┈┈
[INFO] [stderr] 
[INFO] [stderr] test tests/rust/name_prefix.rs ... error
[INFO] [stderr] ┈┈┈┈┈┈┈┈┈┈┈┈┈┈┈┈┈┈┈┈┈┈┈┈┈┈┈┈┈┈┈┈┈┈┈┈┈┈┈┈┈┈┈┈┈┈┈┈┈┈┈┈┈┈┈┈┈┈┈┈
[INFO] [stderr] error: Directory read error: No such file or directory (os error 2)
[INFO] [stderr]  --> tests/rust/name_prefix.rs:1:1
[INFO] [stderr]   |
[INFO] [stderr] 1 | #[serde_dhall_typegen::dhall_types("../../../tests/dhall/schema/")]
[INFO] [stderr]   | ^^^^^^^^^^^^^^^^^^^^^^^^^^^^^^^^^^^^^^^^^^^^^^^^^^^^^^^^^^^^^^^^^^^
[INFO] [stderr]   |
[INFO] [stderr]   = note: this error originates in the attribute macro `serde_dhall_typegen::dhall_types` (in Nightly builds, run with -Z macro-backtrace for more info)
[INFO] [stderr] 
[INFO] [stderr] error[E0433]: failed to resolve: could not find `Button` in `dhall`
[INFO] [stderr]   --> tests/rust/name_prefix.rs:14:26
[INFO] [stderr]    |
[INFO] [stderr] 14 |     let button0 = dhall::Button::new(dhall::Color::Red);
[INFO] [stderr]    |                          ^^^^^^ could not find `Button` in `dhall`
[INFO] [stderr] 
[INFO] [stderr] error[E0433]: failed to resolve: could not find `Color` in `dhall`
[INFO] [stderr]   --> tests/rust/name_prefix.rs:14:45
[INFO] [stderr]    |
[INFO] [stderr] 14 |     let button0 = dhall::Button::new(dhall::Color::Red);
[INFO] [stderr]    |                                             ^^^^^ could not find `Color` in `dhall`
[INFO] [stderr] 
[INFO] [stderr] error[E0433]: failed to resolve: could not find `Button` in `dhall`
[INFO] [stderr]   --> tests/rust/name_prefix.rs:15:26
[INFO] [stderr]    |
[INFO] [stderr] 15 |     let button1 = dhall::Button::new(dhall::Color::Blue);
[INFO] [stderr]    |                          ^^^^^^ could not find `Button` in `dhall`
[INFO] [stderr] 
[INFO] [stderr] error[E0433]: failed to resolve: could not find `Color` in `dhall`
[INFO] [stderr]   --> tests/rust/name_prefix.rs:15:45
[INFO] [stderr]    |
[INFO] [stderr] 15 |     let button1 = dhall::Button::new(dhall::Color::Blue);
[INFO] [stderr]    |                                             ^^^^^ could not find `Color` in `dhall`
[INFO] [stderr] 
[INFO] [stderr] error[E0433]: failed to resolve: could not find `Button` in `dhall`
[INFO] [stderr]   --> tests/rust/name_prefix.rs:16:26
[INFO] [stderr]    |
[INFO] [stderr] 16 |     let button2 = dhall::Button::new(dhall::Color::Green);
[INFO] [stderr]    |                          ^^^^^^ could not find `Button` in `dhall`
[INFO] [stderr] 
[INFO] [stderr] error[E0433]: failed to resolve: could not find `Color` in `dhall`
[INFO] [stderr]   --> tests/rust/name_prefix.rs:16:45
[INFO] [stderr]    |
[INFO] [stderr] 16 |     let button2 = dhall::Button::new(dhall::Color::Green);
[INFO] [stderr]    |                                             ^^^^^ could not find `Color` in `dhall`
[INFO] [stderr] 
[INFO] [stderr] error[E0433]: failed to resolve: could not find `Color` in `dhall`
[INFO] [stderr]   --> tests/rust/name_prefix.rs:18:29
[INFO] [stderr]    |
[INFO] [stderr] 18 |         frame_color: dhall::Color::Red,
[INFO] [stderr]    |                             ^^^^^ could not find `Color` in `dhall`
[INFO] [stderr] 
[INFO] [stderr] error[E0412]: cannot find type `Button` in this scope
[INFO] [stderr]  --> tests/rust/name_prefix.rs:3:10
[INFO] [stderr]   |
[INFO] [stderr] 3 |     impl Button {
[INFO] [stderr]   |          ^^^^^^ not found in this scope
[INFO] [stderr] 
[INFO] [stderr] error[E0412]: cannot find type `Color` in this scope
[INFO] [stderr]  --> tests/rust/name_prefix.rs:4:27
[INFO] [stderr]   |
[INFO] [stderr] 4 |         pub fn new(color: Color) -> Self {
[INFO] [stderr]   |                           ^^^^^ not found in this scope
[INFO] [stderr] 
[INFO] [stderr] error[E0422]: cannot find struct, variant or union type `Widget` in module `dhall`
[INFO] [stderr]   --> tests/rust/name_prefix.rs:17:25
[INFO] [stderr]    |
[INFO] [stderr] 17 |     let widget = dhall::Widget {
[INFO] [stderr]    |                         ^^^^^^ not found in `dhall`
[INFO] [stderr] ┈┈┈┈┈┈┈┈┈┈┈┈┈┈┈┈┈┈┈┈┈┈┈┈┈┈┈┈┈┈┈┈┈┈┈┈┈┈┈┈┈┈┈┈┈┈┈┈┈┈┈┈┈┈┈┈┈┈┈┈
[INFO] [stderr] 
[INFO] [stderr] test tests/rust/name_postfix.rs ... error
[INFO] [stderr] ┈┈┈┈┈┈┈┈┈┈┈┈┈┈┈┈┈┈┈┈┈┈┈┈┈┈┈┈┈┈┈┈┈┈┈┈┈┈┈┈┈┈┈┈┈┈┈┈┈┈┈┈┈┈┈┈┈┈┈┈
[INFO] [stderr] error: Directory read error: No such file or directory (os error 2)
[INFO] [stderr]  --> tests/rust/name_postfix.rs:1:1
[INFO] [stderr]   |
[INFO] [stderr] 1 | #[serde_dhall_typegen::dhall_types("../../../tests/dhall/schema/")]
[INFO] [stderr]   | ^^^^^^^^^^^^^^^^^^^^^^^^^^^^^^^^^^^^^^^^^^^^^^^^^^^^^^^^^^^^^^^^^^^
[INFO] [stderr]   |
[INFO] [stderr]   = note: this error originates in the attribute macro `serde_dhall_typegen::dhall_types` (in Nightly builds, run with -Z macro-backtrace for more info)
[INFO] [stderr] 
[INFO] [stderr] error[E0412]: cannot find type `Foo` in module `dhall`
[INFO] [stderr]  --> tests/rust/name_postfix.rs:5:74
[INFO] [stderr]   |
[INFO] [stderr] 5 |     let foo = serde_dhall::from_str("{ name = \"foo\" }").parse::<dhall::Foo>().unwrap();
[INFO] [stderr]   |                                                                          ^^^ not found in `dhall`
[INFO] [stderr] 
[INFO] [stderr] error[E0412]: cannot find type `Bar` in module `dhall`
[INFO] [stderr]  --> tests/rust/name_postfix.rs:6:74
[INFO] [stderr]   |
[INFO] [stderr] 6 |     let bar = serde_dhall::from_str("{ name = \"bar\" }").parse::<dhall::Bar>().unwrap();
[INFO] [stderr]   |                                                                          ^^^ not found in `dhall`
[INFO] [stderr] 
[INFO] [stderr] error[E0422]: cannot find struct, variant or union type `Foo` in module `dhall`
[INFO] [stderr]  --> tests/rust/name_postfix.rs:7:28
[INFO] [stderr]   |
[INFO] [stderr] 7 |     let foo_prime = dhall::Foo { name: "foo'".to_string() };
[INFO] [stderr]   |                            ^^^ not found in `dhall`
[INFO] [stderr] 
[INFO] [stderr] error[E0422]: cannot find struct, variant or union type `Bar` in module `dhall`
[INFO] [stderr]  --> tests/rust/name_postfix.rs:8:28
[INFO] [stderr]   |
[INFO] [stderr] 8 |     let bar_prime = dhall::Bar { name: "bar'".to_string() };
[INFO] [stderr]   |                            ^^^ not found in `dhall`
[INFO] [stderr] ┈┈┈┈┈┈┈┈┈┈┈┈┈┈┈┈┈┈┈┈┈┈┈┈┈┈┈┈┈┈┈┈┈┈┈┈┈┈┈┈┈┈┈┈┈┈┈┈┈┈┈┈┈┈┈┈┈┈┈┈
[INFO] [stderr] 
[INFO] [stderr] test tests/rust/named_generics.rs ... error
[INFO] [stderr] ┈┈┈┈┈┈┈┈┈┈┈┈┈┈┈┈┈┈┈┈┈┈┈┈┈┈┈┈┈┈┈┈┈┈┈┈┈┈┈┈┈┈┈┈┈┈┈┈┈┈┈┈┈┈┈┈┈┈┈┈
[INFO] [stderr] error: Directory read error: No such file or directory (os error 2)
[INFO] [stderr]  --> tests/rust/named_generics.rs:1:1
[INFO] [stderr]   |
[INFO] [stderr] 1 | #[serde_dhall_typegen::dhall_types("../../../tests/dhall/schema/")]
[INFO] [stderr]   | ^^^^^^^^^^^^^^^^^^^^^^^^^^^^^^^^^^^^^^^^^^^^^^^^^^^^^^^^^^^^^^^^^^^
[INFO] [stderr]   |
[INFO] [stderr]   = note: this error originates in the attribute macro `serde_dhall_typegen::dhall_types` (in Nightly builds, run with -Z macro-backtrace for more info)
[INFO] [stderr] 
[INFO] [stderr] error[E0422]: cannot find struct, variant or union type `Pairs` in module `dhall`
[INFO] [stderr]  --> tests/rust/named_generics.rs:5:24
[INFO] [stderr]   |
[INFO] [stderr] 5 |     let pairs = dhall::Pairs {
[INFO] [stderr]   |                        ^^^^^ not found in `dhall`
[INFO] [stderr]   |
[INFO] [stderr] help: consider importing this struct
[INFO] [stderr]   |
[INFO] [stderr] 1 + use syn::punctuated::Pairs;
[INFO] [stderr]   |
[INFO] [stderr] help: if you import `Pairs`, refer to it directly
[INFO] [stderr]   |
[INFO] [stderr] 5 -     let pairs = dhall::Pairs {
[INFO] [stderr] 5 +     let pairs = Pairs {
[INFO] [stderr]   |
[INFO] [stderr] 
[INFO] [stderr] error[E0422]: cannot find struct, variant or union type `Pair` in module `dhall`
[INFO] [stderr]  --> tests/rust/named_generics.rs:6:22
[INFO] [stderr]   |
[INFO] [stderr] 6 |         pair: dhall::Pair { first: 0, second: 1 },
[INFO] [stderr]   |                      ^^^^ not found in `dhall`
[INFO] [stderr] 
[INFO] [stderr] error[E0422]: cannot find struct, variant or union type `Pair2` in module `dhall`
[INFO] [stderr]  --> tests/rust/named_generics.rs:7:23
[INFO] [stderr]   |
[INFO] [stderr] 7 |         pair2: dhall::Pair2 { first: 2, second: 3 },
[INFO] [stderr]   |                       ^^^^^ not found in `dhall`
[INFO] [stderr] ┈┈┈┈┈┈┈┈┈┈┈┈┈┈┈┈┈┈┈┈┈┈┈┈┈┈┈┈┈┈┈┈┈┈┈┈┈┈┈┈┈┈┈┈┈┈┈┈┈┈┈┈┈┈┈┈┈┈┈┈
[INFO] [stderr] 
[INFO] [stderr] test tests/rust/struct_impl.rs ... error
[INFO] [stderr] ┈┈┈┈┈┈┈┈┈┈┈┈┈┈┈┈┈┈┈┈┈┈┈┈┈┈┈┈┈┈┈┈┈┈┈┈┈┈┈┈┈┈┈┈┈┈┈┈┈┈┈┈┈┈┈┈┈┈┈┈
[INFO] [stderr] error: Directory read error: No such file or directory (os error 2)
[INFO] [stderr]  --> tests/rust/struct_impl.rs:1:1
[INFO] [stderr]   |
[INFO] [stderr] 1 | / #[serde_dhall_typegen::dhall_types("../../../tests/dhall/schema/",
[INFO] [stderr] 2 | |     struct_impl = true,
[INFO] [stderr] 3 | | )]
[INFO] [stderr]   | |__^
[INFO] [stderr]   |
[INFO] [stderr]   = note: this error originates in the attribute macro `serde_dhall_typegen::dhall_types` (in Nightly builds, run with -Z macro-backtrace for more info)
[INFO] [stderr] 
[INFO] [stderr] error[E0412]: cannot find type `Person` in module `dhall`
[INFO] [stderr]  --> tests/rust/struct_impl.rs:7:99
[INFO] [stderr]   |
[INFO] [stderr] 7 |     let persons = serde_dhall::from_file("../../../tests/dhall/persons.dhall").parse::<Vec<dhall::Person>>().unwrap();
[INFO] [stderr]   |                                                                                                   ^^^^^^ not found in `dhall`
[INFO] [stderr] ┈┈┈┈┈┈┈┈┈┈┈┈┈┈┈┈┈┈┈┈┈┈┈┈┈┈┈┈┈┈┈┈┈┈┈┈┈┈┈┈┈┈┈┈┈┈┈┈┈┈┈┈┈┈┈┈┈┈┈┈
[INFO] [stderr] 
[INFO] [stderr] test tests/rust/type_impls.rs ... error
[INFO] [stderr] ┈┈┈┈┈┈┈┈┈┈┈┈┈┈┈┈┈┈┈┈┈┈┈┈┈┈┈┈┈┈┈┈┈┈┈┈┈┈┈┈┈┈┈┈┈┈┈┈┈┈┈┈┈┈┈┈┈┈┈┈
[INFO] [stderr] error: Directory read error: No such file or directory (os error 2)
[INFO] [stderr]  --> tests/rust/type_impls.rs:1:1
[INFO] [stderr]   |
[INFO] [stderr] 1 | #[serde_dhall_typegen::dhall_types("../../../tests/dhall/schema/")]
[INFO] [stderr]   | ^^^^^^^^^^^^^^^^^^^^^^^^^^^^^^^^^^^^^^^^^^^^^^^^^^^^^^^^^^^^^^^^^^^
[INFO] [stderr]   |
[INFO] [stderr]   = note: this error originates in the attribute macro `serde_dhall_typegen::dhall_types` (in Nightly builds, run with -Z macro-backtrace for more info)
[INFO] [stderr] 
[INFO] [stderr] error[E0412]: cannot find type `Person` in this scope
[INFO] [stderr]  --> tests/rust/type_impls.rs:3:10
[INFO] [stderr]   |
[INFO] [stderr] 3 |     impl Person {
[INFO] [stderr]   |          ^^^^^^ not found in this scope
[INFO] [stderr] 
[INFO] [stderr] error[E0412]: cannot find type `ShoppingList` in this scope
[INFO] [stderr]   --> tests/rust/type_impls.rs:11:10
[INFO] [stderr]    |
[INFO] [stderr] 11 |     impl ShoppingList {
[INFO] [stderr]    |          ^^^^^^^^^^^^ not found in this scope
[INFO] [stderr] 
[INFO] [stderr] error[E0412]: cannot find type `Person` in module `dhall`
[INFO] [stderr]   --> tests/rust/type_impls.rs:23:99
[INFO] [stderr]    |
[INFO] [stderr] 23 |     let persons = serde_dhall::from_file("../../../tests/dhall/persons.dhall").parse::<Vec<dhall::Person>>().unwrap();
[INFO] [stderr]    |                                                                                                   ^^^^^^ not found in `dhall`
[INFO] [stderr] 
[INFO] [stderr] error[E0412]: cannot find type `ShoppingList` in module `dhall`
[INFO] [stderr]   --> tests/rust/type_impls.rs:30:98
[INFO] [stderr]    |
[INFO] [stderr] 30 |     let list = serde_dhall::from_file("../../../tests/dhall/shopping_list.dhall").parse::<dhall::ShoppingList>().unwrap();
[INFO] [stderr]    |                                                                                                  ^^^^^^^^^^^^ not found in `dhall`
[INFO] [stderr] ┈┈┈┈┈┈┈┈┈┈┈┈┈┈┈┈┈┈┈┈┈┈┈┈┈┈┈┈┈┈┈┈┈┈┈┈┈┈┈┈┈┈┈┈┈┈┈┈┈┈┈┈┈┈┈┈┈┈┈┈
[INFO] [stderr] 
[INFO] [stderr] test tests/rust/type_parameters.rs ... error
[INFO] [stderr] ┈┈┈┈┈┈┈┈┈┈┈┈┈┈┈┈┈┈┈┈┈┈┈┈┈┈┈┈┈┈┈┈┈┈┈┈┈┈┈┈┈┈┈┈┈┈┈┈┈┈┈┈┈┈┈┈┈┈┈┈
[INFO] [stderr] error: Directory read error: No such file or directory (os error 2)
[INFO] [stderr]  --> tests/rust/type_parameters.rs:1:1
[INFO] [stderr]   |
[INFO] [stderr] 1 | #[serde_dhall_typegen::dhall_types("../../../tests/dhall/schema/")]
[INFO] [stderr]   | ^^^^^^^^^^^^^^^^^^^^^^^^^^^^^^^^^^^^^^^^^^^^^^^^^^^^^^^^^^^^^^^^^^^
[INFO] [stderr]   |
[INFO] [stderr]   = note: this error originates in the attribute macro `serde_dhall_typegen::dhall_types` (in Nightly builds, run with -Z macro-backtrace for more info)
[INFO] [stderr] 
[INFO] [stderr] error[E0412]: cannot find type `ShoppingList` in module `dhall`
[INFO] [stderr]  --> tests/rust/type_parameters.rs:5:98
[INFO] [stderr]   |
[INFO] [stderr] 5 |     let list = serde_dhall::from_file("../../../tests/dhall/shopping_list.dhall").parse::<dhall::ShoppingList>().unwrap();
[INFO] [stderr]   |                                                                                                  ^^^^^^^^^^^^ not found in `dhall`
[INFO] [stderr] ┈┈┈┈┈┈┈┈┈┈┈┈┈┈┈┈┈┈┈┈┈┈┈┈┈┈┈┈┈┈┈┈┈┈┈┈┈┈┈┈┈┈┈┈┈┈┈┈┈┈┈┈┈┈┈┈┈┈┈┈
[INFO] [stderr] 
[INFO] [stderr] 
[INFO] [stderr] 
[INFO] [stdout] test trybuild ... FAILED
[INFO] [stdout] 
[INFO] [stdout] failures:
[INFO] [stdout] 
[INFO] [stdout] ---- trybuild stdout ----
[INFO] [stdout] thread 'trybuild' panicked at /opt/rustwide/cargo-home/registry/src/index.crates.io-6f17d22bba15001f/trybuild-1.0.101/src/run.rs:101:13:
[INFO] [stdout] 8 of 8 tests failed
[INFO] [stdout] stack backtrace:
[INFO] [stdout]    0:     0x5a8e2981aa9a - std::backtrace_rs::backtrace::libunwind::trace::h207520d6e9873551
[INFO] [stdout]                                at /rustc/df4ca44d3fbc9301ee17f30f4d474e6ae4b05252/library/std/src/../../backtrace/src/backtrace/libunwind.rs:116:5
[INFO] [stdout]    1:     0x5a8e2981aa9a - std::backtrace_rs::backtrace::trace_unsynchronized::h2ed7433f370e3eca
[INFO] [stdout]                                at /rustc/df4ca44d3fbc9301ee17f30f4d474e6ae4b05252/library/std/src/../../backtrace/src/backtrace/mod.rs:66:5
[INFO] [stdout]    2:     0x5a8e2981aa9a - std::sys::backtrace::_print_fmt::h916fac51166b18d7
[INFO] [stdout]                                at /rustc/df4ca44d3fbc9301ee17f30f4d474e6ae4b05252/library/std/src/sys/backtrace.rs:66:9
[INFO] [stdout]    3:     0x5a8e2981aa9a - <std::sys::backtrace::BacktraceLock::print::DisplayBacktrace as core::fmt::Display>::fmt::ha0a4c9b8ce3802e6
[INFO] [stdout]                                at /rustc/df4ca44d3fbc9301ee17f30f4d474e6ae4b05252/library/std/src/sys/backtrace.rs:39:26
[INFO] [stdout]    4:     0x5a8e29844f43 - core::fmt::rt::Argument::fmt::h4cfc8587d52b3eb5
[INFO] [stdout]                                at /rustc/df4ca44d3fbc9301ee17f30f4d474e6ae4b05252/library/core/src/fmt/rt.rs:177:76
[INFO] [stdout]    5:     0x5a8e29844f43 - core::fmt::write::h522cc39e5b36ae9f
[INFO] [stdout]                                at /rustc/df4ca44d3fbc9301ee17f30f4d474e6ae4b05252/library/core/src/fmt/mod.rs:1190:21
[INFO] [stdout]    6:     0x5a8e29816ad3 - std::io::Write::write_fmt::h7d3c26752da97734
[INFO] [stdout]                                at /rustc/df4ca44d3fbc9301ee17f30f4d474e6ae4b05252/library/std/src/io/mod.rs:1839:15
[INFO] [stdout]    7:     0x5a8e2981a8e2 - std::sys::backtrace::BacktraceLock::print::h4b9e00b29e9c0942
[INFO] [stdout]                                at /rustc/df4ca44d3fbc9301ee17f30f4d474e6ae4b05252/library/std/src/sys/backtrace.rs:42:9
[INFO] [stdout]    8:     0x5a8e2981c52a - std::panicking::default_hook::{{closure}}::hb59b88280d0324d9
[INFO] [stdout]                                at /rustc/df4ca44d3fbc9301ee17f30f4d474e6ae4b05252/library/std/src/panicking.rs:268:22
[INFO] [stdout]    9:     0x5a8e2981c334 - std::panicking::default_hook::he1dd496665be4a29
[INFO] [stdout]                                at /rustc/df4ca44d3fbc9301ee17f30f4d474e6ae4b05252/library/std/src/panicking.rs:292:9
[INFO] [stdout]   10:     0x5a8e297e3029 - <alloc::boxed::Box<F,A> as core::ops::function::Fn<Args>>::call::h4ff71de18744e1dc
[INFO] [stdout]                                at /rustc/df4ca44d3fbc9301ee17f30f4d474e6ae4b05252/library/alloc/src/boxed.rs:2468:9
[INFO] [stdout]   11:     0x5a8e297e3029 - test::test_main::{{closure}}::hcf7c055ce117aa81
[INFO] [stdout]                                at /rustc/df4ca44d3fbc9301ee17f30f4d474e6ae4b05252/library/test/src/lib.rs:133:21
[INFO] [stdout]   12:     0x5a8e2981cc28 - <alloc::boxed::Box<F,A> as core::ops::function::Fn<Args>>::call::h1d66c6bbd60c9692
[INFO] [stdout]                                at /rustc/df4ca44d3fbc9301ee17f30f4d474e6ae4b05252/library/alloc/src/boxed.rs:2468:9
[INFO] [stdout]   13:     0x5a8e2981cc28 - std::panicking::rust_panic_with_hook::h2ff17fe8f26dfcf8
[INFO] [stdout]                                at /rustc/df4ca44d3fbc9301ee17f30f4d474e6ae4b05252/library/std/src/panicking.rs:809:13
[INFO] [stdout]   14:     0x5a8e2981c9ea - std::panicking::begin_panic_handler::{{closure}}::h4fad77951c07e101
[INFO] [stdout]                                at /rustc/df4ca44d3fbc9301ee17f30f4d474e6ae4b05252/library/std/src/panicking.rs:674:13
[INFO] [stdout]   15:     0x5a8e2981af79 - std::sys::backtrace::__rust_end_short_backtrace::hb1a25b3da5d0ea08
[INFO] [stdout]                                at /rustc/df4ca44d3fbc9301ee17f30f4d474e6ae4b05252/library/std/src/sys/backtrace.rs:170:18
[INFO] [stdout]   16:     0x5a8e2981c67c - rust_begin_unwind
[INFO] [stdout]                                at /rustc/df4ca44d3fbc9301ee17f30f4d474e6ae4b05252/library/std/src/panicking.rs:665:5
[INFO] [stdout]   17:     0x5a8e298432f0 - core::panicking::panic_fmt::ha9db07b529f9b256
[INFO] [stdout]                                at /rustc/df4ca44d3fbc9301ee17f30f4d474e6ae4b05252/library/core/src/panicking.rs:75:14
[INFO] [stdout]   18:     0x5a8e295bec1f - trybuild::run::<impl trybuild::Runner>::run::h67f809cc2a665df2
[INFO] [stdout]                                at /opt/rustwide/cargo-home/registry/src/index.crates.io-6f17d22bba15001f/trybuild-1.0.101/src/run.rs:101:13
[INFO] [stdout]   19:     0x5a8e295c4148 - <trybuild::TestCases as core::ops::drop::Drop>::drop::h8a02464c6b67370c
[INFO] [stdout]                                at /opt/rustwide/cargo-home/registry/src/index.crates.io-6f17d22bba15001f/trybuild-1.0.101/src/lib.rs:340:13
[INFO] [stdout]   20:     0x5a8e294f0ef7 - core::ptr::drop_in_place<trybuild::TestCases>::h27aed1957f353a6b
[INFO] [stdout]                                at /rustc/df4ca44d3fbc9301ee17f30f4d474e6ae4b05252/library/core/src/ptr/mod.rs:521:1
[INFO] [stdout]   21:     0x5a8e294f16ee - trybuild::trybuild::h7737e446ac2e60f1
[INFO] [stdout]                                at /opt/rustwide/workdir/tests/trybuild.rs:15:1
[INFO] [stdout]   22:     0x5a8e294f15d7 - trybuild::trybuild::{{closure}}::h00b0d0b3290d0068
[INFO] [stdout]                                at /opt/rustwide/workdir/tests/trybuild.rs:2:14
[INFO] [stdout]   23:     0x5a8e294f0e56 - core::ops::function::FnOnce::call_once::h0cdd953d168842f5
[INFO] [stdout]                                at /rustc/df4ca44d3fbc9301ee17f30f4d474e6ae4b05252/library/core/src/ops/function.rs:250:5
[INFO] [stdout]   24:     0x5a8e297e78fb - core::ops::function::FnOnce::call_once::h22c3ba5715e93f05
[INFO] [stdout]                                at /rustc/df4ca44d3fbc9301ee17f30f4d474e6ae4b05252/library/core/src/ops/function.rs:250:5
[INFO] [stdout]   25:     0x5a8e297e78fb - test::__rust_begin_short_backtrace::h8e82d8113d0da17f
[INFO] [stdout]                                at /rustc/df4ca44d3fbc9301ee17f30f4d474e6ae4b05252/library/test/src/lib.rs:621:18
[INFO] [stdout]   26:     0x5a8e297e7277 - test::run_test_in_process::{{closure}}::h33235f4f20b7b7c7
[INFO] [stdout]                                at /rustc/df4ca44d3fbc9301ee17f30f4d474e6ae4b05252/library/test/src/lib.rs:644:60
[INFO] [stdout]   27:     0x5a8e297e7277 - <core::panic::unwind_safe::AssertUnwindSafe<F> as core::ops::function::FnOnce<()>>::call_once::hb5043206310c586f
[INFO] [stdout]                                at /rustc/df4ca44d3fbc9301ee17f30f4d474e6ae4b05252/library/core/src/panic/unwind_safe.rs:272:9
[INFO] [stdout]   28:     0x5a8e297e7277 - std::panicking::try::do_call::h9ad4731a60ab23e2
[INFO] [stdout]                                at /rustc/df4ca44d3fbc9301ee17f30f4d474e6ae4b05252/library/std/src/panicking.rs:557:40
[INFO] [stdout]   29:     0x5a8e297e7277 - std::panicking::try::h3824d23db772a716
[INFO] [stdout]                                at /rustc/df4ca44d3fbc9301ee17f30f4d474e6ae4b05252/library/std/src/panicking.rs:520:19
[INFO] [stdout]   30:     0x5a8e297e7277 - std::panic::catch_unwind::h5afd514605fde46b
[INFO] [stdout]                                at /rustc/df4ca44d3fbc9301ee17f30f4d474e6ae4b05252/library/std/src/panic.rs:358:14
[INFO] [stdout]   31:     0x5a8e297e7277 - test::run_test_in_process::h0d5cbfa7067d1720
[INFO] [stdout]                                at /rustc/df4ca44d3fbc9301ee17f30f4d474e6ae4b05252/library/test/src/lib.rs:644:27
[INFO] [stdout]   32:     0x5a8e297e7277 - test::run_test::{{closure}}::h708eb8872708115d
[INFO] [stdout]                                at /rustc/df4ca44d3fbc9301ee17f30f4d474e6ae4b05252/library/test/src/lib.rs:565:43
[INFO] [stdout]   33:     0x5a8e297aa994 - test::run_test::{{closure}}::h392c51cee94713ab
[INFO] [stdout]                                at /rustc/df4ca44d3fbc9301ee17f30f4d474e6ae4b05252/library/test/src/lib.rs:595:41
[INFO] [stdout]   34:     0x5a8e297aa994 - std::sys::backtrace::__rust_begin_short_backtrace::h2f40290710935a8b
[INFO] [stdout]                                at /rustc/df4ca44d3fbc9301ee17f30f4d474e6ae4b05252/library/std/src/sys/backtrace.rs:154:18
[INFO] [stdout]   35:     0x5a8e297ae13e - std::thread::Builder::spawn_unchecked_::{{closure}}::{{closure}}::h3fd968d89053a903
[INFO] [stdout]                                at /rustc/df4ca44d3fbc9301ee17f30f4d474e6ae4b05252/library/std/src/thread/mod.rs:541:17
[INFO] [stdout]   36:     0x5a8e297ae13e - <core::panic::unwind_safe::AssertUnwindSafe<F> as core::ops::function::FnOnce<()>>::call_once::h743f637ba4229880
[INFO] [stdout]                                at /rustc/df4ca44d3fbc9301ee17f30f4d474e6ae4b05252/library/core/src/panic/unwind_safe.rs:272:9
[INFO] [stdout]   37:     0x5a8e297ae13e - std::panicking::try::do_call::h07440897322525a6
[INFO] [stdout]                                at /rustc/df4ca44d3fbc9301ee17f30f4d474e6ae4b05252/library/std/src/panicking.rs:557:40
[INFO] [stdout]   38:     0x5a8e297ae13e - std::panicking::try::he5a2e00188156637
[INFO] [stdout]                                at /rustc/df4ca44d3fbc9301ee17f30f4d474e6ae4b05252/library/std/src/panicking.rs:520:19
[INFO] [stdout]   39:     0x5a8e297ae13e - std::panic::catch_unwind::hbaf3cae49b3c6433
[INFO] [stdout]                                at /rustc/df4ca44d3fbc9301ee17f30f4d474e6ae4b05252/library/std/src/panic.rs:358:14
[INFO] [stdout]   40:     0x5a8e297ae13e - std::thread::Builder::spawn_unchecked_::{{closure}}::h8e141ea224820bce
[INFO] [stdout]                                at /rustc/df4ca44d3fbc9301ee17f30f4d474e6ae4b05252/library/std/src/thread/mod.rs:540:30
[INFO] [stdout]   41:     0x5a8e297ae13e - core::ops::function::FnOnce::call_once{{vtable.shim}}::h90d312fedd7b8ea8
[INFO] [stdout]                                at /rustc/df4ca44d3fbc9301ee17f30f4d474e6ae4b05252/library/core/src/ops/function.rs:250:5
[INFO] [stdout]   42:     0x5a8e298219eb - <alloc::boxed::Box<F,A> as core::ops::function::FnOnce<Args>>::call_once::h69aa08ddb6adb8b6
[INFO] [stdout]                                at /rustc/df4ca44d3fbc9301ee17f30f4d474e6ae4b05252/library/alloc/src/boxed.rs:2454:9
[INFO] [stdout]   43:     0x5a8e298219eb - <alloc::boxed::Box<F,A> as core::ops::function::FnOnce<Args>>::call_once::h5aa36efdb79c806f
[INFO] [stdout]                                at /rustc/df4ca44d3fbc9301ee17f30f4d474e6ae4b05252/library/alloc/src/boxed.rs:2454:9
[INFO] [stdout]   44:     0x5a8e298219eb - std::sys::pal::unix::thread::Thread::new::thread_start::h6cd80a1b4be5158d
[INFO] [stdout]                                at /rustc/df4ca44d3fbc9301ee17f30f4d474e6ae4b05252/library/std/src/sys/pal/unix/thread.rs:105:17
[INFO] [stdout]   45:     0x79c8bf1feac3 - <unknown>
[INFO] [stdout]   46:     0x79c8bf28fa04 - clone
[INFO] [stdout]   47:                0x0 - <unknown>
[INFO] [stdout] 
[INFO] [stdout] 
[INFO] [stdout] failures:
[INFO] [stdout]     trybuild
[INFO] [stdout] 
[INFO] [stdout] test result: FAILED. 0 passed; 1 failed; 0 ignored; 0 measured; 0 filtered out; finished in 95.61s
[INFO] [stdout] 
[INFO] [stderr] error: test failed, to rerun pass `--test trybuild`
[INFO] running `Command { std: "docker" "inspect" "ba59fde61d0799e55138e6e14c60bfa816ced16094dc079c88946579dc2d520e", kill_on_drop: false }`
[INFO] running `Command { std: "docker" "rm" "-f" "ba59fde61d0799e55138e6e14c60bfa816ced16094dc079c88946579dc2d520e", kill_on_drop: false }`
[INFO] [stdout] ba59fde61d0799e55138e6e14c60bfa816ced16094dc079c88946579dc2d520e
