[INFO] fetching crate serde-ignored-fields 0.1.1...
[INFO] testing serde-ignored-fields-0.1.1 against nightly-2024-10-28+rustflags=-Zrandomize-layout for randomize-layout
[INFO] extracting crate serde-ignored-fields 0.1.1 into /workspace/builds/worker-2-tc2/source
[INFO] validating manifest of crates.io crate serde-ignored-fields 0.1.1 on toolchain nightly-2024-10-28
[INFO] running `Command { std: CARGO_HOME="/workspace/cargo-home" RUSTUP_HOME="/workspace/rustup-home" "/workspace/cargo-home/bin/cargo" "+nightly-2024-10-28" "metadata" "--manifest-path" "Cargo.toml" "--no-deps", kill_on_drop: false }`
[INFO] started tweaking crates.io crate serde-ignored-fields 0.1.1
[INFO] finished tweaking crates.io crate serde-ignored-fields 0.1.1
[INFO] tweaked toml for crates.io crate serde-ignored-fields 0.1.1 written to /workspace/builds/worker-2-tc2/source/Cargo.toml
[INFO] running `Command { std: CARGO_HOME="/workspace/cargo-home" RUSTUP_HOME="/workspace/rustup-home" "/workspace/cargo-home/bin/cargo" "+nightly-2024-10-28" "generate-lockfile" "--manifest-path" "Cargo.toml", kill_on_drop: false }`
[INFO] [stderr]     Updating crates.io index
[INFO] [stderr]      Locking 54 packages to latest compatible versions
[INFO] [stderr]       Adding serde_yml v0.0.10 (available: v0.0.12)
[INFO] running `Command { std: CARGO_HOME="/workspace/cargo-home" RUSTUP_HOME="/workspace/rustup-home" "/workspace/cargo-home/bin/cargo" "+nightly-2024-10-28" "fetch" "--manifest-path" "Cargo.toml", kill_on_drop: false }`
[INFO] running `Command { std: "docker" "create" "-v" "/var/lib/crater-agent-workspace/builds/worker-2-tc2/target:/opt/rustwide/target:rw,Z" "-v" "/var/lib/crater-agent-workspace/builds/worker-2-tc2/source:/opt/rustwide/workdir:ro,Z" "-v" "/var/lib/crater-agent-workspace/cargo-home:/opt/rustwide/cargo-home:ro,Z" "-v" "/var/lib/crater-agent-workspace/rustup-home:/opt/rustwide/rustup-home:ro,Z" "-e" "SOURCE_DIR=/opt/rustwide/workdir" "-e" "CARGO_TARGET_DIR=/opt/rustwide/target" "-e" "CARGO_HOME=/opt/rustwide/cargo-home" "-e" "RUSTUP_HOME=/opt/rustwide/rustup-home" "-w" "/opt/rustwide/workdir" "-m" "1610612736" "--user" "0:0" "--network" "none" "ghcr.io/rust-lang/crates-build-env/linux@sha256:4a844ea9eb2546a2d2c7022eacef16ef2e8229c7fbb2c7d4d55a9ceca922f72d" "/opt/rustwide/cargo-home/bin/cargo" "+nightly-2024-10-28" "metadata" "--no-deps" "--format-version=1", kill_on_drop: false }`
[INFO] [stdout] fe3f2041ba21f33b0bae2a04a1117263d06633e5dd3642fe0031d69095ca9b83
[INFO] running `Command { std: "docker" "start" "-a" "fe3f2041ba21f33b0bae2a04a1117263d06633e5dd3642fe0031d69095ca9b83", kill_on_drop: false }`
[INFO] running `Command { std: "docker" "inspect" "fe3f2041ba21f33b0bae2a04a1117263d06633e5dd3642fe0031d69095ca9b83", kill_on_drop: false }`
[INFO] running `Command { std: "docker" "rm" "-f" "fe3f2041ba21f33b0bae2a04a1117263d06633e5dd3642fe0031d69095ca9b83", kill_on_drop: false }`
[INFO] [stdout] fe3f2041ba21f33b0bae2a04a1117263d06633e5dd3642fe0031d69095ca9b83
[INFO] running `Command { std: "docker" "create" "-v" "/var/lib/crater-agent-workspace/builds/worker-2-tc2/target:/opt/rustwide/target:rw,Z" "-v" "/var/lib/crater-agent-workspace/builds/worker-2-tc2/source:/opt/rustwide/workdir:ro,Z" "-v" "/var/lib/crater-agent-workspace/cargo-home:/opt/rustwide/cargo-home:ro,Z" "-v" "/var/lib/crater-agent-workspace/rustup-home:/opt/rustwide/rustup-home:ro,Z" "-e" "SOURCE_DIR=/opt/rustwide/workdir" "-e" "CARGO_TARGET_DIR=/opt/rustwide/target" "-e" "CARGO_INCREMENTAL=0" "-e" "RUST_BACKTRACE=full" "-e" "RUSTFLAGS=--cap-lints=forbid -Zrandomize-layout" "-e" "RUSTDOCFLAGS=--cap-lints=forbid" "-e" "CARGO_HOME=/opt/rustwide/cargo-home" "-e" "RUSTUP_HOME=/opt/rustwide/rustup-home" "-w" "/opt/rustwide/workdir" "-m" "1610612736" "--user" "0:0" "--network" "none" "ghcr.io/rust-lang/crates-build-env/linux@sha256:4a844ea9eb2546a2d2c7022eacef16ef2e8229c7fbb2c7d4d55a9ceca922f72d" "/opt/rustwide/cargo-home/bin/cargo" "+nightly-2024-10-28" "build" "--frozen" "--message-format=json", kill_on_drop: false }`
[INFO] [stdout] ccc7ba15f1e25fa3c1a2964fadf06a5287e4eb1046350e3d2418df3bb5b810d0
[INFO] running `Command { std: "docker" "start" "-a" "ccc7ba15f1e25fa3c1a2964fadf06a5287e4eb1046350e3d2418df3bb5b810d0", kill_on_drop: false }`
[INFO] [stderr]    Compiling serde v1.0.214
[INFO] [stderr]    Compiling serde-ignored-fields v0.1.1 (/opt/rustwide/workdir)
[INFO] [stderr]     Finished `dev` profile [unoptimized + debuginfo] target(s) in 1.84s
[INFO] running `Command { std: "docker" "inspect" "ccc7ba15f1e25fa3c1a2964fadf06a5287e4eb1046350e3d2418df3bb5b810d0", kill_on_drop: false }`
[INFO] running `Command { std: "docker" "rm" "-f" "ccc7ba15f1e25fa3c1a2964fadf06a5287e4eb1046350e3d2418df3bb5b810d0", kill_on_drop: false }`
[INFO] [stdout] ccc7ba15f1e25fa3c1a2964fadf06a5287e4eb1046350e3d2418df3bb5b810d0
[INFO] running `Command { std: "docker" "create" "-v" "/var/lib/crater-agent-workspace/builds/worker-2-tc2/target:/opt/rustwide/target:rw,Z" "-v" "/var/lib/crater-agent-workspace/builds/worker-2-tc2/source:/opt/rustwide/workdir:ro,Z" "-v" "/var/lib/crater-agent-workspace/cargo-home:/opt/rustwide/cargo-home:ro,Z" "-v" "/var/lib/crater-agent-workspace/rustup-home:/opt/rustwide/rustup-home:ro,Z" "-e" "SOURCE_DIR=/opt/rustwide/workdir" "-e" "CARGO_TARGET_DIR=/opt/rustwide/target" "-e" "CARGO_INCREMENTAL=0" "-e" "RUST_BACKTRACE=full" "-e" "RUSTFLAGS=--cap-lints=forbid -Zrandomize-layout" "-e" "RUSTDOCFLAGS=--cap-lints=forbid" "-e" "CARGO_HOME=/opt/rustwide/cargo-home" "-e" "RUSTUP_HOME=/opt/rustwide/rustup-home" "-w" "/opt/rustwide/workdir" "-m" "1610612736" "--user" "0:0" "--network" "none" "ghcr.io/rust-lang/crates-build-env/linux@sha256:4a844ea9eb2546a2d2c7022eacef16ef2e8229c7fbb2c7d4d55a9ceca922f72d" "/opt/rustwide/cargo-home/bin/cargo" "+nightly-2024-10-28" "test" "--frozen" "--no-run" "--message-format=json", kill_on_drop: false }`
[INFO] [stdout] 2d78bb4698fbc966f17ebfa52bd28823f88d20b89a623b5e7ccc856881f9fd16
[INFO] running `Command { std: "docker" "start" "-a" "2d78bb4698fbc966f17ebfa52bd28823f88d20b89a623b5e7ccc856881f9fd16", kill_on_drop: false }`
[INFO] [stderr]    Compiling hashbrown v0.15.0
[INFO] [stderr]    Compiling serde_json v1.0.132
[INFO] [stderr]    Compiling winnow v0.6.20
[INFO] [stderr]    Compiling diff v0.1.13
[INFO] [stderr]    Compiling syn v2.0.86
[INFO] [stderr]    Compiling yansi v1.0.1
[INFO] [stderr]    Compiling is-terminal v0.4.13
[INFO] [stderr]    Compiling assert2-macros v0.3.15
[INFO] [stderr]    Compiling indoc v2.0.5
[INFO] [stderr]    Compiling indexmap v2.6.0
[INFO] [stderr]    Compiling serde_derive v1.0.214
[INFO] [stderr]    Compiling assert2 v0.3.15
[INFO] [stderr]    Compiling serde v1.0.214
[INFO] [stderr]    Compiling toml_datetime v0.6.8
[INFO] [stderr]    Compiling serde_spanned v0.6.8
[INFO] [stderr]    Compiling serde-ignored-fields v0.1.1 (/opt/rustwide/workdir)
[INFO] [stderr]    Compiling toml_edit v0.22.22
[INFO] [stderr]    Compiling toml v0.8.19
[INFO] [stderr]     Finished `test` profile [unoptimized + debuginfo] target(s) in 7.65s
[INFO] running `Command { std: "docker" "inspect" "2d78bb4698fbc966f17ebfa52bd28823f88d20b89a623b5e7ccc856881f9fd16", kill_on_drop: false }`
[INFO] running `Command { std: "docker" "rm" "-f" "2d78bb4698fbc966f17ebfa52bd28823f88d20b89a623b5e7ccc856881f9fd16", kill_on_drop: false }`
[INFO] [stdout] 2d78bb4698fbc966f17ebfa52bd28823f88d20b89a623b5e7ccc856881f9fd16
[INFO] running `Command { std: "docker" "create" "-v" "/var/lib/crater-agent-workspace/builds/worker-2-tc2/target:/opt/rustwide/target:rw,Z" "-v" "/var/lib/crater-agent-workspace/builds/worker-2-tc2/source:/opt/rustwide/workdir:ro,Z" "-v" "/var/lib/crater-agent-workspace/cargo-home:/opt/rustwide/cargo-home:ro,Z" "-v" "/var/lib/crater-agent-workspace/rustup-home:/opt/rustwide/rustup-home:ro,Z" "-e" "SOURCE_DIR=/opt/rustwide/workdir" "-e" "CARGO_TARGET_DIR=/opt/rustwide/target" "-e" "CARGO_INCREMENTAL=0" "-e" "RUST_BACKTRACE=full" "-e" "RUSTFLAGS=--cap-lints=forbid -Zrandomize-layout" "-e" "RUSTDOCFLAGS=--cap-lints=forbid" "-e" "CARGO_HOME=/opt/rustwide/cargo-home" "-e" "RUSTUP_HOME=/opt/rustwide/rustup-home" "-w" "/opt/rustwide/workdir" "-m" "1610612736" "--user" "0:0" "--network" "none" "ghcr.io/rust-lang/crates-build-env/linux@sha256:4a844ea9eb2546a2d2c7022eacef16ef2e8229c7fbb2c7d4d55a9ceca922f72d" "/opt/rustwide/cargo-home/bin/cargo" "+nightly-2024-10-28" "test" "--frozen", kill_on_drop: false }`
[INFO] [stdout] 9494368a6557e473ce861ce5ecfc66336e830424e60865bea884703aed35e3cf
[INFO] running `Command { std: "docker" "start" "-a" "9494368a6557e473ce861ce5ecfc66336e830424e60865bea884703aed35e3cf", kill_on_drop: false }`
[INFO] [stderr]     Finished `test` profile [unoptimized + debuginfo] target(s) in 0.02s
[INFO] [stderr]      Running unittests src/lib.rs (/opt/rustwide/target/debug/deps/serde_ignored_fields-f0ff217a1dd42f79)
[INFO] [stdout] 
[INFO] [stdout] running 0 tests
[INFO] [stdout] 
[INFO] [stdout] test result: ok. 0 passed; 0 failed; 0 ignored; 0 measured; 0 filtered out; finished in 0.00s
[INFO] [stdout] 
[INFO] [stderr]      Running tests/enums.rs (/opt/rustwide/target/debug/deps/enums-6158eb66c4c8c290)
[INFO] [stdout] 
[INFO] [stdout] running 0 tests
[INFO] [stdout] 
[INFO] [stdout] test result: ok. 0 passed; 0 failed; 0 ignored; 0 measured; 0 filtered out; finished in 0.00s
[INFO] [stdout] 
[INFO] [stderr]      Running tests/serde_json.rs (/opt/rustwide/target/debug/deps/serde_json-ed6e0c03c6c9a22c)
[INFO] [stdout] 
[INFO] [stdout] running 0 tests
[INFO] [stdout] 
[INFO] [stdout] test result: ok. 0 passed; 0 failed; 0 ignored; 0 measured; 0 filtered out; finished in 0.00s
[INFO] [stdout] 
[INFO] [stderr]      Running tests/serde_yaml.rs (/opt/rustwide/target/debug/deps/serde_yaml-60275e2fd8431c45)
[INFO] [stdout] 
[INFO] [stdout] running 0 tests
[INFO] [stdout] 
[INFO] [stdout] test result: ok. 0 passed; 0 failed; 0 ignored; 0 measured; 0 filtered out; finished in 0.00s
[INFO] [stdout] 
[INFO] [stderr]      Running tests/serde_yml.rs (/opt/rustwide/target/debug/deps/serde_yml-392242d70f334f75)
[INFO] [stdout] 
[INFO] [stdout] running 0 tests
[INFO] [stdout] 
[INFO] [stdout] test result: ok. 0 passed; 0 failed; 0 ignored; 0 measured; 0 filtered out; finished in 0.00s
[INFO] [stdout] 
[INFO] [stderr]      Running tests/toml.rs (/opt/rustwide/target/debug/deps/toml-e89afa426269f3e9)
[INFO] [stdout] 
[INFO] [stdout] running 0 tests
[INFO] [stdout] 
[INFO] [stdout] test result: ok. 0 passed; 0 failed; 0 ignored; 0 measured; 0 filtered out; finished in 0.00s
[INFO] [stdout] 
[INFO] [stderr]    Doc-tests serde_ignored_fields
[INFO] [stdout] 
[INFO] [stdout] running 2 tests
[INFO] [stdout] test src/lib.rs - (line 5) ... FAILED
[INFO] [stdout] test src/lib.rs - (line 36) ... FAILED
[INFO] [stdout] 
[INFO] [stdout] failures:
[INFO] [stdout] 
[INFO] [stdout] ---- src/lib.rs - (line 5) stdout ----
[INFO] [stdout] error[E0433]: failed to resolve: use of undeclared crate or module `serde_yaml`
[INFO] [stdout]   --> src/lib.rs:17:20
[INFO] [stdout]    |
[INFO] [stdout] 13 | let thing: Thing = serde_yaml::from_str("
[INFO] [stdout]    |                    ^^^^^^^^^^ use of undeclared crate or module `serde_yaml`
[INFO] [stdout] 
[INFO] [stdout] error[E0433]: failed to resolve: use of undeclared crate or module `serde_yaml`
[INFO] [stdout]   --> src/lib.rs:14:17
[INFO] [stdout]    |
[INFO] [stdout] 10 |   extra_fields: serde_yaml::Mapping,
[INFO] [stdout]    |                 ^^^^^^^^^^ use of undeclared crate or module `serde_yaml`
[INFO] [stdout] 
[INFO] [stdout] error: aborting due to 2 previous errors
[INFO] [stdout] 
[INFO] [stdout] For more information about this error, try `rustc --explain E0433`.
[INFO] [stdout] Couldn't compile the test.
[INFO] [stdout] ---- src/lib.rs - (line 36) stdout ----
[INFO] [stdout] error[E0433]: failed to resolve: use of undeclared crate or module `serde_yaml`
[INFO] [stdout]   --> src/lib.rs:47:64
[INFO] [stdout]    |
[INFO] [stdout] 13 | let thing: PreserveIgnoredFields<Thing, serde_yaml::Mapping> = serde_yaml::from_str("
[INFO] [stdout]    |                                                                ^^^^^^^^^^ use of undeclared crate or module `serde_yaml`
[INFO] [stdout] 
[INFO] [stdout] error[E0433]: failed to resolve: use of undeclared crate or module `serde_yaml`
[INFO] [stdout]   --> src/lib.rs:47:41
[INFO] [stdout]    |
[INFO] [stdout] 13 | let thing: PreserveIgnoredFields<Thing, serde_yaml::Mapping> = serde_yaml::from_str("
[INFO] [stdout]    |                                         ^^^^^^^^^^ use of undeclared crate or module `serde_yaml`
[INFO] [stdout] 
[INFO] [stdout] error: aborting due to 2 previous errors
[INFO] [stdout] 
[INFO] [stdout] For more information about this error, try `rustc --explain E0433`.
[INFO] [stdout] Couldn't compile the test.
[INFO] [stdout] 
[INFO] [stdout] failures:
[INFO] [stdout]     src/lib.rs - (line 36)
[INFO] [stdout]     src/lib.rs - (line 5)
[INFO] [stdout] 
[INFO] [stdout] test result: FAILED. 0 passed; 2 failed; 0 ignored; 0 measured; 0 filtered out; finished in 0.07s
[INFO] [stdout] 
[INFO] [stderr] error: doctest failed, to rerun pass `--doc`
[INFO] running `Command { std: "docker" "inspect" "9494368a6557e473ce861ce5ecfc66336e830424e60865bea884703aed35e3cf", kill_on_drop: false }`
[INFO] running `Command { std: "docker" "rm" "-f" "9494368a6557e473ce861ce5ecfc66336e830424e60865bea884703aed35e3cf", kill_on_drop: false }`
[INFO] [stdout] 9494368a6557e473ce861ce5ecfc66336e830424e60865bea884703aed35e3cf
