[INFO] fetching crate sequoia-chameleon-gnupg 0.11.2...
[INFO] testing sequoia-chameleon-gnupg-0.11.2 against nightly-2024-10-28+rustflags=-Zrandomize-layout for randomize-layout
[INFO] extracting crate sequoia-chameleon-gnupg 0.11.2 into /workspace/builds/worker-3-tc2/source
[INFO] validating manifest of crates.io crate sequoia-chameleon-gnupg 0.11.2 on toolchain nightly-2024-10-28
[INFO] running `Command { std: CARGO_HOME="/workspace/cargo-home" RUSTUP_HOME="/workspace/rustup-home" "/workspace/cargo-home/bin/cargo" "+nightly-2024-10-28" "metadata" "--manifest-path" "Cargo.toml" "--no-deps", kill_on_drop: false }`
[INFO] started tweaking crates.io crate sequoia-chameleon-gnupg 0.11.2
[INFO] removed 0 missing tests
[INFO] finished tweaking crates.io crate sequoia-chameleon-gnupg 0.11.2
[INFO] tweaked toml for crates.io crate sequoia-chameleon-gnupg 0.11.2 written to /workspace/builds/worker-3-tc2/source/Cargo.toml
[INFO] crate crates.io crate sequoia-chameleon-gnupg 0.11.2 already has a lockfile, it will not be regenerated
[INFO] running `Command { std: CARGO_HOME="/workspace/cargo-home" RUSTUP_HOME="/workspace/rustup-home" "/workspace/cargo-home/bin/cargo" "+nightly-2024-10-28" "fetch" "--manifest-path" "Cargo.toml", kill_on_drop: false }`
[INFO] running `Command { std: "docker" "create" "-v" "/var/lib/crater-agent-workspace/builds/worker-3-tc2/target:/opt/rustwide/target:rw,Z" "-v" "/var/lib/crater-agent-workspace/builds/worker-3-tc2/source:/opt/rustwide/workdir:ro,Z" "-v" "/var/lib/crater-agent-workspace/cargo-home:/opt/rustwide/cargo-home:ro,Z" "-v" "/var/lib/crater-agent-workspace/rustup-home:/opt/rustwide/rustup-home:ro,Z" "-e" "SOURCE_DIR=/opt/rustwide/workdir" "-e" "CARGO_TARGET_DIR=/opt/rustwide/target" "-e" "CARGO_HOME=/opt/rustwide/cargo-home" "-e" "RUSTUP_HOME=/opt/rustwide/rustup-home" "-w" "/opt/rustwide/workdir" "-m" "1610612736" "--user" "0:0" "--network" "none" "ghcr.io/rust-lang/crates-build-env/linux@sha256:4a844ea9eb2546a2d2c7022eacef16ef2e8229c7fbb2c7d4d55a9ceca922f72d" "/opt/rustwide/cargo-home/bin/cargo" "+nightly-2024-10-28" "metadata" "--no-deps" "--format-version=1", kill_on_drop: false }`
[INFO] [stdout] 03a12481cc5c872bdec261884d669167e8bf90d74b5ecf1c57e4e5aa342b702d
[INFO] running `Command { std: "docker" "start" "-a" "03a12481cc5c872bdec261884d669167e8bf90d74b5ecf1c57e4e5aa342b702d", kill_on_drop: false }`
[INFO] running `Command { std: "docker" "inspect" "03a12481cc5c872bdec261884d669167e8bf90d74b5ecf1c57e4e5aa342b702d", kill_on_drop: false }`
[INFO] running `Command { std: "docker" "rm" "-f" "03a12481cc5c872bdec261884d669167e8bf90d74b5ecf1c57e4e5aa342b702d", kill_on_drop: false }`
[INFO] [stdout] 03a12481cc5c872bdec261884d669167e8bf90d74b5ecf1c57e4e5aa342b702d
[INFO] running `Command { std: "docker" "create" "-v" "/var/lib/crater-agent-workspace/builds/worker-3-tc2/target:/opt/rustwide/target:rw,Z" "-v" "/var/lib/crater-agent-workspace/builds/worker-3-tc2/source:/opt/rustwide/workdir:ro,Z" "-v" "/var/lib/crater-agent-workspace/cargo-home:/opt/rustwide/cargo-home:ro,Z" "-v" "/var/lib/crater-agent-workspace/rustup-home:/opt/rustwide/rustup-home:ro,Z" "-e" "SOURCE_DIR=/opt/rustwide/workdir" "-e" "CARGO_TARGET_DIR=/opt/rustwide/target" "-e" "CARGO_INCREMENTAL=0" "-e" "RUST_BACKTRACE=full" "-e" "RUSTFLAGS=--cap-lints=forbid -Zrandomize-layout" "-e" "RUSTDOCFLAGS=--cap-lints=forbid" "-e" "CARGO_HOME=/opt/rustwide/cargo-home" "-e" "RUSTUP_HOME=/opt/rustwide/rustup-home" "-w" "/opt/rustwide/workdir" "-m" "1610612736" "--user" "0:0" "--network" "none" "ghcr.io/rust-lang/crates-build-env/linux@sha256:4a844ea9eb2546a2d2c7022eacef16ef2e8229c7fbb2c7d4d55a9ceca922f72d" "/opt/rustwide/cargo-home/bin/cargo" "+nightly-2024-10-28" "build" "--frozen" "--message-format=json", kill_on_drop: false }`
[INFO] [stdout] a82861883a6ff400070c9cdabe910d9e2b6ce76b48f84d9f90aa683621f3e956
[INFO] running `Command { std: "docker" "start" "-a" "a82861883a6ff400070c9cdabe910d9e2b6ce76b48f84d9f90aa683621f3e956", kill_on_drop: false }`
[INFO] [stderr]    Compiling proc-macro2 v1.0.86
[INFO] [stderr]    Compiling unicode-ident v1.0.12
[INFO] [stderr]    Compiling cfg-if v1.0.0
[INFO] [stderr]    Compiling libc v0.2.158
[INFO] [stderr]    Compiling autocfg v1.3.0
[INFO] [stderr]    Compiling once_cell v1.19.0
[INFO] [stderr]    Compiling pkg-config v0.3.30
[INFO] [stderr]    Compiling cc v1.1.15
[INFO] [stderr]    Compiling bitflags v2.6.0
[INFO] [stderr]    Compiling memchr v2.7.4
[INFO] [stderr]    Compiling version_check v0.9.5
[INFO] [stderr]    Compiling byteorder v1.5.0
[INFO] [stderr]    Compiling quote v1.0.37
[INFO] [stderr]    Compiling pin-project-lite v0.2.14
[INFO] [stderr]    Compiling regex-syntax v0.8.4
[INFO] [stderr]    Compiling parking_lot_core v0.9.10
[INFO] [stderr]    Compiling syn v2.0.76
[INFO] [stderr]    Compiling equivalent v1.0.1
[INFO] [stderr]    Compiling slab v0.4.9
[INFO] [stderr]    Compiling lock_api v0.4.12
[INFO] [stderr]    Compiling futures-core v0.3.30
[INFO] [stderr]    Compiling vcpkg v0.2.15
[INFO] [stderr]    Compiling typenum v1.17.0
[INFO] [stderr]    Compiling futures-sink v0.3.30
[INFO] [stderr]    Compiling thiserror v1.0.63
[INFO] [stderr]    Compiling scopeguard v1.2.0
[INFO] [stderr]    Compiling futures-io v0.3.30
[INFO] [stderr]    Compiling log v0.4.22
[INFO] [stderr]    Compiling futures-channel v0.3.30
[INFO] [stderr]    Compiling futures-task v0.3.30
[INFO] [stderr]    Compiling pin-utils v0.1.0
[INFO] [stderr]    Compiling bytes v1.7.1
[INFO] [stderr]    Compiling dirs-sys-next v0.1.2
[INFO] [stderr]    Compiling stable_deref_trait v1.2.0
[INFO] [stderr]    Compiling crunchy v0.2.2
[INFO] [stderr]    Compiling smallvec v1.13.2
[INFO] [stderr]    Compiling mio v1.0.2
[INFO] [stderr]    Compiling dirs-next v2.0.0
[INFO] [stderr]    Compiling socket2 v0.5.7
[INFO] [stderr]    Compiling signal-hook-registry v1.4.2
[INFO] [stderr]    Compiling regex-automata v0.4.7
[INFO] [stderr]    Compiling tiny-keccak v2.0.2
[INFO] [stderr]    Compiling hashbrown v0.14.5
[INFO] [stderr]    Compiling same-file v1.0.6
[INFO] [stderr]    Compiling rustix v0.38.35
[INFO] [stderr]    Compiling glob v0.3.1
[INFO] [stderr]    Compiling siphasher v0.3.11
[INFO] [stderr]    Compiling walkdir v2.5.0
[INFO] [stderr]    Compiling parking_lot v0.12.3
[INFO] [stderr]    Compiling clang-sys v1.8.1
[INFO] [stderr]    Compiling indexmap v2.4.0
[INFO] [stderr]    Compiling phf_shared v0.10.0
[INFO] [stderr]    Compiling term v0.7.0
[INFO] [stderr]    Compiling openssl-sys v0.9.103
[INFO] [stderr]    Compiling getrandom v0.2.15
[INFO] [stderr]    Compiling fixedbitset v0.4.2
[INFO] [stderr]    Compiling new_debug_unreachable v1.0.6
[INFO] [stderr]    Compiling precomputed-hash v0.1.1
[INFO] [stderr]    Compiling linux-raw-sys v0.4.14
[INFO] [stderr]    Compiling bit-vec v0.6.3
[INFO] [stderr]    Compiling either v1.13.0
[INFO] [stderr]    Compiling petgraph v0.6.5
[INFO] [stderr]    Compiling itertools v0.11.0
[INFO] [stderr]    Compiling bit-set v0.5.3
[INFO] [stderr]    Compiling ascii-canvas v3.0.0
[INFO] [stderr]    Compiling regex v1.10.6
[INFO] [stderr]    Compiling string_cache v0.8.7
[INFO] [stderr]    Compiling ena v0.14.3
[INFO] [stderr]    Compiling minimal-lexical v0.2.1
[INFO] [stderr]    Compiling synstructure v0.13.1
[INFO] [stderr]    Compiling lalrpop-util v0.20.2
[INFO] [stderr]    Compiling unicode-xid v0.2.5
[INFO] [stderr]    Compiling anyhow v1.0.86
[INFO] [stderr]    Compiling ahash v0.8.11
[INFO] [stderr]    Compiling libloading v0.8.5
[INFO] [stderr]    Compiling nom v7.1.3
[INFO] [stderr]    Compiling lazy_static v1.5.0
[INFO] [stderr]    Compiling bindgen v0.68.1
[INFO] [stderr]    Compiling fastrand v2.1.1
[INFO] [stderr]    Compiling litemap v0.7.3
[INFO] [stderr]    Compiling writeable v0.5.5
[INFO] [stderr]    Compiling lalrpop v0.20.2
[INFO] [stderr]    Compiling tinyvec_macros v0.1.1
[INFO] [stderr]    Compiling openssl v0.10.66
[INFO] [stderr]    Compiling peeking_take_while v0.1.2
[INFO] [stderr]    Compiling lazycell v1.3.0
[INFO] [stderr]    Compiling rustc-hash v1.1.0
[INFO] [stderr]    Compiling tempfile v3.12.0
[INFO] [stderr]    Compiling foreign-types-shared v0.1.1
[INFO] [stderr]    Compiling foreign-types v0.3.2
[INFO] [stderr]    Compiling tinyvec v1.8.0
[INFO] [stderr]    Compiling rand_core v0.6.4
[INFO] [stderr]    Compiling bzip2-sys v0.1.11+1.0.8
[INFO] [stderr]    Compiling tracing-core v0.1.32
[INFO] [stderr]    Compiling crossbeam-utils v0.8.20
[INFO] [stderr]    Compiling itoa v1.0.11
[INFO] [stderr]    Compiling icu_locid_transform_data v1.5.0
[INFO] [stderr]    Compiling zerocopy-derive v0.7.35
[INFO] [stderr]    Compiling futures-macro v0.3.30
[INFO] [stderr]    Compiling thiserror-impl v1.0.63
[INFO] [stderr]    Compiling zerofrom-derive v0.1.4
[INFO] [stderr]    Compiling yoke-derive v0.7.4
[INFO] [stderr]    Compiling futures-util v0.3.30
[INFO] [stderr]    Compiling tokio-macros v2.4.0
[INFO] [stderr]    Compiling zerocopy v0.7.35
[INFO] [stderr]    Compiling zerovec-derive v0.10.3
[INFO] [stderr]    Compiling tokio v1.39.3
[INFO] [stderr]    Compiling displaydoc v0.2.5
[INFO] [stderr]    Compiling cexpr v0.6.0
[INFO] [stderr]    Compiling zerofrom v0.1.4
[INFO] [stderr]    Compiling yoke v0.7.4
[INFO] [stderr]    Compiling icu_provider_macros v1.5.0
[INFO] [stderr]    Compiling ppv-lite86 v0.2.20
[INFO] [stderr]    Compiling tracing-attributes v0.1.27
[INFO] [stderr]    Compiling zerovec v0.10.4
[INFO] [stderr]    Compiling openssl-macros v0.1.1
[INFO] [stderr]    Compiling tinystr v0.7.6
[INFO] [stderr]    Compiling icu_collections v1.5.0
[INFO] [stderr]    Compiling icu_locid v1.5.0
[INFO] [stderr]    Compiling rand_chacha v0.3.1
[INFO] [stderr]    Compiling tracing v0.1.40
[INFO] [stderr]    Compiling icu_provider v1.5.0
[INFO] [stderr]    Compiling unicode-normalization v0.1.23
[INFO] [stderr]    Compiling icu_locid_transform v1.5.0
[INFO] [stderr]    Compiling serde v1.0.209
[INFO] [stderr]    Compiling icu_properties_data v1.5.0
[INFO] [stderr]    Compiling adler2 v2.0.0
[INFO] [stderr]    Compiling percent-encoding v2.3.1
[INFO] [stderr]    Compiling sha1collisiondetection v0.3.4
[INFO] [stderr]    Compiling unicode-bidi v0.3.15
[INFO] [stderr]    Compiling form_urlencoded v1.2.1
[INFO] [stderr]    Compiling miniz_oxide v0.8.0
[INFO] [stderr]    Compiling tokio-util v0.7.11
[INFO] [stderr]    Compiling icu_properties v1.5.1
[INFO] [stderr]    Compiling rand v0.8.5
[INFO] [stderr]    Compiling serde_derive v1.0.209
[INFO] [stderr]    Compiling generic-array v1.1.0
[INFO] [stderr]    Compiling aho-corasick v1.1.3
[INFO] [stderr]    Compiling crc32fast v1.4.2
[INFO] [stderr]    Compiling utf8_iter v1.0.4
[INFO] [stderr]    Compiling write16 v1.0.0
[INFO] [stderr]    Compiling icu_normalizer_data v1.5.0
[INFO] [stderr]    Compiling utf16_iter v1.0.5
[INFO] [stderr]    Compiling fnv v1.0.7
[INFO] [stderr]    Compiling http v0.2.12
[INFO] [stderr]    Compiling nettle-sys v2.3.0
[INFO] [stderr]    Compiling icu_normalizer v1.5.0
[INFO] [stderr]    Compiling flate2 v1.0.33
[INFO] [stderr]    Compiling sequoia-openpgp v1.21.2
[INFO] [stderr]    Compiling bzip2 v0.4.4
[INFO] [stderr]    Compiling idna v0.5.0
[INFO] [stderr]    Compiling generic-array v0.14.7
[INFO] [stderr]    Compiling libm v0.2.8
[INFO] [stderr]    Compiling native-tls v0.2.12
[INFO] [stderr]    Compiling utf8parse v0.2.2
[INFO] [stderr]    Compiling httparse v1.9.4
[INFO] [stderr]    Compiling option-ext v0.2.0
[INFO] [stderr]    Compiling dirs-sys v0.4.1
[INFO] [stderr]    Compiling anstyle-parse v0.2.5
[INFO] [stderr]    Compiling buffered-reader v1.3.1
[INFO] [stderr]    Compiling url v2.5.2
[INFO] [stderr]    Compiling idna v1.0.2
[INFO] [stderr]    Compiling num-traits v0.2.19
[INFO] [stderr]    Compiling dyn-clone v1.0.17
[INFO] [stderr]    Compiling colorchoice v1.0.2
[INFO] [stderr]    Compiling heck v0.4.1
[INFO] [stderr]    Compiling xxhash-rust v0.8.12
[INFO] [stderr]    Compiling base64 v0.22.1
[INFO] [stderr]    Compiling is_terminal_polyfill v1.70.1
[INFO] [stderr]    Compiling anstyle v1.0.8
[INFO] [stderr]    Compiling anstyle-query v1.1.1
[INFO] [stderr]    Compiling try-lock v0.2.5
[INFO] [stderr]    Compiling ipnet v2.9.0
[INFO] [stderr]    Compiling openssl-probe v0.1.5
[INFO] [stderr]    Compiling memsec v0.7.0
[INFO] [stderr]    Compiling want v0.3.1
[INFO] [stderr]    Compiling anstream v0.6.15
[INFO] [stderr]    Compiling h2 v0.3.26
[INFO] [stderr]    Compiling enum-as-inner v0.6.0
[INFO] [stderr]    Compiling dirs v5.0.1
[INFO] [stderr]    Compiling http-body v0.4.6
[INFO] [stderr]    Compiling crossbeam-epoch v0.9.18
[INFO] [stderr]    Compiling idna v0.4.0
[INFO] [stderr]    Compiling async-trait v0.1.81
[INFO] [stderr]    Compiling nettle v7.4.0
[INFO] [stderr]    Compiling clap_lex v0.7.2
[INFO] [stderr]    Compiling match_cfg v0.1.0
[INFO] [stderr]    Compiling semver v1.0.23
[INFO] [stderr]    Compiling data-encoding v2.6.0
[INFO] [stderr]    Compiling tower-service v0.3.3
[INFO] [stderr]    Compiling httpdate v1.0.3
[INFO] [stderr]    Compiling ryu v1.0.18
[INFO] [stderr]    Compiling base64 v0.21.7
[INFO] [stderr]    Compiling strsim v0.11.1
[INFO] [stderr]    Compiling hickory-proto v0.24.1
[INFO] [stderr]    Compiling hostname v0.3.1
[INFO] [stderr]    Compiling clap_builder v4.5.15
[INFO] [stderr]    Compiling crossbeam-deque v0.8.5
[INFO] [stderr]    Compiling tokio-native-tls v0.3.1
[INFO] [stderr]    Compiling futures-executor v0.3.30
[INFO] [stderr]    Compiling nibble_vec v0.1.0
[INFO] [stderr]    Compiling libsqlite3-sys v0.28.0
[INFO] [stderr]    Compiling linked-hash-map v0.5.6
[INFO] [stderr]    Compiling hyper v0.14.30
[INFO] [stderr]    Compiling endian-type v0.1.2
[INFO] [stderr]    Compiling rayon-core v1.12.1
[INFO] [stderr]    Compiling quick-error v1.2.3
[INFO] [stderr]    Compiling resolv-conf v0.7.0
[INFO] [stderr]    Compiling radix_trie v0.2.1
[INFO] [stderr]    Compiling lru-cache v0.1.2
[INFO] [stderr]    Compiling futures v0.3.30
[INFO] [stderr]    Compiling rustls-pemfile v1.0.4
[INFO] [stderr]    Compiling serde_urlencoded v0.7.1
[INFO] [stderr]    Compiling tokio-socks v0.5.2
[INFO] [stderr]    Compiling block-buffer v0.10.4
[INFO] [stderr]    Compiling crypto-common v0.1.6
[INFO] [stderr]    Compiling clap v4.5.16
[INFO] [stderr]    Compiling encoding_rs v0.8.34
[INFO] [stderr]    Compiling iana-time-zone v0.1.60
[INFO] [stderr]    Compiling capnp v0.19.6
[INFO] [stderr]    Compiling sync_wrapper v0.1.2
[INFO] [stderr]    Compiling mime v0.3.17
[INFO] [stderr]    Compiling chrono v0.4.38
[INFO] [stderr]    Compiling digest v0.10.7
[INFO] [stderr]    Compiling hyper-tls v0.5.0
[INFO] [stderr]    Compiling hickory-client v0.24.1
[INFO] [stderr]    Compiling capnp-futures v0.19.0
[INFO] [stderr]    Compiling reqwest v0.11.27
[INFO] [stderr]    Compiling hickory-resolver v0.24.1
[INFO] [stderr]    Compiling rustc_version v0.4.0
[INFO] [stderr]    Compiling sequoia-ipc v0.35.0
[INFO] [stderr]    Compiling crossbeam-queue v0.3.11
[INFO] [stderr]    Compiling crossbeam-channel v0.5.13
[INFO] [stderr]    Compiling hashlink v0.9.1
[INFO] [stderr]    Compiling fd-lock v4.0.2
[INFO] [stderr]    Compiling sequoia-policy-config v0.6.0
[INFO] [stderr]    Compiling z-base-32 v0.1.4
[INFO] [stderr]    Compiling fallible-iterator v0.3.0
[INFO] [stderr]    Compiling roff v0.2.2
[INFO] [stderr]    Compiling fallible-streaming-iterator v0.1.9
[INFO] [stderr]    Compiling clap_mangen v0.2.23
[INFO] [stderr]    Compiling rusqlite v0.31.0
[INFO] [stderr]    Compiling openpgp-cert-d v0.3.2
[INFO] [stderr]    Compiling crossbeam v0.8.4
[INFO] [stderr]    Compiling rayon v1.10.0
[INFO] [stderr]    Compiling interprocess v1.2.1
[INFO] [stderr]    Compiling capnp-rpc v0.19.2
[INFO] [stderr]    Compiling clap_complete v4.5.24
[INFO] [stderr]    Compiling toml v0.5.11
[INFO] [stderr]    Compiling sequoia-gpg-agent v0.4.2
[INFO] [stderr]    Compiling sequoia-wot v0.12.0
[INFO] [stderr]    Compiling fs2 v0.4.3
[INFO] [stderr]    Compiling gethostname v0.4.3
[INFO] [stderr]    Compiling num_cpus v1.16.0
[INFO] [stderr]    Compiling cpufeatures v0.2.13
[INFO] [stderr]    Compiling serde_json v1.0.127
[INFO] [stderr]    Compiling sha2 v0.10.8
[INFO] [stderr]    Compiling sequoia-chameleon-gnupg v0.11.2 (/opt/rustwide/workdir)
[INFO] [stderr]    Compiling md-5 v0.10.6
[INFO] [stderr]    Compiling enumber v0.3.1
[INFO] [stderr]    Compiling rtoolbox v0.0.2
[INFO] [stderr]    Compiling to_method v1.1.0
[INFO] [stderr]    Compiling stfu8 v0.2.7
[INFO] [stderr] warning: sequoia-chameleon-gnupg@0.11.2: shell completions written to /opt/rustwide/target/debug/build/sequoia-chameleon-gnupg-a2edf9bea117e4fa/out/shell-completions
[INFO] [stderr] warning: sequoia-chameleon-gnupg@0.11.2: man pages written to /opt/rustwide/target/debug/build/sequoia-chameleon-gnupg-a2edf9bea117e4fa/out/man-pages
[INFO] [stderr]    Compiling rpassword v7.3.1
[INFO] [stderr]    Compiling openssh-keys v0.6.4
[INFO] [stderr]    Compiling rand_distr v0.4.3
[INFO] [stderr]    Compiling shellexpand v3.1.0
[INFO] [stderr]    Compiling daemonize v0.5.0
[INFO] [stderr]    Compiling filetime v0.2.24
[INFO] [stderr]    Compiling sequoia-net v0.28.0
[INFO] [stderr]    Compiling sequoia-cert-store v0.6.0
[INFO] [stdout] warning: use of deprecated method `chrono::NaiveDateTime::timestamp`: use `.and_utc().timestamp()` instead
[INFO] [stdout]    --> src/utils.rs:293:23
[INFO] [stdout]     |
[INFO] [stdout] 293 |                 naive.timestamp().try_into()?, 0))
[INFO] [stdout]     |                       ^^^^^^^^^
[INFO] [stdout]     |
[INFO] [stdout]     = note: `#[warn(deprecated)]` on by default
[INFO] [stdout] 
[INFO] [stdout] 
[INFO] [stdout] warning: use of deprecated associated function `chrono::DateTime::<Tz>::from_utc`: Use TimeZone::from_utc_datetime() or DateTime::from_naive_utc_and_offset instead
[INFO] [stdout]    --> src/utils.rs:338:45
[INFO] [stdout]     |
[INFO] [stdout] 338 |                 let dtu = chrono::DateTime::from_utc(dt, chrono::Utc);
[INFO] [stdout]     |                                             ^^^^^^^^
[INFO] [stdout] 
[INFO] [stdout] 
[INFO] [stdout] warning: use of deprecated method `chrono::NaiveDateTime::timestamp`: use `.and_utc().timestamp()` instead
[INFO] [stdout]    --> src/utils.rs:293:23
[INFO] [stdout]     |
[INFO] [stdout] 293 |                 naive.timestamp().try_into()?, 0))
[INFO] [stdout]     |                       ^^^^^^^^^
[INFO] [stdout]     |
[INFO] [stdout]     = note: `#[warn(deprecated)]` on by default
[INFO] [stdout] 
[INFO] [stdout] 
[INFO] [stdout] warning: use of deprecated associated function `chrono::DateTime::<Tz>::from_utc`: Use TimeZone::from_utc_datetime() or DateTime::from_naive_utc_and_offset instead
[INFO] [stdout]    --> src/utils.rs:338:45
[INFO] [stdout]     |
[INFO] [stdout] 338 |                 let dtu = chrono::DateTime::from_utc(dt, chrono::Utc);
[INFO] [stdout]     |                                             ^^^^^^^^
[INFO] [stdout] 
[INFO] [stdout] 
[INFO] [stdout] warning: field `0` is never read
[INFO] [stdout]    --> src/generate_key.rs:404:12
[INFO] [stdout]     |
[INFO] [stdout] 404 |     Handle(String),
[INFO] [stdout]     |     ------ ^^^^^^
[INFO] [stdout]     |     |
[INFO] [stdout]     |     field in this variant
[INFO] [stdout]     |
[INFO] [stdout]     = note: `Parameter` has a derived impl for the trait `Debug`, but this is intentionally ignored during dead code analysis
[INFO] [stdout]     = note: `#[warn(dead_code)]` on by default
[INFO] [stdout] help: consider changing the field to be of unit type to suppress this warning while preserving the field numbering, or remove the field
[INFO] [stdout]     |
[INFO] [stdout] 404 |     Handle(()),
[INFO] [stdout]     |            ~~
[INFO] [stdout] 
[INFO] [stdout] 
[INFO] [stdout] warning: field `0` is never read
[INFO] [stdout]    --> src/generate_key.rs:406:13
[INFO] [stdout]     |
[INFO] [stdout] 406 |     KeyGrip(Keygrip),
[INFO] [stdout]     |     ------- ^^^^^^^
[INFO] [stdout]     |     |
[INFO] [stdout]     |     field in this variant
[INFO] [stdout]     |
[INFO] [stdout]     = note: `Parameter` has a derived impl for the trait `Debug`, but this is intentionally ignored during dead code analysis
[INFO] [stdout] help: consider changing the field to be of unit type to suppress this warning while preserving the field numbering, or remove the field
[INFO] [stdout]     |
[INFO] [stdout] 406 |     KeyGrip(()),
[INFO] [stdout]     |             ~~
[INFO] [stdout] 
[INFO] [stdout] 
[INFO] [stdout] warning: field `0` is never read
[INFO] [stdout]    --> src/generate_key.rs:407:16
[INFO] [stdout]     |
[INFO] [stdout] 407 |     SubkeyGrip(Keygrip),
[INFO] [stdout]     |     ---------- ^^^^^^^
[INFO] [stdout]     |     |
[INFO] [stdout]     |     field in this variant
[INFO] [stdout]     |
[INFO] [stdout]     = note: `Parameter` has a derived impl for the trait `Debug`, but this is intentionally ignored during dead code analysis
[INFO] [stdout] help: consider changing the field to be of unit type to suppress this warning while preserving the field numbering, or remove the field
[INFO] [stdout]     |
[INFO] [stdout] 407 |     SubkeyGrip(()),
[INFO] [stdout]     |                ~~
[INFO] [stdout] 
[INFO] [stdout] 
[INFO] [stdout] warning: unused return value of `into_raw_fd` that must be used
[INFO] [stdout]     --> src/gpg.rs:2419:9
[INFO] [stdout]      |
[INFO] [stdout] 2419 |         pwfd.into_raw_fd();
[INFO] [stdout]      |         ^^^^^^^^^^^^^^^^^^
[INFO] [stdout]      |
[INFO] [stdout]      = note: losing the raw file descriptor may leak resources
[INFO] [stdout]      = note: `#[warn(unused_must_use)]` on by default
[INFO] [stdout] help: use `let _ = ...` to ignore the resulting value
[INFO] [stdout]      |
[INFO] [stdout] 2419 |         let _ = pwfd.into_raw_fd();
[INFO] [stdout]      |         +++++++
[INFO] [stdout] 
[INFO] [stdout] 
[INFO] [stderr]     Finished `dev` profile [unoptimized + debuginfo] target(s) in 1m 11s
[INFO] running `Command { std: "docker" "inspect" "a82861883a6ff400070c9cdabe910d9e2b6ce76b48f84d9f90aa683621f3e956", kill_on_drop: false }`
[INFO] running `Command { std: "docker" "rm" "-f" "a82861883a6ff400070c9cdabe910d9e2b6ce76b48f84d9f90aa683621f3e956", kill_on_drop: false }`
[INFO] [stdout] a82861883a6ff400070c9cdabe910d9e2b6ce76b48f84d9f90aa683621f3e956
[INFO] running `Command { std: "docker" "create" "-v" "/var/lib/crater-agent-workspace/builds/worker-3-tc2/target:/opt/rustwide/target:rw,Z" "-v" "/var/lib/crater-agent-workspace/builds/worker-3-tc2/source:/opt/rustwide/workdir:ro,Z" "-v" "/var/lib/crater-agent-workspace/cargo-home:/opt/rustwide/cargo-home:ro,Z" "-v" "/var/lib/crater-agent-workspace/rustup-home:/opt/rustwide/rustup-home:ro,Z" "-e" "SOURCE_DIR=/opt/rustwide/workdir" "-e" "CARGO_TARGET_DIR=/opt/rustwide/target" "-e" "CARGO_INCREMENTAL=0" "-e" "RUST_BACKTRACE=full" "-e" "RUSTFLAGS=--cap-lints=forbid -Zrandomize-layout" "-e" "RUSTDOCFLAGS=--cap-lints=forbid" "-e" "CARGO_HOME=/opt/rustwide/cargo-home" "-e" "RUSTUP_HOME=/opt/rustwide/rustup-home" "-w" "/opt/rustwide/workdir" "-m" "1610612736" "--user" "0:0" "--network" "none" "ghcr.io/rust-lang/crates-build-env/linux@sha256:4a844ea9eb2546a2d2c7022eacef16ef2e8229c7fbb2c7d4d55a9ceca922f72d" "/opt/rustwide/cargo-home/bin/cargo" "+nightly-2024-10-28" "test" "--frozen" "--no-run" "--message-format=json", kill_on_drop: false }`
[INFO] [stdout] 6c7b2857cbc07cd297a4300a6c3db97fcf5dfdd63c965fcfa6fa7ebd8d759d6d
[INFO] running `Command { std: "docker" "start" "-a" "6c7b2857cbc07cd297a4300a6c3db97fcf5dfdd63c965fcfa6fa7ebd8d759d6d", kill_on_drop: false }`
[INFO] [stderr]    Compiling backtrace v0.3.73
[INFO] [stderr]    Compiling gimli v0.29.0
[INFO] [stderr]    Compiling serde v1.0.209
[INFO] [stderr]    Compiling adler v1.0.2
[INFO] [stderr]    Compiling object v0.36.3
[INFO] [stderr]    Compiling anyhow v1.0.86
[INFO] [stderr]    Compiling rustc-demangle v0.1.24
[INFO] [stderr]    Compiling num-traits v0.2.19
[INFO] [stderr]    Compiling miniz_oxide v0.7.4
[INFO] [stderr]    Compiling syn v1.0.109
[INFO] [stderr]    Compiling ident_case v1.0.1
[INFO] [stderr]    Compiling winnow v0.6.18
[INFO] [stderr]    Compiling darling_core v0.20.10
[INFO] [stderr]    Compiling toml_datetime v0.6.8
[INFO] [stderr]    Compiling sequoia-wot v0.12.0
[INFO] [stderr]    Compiling sequoia-chameleon-gnupg v0.11.2 (/opt/rustwide/workdir)
[INFO] [stderr]    Compiling chrono v0.4.38
[INFO] [stderr] warning: sequoia-chameleon-gnupg@0.11.2: shell completions written to /opt/rustwide/target/debug/build/sequoia-chameleon-gnupg-aa7943f9152eec1a/out/shell-completions
[INFO] [stderr] warning: sequoia-chameleon-gnupg@0.11.2: man pages written to /opt/rustwide/target/debug/build/sequoia-chameleon-gnupg-aa7943f9152eec1a/out/man-pages
[INFO] [stderr]    Compiling rand_distr v0.4.3
[INFO] [stderr]    Compiling addr2line v0.22.0
[INFO] [stderr]    Compiling toml_edit v0.22.20
[INFO] [stderr]    Compiling streaming-stats v0.1.29
[INFO] [stderr]    Compiling tar v0.4.41
[INFO] [stderr]    Compiling histo v1.0.0
[INFO] [stderr]    Compiling serde_urlencoded v0.7.1
[INFO] [stderr]    Compiling toml v0.5.11
[INFO] [stderr]    Compiling serde_json v1.0.127
[INFO] [stderr]    Compiling reqwest v0.11.27
[INFO] [stderr]    Compiling darling_macro v0.20.10
[INFO] [stderr]    Compiling diff v0.1.13
[INFO] [stderr]    Compiling darling v0.20.10
[INFO] [stderr]    Compiling proc-macro-crate v3.2.0
[INFO] [stderr]    Compiling sequoia-openpgp v1.21.2
[INFO] [stderr]    Compiling openpgp-cert-d v0.3.2
[INFO] [stderr]    Compiling serde_with_macros v3.9.0
[INFO] [stderr]    Compiling editdistancek v1.0.2
[INFO] [stderr]    Compiling ntest_test_cases v0.9.3
[INFO] [stderr]    Compiling ntest_timeout v0.9.3
[INFO] [stderr]    Compiling serde_with v3.9.0
[INFO] [stderr]    Compiling ntest v0.9.3
[INFO] [stderr]    Compiling sequoia-net v0.28.0
[INFO] [stderr]    Compiling sequoia-policy-config v0.6.0
[INFO] [stderr]    Compiling sequoia-ipc v0.35.0
[INFO] [stderr]    Compiling sequoia-gpg-agent v0.4.2
[INFO] [stderr]    Compiling sequoia-cert-store v0.6.0
[INFO] [stdout] warning: use of deprecated method `chrono::NaiveDateTime::timestamp`: use `.and_utc().timestamp()` instead
[INFO] [stdout]    --> src/utils.rs:293:23
[INFO] [stdout]     |
[INFO] [stdout] 293 |                 naive.timestamp().try_into()?, 0))
[INFO] [stdout]     |                       ^^^^^^^^^
[INFO] [stdout]     |
[INFO] [stdout]     = note: `#[warn(deprecated)]` on by default
[INFO] [stdout] 
[INFO] [stdout] 
[INFO] [stdout] warning: use of deprecated associated function `chrono::DateTime::<Tz>::from_utc`: Use TimeZone::from_utc_datetime() or DateTime::from_naive_utc_and_offset instead
[INFO] [stdout]    --> src/utils.rs:338:45
[INFO] [stdout]     |
[INFO] [stdout] 338 |                 let dtu = chrono::DateTime::from_utc(dt, chrono::Utc);
[INFO] [stdout]     |                                             ^^^^^^^^
[INFO] [stdout] 
[INFO] [stdout] 
[INFO] [stdout] warning: use of deprecated method `chrono::NaiveDateTime::timestamp`: use `.and_utc().timestamp()` instead
[INFO] [stdout]    --> src/utils.rs:293:23
[INFO] [stdout]     |
[INFO] [stdout] 293 |                 naive.timestamp().try_into()?, 0))
[INFO] [stdout]     |                       ^^^^^^^^^
[INFO] [stdout]     |
[INFO] [stdout]     = note: `#[warn(deprecated)]` on by default
[INFO] [stdout] 
[INFO] [stdout] 
[INFO] [stdout] warning: use of deprecated associated function `chrono::DateTime::<Tz>::from_utc`: Use TimeZone::from_utc_datetime() or DateTime::from_naive_utc_and_offset instead
[INFO] [stdout]    --> src/utils.rs:338:45
[INFO] [stdout]     |
[INFO] [stdout] 338 |                 let dtu = chrono::DateTime::from_utc(dt, chrono::Utc);
[INFO] [stdout]     |                                             ^^^^^^^^
[INFO] [stdout] 
[INFO] [stdout] 
[INFO] [stdout] warning: use of deprecated method `chrono::NaiveDateTime::timestamp`: use `.and_utc().timestamp()` instead
[INFO] [stdout]    --> src/utils.rs:293:23
[INFO] [stdout]     |
[INFO] [stdout] 293 |                 naive.timestamp().try_into()?, 0))
[INFO] [stdout]     |                       ^^^^^^^^^
[INFO] [stdout]     |
[INFO] [stdout]     = note: `#[warn(deprecated)]` on by default
[INFO] [stdout] 
[INFO] [stdout] 
[INFO] [stdout] warning: use of deprecated associated function `chrono::DateTime::<Tz>::from_utc`: Use TimeZone::from_utc_datetime() or DateTime::from_naive_utc_and_offset instead
[INFO] [stdout]    --> src/utils.rs:338:45
[INFO] [stdout]     |
[INFO] [stdout] 338 |                 let dtu = chrono::DateTime::from_utc(dt, chrono::Utc);
[INFO] [stdout]     |                                             ^^^^^^^^
[INFO] [stdout] 
[INFO] [stdout] 
[INFO] [stdout] warning: use of deprecated method `chrono::NaiveDateTime::timestamp`: use `.and_utc().timestamp()` instead
[INFO] [stdout]    --> src/utils.rs:293:23
[INFO] [stdout]     |
[INFO] [stdout] 293 |                 naive.timestamp().try_into()?, 0))
[INFO] [stdout]     |                       ^^^^^^^^^
[INFO] [stdout]     |
[INFO] [stdout]     = note: `#[warn(deprecated)]` on by default
[INFO] [stdout] 
[INFO] [stdout] 
[INFO] [stdout] warning: use of deprecated associated function `chrono::DateTime::<Tz>::from_utc`: Use TimeZone::from_utc_datetime() or DateTime::from_naive_utc_and_offset instead
[INFO] [stdout]    --> src/utils.rs:338:45
[INFO] [stdout]     |
[INFO] [stdout] 338 |                 let dtu = chrono::DateTime::from_utc(dt, chrono::Utc);
[INFO] [stdout]     |                                             ^^^^^^^^
[INFO] [stdout] 
[INFO] [stdout] 
[INFO] [stdout] warning: field `0` is never read
[INFO] [stdout]    --> src/generate_key.rs:404:12
[INFO] [stdout]     |
[INFO] [stdout] 404 |     Handle(String),
[INFO] [stdout]     |     ------ ^^^^^^
[INFO] [stdout]     |     |
[INFO] [stdout]     |     field in this variant
[INFO] [stdout]     |
[INFO] [stdout]     = note: `Parameter` has a derived impl for the trait `Debug`, but this is intentionally ignored during dead code analysis
[INFO] [stdout]     = note: `#[warn(dead_code)]` on by default
[INFO] [stdout] help: consider changing the field to be of unit type to suppress this warning while preserving the field numbering, or remove the field
[INFO] [stdout]     |
[INFO] [stdout] 404 |     Handle(()),
[INFO] [stdout]     |            ~~
[INFO] [stdout] 
[INFO] [stdout] 
[INFO] [stdout] warning: field `0` is never read
[INFO] [stdout]    --> src/generate_key.rs:404:12
[INFO] [stdout]     |
[INFO] [stdout] 404 |     Handle(String),
[INFO] [stdout]     |     ------ ^^^^^^
[INFO] [stdout]     |     |
[INFO] [stdout]     |     field in this variant
[INFO] [stdout]     |
[INFO] [stdout]     = note: `Parameter` has a derived impl for the trait `Debug`, but this is intentionally ignored during dead code analysis
[INFO] [stdout]     = note: `#[warn(dead_code)]` on by default
[INFO] [stdout] help: consider changing the field to be of unit type to suppress this warning while preserving the field numbering, or remove the field
[INFO] [stdout]     |
[INFO] [stdout] 404 |     Handle(()),
[INFO] [stdout]     |            ~~
[INFO] [stdout] 
[INFO] [stdout] 
[INFO] [stdout] warning: field `0` is never read
[INFO] [stdout]    --> src/generate_key.rs:406:13
[INFO] [stdout]     |
[INFO] [stdout] 406 |     KeyGrip(Keygrip),
[INFO] [stdout]     |     ------- ^^^^^^^
[INFO] [stdout]     |     |
[INFO] [stdout]     |     field in this variant
[INFO] [stdout]     |
[INFO] [stdout]     = note: `Parameter` has a derived impl for the trait `Debug`, but this is intentionally ignored during dead code analysis
[INFO] [stdout] help: consider changing the field to be of unit type to suppress this warning while preserving the field numbering, or remove the field
[INFO] [stdout]     |
[INFO] [stdout] 406 |     KeyGrip(()),
[INFO] [stdout]     |             ~~
[INFO] [stdout] 
[INFO] [stdout] 
[INFO] [stdout] warning: field `0` is never read
[INFO] [stdout]    --> src/generate_key.rs:407:16
[INFO] [stdout]     |
[INFO] [stdout] 407 |     SubkeyGrip(Keygrip),
[INFO] [stdout]     |     ---------- ^^^^^^^
[INFO] [stdout]     |     |
[INFO] [stdout]     |     field in this variant
[INFO] [stdout]     |
[INFO] [stdout]     = note: `Parameter` has a derived impl for the trait `Debug`, but this is intentionally ignored during dead code analysis
[INFO] [stdout] help: consider changing the field to be of unit type to suppress this warning while preserving the field numbering, or remove the field
[INFO] [stdout]     |
[INFO] [stdout] 407 |     SubkeyGrip(()),
[INFO] [stdout]     |                ~~
[INFO] [stdout] 
[INFO] [stdout] 
[INFO] [stdout] warning: field `0` is never read
[INFO] [stdout]    --> src/generate_key.rs:406:13
[INFO] [stdout]     |
[INFO] [stdout] 406 |     KeyGrip(Keygrip),
[INFO] [stdout]     |     ------- ^^^^^^^
[INFO] [stdout]     |     |
[INFO] [stdout]     |     field in this variant
[INFO] [stdout]     |
[INFO] [stdout]     = note: `Parameter` has a derived impl for the trait `Debug`, but this is intentionally ignored during dead code analysis
[INFO] [stdout] help: consider changing the field to be of unit type to suppress this warning while preserving the field numbering, or remove the field
[INFO] [stdout]     |
[INFO] [stdout] 406 |     KeyGrip(()),
[INFO] [stdout]     |             ~~
[INFO] [stdout] 
[INFO] [stdout] 
[INFO] [stdout] warning: field `0` is never read
[INFO] [stdout]    --> src/generate_key.rs:407:16
[INFO] [stdout]     |
[INFO] [stdout] 407 |     SubkeyGrip(Keygrip),
[INFO] [stdout]     |     ---------- ^^^^^^^
[INFO] [stdout]     |     |
[INFO] [stdout]     |     field in this variant
[INFO] [stdout]     |
[INFO] [stdout]     = note: `Parameter` has a derived impl for the trait `Debug`, but this is intentionally ignored during dead code analysis
[INFO] [stdout] help: consider changing the field to be of unit type to suppress this warning while preserving the field numbering, or remove the field
[INFO] [stdout]     |
[INFO] [stdout] 407 |     SubkeyGrip(()),
[INFO] [stdout]     |                ~~
[INFO] [stdout] 
[INFO] [stdout] 
[INFO] [stdout] warning: unused return value of `into_raw_fd` that must be used
[INFO] [stdout]     --> src/gpg.rs:2419:9
[INFO] [stdout]      |
[INFO] [stdout] 2419 |         pwfd.into_raw_fd();
[INFO] [stdout]      |         ^^^^^^^^^^^^^^^^^^
[INFO] [stdout]      |
[INFO] [stdout]      = note: losing the raw file descriptor may leak resources
[INFO] [stdout]      = note: `#[warn(unused_must_use)]` on by default
[INFO] [stdout] help: use `let _ = ...` to ignore the resulting value
[INFO] [stdout]      |
[INFO] [stdout] 2419 |         let _ = pwfd.into_raw_fd();
[INFO] [stdout]      |         +++++++
[INFO] [stdout] 
[INFO] [stdout] 
[INFO] [stdout] warning: unused return value of `into_raw_fd` that must be used
[INFO] [stdout]     --> src/gpg.rs:2419:9
[INFO] [stdout]      |
[INFO] [stdout] 2419 |         pwfd.into_raw_fd();
[INFO] [stdout]      |         ^^^^^^^^^^^^^^^^^^
[INFO] [stdout]      |
[INFO] [stdout]      = note: losing the raw file descriptor may leak resources
[INFO] [stdout]      = note: `#[warn(unused_must_use)]` on by default
[INFO] [stdout] help: use `let _ = ...` to ignore the resulting value
[INFO] [stdout]      |
[INFO] [stdout] 2419 |         let _ = pwfd.into_raw_fd();
[INFO] [stdout]      |         +++++++
[INFO] [stdout] 
[INFO] [stdout] 
[INFO] [stderr]     Finished `test` profile [unoptimized + debuginfo] target(s) in 30.77s
[INFO] running `Command { std: "docker" "inspect" "6c7b2857cbc07cd297a4300a6c3db97fcf5dfdd63c965fcfa6fa7ebd8d759d6d", kill_on_drop: false }`
[INFO] running `Command { std: "docker" "rm" "-f" "6c7b2857cbc07cd297a4300a6c3db97fcf5dfdd63c965fcfa6fa7ebd8d759d6d", kill_on_drop: false }`
[INFO] [stdout] 6c7b2857cbc07cd297a4300a6c3db97fcf5dfdd63c965fcfa6fa7ebd8d759d6d
[INFO] running `Command { std: "docker" "create" "-v" "/var/lib/crater-agent-workspace/builds/worker-3-tc2/target:/opt/rustwide/target:rw,Z" "-v" "/var/lib/crater-agent-workspace/builds/worker-3-tc2/source:/opt/rustwide/workdir:ro,Z" "-v" "/var/lib/crater-agent-workspace/cargo-home:/opt/rustwide/cargo-home:ro,Z" "-v" "/var/lib/crater-agent-workspace/rustup-home:/opt/rustwide/rustup-home:ro,Z" "-e" "SOURCE_DIR=/opt/rustwide/workdir" "-e" "CARGO_TARGET_DIR=/opt/rustwide/target" "-e" "CARGO_INCREMENTAL=0" "-e" "RUST_BACKTRACE=full" "-e" "RUSTFLAGS=--cap-lints=forbid -Zrandomize-layout" "-e" "RUSTDOCFLAGS=--cap-lints=forbid" "-e" "CARGO_HOME=/opt/rustwide/cargo-home" "-e" "RUSTUP_HOME=/opt/rustwide/rustup-home" "-w" "/opt/rustwide/workdir" "-m" "1610612736" "--user" "0:0" "--network" "none" "ghcr.io/rust-lang/crates-build-env/linux@sha256:4a844ea9eb2546a2d2c7022eacef16ef2e8229c7fbb2c7d4d55a9ceca922f72d" "/opt/rustwide/cargo-home/bin/cargo" "+nightly-2024-10-28" "test" "--frozen", kill_on_drop: false }`
[INFO] [stdout] 19ed13817cedb53140f461b1449b7defc6e5c5c4c7f96ff65c9996590f363b4e
[INFO] running `Command { std: "docker" "start" "-a" "19ed13817cedb53140f461b1449b7defc6e5c5c4c7f96ff65c9996590f363b4e", kill_on_drop: false }`
[INFO] [stderr] warning: sequoia-chameleon-gnupg@0.11.2: shell completions written to /opt/rustwide/target/debug/build/sequoia-chameleon-gnupg-aa7943f9152eec1a/out/shell-completions
[INFO] [stderr] warning: sequoia-chameleon-gnupg@0.11.2: man pages written to /opt/rustwide/target/debug/build/sequoia-chameleon-gnupg-aa7943f9152eec1a/out/man-pages
[INFO] [stderr] warning: use of deprecated method `chrono::NaiveDateTime::timestamp`: use `.and_utc().timestamp()` instead
[INFO] [stderr]    --> src/utils.rs:293:23
[INFO] [stderr]     |
[INFO] [stderr] 293 |                 naive.timestamp().try_into()?, 0))
[INFO] [stderr]     |                       ^^^^^^^^^
[INFO] [stderr]     |
[INFO] [stderr]     = note: `#[warn(deprecated)]` on by default
[INFO] [stderr] 
[INFO] [stderr] warning: use of deprecated associated function `chrono::DateTime::<Tz>::from_utc`: Use TimeZone::from_utc_datetime() or DateTime::from_naive_utc_and_offset instead
[INFO] [stderr]    --> src/utils.rs:338:45
[INFO] [stderr]     |
[INFO] [stderr] 338 |                 let dtu = chrono::DateTime::from_utc(dt, chrono::Utc);
[INFO] [stderr]     |                                             ^^^^^^^^
[INFO] [stderr] 
[INFO] [stderr] warning: field `0` is never read
[INFO] [stderr]    --> src/generate_key.rs:404:12
[INFO] [stderr]     |
[INFO] [stderr] 404 |     Handle(String),
[INFO] [stderr]     |     ------ ^^^^^^
[INFO] [stderr]     |     |
[INFO] [stderr]     |     field in this variant
[INFO] [stderr]     |
[INFO] [stderr]     = note: `Parameter` has a derived impl for the trait `Debug`, but this is intentionally ignored during dead code analysis
[INFO] [stderr]     = note: `#[warn(dead_code)]` on by default
[INFO] [stderr] help: consider changing the field to be of unit type to suppress this warning while preserving the field numbering, or remove the field
[INFO] [stderr]     |
[INFO] [stderr] 404 |     Handle(()),
[INFO] [stderr]     |            ~~
[INFO] [stderr] 
[INFO] [stderr] warning: field `0` is never read
[INFO] [stderr]    --> src/generate_key.rs:406:13
[INFO] [stderr]     |
[INFO] [stderr] 406 |     KeyGrip(Keygrip),
[INFO] [stderr]     |     ------- ^^^^^^^
[INFO] [stderr]     |     |
[INFO] [stderr]     |     field in this variant
[INFO] [stderr]     |
[INFO] [stderr]     = note: `Parameter` has a derived impl for the trait `Debug`, but this is intentionally ignored during dead code analysis
[INFO] [stderr] help: consider changing the field to be of unit type to suppress this warning while preserving the field numbering, or remove the field
[INFO] [stderr]     |
[INFO] [stderr] 406 |     KeyGrip(()),
[INFO] [stderr]     |             ~~
[INFO] [stderr] 
[INFO] [stderr] warning: field `0` is never read
[INFO] [stderr]    --> src/generate_key.rs:407:16
[INFO] [stderr]     |
[INFO] [stderr] 407 |     SubkeyGrip(Keygrip),
[INFO] [stderr]     |     ---------- ^^^^^^^
[INFO] [stderr]     |     |
[INFO] [stderr]     |     field in this variant
[INFO] [stderr]     |
[INFO] [stderr]     = note: `Parameter` has a derived impl for the trait `Debug`, but this is intentionally ignored during dead code analysis
[INFO] [stderr] help: consider changing the field to be of unit type to suppress this warning while preserving the field numbering, or remove the field
[INFO] [stderr]     |
[INFO] [stderr] 407 |     SubkeyGrip(()),
[INFO] [stderr]     |                ~~
[INFO] [stderr] 
[INFO] [stderr] warning: unused return value of `into_raw_fd` that must be used
[INFO] [stderr]     --> src/gpg.rs:2419:9
[INFO] [stderr]      |
[INFO] [stderr] 2419 |         pwfd.into_raw_fd();
[INFO] [stderr]      |         ^^^^^^^^^^^^^^^^^^
[INFO] [stderr]      |
[INFO] [stderr]      = note: losing the raw file descriptor may leak resources
[INFO] [stderr]      = note: `#[warn(unused_must_use)]` on by default
[INFO] [stderr] help: use `let _ = ...` to ignore the resulting value
[INFO] [stderr]      |
[INFO] [stderr] 2419 |         let _ = pwfd.into_raw_fd();
[INFO] [stderr]      |         +++++++
[INFO] [stderr] 
[INFO] [stderr] warning: `sequoia-chameleon-gnupg` (bin "gpgv-sq") generated 2 warnings
[INFO] [stderr] warning: `sequoia-chameleon-gnupg` (bin "gpg-sq") generated 6 warnings (2 duplicates)
[INFO] [stderr] warning: `sequoia-chameleon-gnupg` (bin "gpgv-sq" test) generated 2 warnings (2 duplicates)
[INFO] [stderr] warning: `sequoia-chameleon-gnupg` (bin "gpg-sq" test) generated 6 warnings (6 duplicates)
[INFO] [stderr]     Finished `test` profile [unoptimized + debuginfo] target(s) in 0.49s
[INFO] [stderr]      Running unittests src/gpg.rs (/opt/rustwide/target/debug/deps/gpg_sq-4b7caceb90c182ad)
[INFO] [stdout] 
[INFO] [stdout] running 7 tests
[INFO] [stderr] gpg: Note: "-q" is not considered an option
[INFO] [stdout] test argparse::options::tests::splitting ... ok
[INFO] [stderr] gpg: Note: "-q" is not considered an option
[INFO] [stdout] test argparse::options::tests::import_options ... ok
[INFO] [stderr] gpg: Note: "--status-fd" is not considered an option
[INFO] [stdout] test argparse::options::tests::tokenizing ... ok
[INFO] [stderr] gpg: Note: "--quiet" is not considered an option
[INFO] [stdout] test argparse::tests::commandline ... ok
[INFO] [stdout] test utils::tests::robustly_canonicalize ... ok
[INFO] [stdout] test utils::tests::parse_expiration ... ok
[INFO] [stdout] test argparse::tests::file ... ok
[INFO] [stdout] 
[INFO] [stdout] test result: ok. 7 passed; 0 failed; 0 ignored; 0 measured; 0 filtered out; finished in 0.00s
[INFO] [stdout] 
[INFO] [stderr]      Running unittests src/gpgv.rs (/opt/rustwide/target/debug/deps/gpgv_sq-8db75861745dd928)
[INFO] [stdout] 
[INFO] [stdout] running 7 tests
[INFO] [stdout] test utils::tests::robustly_canonicalize ... ok
[INFO] [stdout] test argparse::options::tests::splitting ... ok
[INFO] [stdout] test argparse::options::tests::tokenizing ... ok
[INFO] [stdout] test utils::tests::parse_expiration ... ok
[INFO] [stderr] gpg: Note: "-q" is not considered an option
[INFO] [stderr] gpg: Note: "-q" is not considered an option
[INFO] [stderr] gpg: Note: "--status-fd" is not considered an option
[INFO] [stderr] gpg: Note: "--quiet" is not considered an option
[INFO] [stdout] test argparse::options::tests::import_options ... ok
[INFO] [stdout] test argparse::tests::commandline ... ok
[INFO] [stdout] test argparse::tests::file ... ok
[INFO] [stdout] 
[INFO] [stdout] test result: ok. 7 passed; 0 failed; 0 ignored; 0 measured; 0 filtered out; finished in 0.00s
[INFO] [stdout] 
[INFO] [stderr]      Running tests/gpg.rs (/opt/rustwide/target/debug/deps/gpg-0987dcd97d228760)
[INFO] [stdout] 
[INFO] [stdout] running 181 tests
[INFO] [stderr] warning: use of deprecated method `chrono::NaiveDateTime::timestamp`: use `.and_utc().timestamp()` instead
[INFO] [stderr]    --> src/utils.rs:293:23
[INFO] [stderr]     |
[INFO] [stderr] 293 |                 naive.timestamp().try_into()?, 0))
[INFO] [stderr]     |                       ^^^^^^^^^
[INFO] [stderr]     |
[INFO] [stderr]     = note: `#[warn(deprecated)]` on by default
[INFO] [stderr] 
[INFO] [stderr] warning: use of deprecated associated function `chrono::DateTime::<Tz>::from_utc`: Use TimeZone::from_utc_datetime() or DateTime::from_naive_utc_and_offset instead
[INFO] [stderr]    --> src/utils.rs:338:45
[INFO] [stderr]     |
[INFO] [stderr] 338 |                 let dtu = chrono::DateTime::from_utc(dt, chrono::Utc);
[INFO] [stderr]     |                                             ^^^^^^^^
[INFO] [stderr] 
[INFO] [stderr] warning: field `0` is never read
[INFO] [stderr]    --> src/generate_key.rs:404:12
[INFO] [stderr]     |
[INFO] [stderr] 404 |     Handle(String),
[INFO] [stderr]     |     ------ ^^^^^^
[INFO] [stderr]     |     |
[INFO] [stderr]     |     field in this variant
[INFO] [stderr]     |
[INFO] [stderr]     = note: `Parameter` has a derived impl for the trait `Debug`, but this is intentionally ignored during dead code analysis
[INFO] [stderr]     = note: `#[warn(dead_code)]` on by default
[INFO] [stderr] help: consider changing the field to be of unit type to suppress this warning while preserving the field numbering, or remove the field
[INFO] [stderr]     |
[INFO] [stderr] 404 |     Handle(()),
[INFO] [stderr]     |            ~~
[INFO] [stderr] 
[INFO] [stderr] warning: field `0` is never read
[INFO] [stderr]    --> src/generate_key.rs:406:13
[INFO] [stderr]     |
[INFO] [stderr] 406 |     KeyGrip(Keygrip),
[INFO] [stderr]     |     ------- ^^^^^^^
[INFO] [stderr]     |     |
[INFO] [stderr]     |     field in this variant
[INFO] [stderr]     |
[INFO] [stderr]     = note: `Parameter` has a derived impl for the trait `Debug`, but this is intentionally ignored during dead code analysis
[INFO] [stderr] help: consider changing the field to be of unit type to suppress this warning while preserving the field numbering, or remove the field
[INFO] [stderr]     |
[INFO] [stderr] 406 |     KeyGrip(()),
[INFO] [stderr]     |             ~~
[INFO] [stderr] 
[INFO] [stderr] warning: field `0` is never read
[INFO] [stderr]    --> src/generate_key.rs:407:16
[INFO] [stderr]     |
[INFO] [stderr] 407 |     SubkeyGrip(Keygrip),
[INFO] [stderr]     |     ---------- ^^^^^^^
[INFO] [stderr]     |     |
[INFO] [stderr]     |     field in this variant
[INFO] [stderr]     |
[INFO] [stderr]     = note: `Parameter` has a derived impl for the trait `Debug`, but this is intentionally ignored during dead code analysis
[INFO] [stderr] help: consider changing the field to be of unit type to suppress this warning while preserving the field numbering, or remove the field
[INFO] [stderr]     |
[INFO] [stderr] 407 |     SubkeyGrip(()),
[INFO] [stderr]     |                ~~
[INFO] [stderr] 
[INFO] [stderr] warning: unused return value of `into_raw_fd` that must be used
[INFO] [stderr]     --> src/gpg.rs:2419:9
[INFO] [stderr]      |
[INFO] [stderr] 2419 |         pwfd.into_raw_fd();
[INFO] [stderr]      |         ^^^^^^^^^^^^^^^^^^
[INFO] [stderr]      |
[INFO] [stderr]      = note: losing the raw file descriptor may leak resources
[INFO] [stderr]      = note: `#[warn(unused_must_use)]` on by default
[INFO] [stderr] help: use `let _ = ...` to ignore the resulting value
[INFO] [stderr]      |
[INFO] [stderr] 2419 |         let _ = pwfd.into_raw_fd();
[INFO] [stderr]      |         +++++++
[INFO] [stderr] 
[INFO] [stdout] test gpg::decrypt::a_cert ... ok
[INFO] [stdout] test gpg::decrypt::empty ... ok
[INFO] [stdout] test gpg::decrypt::general_purpose_p256 ... ok
[INFO] [stdout] test gpg::decrypt::general_purpose_cv25519 ... ok
[INFO] [stdout] test gpg::decrypt::general_purpose_rsa2k ... ok
[INFO] [stdout] test gpg::decrypt::general_purpose_p384 ... ok
[INFO] [stdout] test gpg::decrypt::general_purpose_rsa3k ... ok
[INFO] [stdout] test gpg::decrypt::general_purpose_p521 ... ok
[INFO] [stdout] test gpg::decrypt::general_purpose_rsa4k ... ok
[INFO] [stdout] test gpg::decrypt::symmetric_unwrap ... ok
[INFO] [stdout] test gpg::decrypt::symmetric_aes128 ... ok
[INFO] [stdout] test gpg::decrypt::symmetric_blowfish ... ok
[INFO] [stdout] test gpg::decrypt::symmetric_aes192 ... ok
[INFO] [stdout] test gpg::decrypt::symmetric_aes256 ... ok
[INFO] [stdout] test gpg::decrypt::symmetric_twofish ... ok
[INFO] [stdout] test gpg::decrypt::locked_loopback ... ok
[INFO] [stdout] test gpg::encrypt::fingerprint_recipient ... ok
[INFO] [stdout] test gpg::encrypt::general_purpose_p256 ... ok
[INFO] [stdout] test gpg::decrypt::simple ... ok
[INFO] [stdout] test gpg::encrypt::general_purpose_cv25519 ... ok
[INFO] [stdout] test gpg::encrypt::general_purpose_rsa2k ... ok
[INFO] [stdout] test gpg::encrypt::general_purpose_p384 ... ok
[INFO] [stdout] test gpg::encrypt::general_purpose_p521 ... ok
[INFO] [stdout] test gpg::encrypt::general_purpose_rsa3k ... ok
[INFO] [stdout] test gpg::encrypt::no_encryption_subkey ... ok
[INFO] [stdout] test gpg::export::general_purpose_cv25519 ... ok
[INFO] [stdout] test gpg::export::general_purpose_p256 ... ok
[INFO] [stdout] test gpg::encrypt::recipient_file ... ok
[INFO] [stdout] test gpg::encrypt::general_purpose_rsa4k ... ok
[INFO] [stdout] test gpg::export::general_purpose_p521 ... ok
[INFO] [stdout] test gpg::export::general_purpose_rsa2k ... ok
[INFO] [stdout] test gpg::export::general_purpose_p384 ... ok
[INFO] [stdout] test gpg::export::general_purpose_rsa3k ... ok
[INFO] [stdout] test gpg::export_ssh_key::ciphersuite_p256 ... ok
[INFO] [stdout] test gpg::export_ssh_key::ciphersuite_cv25519 ... ok
[INFO] [stdout] test gpg::export::general_purpose_rsa4k ... ok
[INFO] [stdout] test gpg::export::local_sigs ... ok
[INFO] [stdout] test gpg::export_ssh_key::ciphersuite_p384 ... ok
[INFO] [stdout] test gpg::export_ssh_key::ciphersuite_rsa2k ... ok
[INFO] [stdout] test gpg::export_ssh_key::ciphersuite_p521 ... ok
[INFO] [stdout] test gpg::export_ssh_key::ciphersuite_rsa3k ... ok
[INFO] [stdout] test gpg::export_ssh_key::no_authentication_subkey ... ok
[INFO] [stdout] test gpg::export_ssh_key::ciphersuite_rsa4k ... ok
[INFO] [stdout] test gpg::generate_key::eddsa_ecdh_25519 ... ok
[INFO] [stdout] test gpg::generate_key::creation_time ... ok
[INFO] [stdout] test gpg::generate_key::comments_and_directives ... ok
[INFO] [stdout] test gpg::generate_key::keyserver ... ok
[INFO] [stdout] test gpg::generate_key::preferences ... ok
[INFO] [stdout] test gpg::generate_key::dsa_rsa2k_by_id ... ok
[INFO] [stdout] test gpg::import::cert_revocation ... ok
[INFO] [stdout] test gpg::generate_key::ecdsa_ecdh_nistp256 ... ok
[INFO] [stdout] test gpg::generate_key::rsa2k_rsa2k ... ok
[INFO] [stdout] test gpg::generate_key::usage ... ok
[INFO] [stdout] test gpg::generate_key::rsa2k_rsa2k_locked ... ok
[INFO] [stdout] test gpg::import::local_sigs ... ok
[INFO] [stdout] test gpg::import::general_purpose_cv25519 ... ok
[INFO] [stdout] test gpg::import::general_purpose_p384 ... ok
[INFO] [stdout] test gpg::import::general_purpose_p256 ... ok
[INFO] [stdout] test gpg::import::general_purpose_rsa2k ... ok
[INFO] [stdout] test gpg::import::general_purpose_rsa3k ... ok
[INFO] [stdout] test gpg::import::general_purpose_p521 ... ok
[INFO] [stdout] test gpg::list_keys::empty ... ok
[INFO] [stdout] test gpg::list_keys::general_purpose_cv25519 ... ok
[INFO] [stdout] test gpg::import::general_purpose_rsa4k ... ok
[INFO] [stdout] test gpg::list_keys::general_purpose_p256 ... ok
[INFO] [stdout] test gpg::list_keys::general_purpose_p384 ... ok
[INFO] [stdout] test gpg::list_keys::general_purpose_rsa2k ... ok
[INFO] [stdout] test gpg::list_keys::general_purpose_p521 ... ok
[INFO] [stdout] test gpg::list_keys::disabled ... ok
[INFO] [stdout] test gpg::list_keys::designated_revoker ... ok
[INFO] [stdout] test gpg::list_keys::dsa_elgamal ... ok
[INFO] [stdout] test gpg::list_keys::general_purpose_rsa3k ... ok
[INFO] [stdout] test gpg::list_keys::general_purpose_rsa4k ... ok
[INFO] [stdout] test gpg::list_keys::expired ... ok
[INFO] [stdout] test gpg::list_keys::policy_url ... ok
[INFO] [stdout] test gpg::list_keys::expired_subkey ... ok
[INFO] [stdout] test gpg::list_keys::notations ... ok
[INFO] [stdout] test gpg::list_keys::unusable_uids ... ok
[INFO] [stdout] test gpg::list_keys::show_keys ... ok
[INFO] [stdout] test gpg::list_packets::compressed_data ... ok
[INFO] [stdout] test gpg::list_packets::general_purpose_cv25519 ... ok
[INFO] [stdout] test gpg::list_packets::general_purpose_p256 ... ok
[INFO] [stdout] test gpg::list_packets::encrypted ... ok
[INFO] [stdout] test gpg::list_packets::general_purpose_p521 ... ok
[INFO] [stdout] test gpg::list_packets::general_purpose_p384 ... ok
[INFO] [stdout] test gpg::list_keys::locked ... ok
[INFO] [stdout] test gpg::list_keys::queries ... ok
[INFO] [stdout] test gpg::list_packets::general_purpose_rsa2k ... ok
[INFO] [stdout] test gpg::list_packets::inline_signed ... ok
[INFO] [stdout] test gpg::list_packets::general_purpose_rsa3k ... ok
[INFO] [stdout] test gpg::list_packets::general_purpose_rsa4k ... ok
[INFO] [stdout] test gpg::list_packets::literal ... ok
[INFO] [stdout] test gpg::list_packets::key_packets ... ok
[INFO] [stdout] test gpg::list_packets::locked_key ... ok
[INFO] [stdout] test gpg::list_packets::mdc ... ok
[INFO] [stdout] test gpg::list_packets::user_attribute ... ok
[INFO] [stdout] test gpg::list_packets::marker ... ok
[INFO] [stdout] test gpg::list_packets::signature ... ok
[INFO] [stdout] test gpg::list_keys::revoked ... ok
[INFO] [stdout] test gpg::list_packets::userid ... ok
[INFO] [stdout] test gpg::migrate::migration_from_secring ... ok
[INFO] [stdout] test gpg::print_mds::print_md_md5 ... ok
[INFO] [stdout] test gpg::print_mds::print_md_ripemd160 ... ok
[INFO] [stdout] test gpg::print_mds::print_md_sha224 ... ok
[INFO] [stdout] test gpg::list_keys::valid ... ok
[INFO] [stdout] test gpg::print_mds::print_md_sha1 ... ok
[INFO] [stdout] test gpg::print_mds::print_md_sha384 ... ok
[INFO] [stdout] test gpg::print_mds::print_md_sha256 ... ok
[INFO] [stdout] test gpg::print_mds::print_md_sha512 ... ok
[INFO] [stdout] test gpg::print_mds::print_md_star ... ok
[INFO] [stdout] test gpg::print_mds::print_mds ... ok
[INFO] [stdout] test gpg::quick::add_key_cv25519 ... ok
[INFO] [stdout] test gpg::list_keys::list_signatures ... ok
[INFO] [stdout] test gpg::quick::add_key_default_default_1y ... ok
[INFO] [stdout] test gpg::quick::add_key_default ... ok
[INFO] [stdout] test gpg::quick::add_key_default_auth ... ok
[INFO] [stdout] test gpg::quick::add_key_all_dashes ... ok
[INFO] [stdout] test gpg::quick::add_key_default_default ... ok
[INFO] [stdout] test gpg::quick::add_key_default_default_dash ... ok
[INFO] [stdout] test gpg::quick::add_key_default_default_never ... ok
[INFO] [stdout] test gpg::quick::add_key_default_default_none ... ok
[INFO] [stdout] test gpg::quick::add_key_default_default_iso_time ... ok
[INFO] [stdout] test gpg::quick::add_key_default_encr ... ok
[INFO] [stdout] test gpg::quick::add_key_default_default_iso_date ... ok
[INFO] [stdout] test gpg::quick::add_key_default_encrypt ... ok
[INFO] [stdout] test gpg::quick::add_key_default_sign ... ok
[INFO] [stdout] test gpg::quick::add_key_ed25519 ... ok
[INFO] [stdout] test gpg::quick::add_key_future_default ... ok
[INFO] [stdout] test gpg::quick::add_key_nistp256 ... ok
[INFO] [stdout] test gpg::quick::add_key_rsa2048 ... ok
[INFO] [stdout] test gpg::quick::add_key_no_arg ... ok
[INFO] [stdout] test gpg::quick::add_key_dsa ... ok
[INFO] [stdout] test gpg::quick::add_uid ... ok
[INFO] [stdout] test gpg::quick::generate_key_all_dashes ... ok
[INFO] [stdout] test gpg::quick::add_key_rsa_encrypt_sign ... ok
[INFO] [stdout] test gpg::quick::add_key_rsa ... ok
[INFO] [stdout] test gpg::quick::generate_key_default_auth ... ok
[INFO] [stdout] test gpg::quick::generate_key_default ... ok
[INFO] [stdout] test gpg::quick::generate_key_default_default_never ... ok
[INFO] [stdout] test gpg::quick::generate_key_default_default_iso_time ... ok
[INFO] [stdout] test gpg::quick::generate_key_default_default_iso_date ... ok
[INFO] [stdout] test gpg::quick::add_key_rsa_encrypt_space_sign ... ok
[INFO] [stdout] test gpg::quick::generate_key_default_encr ... ok
[INFO] [stdout] test gpg::quick::generate_key_default_default ... ok
[INFO] [stdout] test gpg::quick::generate_key_default_default_1y ... ok
[INFO] [stdout] test gpg::quick::generate_key_ed25519 ... ok
[INFO] [stdout] test gpg::quick::generate_key_default_default_dash ... ok
[INFO] [stdout] test gpg::quick::generate_key_future_default ... ok
[INFO] [stdout] test gpg::quick::generate_key_dsa ... ok
[INFO] [stdout] test gpg::quick::generate_key_default_default_none ... ok
[INFO] [stdout] test gpg::quick::generate_key_default_encrypt ... ok
[INFO] [stdout] test gpg::quick::generate_key_nistp256 ... ok
[INFO] [stdout] test gpg::quick::generate_key_default_sign ... ok
[INFO] [stdout] test gpg::quick::generate_key_rsa2048 ... ok
[INFO] [stdout] test gpg::quick::generate_key_rsa ... ok
[INFO] [stdout] test gpg::quick::generate_key_rsa_encrypt_space_sign ... ok
[INFO] [stdout] test gpg::quick::generate_key_rsa_encrypt_sign ... ok
[INFO] [stdout] test gpg::quick::revoke_uid ... ok
[INFO] [stdout] test gpg::quick::generate_key_no_arg ... ok
[INFO] [stdout] test gpg::sign::no_signing_subkey ... ok
[INFO] [stdout] test gpg::sign::signers_are_deduplicated ... ok
[INFO] [stdout] test gpg::status_fd::untrusted_certificate_prompt ... ok
[INFO] [stdout] test gpg::sign::general_purpose_cv25519 ... ok
[INFO] [stdout] test gpg::sign::general_purpose_p256 ... ok
[INFO] [stdout] test gpg::sign::general_purpose_p384 ... ok
[INFO] [stdout] test gpg::sign::general_purpose_rsa2k ... ok
[INFO] [stdout] test gpg::trust_models::always ... ok
[INFO] [stdout] test gpg::sign::general_purpose_p521 ... ok
[INFO] [stdout] test gpg::sign::general_purpose_rsa3k ... ok
[INFO] [stdout] test gpg::sign::general_purpose_rsa4k ... ok
[INFO] [stdout] test gpg::verify::basic ... ok
[INFO] [stdout] test gpg::verify::hash_algos ... ok
[INFO] [stdout] test gpg::verify::show_uid_validity ... ok
[INFO] [stdout] test gpg::version::dump_options ... ok
[INFO] [stdout] test gpg::verify::weak_hash_algos ... ok
[INFO] [stdout] test gpg::trust_models::auto ... ok
[INFO] [stdout] test gpg::trust_models::pgp ... ok
[INFO] [stdout] test gpg::verify::wrong_key ... ok
[INFO] [stdout] test gpg::verify::extended ... ok
[INFO] [stdout] test gpg::verify::signature_types ... ok
[INFO] [stdout] test gpg::verify::cipher_suites ... ok
[INFO] [stdout] 
[INFO] [stdout] test result: ok. 181 passed; 0 failed; 0 ignored; 0 measured; 0 filtered out; finished in 46.22s
[INFO] [stdout] 
[INFO] [stderr]      Running tests/integration.rs (/opt/rustwide/target/debug/deps/integration-7a305c648674c8e5)
[INFO] [stdout] 
[INFO] [stdout] running 2 tests
[INFO] [stderr] warning: use of deprecated method `chrono::NaiveDateTime::timestamp`: use `.and_utc().timestamp()` instead
[INFO] [stderr]    --> src/utils.rs:293:23
[INFO] [stderr]     |
[INFO] [stderr] 293 |                 naive.timestamp().try_into()?, 0))
[INFO] [stderr]     |                       ^^^^^^^^^
[INFO] [stderr]     |
[INFO] [stderr]     = note: `#[warn(deprecated)]` on by default
[INFO] [stderr] 
[INFO] [stderr] warning: use of deprecated associated function `chrono::DateTime::<Tz>::from_utc`: Use TimeZone::from_utc_datetime() or DateTime::from_naive_utc_and_offset instead
[INFO] [stderr]    --> src/utils.rs:338:45
[INFO] [stderr]     |
[INFO] [stderr] 338 |                 let dtu = chrono::DateTime::from_utc(dt, chrono::Utc);
[INFO] [stderr]     |                                             ^^^^^^^^
[INFO] [stderr] 
[INFO] [stderr] warning: field `0` is never read
[INFO] [stderr]    --> src/generate_key.rs:404:12
[INFO] [stderr]     |
[INFO] [stderr] 404 |     Handle(String),
[INFO] [stderr]     |     ------ ^^^^^^
[INFO] [stderr]     |     |
[INFO] [stderr]     |     field in this variant
[INFO] [stderr]     |
[INFO] [stderr]     = note: `Parameter` has a derived impl for the trait `Debug`, but this is intentionally ignored during dead code analysis
[INFO] [stderr]     = note: `#[warn(dead_code)]` on by default
[INFO] [stderr] help: consider changing the field to be of unit type to suppress this warning while preserving the field numbering, or remove the field
[INFO] [stderr]     |
[INFO] [stderr] 404 |     Handle(()),
[INFO] [stderr]     |            ~~
[INFO] [stderr] 
[INFO] [stderr] warning: field `0` is never read
[INFO] [stderr]    --> src/generate_key.rs:406:13
[INFO] [stderr]     |
[INFO] [stderr] 406 |     KeyGrip(Keygrip),
[INFO] [stderr]     |     ------- ^^^^^^^
[INFO] [stderr]     |     |
[INFO] [stderr]     |     field in this variant
[INFO] [stderr]     |
[INFO] [stderr]     = note: `Parameter` has a derived impl for the trait `Debug`, but this is intentionally ignored during dead code analysis
[INFO] [stderr] help: consider changing the field to be of unit type to suppress this warning while preserving the field numbering, or remove the field
[INFO] [stderr]     |
[INFO] [stderr] 406 |     KeyGrip(()),
[INFO] [stderr]     |             ~~
[INFO] [stderr] 
[INFO] [stderr] warning: field `0` is never read
[INFO] [stderr]    --> src/generate_key.rs:407:16
[INFO] [stderr]     |
[INFO] [stderr] 407 |     SubkeyGrip(Keygrip),
[INFO] [stderr]     |     ---------- ^^^^^^^
[INFO] [stderr]     |     |
[INFO] [stderr]     |     field in this variant
[INFO] [stderr]     |
[INFO] [stderr]     = note: `Parameter` has a derived impl for the trait `Debug`, but this is intentionally ignored during dead code analysis
[INFO] [stderr] help: consider changing the field to be of unit type to suppress this warning while preserving the field numbering, or remove the field
[INFO] [stderr]     |
[INFO] [stderr] 407 |     SubkeyGrip(()),
[INFO] [stderr]     |                ~~
[INFO] [stderr] 
[INFO] [stderr] warning: unused return value of `into_raw_fd` that must be used
[INFO] [stderr]     --> src/gpg.rs:2419:9
[INFO] [stderr]      |
[INFO] [stderr] 2419 |         pwfd.into_raw_fd();
[INFO] [stderr]      |         ^^^^^^^^^^^^^^^^^^
[INFO] [stderr]      |
[INFO] [stderr]      = note: losing the raw file descriptor may leak resources
[INFO] [stderr]      = note: `#[warn(unused_must_use)]` on by default
[INFO] [stderr] help: use `let _ = ...` to ignore the resulting value
[INFO] [stderr]      |
[INFO] [stderr] 2419 |         let _ = pwfd.into_raw_fd();
[INFO] [stderr]      |         +++++++
[INFO] [stderr] 
[INFO] [stdout] test password_store_git ... FAILED
[INFO] [stdout] test debsig_verify_0_30 ... FAILED
[INFO] [stdout] 
[INFO] [stdout] failures:
[INFO] [stdout] 
[INFO] [stdout] ---- password_store_git stdout ----
[INFO] [stdout] # Recording password-store-git
[INFO] [stdout] 
[INFO] [stdout]   - Package: password-store
[INFO] [stdout]   - Version: dddca73694d1ecc2381cde6c02a9d1466cf0ab41
[INFO] [stdout]   - Source: git
[INFO] [stdout]   - Created: 2024-02-23 15:32:16.529467928 UTC
[INFO] [stdout] 
[INFO] [stdout] ## Testing sample 0
[INFO] [stdout] thread '<unnamed>' panicked at tests/integration.rs:497:54:
[INFO] [stdout] called `Result::unwrap()` on an `Err` value: failed to spawn sq
[INFO] [stdout] 
[INFO] [stdout] Caused by:
[INFO] [stdout]     No such file or directory (os error 2)
[INFO] [stdout] 
[INFO] [stdout] Stack backtrace:
[INFO] [stdout]    0: <E as anyhow::context::ext::StdError>::ext_context
[INFO] [stdout]              at /opt/rustwide/cargo-home/registry/src/index.crates.io-6f17d22bba15001f/anyhow-1.0.86/src/backtrace.rs:27:14
[INFO] [stdout]    1: anyhow::context::<impl anyhow::Context<T,E> for core::result::Result<T,E>>::context
[INFO] [stdout]              at /opt/rustwide/cargo-home/registry/src/index.crates.io-6f17d22bba15001f/anyhow-1.0.86/src/context.rs:54:31
[INFO] [stdout]    2: integration::inspect_pgp
[INFO] [stdout]              at ./tests/integration.rs:599:21
[INFO] [stdout]    3: integration::Diff::distances::{{closure}}::{{closure}}
[INFO] [stdout]              at ./tests/integration.rs:497:34
[INFO] [stdout]    4: core::iter::adapters::map::map_fold::{{closure}}
[INFO] [stdout]              at /rustc/df4ca44d3fbc9301ee17f30f4d474e6ae4b05252/library/core/src/iter/adapters/map.rs:88:28
[INFO] [stdout]    5: core::iter::adapters::map::map_fold::{{closure}}
[INFO] [stdout]              at /rustc/df4ca44d3fbc9301ee17f30f4d474e6ae4b05252/library/core/src/iter/adapters/map.rs:88:21
[INFO] [stdout]    6: <core::slice::iter::Iter<T> as core::iter::traits::iterator::Iterator>::fold
[INFO] [stdout]              at /rustc/df4ca44d3fbc9301ee17f30f4d474e6ae4b05252/library/core/src/slice/iter/macros.rs:232:27
[INFO] [stdout]    7: <core::iter::adapters::map::Map<I,F> as core::iter::traits::iterator::Iterator>::fold
[INFO] [stdout]              at /rustc/df4ca44d3fbc9301ee17f30f4d474e6ae4b05252/library/core/src/iter/adapters/map.rs:128:9
[INFO] [stdout]    8: <core::iter::adapters::cloned::Cloned<I> as core::iter::traits::iterator::Iterator>::fold
[INFO] [stdout]              at /rustc/df4ca44d3fbc9301ee17f30f4d474e6ae4b05252/library/core/src/iter/adapters/cloned.rs:61:31
[INFO] [stdout]    9: <core::iter::adapters::map::Map<I,F> as core::iter::traits::iterator::Iterator>::fold
[INFO] [stdout]              at /rustc/df4ca44d3fbc9301ee17f30f4d474e6ae4b05252/library/core/src/iter/adapters/map.rs:128:9
[INFO] [stdout]   10: core::iter::traits::iterator::Iterator::for_each
[INFO] [stdout]              at /rustc/df4ca44d3fbc9301ee17f30f4d474e6ae4b05252/library/core/src/iter/traits/iterator.rs:813:9
[INFO] [stdout]   11: alloc::vec::Vec<T,A>::extend_trusted
[INFO] [stdout]              at /rustc/df4ca44d3fbc9301ee17f30f4d474e6ae4b05252/library/alloc/src/vec/mod.rs:3551:17
[INFO] [stdout]   12: <alloc::vec::Vec<T,A> as alloc::vec::spec_extend::SpecExtend<T,I>>::spec_extend
[INFO] [stdout]              at /rustc/df4ca44d3fbc9301ee17f30f4d474e6ae4b05252/library/alloc/src/vec/spec_extend.rs:29:9
[INFO] [stdout]   13: <alloc::vec::Vec<T> as alloc::vec::spec_from_iter_nested::SpecFromIterNested<T,I>>::from_iter
[INFO] [stdout]              at /rustc/df4ca44d3fbc9301ee17f30f4d474e6ae4b05252/library/alloc/src/vec/spec_from_iter_nested.rs:62:9
[INFO] [stdout]   14: <alloc::vec::Vec<T> as alloc::vec::spec_from_iter::SpecFromIter<T,I>>::from_iter
[INFO] [stdout]              at /rustc/df4ca44d3fbc9301ee17f30f4d474e6ae4b05252/library/alloc/src/vec/spec_from_iter.rs:34:9
[INFO] [stdout]   15: <alloc::vec::Vec<T> as core::iter::traits::collect::FromIterator<T>>::from_iter
[INFO] [stdout]              at /rustc/df4ca44d3fbc9301ee17f30f4d474e6ae4b05252/library/alloc/src/vec/mod.rs:3410:9
[INFO] [stdout]   16: core::iter::traits::iterator::Iterator::collect
[INFO] [stdout]              at /rustc/df4ca44d3fbc9301ee17f30f4d474e6ae4b05252/library/core/src/iter/traits/iterator.rs:2001:9
[INFO] [stdout]   17: integration::Diff::distances::{{closure}}
[INFO] [stdout]              at ./tests/integration.rs:475:13
[INFO] [stdout]   18: std::sync::once_lock::OnceLock<T>::get_or_init::{{closure}}
[INFO] [stdout]              at /rustc/df4ca44d3fbc9301ee17f30f4d474e6ae4b05252/library/std/src/sync/once_lock.rs:304:50
[INFO] [stdout]   19: std::sync::once_lock::OnceLock<T>::initialize::{{closure}}
[INFO] [stdout]              at /rustc/df4ca44d3fbc9301ee17f30f4d474e6ae4b05252/library/std/src/sync/once_lock.rs:512:19
[INFO] [stdout]   20: std::sync::once::Once::call_once_force::{{closure}}
[INFO] [stdout]              at /rustc/df4ca44d3fbc9301ee17f30f4d474e6ae4b05252/library/std/src/sync/once.rs:217:40
[INFO] [stdout]   21: std::sys::sync::once::futex::Once::call
[INFO] [stdout]              at /rustc/df4ca44d3fbc9301ee17f30f4d474e6ae4b05252/library/std/src/sys/sync/once/futex.rs:176:21
[INFO] [stdout]   22: std::sync::once::Once::call_once_force
[INFO] [stdout]              at /rustc/df4ca44d3fbc9301ee17f30f4d474e6ae4b05252/library/std/src/sync/once.rs:217:9
[INFO] [stdout]   23: std::sync::once_lock::OnceLock<T>::initialize
[INFO] [stdout]              at /rustc/df4ca44d3fbc9301ee17f30f4d474e6ae4b05252/library/std/src/sync/once_lock.rs:511:9
[INFO] [stdout]   24: std::sync::once_lock::OnceLock<T>::get_or_try_init
[INFO] [stdout]              at /rustc/df4ca44d3fbc9301ee17f30f4d474e6ae4b05252/library/std/src/sync/once_lock.rs:390:9
[INFO] [stdout]   25: std::sync::once_lock::OnceLock<T>::get_or_init
[INFO] [stdout]              at /rustc/df4ca44d3fbc9301ee17f30f4d474e6ae4b05252/library/std/src/sync/once_lock.rs:304:15
[INFO] [stdout]   26: integration::Diff::distances
[INFO] [stdout]              at ./tests/integration.rs:472:9
[INFO] [stdout]   27: integration::Diff::emit
[INFO] [stdout]              at ./tests/integration.rs:543:38
[INFO] [stdout]   28: integration::Experiment::run
[INFO] [stdout]              at ./tests/integration.rs:696:13
[INFO] [stdout]   29: integration::password_store_git::ntest_callback
[INFO] [stdout]              at ./tests/integration.rs:28:5
[INFO] [stdout]   30: integration::password_store_git::{{closure}}
[INFO] [stdout]              at ./tests/integration.rs:26:1
[INFO] [stdout]   31: std::sys::backtrace::__rust_begin_short_backtrace
[INFO] [stdout]              at /rustc/df4ca44d3fbc9301ee17f30f4d474e6ae4b05252/library/std/src/sys/backtrace.rs:154:18
[INFO] [stdout]   32: std::thread::Builder::spawn_unchecked_::{{closure}}::{{closure}}
[INFO] [stdout]              at /rustc/df4ca44d3fbc9301ee17f30f4d474e6ae4b05252/library/std/src/thread/mod.rs:541:17
[INFO] [stdout]   33: <core::panic::unwind_safe::AssertUnwindSafe<F> as core::ops::function::FnOnce<()>>::call_once
[INFO] [stdout]              at /rustc/df4ca44d3fbc9301ee17f30f4d474e6ae4b05252/library/core/src/panic/unwind_safe.rs:272:9
[INFO] [stdout]   34: std::panicking::try::do_call
[INFO] [stdout]              at /rustc/df4ca44d3fbc9301ee17f30f4d474e6ae4b05252/library/std/src/panicking.rs:557:40
[INFO] [stdout]   35: __rust_try
[INFO] [stdout]   36: std::panicking::try
[INFO] [stdout]              at /rustc/df4ca44d3fbc9301ee17f30f4d474e6ae4b05252/library/std/src/panicking.rs:520:19
[INFO] [stdout]   37: std::panic::catch_unwind
[INFO] [stdout]              at /rustc/df4ca44d3fbc9301ee17f30f4d474e6ae4b05252/library/std/src/panic.rs:358:14
[INFO] [stdout]   38: std::thread::Builder::spawn_unchecked_::{{closure}}
[INFO] [stdout]              at /rustc/df4ca44d3fbc9301ee17f30f4d474e6ae4b05252/library/std/src/thread/mod.rs:540:30
[INFO] [stdout]   39: core::ops::function::FnOnce::call_once{{vtable.shim}}
[INFO] [stdout]              at /rustc/df4ca44d3fbc9301ee17f30f4d474e6ae4b05252/library/core/src/ops/function.rs:250:5
[INFO] [stdout]   40: <alloc::boxed::Box<F,A> as core::ops::function::FnOnce<Args>>::call_once
[INFO] [stdout]              at /rustc/df4ca44d3fbc9301ee17f30f4d474e6ae4b05252/library/alloc/src/boxed.rs:2454:9
[INFO] [stdout]   41: <alloc::boxed::Box<F,A> as core::ops::function::FnOnce<Args>>::call_once
[INFO] [stdout]              at /rustc/df4ca44d3fbc9301ee17f30f4d474e6ae4b05252/library/alloc/src/boxed.rs:2454:9
[INFO] [stdout]   42: std::sys::pal::unix::thread::Thread::new::thread_start
[INFO] [stdout]              at /rustc/df4ca44d3fbc9301ee17f30f4d474e6ae4b05252/library/std/src/sys/pal/unix/thread.rs:105:17
[INFO] [stdout]   43: <unknown>
[INFO] [stdout]   44: clone
[INFO] [stdout] stack backtrace:
[INFO] [stdout]    0:     0x619a38507fba - std::backtrace_rs::backtrace::libunwind::trace::h207520d6e9873551
[INFO] [stdout]                                at /rustc/df4ca44d3fbc9301ee17f30f4d474e6ae4b05252/library/std/src/../../backtrace/src/backtrace/libunwind.rs:116:5
[INFO] [stdout]    1:     0x619a38507fba - std::backtrace_rs::backtrace::trace_unsynchronized::h2ed7433f370e3eca
[INFO] [stdout]                                at /rustc/df4ca44d3fbc9301ee17f30f4d474e6ae4b05252/library/std/src/../../backtrace/src/backtrace/mod.rs:66:5
[INFO] [stdout]    2:     0x619a38507fba - std::sys::backtrace::_print_fmt::h916fac51166b18d7
[INFO] [stdout]                                at /rustc/df4ca44d3fbc9301ee17f30f4d474e6ae4b05252/library/std/src/sys/backtrace.rs:66:9
[INFO] [stdout]    3:     0x619a38507fba - <std::sys::backtrace::BacktraceLock::print::DisplayBacktrace as core::fmt::Display>::fmt::ha0a4c9b8ce3802e6
[INFO] [stdout]                                at /rustc/df4ca44d3fbc9301ee17f30f4d474e6ae4b05252/library/std/src/sys/backtrace.rs:39:26
[INFO] [stdout]    4:     0x619a385324b3 - core::fmt::rt::Argument::fmt::h4cfc8587d52b3eb5
[INFO] [stdout]                                at /rustc/df4ca44d3fbc9301ee17f30f4d474e6ae4b05252/library/core/src/fmt/rt.rs:177:76
[INFO] [stdout]    5:     0x619a385324b3 - core::fmt::write::h522cc39e5b36ae9f
[INFO] [stdout]                                at /rustc/df4ca44d3fbc9301ee17f30f4d474e6ae4b05252/library/core/src/fmt/mod.rs:1190:21
[INFO] [stdout]    6:     0x619a38503f63 - std::io::Write::write_fmt::h7d3c26752da97734
[INFO] [stdout]                                at /rustc/df4ca44d3fbc9301ee17f30f4d474e6ae4b05252/library/std/src/io/mod.rs:1839:15
[INFO] [stdout]    7:     0x619a38507e02 - std::sys::backtrace::BacktraceLock::print::h4b9e00b29e9c0942
[INFO] [stdout]                                at /rustc/df4ca44d3fbc9301ee17f30f4d474e6ae4b05252/library/std/src/sys/backtrace.rs:42:9
[INFO] [stdout]    8:     0x619a3850944a - std::panicking::default_hook::{{closure}}::hb59b88280d0324d9
[INFO] [stdout]                                at /rustc/df4ca44d3fbc9301ee17f30f4d474e6ae4b05252/library/std/src/panicking.rs:268:22
[INFO] [stdout]    9:     0x619a38509254 - std::panicking::default_hook::he1dd496665be4a29
[INFO] [stdout]                                at /rustc/df4ca44d3fbc9301ee17f30f4d474e6ae4b05252/library/std/src/panicking.rs:292:9
[INFO] [stdout]   10:     0x619a3817e519 - <alloc::boxed::Box<F,A> as core::ops::function::Fn<Args>>::call::h4ff71de18744e1dc
[INFO] [stdout]                                at /rustc/df4ca44d3fbc9301ee17f30f4d474e6ae4b05252/library/alloc/src/boxed.rs:2468:9
[INFO] [stdout]   11:     0x619a3817e519 - test::test_main::{{closure}}::hcf7c055ce117aa81
[INFO] [stdout]                                at /rustc/df4ca44d3fbc9301ee17f30f4d474e6ae4b05252/library/test/src/lib.rs:133:21
[INFO] [stdout]   12:     0x619a38509b48 - <alloc::boxed::Box<F,A> as core::ops::function::Fn<Args>>::call::h1d66c6bbd60c9692
[INFO] [stdout]                                at /rustc/df4ca44d3fbc9301ee17f30f4d474e6ae4b05252/library/alloc/src/boxed.rs:2468:9
[INFO] [stdout]   13:     0x619a38509b48 - std::panicking::rust_panic_with_hook::h2ff17fe8f26dfcf8
[INFO] [stdout]                                at /rustc/df4ca44d3fbc9301ee17f30f4d474e6ae4b05252/library/std/src/panicking.rs:809:13
[INFO] [stdout]   14:     0x619a3850990a - std::panicking::begin_panic_handler::{{closure}}::h4fad77951c07e101
[INFO] [stdout]                                at /rustc/df4ca44d3fbc9301ee17f30f4d474e6ae4b05252/library/std/src/panicking.rs:674:13
[INFO] [stdout]   15:     0x619a38508499 - std::sys::backtrace::__rust_end_short_backtrace::hb1a25b3da5d0ea08
[INFO] [stdout]                                at /rustc/df4ca44d3fbc9301ee17f30f4d474e6ae4b05252/library/std/src/sys/backtrace.rs:170:18
[INFO] [stdout]   16:     0x619a3850959c - rust_begin_unwind
[INFO] [stdout]                                at /rustc/df4ca44d3fbc9301ee17f30f4d474e6ae4b05252/library/std/src/panicking.rs:665:5
[INFO] [stdout]   17:     0x619a3852fe80 - core::panicking::panic_fmt::ha9db07b529f9b256
[INFO] [stdout]                                at /rustc/df4ca44d3fbc9301ee17f30f4d474e6ae4b05252/library/core/src/panicking.rs:75:14
[INFO] [stdout]   18:     0x619a38530366 - core::result::unwrap_failed::h5e8218e4d4338b8a
[INFO] [stdout]                                at /rustc/df4ca44d3fbc9301ee17f30f4d474e6ae4b05252/library/core/src/result.rs:1698:5
[INFO] [stdout]   19:     0x619a3806ccf9 - core::result::Result<T,E>::unwrap::h8a78a4ad48810778
[INFO] [stdout]                                at /rustc/df4ca44d3fbc9301ee17f30f4d474e6ae4b05252/library/core/src/result.rs:1103:23
[INFO] [stdout]   20:     0x619a3806ccf9 - integration::Diff::distances::{{closure}}::{{closure}}::hfa76d6f543c92bed
[INFO] [stdout]                                at /opt/rustwide/workdir/tests/integration.rs:497:34
[INFO] [stdout]   21:     0x619a3807ad76 - core::iter::adapters::map::map_fold::{{closure}}::h73dab863951b417f
[INFO] [stdout]                                at /rustc/df4ca44d3fbc9301ee17f30f4d474e6ae4b05252/library/core/src/iter/adapters/map.rs:88:28
[INFO] [stdout]   22:     0x619a3807ad1d - core::iter::adapters::map::map_fold::{{closure}}::h7240155281d22b59
[INFO] [stdout]                                at /rustc/df4ca44d3fbc9301ee17f30f4d474e6ae4b05252/library/core/src/iter/adapters/map.rs:88:21
[INFO] [stdout]   23:     0x619a380b3a30 - <core::slice::iter::Iter<T> as core::iter::traits::iterator::Iterator>::fold::h3605f310165666dd
[INFO] [stdout]                                at /rustc/df4ca44d3fbc9301ee17f30f4d474e6ae4b05252/library/core/src/slice/iter/macros.rs:232:27
[INFO] [stdout]   24:     0x619a380c9b7a - <core::iter::adapters::map::Map<I,F> as core::iter::traits::iterator::Iterator>::fold::h4355043ea3db4c38
[INFO] [stdout]                                at /rustc/df4ca44d3fbc9301ee17f30f4d474e6ae4b05252/library/core/src/iter/adapters/map.rs:128:9
[INFO] [stdout]   25:     0x619a380c9b7a - <core::iter::adapters::cloned::Cloned<I> as core::iter::traits::iterator::Iterator>::fold::hd3e809ad3801ed16
[INFO] [stdout]                                at /rustc/df4ca44d3fbc9301ee17f30f4d474e6ae4b05252/library/core/src/iter/adapters/cloned.rs:61:31
[INFO] [stdout]   26:     0x619a380783b8 - <core::iter::adapters::map::Map<I,F> as core::iter::traits::iterator::Iterator>::fold::hfac3559e97b01af0
[INFO] [stdout]                                at /rustc/df4ca44d3fbc9301ee17f30f4d474e6ae4b05252/library/core/src/iter/adapters/map.rs:128:9
[INFO] [stdout]   27:     0x619a3807ab55 - core::iter::traits::iterator::Iterator::for_each::h378d9cf8512655ca
[INFO] [stdout]                                at /rustc/df4ca44d3fbc9301ee17f30f4d474e6ae4b05252/library/core/src/iter/traits/iterator.rs:813:9
[INFO] [stdout]   28:     0x619a3808acef - alloc::vec::Vec<T,A>::extend_trusted::hc65e7db38b65c185
[INFO] [stdout]                                at /rustc/df4ca44d3fbc9301ee17f30f4d474e6ae4b05252/library/alloc/src/vec/mod.rs:3551:17
[INFO] [stdout]   29:     0x619a3808dc2a - <alloc::vec::Vec<T,A> as alloc::vec::spec_extend::SpecExtend<T,I>>::spec_extend::h2fdc6d95ba15bebc
[INFO] [stdout]                                at /rustc/df4ca44d3fbc9301ee17f30f4d474e6ae4b05252/library/alloc/src/vec/spec_extend.rs:29:9
[INFO] [stdout]   30:     0x619a3808863b - <alloc::vec::Vec<T> as alloc::vec::spec_from_iter_nested::SpecFromIterNested<T,I>>::from_iter::h168a917c87525bf1
[INFO] [stdout]                                at /rustc/df4ca44d3fbc9301ee17f30f4d474e6ae4b05252/library/alloc/src/vec/spec_from_iter_nested.rs:62:9
[INFO] [stdout]   31:     0x619a3808dcfd - <alloc::vec::Vec<T> as alloc::vec::spec_from_iter::SpecFromIter<T,I>>::from_iter::hbab5459890d2d0d5
[INFO] [stdout]                                at /rustc/df4ca44d3fbc9301ee17f30f4d474e6ae4b05252/library/alloc/src/vec/spec_from_iter.rs:34:9
[INFO] [stdout]   32:     0x619a3808dbaf - <alloc::vec::Vec<T> as core::iter::traits::collect::FromIterator<T>>::from_iter::hab97e22bcb111979
[INFO] [stdout]                                at /rustc/df4ca44d3fbc9301ee17f30f4d474e6ae4b05252/library/alloc/src/vec/mod.rs:3410:9
[INFO] [stdout]   33:     0x619a3807aae4 - core::iter::traits::iterator::Iterator::collect::ha439df683a9a990c
[INFO] [stdout]                                at /rustc/df4ca44d3fbc9301ee17f30f4d474e6ae4b05252/library/core/src/iter/traits/iterator.rs:2001:9
[INFO] [stdout]   34:     0x619a3806be28 - integration::Diff::distances::{{closure}}::h218918f62b36ec40
[INFO] [stdout]                                at /opt/rustwide/workdir/tests/integration.rs:475:13
[INFO] [stdout]   35:     0x619a380b174d - std::sync::once_lock::OnceLock<T>::get_or_init::{{closure}}::h4da6724da46ca366
[INFO] [stdout]                                at /rustc/df4ca44d3fbc9301ee17f30f4d474e6ae4b05252/library/std/src/sync/once_lock.rs:304:50
[INFO] [stdout]   36:     0x619a380b1429 - std::sync::once_lock::OnceLock<T>::initialize::{{closure}}::h11efdbaa0fc3ca1a
[INFO] [stdout]                                at /rustc/df4ca44d3fbc9301ee17f30f4d474e6ae4b05252/library/std/src/sync/once_lock.rs:512:19
[INFO] [stdout]   37:     0x619a380bda5d - std::sync::once::Once::call_once_force::{{closure}}::h1807888ac1eb5b0f
[INFO] [stdout]                                at /rustc/df4ca44d3fbc9301ee17f30f4d474e6ae4b05252/library/std/src/sync/once.rs:217:40
[INFO] [stdout]   38:     0x619a38513e63 - std::sys::sync::once::futex::Once::call::h71269da0f72c5b8f
[INFO] [stdout]                                at /rustc/df4ca44d3fbc9301ee17f30f4d474e6ae4b05252/library/std/src/sys/sync/once/futex.rs:176:21
[INFO] [stdout]   39:     0x619a380bd8ca - std::sync::once::Once::call_once_force::hf55d9c761a42de6b
[INFO] [stdout]                                at /rustc/df4ca44d3fbc9301ee17f30f4d474e6ae4b05252/library/std/src/sync/once.rs:217:9
[INFO] [stdout]   40:     0x619a380b13bf - std::sync::once_lock::OnceLock<T>::initialize::hf68d3a61179885a1
[INFO] [stdout]                                at /rustc/df4ca44d3fbc9301ee17f30f4d474e6ae4b05252/library/std/src/sync/once_lock.rs:511:9
[INFO] [stdout]   41:     0x619a380b18b9 - std::sync::once_lock::OnceLock<T>::get_or_try_init::hb32d7769dcc60492
[INFO] [stdout]                                at /rustc/df4ca44d3fbc9301ee17f30f4d474e6ae4b05252/library/std/src/sync/once_lock.rs:390:9
[INFO] [stdout]   42:     0x619a380b16e3 - std::sync::once_lock::OnceLock<T>::get_or_init::h9c243b4633e3fbaf
[INFO] [stdout]                                at /rustc/df4ca44d3fbc9301ee17f30f4d474e6ae4b05252/library/std/src/sync/once_lock.rs:304:15
[INFO] [stdout]   43:     0x619a3806bce5 - integration::Diff::distances::h361b38cda5f7d3aa
[INFO] [stdout]                                at /opt/rustwide/workdir/tests/integration.rs:472:9
[INFO] [stdout]   44:     0x619a3806d427 - integration::Diff::emit::h1da9a32cfa223961
[INFO] [stdout]                                at /opt/rustwide/workdir/tests/integration.rs:543:38
[INFO] [stdout]   45:     0x619a3807095b - integration::Experiment::run::h9ddf4cac595a7ec9
[INFO] [stdout]                                at /opt/rustwide/workdir/tests/integration.rs:696:13
[INFO] [stdout]   46:     0x619a38073629 - integration::password_store_git::ntest_callback::hdd9a4855eba794bb
[INFO] [stdout]                                at /opt/rustwide/workdir/tests/integration.rs:28:5
[INFO] [stdout]   47:     0x619a380736c3 - integration::password_store_git::{{closure}}::hbeadce4351589c44
[INFO] [stdout]                                at /opt/rustwide/workdir/tests/integration.rs:26:1
[INFO] [stdout]   48:     0x619a380bd5a3 - std::sys::backtrace::__rust_begin_short_backtrace::h09f8f79101b51d02
[INFO] [stdout]                                at /rustc/df4ca44d3fbc9301ee17f30f4d474e6ae4b05252/library/std/src/sys/backtrace.rs:154:18
[INFO] [stdout]   49:     0x619a38091aa3 - std::thread::Builder::spawn_unchecked_::{{closure}}::{{closure}}::he924918d67841d77
[INFO] [stdout]                                at /rustc/df4ca44d3fbc9301ee17f30f4d474e6ae4b05252/library/std/src/thread/mod.rs:541:17
[INFO] [stdout]   50:     0x619a380956b3 - <core::panic::unwind_safe::AssertUnwindSafe<F> as core::ops::function::FnOnce<()>>::call_once::hab6c3869ce7648db
[INFO] [stdout]                                at /rustc/df4ca44d3fbc9301ee17f30f4d474e6ae4b05252/library/core/src/panic/unwind_safe.rs:272:9
[INFO] [stdout]   51:     0x619a38082160 - std::panicking::try::do_call::h88bcbda2aad2a814
[INFO] [stdout]                                at /rustc/df4ca44d3fbc9301ee17f30f4d474e6ae4b05252/library/std/src/panicking.rs:557:40
[INFO] [stdout]   52:     0x619a380950bb - __rust_try
[INFO] [stdout]   53:     0x619a380914d9 - std::panicking::try::h95f07a255f7de992
[INFO] [stdout]                                at /rustc/df4ca44d3fbc9301ee17f30f4d474e6ae4b05252/library/std/src/panicking.rs:520:19
[INFO] [stdout]   54:     0x619a380914d9 - std::panic::catch_unwind::heeee03ce8075a8e6
[INFO] [stdout]                                at /rustc/df4ca44d3fbc9301ee17f30f4d474e6ae4b05252/library/std/src/panic.rs:358:14
[INFO] [stdout]   55:     0x619a380914d9 - std::thread::Builder::spawn_unchecked_::{{closure}}::h85b2df5ff1a25f65
[INFO] [stdout]                                at /rustc/df4ca44d3fbc9301ee17f30f4d474e6ae4b05252/library/std/src/thread/mod.rs:540:30
[INFO] [stdout]   56:     0x619a38095b6e - core::ops::function::FnOnce::call_once{{vtable.shim}}::h0ee7906160f41302
[INFO] [stdout]                                at /rustc/df4ca44d3fbc9301ee17f30f4d474e6ae4b05252/library/core/src/ops/function.rs:250:5
[INFO] [stdout]   57:     0x619a3850f82b - <alloc::boxed::Box<F,A> as core::ops::function::FnOnce<Args>>::call_once::h69aa08ddb6adb8b6
[INFO] [stdout]                                at /rustc/df4ca44d3fbc9301ee17f30f4d474e6ae4b05252/library/alloc/src/boxed.rs:2454:9
[INFO] [stdout]   58:     0x619a3850f82b - <alloc::boxed::Box<F,A> as core::ops::function::FnOnce<Args>>::call_once::h5aa36efdb79c806f
[INFO] [stdout]                                at /rustc/df4ca44d3fbc9301ee17f30f4d474e6ae4b05252/library/alloc/src/boxed.rs:2454:9
[INFO] [stdout]   59:     0x619a3850f82b - std::sys::pal::unix::thread::Thread::new::thread_start::h6cd80a1b4be5158d
[INFO] [stdout]                                at /rustc/df4ca44d3fbc9301ee17f30f4d474e6ae4b05252/library/std/src/sys/pal/unix/thread.rs:105:17
[INFO] [stdout]   60:     0x7c8dd4ed8ac3 - <unknown>
[INFO] [stdout]   61:     0x7c8dd4f69a04 - clone
[INFO] [stdout]   62:                0x0 - <unknown>
[INFO] [stdout] thread 'password_store_git' panicked at tests/integration.rs:26:1:
[INFO] [stdout] explicit panic
[INFO] [stdout] stack backtrace:
[INFO] [stdout]    0:     0x619a38507fba - std::backtrace_rs::backtrace::libunwind::trace::h207520d6e9873551
[INFO] [stdout]                                at /rustc/df4ca44d3fbc9301ee17f30f4d474e6ae4b05252/library/std/src/../../backtrace/src/backtrace/libunwind.rs:116:5
[INFO] [stdout]    1:     0x619a38507fba - std::backtrace_rs::backtrace::trace_unsynchronized::h2ed7433f370e3eca
[INFO] [stdout]                                at /rustc/df4ca44d3fbc9301ee17f30f4d474e6ae4b05252/library/std/src/../../backtrace/src/backtrace/mod.rs:66:5
[INFO] [stdout]    2:     0x619a38507fba - std::sys::backtrace::_print_fmt::h916fac51166b18d7
[INFO] [stdout]                                at /rustc/df4ca44d3fbc9301ee17f30f4d474e6ae4b05252/library/std/src/sys/backtrace.rs:66:9
[INFO] [stdout]    3:     0x619a38507fba - <std::sys::backtrace::BacktraceLock::print::DisplayBacktrace as core::fmt::Display>::fmt::ha0a4c9b8ce3802e6
[INFO] [stdout]                                at /rustc/df4ca44d3fbc9301ee17f30f4d474e6ae4b05252/library/std/src/sys/backtrace.rs:39:26
[INFO] [stdout]    4:     0x619a385324b3 - core::fmt::rt::Argument::fmt::h4cfc8587d52b3eb5
[INFO] [stdout]                                at /rustc/df4ca44d3fbc9301ee17f30f4d474e6ae4b05252/library/core/src/fmt/rt.rs:177:76
[INFO] [stdout]    5:     0x619a385324b3 - core::fmt::write::h522cc39e5b36ae9f
[INFO] [stdout]                                at /rustc/df4ca44d3fbc9301ee17f30f4d474e6ae4b05252/library/core/src/fmt/mod.rs:1190:21
[INFO] [stdout]    6:     0x619a38503f63 - std::io::Write::write_fmt::h7d3c26752da97734
[INFO] [stdout]                                at /rustc/df4ca44d3fbc9301ee17f30f4d474e6ae4b05252/library/std/src/io/mod.rs:1839:15
[INFO] [stdout]    7:     0x619a38507e02 - std::sys::backtrace::BacktraceLock::print::h4b9e00b29e9c0942
[INFO] [stdout]                                at /rustc/df4ca44d3fbc9301ee17f30f4d474e6ae4b05252/library/std/src/sys/backtrace.rs:42:9
[INFO] [stdout]    8:     0x619a3850944a - std::panicking::default_hook::{{closure}}::hb59b88280d0324d9
[INFO] [stdout]                                at /rustc/df4ca44d3fbc9301ee17f30f4d474e6ae4b05252/library/std/src/panicking.rs:268:22
[INFO] [stdout]    9:     0x619a38509254 - std::panicking::default_hook::he1dd496665be4a29
[INFO] [stdout]                                at /rustc/df4ca44d3fbc9301ee17f30f4d474e6ae4b05252/library/std/src/panicking.rs:292:9
[INFO] [stdout]   10:     0x619a3817e519 - <alloc::boxed::Box<F,A> as core::ops::function::Fn<Args>>::call::h4ff71de18744e1dc
[INFO] [stdout]                                at /rustc/df4ca44d3fbc9301ee17f30f4d474e6ae4b05252/library/alloc/src/boxed.rs:2468:9
[INFO] [stdout]   11:     0x619a3817e519 - test::test_main::{{closure}}::hcf7c055ce117aa81
[INFO] [stdout]                                at /rustc/df4ca44d3fbc9301ee17f30f4d474e6ae4b05252/library/test/src/lib.rs:133:21
[INFO] [stdout]   12:     0x619a38509b48 - <alloc::boxed::Box<F,A> as core::ops::function::Fn<Args>>::call::h1d66c6bbd60c9692
[INFO] [stdout]                                at /rustc/df4ca44d3fbc9301ee17f30f4d474e6ae4b05252/library/alloc/src/boxed.rs:2468:9
[INFO] [stdout]   13:     0x619a38509b48 - std::panicking::rust_panic_with_hook::h2ff17fe8f26dfcf8
[INFO] [stdout]                                at /rustc/df4ca44d3fbc9301ee17f30f4d474e6ae4b05252/library/std/src/panicking.rs:809:13
[INFO] [stdout]   14:     0x619a38141f7a - std::panicking::begin_panic::{{closure}}::hc7ece337dada844c
[INFO] [stdout]                                at /rustc/df4ca44d3fbc9301ee17f30f4d474e6ae4b05252/library/std/src/panicking.rs:738:9
[INFO] [stdout]   15:     0x619a3813d98a - std::sys::backtrace::__rust_end_short_backtrace::hb6e41c0a3109da51
[INFO] [stdout]                                at /rustc/df4ca44d3fbc9301ee17f30f4d474e6ae4b05252/library/std/src/sys/backtrace.rs:170:18
[INFO] [stdout]   16:     0x619a38141f29 - std::panicking::begin_panic::h4de6f89fb589392d
[INFO] [stdout]                                at /rustc/df4ca44d3fbc9301ee17f30f4d474e6ae4b05252/library/std/src/panicking.rs:737:5
[INFO] [stdout]   17:     0x619a38073389 - integration::password_store_git::h9cd0707724a77d80
[INFO] [stdout]                                at /opt/rustwide/workdir/tests/integration.rs:26:1
[INFO] [stdout]   18:     0x619a380731f7 - integration::password_store_git::{{closure}}::hb33adea8061bdb07
[INFO] [stdout]                                at /opt/rustwide/workdir/tests/integration.rs:27:28
[INFO] [stdout]   19:     0x619a38095ee6 - core::ops::function::FnOnce::call_once::h3c80d1c75255e20c
[INFO] [stdout]                                at /rustc/df4ca44d3fbc9301ee17f30f4d474e6ae4b05252/library/core/src/ops/function.rs:250:5
[INFO] [stdout]   20:     0x619a38182deb - core::ops::function::FnOnce::call_once::h22c3ba5715e93f05
[INFO] [stdout]                                at /rustc/df4ca44d3fbc9301ee17f30f4d474e6ae4b05252/library/core/src/ops/function.rs:250:5
[INFO] [stdout]   21:     0x619a38182deb - test::__rust_begin_short_backtrace::h8e82d8113d0da17f
[INFO] [stdout]                                at /rustc/df4ca44d3fbc9301ee17f30f4d474e6ae4b05252/library/test/src/lib.rs:621:18
[INFO] [stdout]   22:     0x619a38182767 - test::run_test_in_process::{{closure}}::h33235f4f20b7b7c7
[INFO] [stdout]                                at /rustc/df4ca44d3fbc9301ee17f30f4d474e6ae4b05252/library/test/src/lib.rs:644:60
[INFO] [stdout]   23:     0x619a38182767 - <core::panic::unwind_safe::AssertUnwindSafe<F> as core::ops::function::FnOnce<()>>::call_once::hb5043206310c586f
[INFO] [stdout]                                at /rustc/df4ca44d3fbc9301ee17f30f4d474e6ae4b05252/library/core/src/panic/unwind_safe.rs:272:9
[INFO] [stdout]   24:     0x619a38182767 - std::panicking::try::do_call::h9ad4731a60ab23e2
[INFO] [stdout]                                at /rustc/df4ca44d3fbc9301ee17f30f4d474e6ae4b05252/library/std/src/panicking.rs:557:40
[INFO] [stdout]   25:     0x619a38182767 - std::panicking::try::h3824d23db772a716
[INFO] [stdout]                                at /rustc/df4ca44d3fbc9301ee17f30f4d474e6ae4b05252/library/std/src/panicking.rs:520:19
[INFO] [stdout]   26:     0x619a38182767 - std::panic::catch_unwind::h5afd514605fde46b
[INFO] [stdout]                                at /rustc/df4ca44d3fbc9301ee17f30f4d474e6ae4b05252/library/std/src/panic.rs:358:14
[INFO] [stdout]   27:     0x619a38182767 - test::run_test_in_process::h0d5cbfa7067d1720
[INFO] [stdout]                                at /rustc/df4ca44d3fbc9301ee17f30f4d474e6ae4b05252/library/test/src/lib.rs:644:27
[INFO] [stdout]   28:     0x619a38182767 - test::run_test::{{closure}}::h708eb8872708115d
[INFO] [stdout]                                at /rustc/df4ca44d3fbc9301ee17f30f4d474e6ae4b05252/library/test/src/lib.rs:565:43
[INFO] [stdout]   29:     0x619a38145e84 - test::run_test::{{closure}}::h392c51cee94713ab
[INFO] [stdout]                                at /rustc/df4ca44d3fbc9301ee17f30f4d474e6ae4b05252/library/test/src/lib.rs:595:41
[INFO] [stdout]   30:     0x619a38145e84 - std::sys::backtrace::__rust_begin_short_backtrace::h2f40290710935a8b
[INFO] [stdout]                                at /rustc/df4ca44d3fbc9301ee17f30f4d474e6ae4b05252/library/std/src/sys/backtrace.rs:154:18
[INFO] [stdout]   31:     0x619a3814962e - std::thread::Builder::spawn_unchecked_::{{closure}}::{{closure}}::h3fd968d89053a903
[INFO] [stdout]                                at /rustc/df4ca44d3fbc9301ee17f30f4d474e6ae4b05252/library/std/src/thread/mod.rs:541:17
[INFO] [stdout]   32:     0x619a3814962e - <core::panic::unwind_safe::AssertUnwindSafe<F> as core::ops::function::FnOnce<()>>::call_once::h743f637ba4229880
[INFO] [stdout]                                at /rustc/df4ca44d3fbc9301ee17f30f4d474e6ae4b05252/library/core/src/panic/unwind_safe.rs:272:9
[INFO] [stdout]   33:     0x619a3814962e - std::panicking::try::do_call::h07440897322525a6
[INFO] [stdout]                                at /rustc/df4ca44d3fbc9301ee17f30f4d474e6ae4b05252/library/std/src/panicking.rs:557:40
[INFO] [stdout]   34:     0x619a3814962e - std::panicking::try::he5a2e00188156637
[INFO] [stdout]                                at /rustc/df4ca44d3fbc9301ee17f30f4d474e6ae4b05252/library/std/src/panicking.rs:520:19
[INFO] [stdout]   35:     0x619a3814962e - std::panic::catch_unwind::hbaf3cae49b3c6433
[INFO] [stdout]                                at /rustc/df4ca44d3fbc9301ee17f30f4d474e6ae4b05252/library/std/src/panic.rs:358:14
[INFO] [stdout]   36:     0x619a3814962e - std::thread::Builder::spawn_unchecked_::{{closure}}::h8e141ea224820bce
[INFO] [stdout]                                at /rustc/df4ca44d3fbc9301ee17f30f4d474e6ae4b05252/library/std/src/thread/mod.rs:540:30
[INFO] [stdout]   37:     0x619a3814962e - core::ops::function::FnOnce::call_once{{vtable.shim}}::h90d312fedd7b8ea8
[INFO] [stdout]                                at /rustc/df4ca44d3fbc9301ee17f30f4d474e6ae4b05252/library/core/src/ops/function.rs:250:5
[INFO] [stdout]   38:     0x619a3850f82b - <alloc::boxed::Box<F,A> as core::ops::function::FnOnce<Args>>::call_once::h69aa08ddb6adb8b6
[INFO] [stdout]                                at /rustc/df4ca44d3fbc9301ee17f30f4d474e6ae4b05252/library/alloc/src/boxed.rs:2454:9
[INFO] [stdout]   39:     0x619a3850f82b - <alloc::boxed::Box<F,A> as core::ops::function::FnOnce<Args>>::call_once::h5aa36efdb79c806f
[INFO] [stdout]                                at /rustc/df4ca44d3fbc9301ee17f30f4d474e6ae4b05252/library/alloc/src/boxed.rs:2454:9
[INFO] [stdout]   40:     0x619a3850f82b - std::sys::pal::unix::thread::Thread::new::thread_start::h6cd80a1b4be5158d
[INFO] [stdout]                                at /rustc/df4ca44d3fbc9301ee17f30f4d474e6ae4b05252/library/std/src/sys/pal/unix/thread.rs:105:17
[INFO] [stdout]   41:     0x7c8dd4ed8ac3 - <unknown>
[INFO] [stdout]   42:     0x7c8dd4f69a04 - clone
[INFO] [stdout]   43:                0x0 - <unknown>
[INFO] [stdout] 
[INFO] [stdout] ---- debsig_verify_0_30 stdout ----
[INFO] [stdout] Spawning ["cargo", "build", "--quiet", "--no-default-features", "--features=crypto-nettle"] to build the chameleon...
[INFO] [stdout] # Recording debsig-verify-0.30
[INFO] [stdout] 
[INFO] [stdout]   - Package: debsig-verify
[INFO] [stdout]   - Version: 0.30
[INFO] [stdout]   - Source: Debian
[INFO] [stdout]   - Created: 2024-05-16 08:42:54.059613143 UTC
[INFO] [stdout] 
[INFO] [stdout] ## Testing sample 0
[INFO] [stdout] 
[INFO] [stdout]   - Invoking the chameleon
[INFO] [stdout]     gpg-sq "--no-permission-warning" "--no-permission-warning" "--command-fd=23" "--attribute-fd=22" "--logger-fd=20" "--status-fd=18" "--ignore-time-conflict" "--no-options" "--no-default-keyring" "--no-auto-check-trustdb" "--trust-model=always" "-v" "--batch" "--import" "input0"
[INFO] [stdout] 
[INFO] [stdout] loggerfd: (edit distance 175; previously 175)
[INFO] [stdout] --- oracle loggerfd
[INFO] [stdout] +++ chameleon loggerfd
[INFO] [stdout] -gpg: enabled compatibility flags:
[INFO] [stdout] -gpg: keybox '/GNUPGHOME/pubring.kbx' created
[INFO] [stdout] -gpg: pub  rsa4096/E9F3837DB59CDACD 2022-07-18  Debsig Origin Test Key <debsig-test@example.com>
[INFO] [stdout]  gpg: key E9F3837DB59CDACD: public key "Debsig Origin Test Key <debsig-test@example.com>" imported
[INFO] [stdout]  gpg: Total number processed: 1
[INFO] [stdout]  gpg:               imported: 1
[INFO] [stdout] 
[INFO] [stdout] ## Testing sample 1
[INFO] [stdout] 
[INFO] [stdout]   - Invoking the chameleon
[INFO] [stdout]     gpg-sq "--no-permission-warning" "--no-permission-warning" "--command-fd=23" "--attribute-fd=22" "--logger-fd=20" "--status-fd=18" "--ignore-time-conflict" "--no-options" "--no-default-keyring" "--no-auto-check-trustdb" "--trust-model=always" "-v" "--batch" "--import" "input0"
[INFO] [stdout] 
[INFO] [stdout] loggerfd: (edit distance 175; previously 175)
[INFO] [stdout] --- oracle loggerfd
[INFO] [stdout] +++ chameleon loggerfd
[INFO] [stdout] -gpg: enabled compatibility flags:
[INFO] [stdout] -gpg: keybox '/GNUPGHOME/pubring.kbx' created
[INFO] [stdout] -gpg: pub  rsa4096/E9F3837DB59CDACD 2022-07-18  Debsig Origin Test Key <debsig-test@example.com>
[INFO] [stdout]  gpg: key E9F3837DB59CDACD: public key "Debsig Origin Test Key <debsig-test@example.com>" imported
[INFO] [stdout]  gpg: Total number processed: 1
[INFO] [stdout]  gpg:               imported: 1
[INFO] [stdout] 
[INFO] [stdout] ## Testing sample 2
[INFO] [stdout] 
[INFO] [stdout]   - Invoking the chameleon
[INFO] [stdout]     gpg-sq "--no-permission-warning" "--no-permission-warning" "--command-fd=23" "--attribute-fd=22" "--logger-fd=20" "--status-fd=18" "--ignore-time-conflict" "--no-options" "--no-default-keyring" "--no-auto-check-trustdb" "--trust-model=always" "-v" "--batch" "--import" "input0"
[INFO] [stdout] 
[INFO] [stdout] loggerfd: (edit distance 175; previously 175)
[INFO] [stdout] --- oracle loggerfd
[INFO] [stdout] +++ chameleon loggerfd
[INFO] [stdout] -gpg: enabled compatibility flags:
[INFO] [stdout] -gpg: keybox '/GNUPGHOME/pubring.kbx' created
[INFO] [stdout] -gpg: pub  rsa4096/E9F3837DB59CDACD 2022-07-18  Debsig Origin Test Key <debsig-test@example.com>
[INFO] [stdout]  gpg: key E9F3837DB59CDACD: public key "Debsig Origin Test Key <debsig-test@example.com>" imported
[INFO] [stdout]  gpg: Total number processed: 1
[INFO] [stdout]  gpg:               imported: 1
[INFO] [stdout] 
[INFO] [stdout] ## Testing sample 3
[INFO] [stdout] 
[INFO] [stdout]   - Invoking the chameleon
[INFO] [stdout]     gpg-sq "--no-permission-warning" "--no-permission-warning" "--command-fd=23" "--attribute-fd=22" "--logger-fd=20" "--status-fd=18" "--ignore-time-conflict" "--no-options" "--no-default-keyring" "--no-auto-check-trustdb" "--trust-model=always" "-v" "--batch" "--import" "input0"
[INFO] [stdout] 
[INFO] [stdout] loggerfd: (edit distance 175; previously 175)
[INFO] [stdout] --- oracle loggerfd
[INFO] [stdout] +++ chameleon loggerfd
[INFO] [stdout] -gpg: enabled compatibility flags:
[INFO] [stdout] -gpg: keybox '/GNUPGHOME/pubring.kbx' created
[INFO] [stdout] -gpg: pub  rsa4096/E9F3837DB59CDACD 2022-07-18  Debsig Origin Test Key <debsig-test@example.com>
[INFO] [stdout]  gpg: key E9F3837DB59CDACD: public key "Debsig Origin Test Key <debsig-test@example.com>" imported
[INFO] [stdout]  gpg: Total number processed: 1
[INFO] [stdout]  gpg:               imported: 1
[INFO] [stdout] 
[INFO] [stdout] ## Testing sample 4
[INFO] [stdout] 
[INFO] [stdout]   - Invoking the chameleon
[INFO] [stdout]     gpg-sq "--no-permission-warning" "--no-permission-warning" "--command-fd=23" "--attribute-fd=22" "--logger-fd=20" "--status-fd=18" "--ignore-time-conflict" "--no-options" "--no-default-keyring" "--no-auto-check-trustdb" "--trust-model=always" "-v" "--batch" "--import" "input0"
[INFO] [stdout] 
[INFO] [stdout] loggerfd: (edit distance 175; previously 175)
[INFO] [stdout] --- oracle loggerfd
[INFO] [stdout] +++ chameleon loggerfd
[INFO] [stdout] -gpg: enabled compatibility flags:
[INFO] [stdout] -gpg: keybox '/GNUPGHOME/pubring.kbx' created
[INFO] [stdout] -gpg: pub  rsa4096/4832DEA0A066232B 2023-12-20  Debsig Origin Test Key <debsig-test@example.com>
[INFO] [stdout]  gpg: key 4832DEA0A066232B: public key "Debsig Origin Test Key <debsig-test@example.com>" imported
[INFO] [stdout]  gpg: Total number processed: 1
[INFO] [stdout]  gpg:               imported: 1
[INFO] [stdout] 
[INFO] [stdout] ## Testing sample 5
[INFO] [stdout] 
[INFO] [stdout]   - Invoking the chameleon
[INFO] [stdout]     gpg-sq "--no-permission-warning" "--no-permission-warning" "--command-fd=31" "--attribute-fd=29" "--logger-fd=25" "--status-fd=21" "--ignore-time-conflict" "--no-options" "--no-default-keyring" "--no-auto-check-trustdb" "--trust-model=always" "-v" "--batch" "--import" "input0"
[INFO] [stdout] 
[INFO] [stdout] loggerfd: (edit distance 175; previously 175)
[INFO] [stdout] --- oracle loggerfd
[INFO] [stdout] +++ chameleon loggerfd
[INFO] [stdout] -gpg: enabled compatibility flags:
[INFO] [stdout] -gpg: keybox '/GNUPGHOME/pubring.kbx' created
[INFO] [stdout] -gpg: pub  rsa4096/4832DEA0A066232B 2023-12-20  Debsig Origin Test Key <debsig-test@example.com>
[INFO] [stdout]  gpg: key 4832DEA0A066232B: public key "Debsig Origin Test Key <debsig-test@example.com>" imported
[INFO] [stdout]  gpg: Total number processed: 1
[INFO] [stdout]  gpg:               imported: 1
[INFO] [stdout] 
[INFO] [stdout] ## Testing sample 6
[INFO] [stdout] 
[INFO] [stdout]   - Invoking the chameleon
[INFO] [stdout]     gpg-sq "--no-permission-warning" "--no-permission-warning" "--command-fd=22" "--attribute-fd=21" "--logger-fd=19" "--status-fd=17" "--ignore-time-conflict" "--no-options" "--no-default-keyring" "--no-auto-check-trustdb" "--trust-model=always" "-v" "--batch" "--import" "input0"
[INFO] [stdout] 
[INFO] [stdout] loggerfd: (edit distance 175; previously 175)
[INFO] [stdout] --- oracle loggerfd
[INFO] [stdout] +++ chameleon loggerfd
[INFO] [stdout] -gpg: enabled compatibility flags:
[INFO] [stdout] -gpg: keybox '/GNUPGHOME/pubring.kbx' created
[INFO] [stdout] -gpg: pub  rsa4096/E9F3837DB59CDACD 2022-07-18  Debsig Origin Test Key <debsig-test@example.com>
[INFO] [stdout]  gpg: key E9F3837DB59CDACD: public key "Debsig Origin Test Key <debsig-test@example.com>" imported
[INFO] [stdout]  gpg: Total number processed: 1
[INFO] [stdout]  gpg:               imported: 1
[INFO] [stdout] 
[INFO] [stdout] ## Testing sample 7
[INFO] [stdout] 
[INFO] [stdout]   - Invoking the chameleon
[INFO] [stdout]     gpg-sq "--no-permission-warning" "--no-permission-warning" "--command-fd=22" "--attribute-fd=21" "--logger-fd=19" "--status-fd=17" "--ignore-time-conflict" "--no-options" "--no-default-keyring" "--no-auto-check-trustdb" "--trust-model=always" "-v" "--batch" "--import" "input0"
[INFO] [stdout] 
[INFO] [stdout] loggerfd: (edit distance 175; previously 175)
[INFO] [stdout] --- oracle loggerfd
[INFO] [stdout] +++ chameleon loggerfd
[INFO] [stdout] -gpg: enabled compatibility flags:
[INFO] [stdout] -gpg: keybox '/GNUPGHOME/pubring.kbx' created
[INFO] [stdout] -gpg: pub  rsa4096/E9F3837DB59CDACD 2022-07-18  Debsig Origin Test Key <debsig-test@example.com>
[INFO] [stdout]  gpg: key E9F3837DB59CDACD: public key "Debsig Origin Test Key <debsig-test@example.com>" imported
[INFO] [stdout]  gpg: Total number processed: 1
[INFO] [stdout]  gpg:               imported: 1
[INFO] [stdout] 
[INFO] [stdout] ## Testing sample 8
[INFO] [stdout] 
[INFO] [stdout]   - Invoking the chameleon
[INFO] [stdout]     gpg-sq "--no-permission-warning" "--no-permission-warning" "--command-fd=22" "--attribute-fd=21" "--logger-fd=19" "--status-fd=17" "--ignore-time-conflict" "--no-options" "--no-default-keyring" "--no-auto-check-trustdb" "--trust-model=always" "-v" "--batch" "--import" "input0"
[INFO] [stdout] 
[INFO] [stdout] loggerfd: (edit distance 175; previously 175)
[INFO] [stdout] --- oracle loggerfd
[INFO] [stdout] +++ chameleon loggerfd
[INFO] [stdout] -gpg: enabled compatibility flags:
[INFO] [stdout] -gpg: keybox '/GNUPGHOME/pubring.kbx' created
[INFO] [stdout] -gpg: pub  rsa4096/E9F3837DB59CDACD 2022-07-18  Debsig Origin Test Key <debsig-test@example.com>
[INFO] [stdout]  gpg: key E9F3837DB59CDACD: public key "Debsig Origin Test Key <debsig-test@example.com>" imported
[INFO] [stdout]  gpg: Total number processed: 1
[INFO] [stdout]  gpg:               imported: 1
[INFO] [stdout] 
[INFO] [stdout] ## Testing sample 9
[INFO] [stdout] 
[INFO] [stdout]   - Invoking the chameleon
[INFO] [stdout]     gpg-sq "--no-permission-warning" "--no-permission-warning" "--command-fd=22" "--attribute-fd=21" "--logger-fd=19" "--status-fd=17" "--ignore-time-conflict" "--no-options" "--no-default-keyring" "--no-auto-check-trustdb" "--trust-model=always" "-v" "--batch" "--import" "input0"
[INFO] [stdout] 
[INFO] [stdout] loggerfd: (edit distance 175; previously 175)
[INFO] [stdout] --- oracle loggerfd
[INFO] [stdout] +++ chameleon loggerfd
[INFO] [stdout] -gpg: enabled compatibility flags:
[INFO] [stdout] -gpg: keybox '/GNUPGHOME/pubring.kbx' created
[INFO] [stdout] -gpg: pub  rsa4096/4832DEA0A066232B 2023-12-20  Debsig Origin Test Key <debsig-test@example.com>
[INFO] [stdout]  gpg: key 4832DEA0A066232B: public key "Debsig Origin Test Key <debsig-test@example.com>" imported
[INFO] [stdout]  gpg: Total number processed: 1
[INFO] [stdout]  gpg:               imported: 1
[INFO] [stdout] 
[INFO] [stdout] ## Testing sample 10
[INFO] [stdout] 
[INFO] [stdout]   - Invoking the chameleon
[INFO] [stdout]     gpg-sq "--no-permission-warning" "--no-permission-warning" "--command-fd=22" "--attribute-fd=21" "--logger-fd=19" "--status-fd=17" "--ignore-time-conflict" "--no-options" "--no-default-keyring" "--no-auto-check-trustdb" "--trust-model=always" "-v" "--batch" "--import" "input0"
[INFO] [stdout] 
[INFO] [stdout] loggerfd: (edit distance 175; previously 175)
[INFO] [stdout] --- oracle loggerfd
[INFO] [stdout] +++ chameleon loggerfd
[INFO] [stdout] -gpg: enabled compatibility flags:
[INFO] [stdout] -gpg: keybox '/GNUPGHOME/pubring.kbx' created
[INFO] [stdout] -gpg: pub  rsa4096/E9F3837DB59CDACD 2022-07-18  Debsig Origin Test Key <debsig-test@example.com>
[INFO] [stdout]  gpg: key E9F3837DB59CDACD: public key "Debsig Origin Test Key <debsig-test@example.com>" imported
[INFO] [stdout]  gpg: Total number processed: 1
[INFO] [stdout]  gpg:               imported: 1
[INFO] [stdout] 
[INFO] [stdout] ## Testing sample 11
[INFO] [stdout] 
[INFO] [stdout]   - Invoking the chameleon
[INFO] [stdout]     gpg-sq "--no-permission-warning" "--no-permission-warning" "--command-fd=22" "--attribute-fd=21" "--logger-fd=19" "--status-fd=17" "--ignore-time-conflict" "--no-options" "--no-default-keyring" "--no-auto-check-trustdb" "--trust-model=always" "-v" "--batch" "--import" "input0"
[INFO] [stdout] 
[INFO] [stdout] loggerfd: (edit distance 175; previously 175)
[INFO] [stdout] --- oracle loggerfd
[INFO] [stdout] +++ chameleon loggerfd
[INFO] [stdout] -gpg: enabled compatibility flags:
[INFO] [stdout] -gpg: keybox '/GNUPGHOME/pubring.kbx' created
[INFO] [stdout] -gpg: pub  rsa4096/E9F3837DB59CDACD 2022-07-18  Debsig Origin Test Key <debsig-test@example.com>
[INFO] [stdout]  gpg: key E9F3837DB59CDACD: public key "Debsig Origin Test Key <debsig-test@example.com>" imported
[INFO] [stdout]  gpg: Total number processed: 1
[INFO] [stdout]  gpg:               imported: 1
[INFO] [stdout] 
[INFO] [stdout] ## Testing sample 12
[INFO] [stdout] 
[INFO] [stdout]   - Invoking the chameleon
[INFO] [stdout]     gpg-sq "--no-permission-warning" "--no-permission-warning" "--command-fd=14" "--attribute-fd=24" "--logger-fd=22" "--status-fd=20" "--ignore-time-conflict" "--no-options" "--no-default-keyring" "--no-auto-check-trustdb" "--trust-model=always" "-v" "--batch" "--import" "input0"
[INFO] [stdout] 
[INFO] [stdout] loggerfd: (edit distance 175; previously 175)
[INFO] [stdout] --- oracle loggerfd
[INFO] [stdout] +++ chameleon loggerfd
[INFO] [stdout] -gpg: enabled compatibility flags:
[INFO] [stdout] -gpg: keybox '/GNUPGHOME/pubring.kbx' created
[INFO] [stdout] -gpg: pub  rsa4096/4832DEA0A066232B 2023-12-20  Debsig Origin Test Key <debsig-test@example.com>
[INFO] [stdout]  gpg: key 4832DEA0A066232B: public key "Debsig Origin Test Key <debsig-test@example.com>" imported
[INFO] [stdout]  gpg: Total number processed: 1
[INFO] [stdout]  gpg:               imported: 1
[INFO] [stdout] 
[INFO] [stdout] ## Testing sample 13
[INFO] [stdout] 
[INFO] [stdout]   - Invoking the chameleon
[INFO] [stdout]     gpg-sq "--no-permission-warning" "--no-permission-warning" "--command-fd=25" "--attribute-fd=24" "--logger-fd=22" "--status-fd=20" "--ignore-time-conflict" "--no-options" "--no-default-keyring" "--no-auto-check-trustdb" "--trust-model=always" "-v" "--batch" "--import" "input0"
[INFO] [stdout] 
[INFO] [stdout] loggerfd: (edit distance 175; previously 175)
[INFO] [stdout] --- oracle loggerfd
[INFO] [stdout] +++ chameleon loggerfd
[INFO] [stdout] -gpg: enabled compatibility flags:
[INFO] [stdout] -gpg: keybox '/GNUPGHOME/pubring.kbx' created
[INFO] [stdout] -gpg: pub  rsa4096/E9F3837DB59CDACD 2022-07-18  Debsig Origin Test Key <debsig-test@example.com>
[INFO] [stdout]  gpg: key E9F3837DB59CDACD: public key "Debsig Origin Test Key <debsig-test@example.com>" imported
[INFO] [stdout]  gpg: Total number processed: 1
[INFO] [stdout]  gpg:               imported: 1
[INFO] [stdout] 
[INFO] [stdout] ## Testing sample 14
[INFO] [stdout] 
[INFO] [stdout]   - Invoking the chameleon
[INFO] [stdout]     gpg-sq "--no-permission-warning" "--no-permission-warning" "--command-fd=25" "--attribute-fd=24" "--logger-fd=22" "--status-fd=20" "--ignore-time-conflict" "--no-options" "--no-default-keyring" "--no-auto-check-trustdb" "--trust-model=always" "-v" "--batch" "--import" "input0"
[INFO] [stdout] 
[INFO] [stdout] loggerfd: (edit distance 175; previously 175)
[INFO] [stdout] --- oracle loggerfd
[INFO] [stdout] +++ chameleon loggerfd
[INFO] [stdout] -gpg: enabled compatibility flags:
[INFO] [stdout] -gpg: keybox '/GNUPGHOME/pubring.kbx' created
[INFO] [stdout] -gpg: pub  rsa4096/4832DEA0A066232B 2023-12-20  Debsig Origin Test Key <debsig-test@example.com>
[INFO] [stdout]  gpg: key 4832DEA0A066232B: public key "Debsig Origin Test Key <debsig-test@example.com>" imported
[INFO] [stdout]  gpg: Total number processed: 1
[INFO] [stdout]  gpg:               imported: 1
[INFO] [stdout] 
[INFO] [stdout] ## Testing sample 15
[INFO] [stdout] 
[INFO] [stdout]   - Invoking the chameleon
[INFO] [stdout]     gpg-sq "--no-permission-warning" "--no-permission-warning" "--command-fd=22" "--attribute-fd=21" "--logger-fd=19" "--status-fd=17" "--ignore-time-conflict" "--no-options" "--no-default-keyring" "--no-auto-check-trustdb" "--trust-model=always" "-v" "--batch" "--import" "input0"
[INFO] [stdout] 
[INFO] [stdout] loggerfd: (edit distance 175; previously 175)
[INFO] [stdout] --- oracle loggerfd
[INFO] [stdout] +++ chameleon loggerfd
[INFO] [stdout] -gpg: enabled compatibility flags:
[INFO] [stdout] -gpg: keybox '/GNUPGHOME/pubring.kbx' created
[INFO] [stdout] -gpg: pub  rsa4096/4832DEA0A066232B 2023-12-20  Debsig Origin Test Key <debsig-test@example.com>
[INFO] [stdout]  gpg: key 4832DEA0A066232B: public key "Debsig Origin Test Key <debsig-test@example.com>" imported
[INFO] [stdout]  gpg: Total number processed: 1
[INFO] [stdout]  gpg:               imported: 1
[INFO] [stdout] 
[INFO] [stdout] ## Testing sample 16
[INFO] [stdout] 
[INFO] [stdout]   - Invoking the chameleon
[INFO] [stdout]     gpg-sq "--no-permission-warning" "--no-permission-warning" "--command-fd=22" "--attribute-fd=21" "--logger-fd=19" "--status-fd=17" "--ignore-time-conflict" "--no-options" "--no-default-keyring" "--no-auto-check-trustdb" "--trust-model=always" "-v" "--batch" "--import" "input0"
[INFO] [stdout] 
[INFO] [stdout] loggerfd: (edit distance 175; previously 175)
[INFO] [stdout] --- oracle loggerfd
[INFO] [stdout] +++ chameleon loggerfd
[INFO] [stdout] -gpg: enabled compatibility flags:
[INFO] [stdout] -gpg: keybox '/GNUPGHOME/pubring.kbx' created
[INFO] [stdout] -gpg: pub  rsa4096/4832DEA0A066232B 2023-12-20  Debsig Origin Test Key <debsig-test@example.com>
[INFO] [stdout]  gpg: key 4832DEA0A066232B: public key "Debsig Origin Test Key <debsig-test@example.com>" imported
[INFO] [stdout]  gpg: Total number processed: 1
[INFO] [stdout]  gpg:               imported: 1
[INFO] [stdout] 
[INFO] [stdout] ## Testing sample 17
[INFO] [stdout] 
[INFO] [stdout]   - Invoking the chameleon
[INFO] [stdout]     gpg-sq "--no-permission-warning" "--no-permission-warning" "--command-fd=22" "--attribute-fd=21" "--logger-fd=19" "--status-fd=17" "--ignore-time-conflict" "--no-options" "--no-default-keyring" "--no-auto-check-trustdb" "--trust-model=always" "-v" "--batch" "--import" "input0"
[INFO] [stdout] 
[INFO] [stdout] loggerfd: (edit distance 175; previously 175)
[INFO] [stdout] --- oracle loggerfd
[INFO] [stdout] +++ chameleon loggerfd
[INFO] [stdout] -gpg: enabled compatibility flags:
[INFO] [stdout] -gpg: keybox '/GNUPGHOME/pubring.kbx' created
[INFO] [stdout] -gpg: pub  rsa4096/4832DEA0A066232B 2023-12-20  Debsig Origin Test Key <debsig-test@example.com>
[INFO] [stdout]  gpg: key 4832DEA0A066232B: public key "Debsig Origin Test Key <debsig-test@example.com>" imported
[INFO] [stdout]  gpg: Total number processed: 1
[INFO] [stdout]  gpg:               imported: 1
[INFO] [stdout] 
[INFO] [stdout] ## Testing sample 18
[INFO] [stdout] 
[INFO] [stdout]   - Invoking the chameleon
[INFO] [stdout]     gpg-sq "--no-permission-warning" "--no-permission-warning" "--command-fd=22" "--attribute-fd=21" "--logger-fd=19" "--status-fd=17" "--ignore-time-conflict" "--no-options" "--no-default-keyring" "--no-auto-check-trustdb" "--trust-model=always" "-v" "--batch" "--import" "input0"
[INFO] [stdout] 
[INFO] [stdout] statusfd: (edit distance 67; previously 67)
[INFO] [stdout] --- oracle statusfd
[INFO] [stdout] +++ chameleon statusfd
[INFO] [stdout] @@
[INFO] [stdout]  [GNUPG:] IMPORT_OK 0 B2551A215CE5C74584C6AE0DE9F3837DB59CDACD
[INFO] [stdout]  [GNUPG:] KEY_CONSIDERED B2551A215CE5C74584C6AE0DE9F3837DB59CDACD 0
[INFO] [stdout] -[GNUPG:] KEY_CONSIDERED B2551A215CE5C74584C6AE0DE9F3837DB59CDACD 0
[INFO] [stdout]  [GNUPG:] IMPORT_OK 17 B2551A215CE5C74584C6AE0DE9F3837DB59CDACD
[INFO] [stdout]  [GNUPG:] IMPORT_RES 1 0 0 0 1 0 0 0 0 1 1 0 0 0 0
[INFO] [stdout]  
[INFO] [stdout] loggerfd: (edit distance 194; previously 194)
[INFO] [stdout] --- oracle loggerfd
[INFO] [stdout] +++ chameleon loggerfd
[INFO] [stdout] -gpg: enabled compatibility flags:
[INFO] [stdout] -gpg: sec  rsa4096/E9F3837DB59CDACD 2022-07-18  Debsig Origin Test Key <debsig-test@example.com>
[INFO] [stdout]  gpg: key E9F3837DB59CDACD: "Debsig Origin Test Key <debsig-test@example.com>" not changed
[INFO] [stdout] -gpg: key E9F3837DB59CDACD/E9F3837DB59CDACD: secret key imported
[INFO] [stdout]  gpg: key E9F3837DB59CDACD: secret key imported
[INFO] [stdout]  gpg: Total number processed: 1
[INFO] [stdout]  gpg:              unchanged: 1
[INFO] [stdout] 
[INFO] [stdout] ## Testing sample 19
[INFO] [stdout] 
[INFO] [stdout]   - Invoking the chameleon
[INFO] [stdout]     gpg-sq "--no-permission-warning" "--no-permission-warning" "--command-fd=22" "--attribute-fd=21" "--logger-fd=19" "--status-fd=17" "--ignore-time-conflict" "--no-options" "--no-default-keyring" "--no-auto-check-trustdb" "--trust-model=always" "-v" "--batch" "--import" "input0"
[INFO] [stdout] 
[INFO] [stdout] statusfd: (edit distance 67; previously 67)
[INFO] [stdout] --- oracle statusfd
[INFO] [stdout] +++ chameleon statusfd
[INFO] [stdout] @@
[INFO] [stdout]  [GNUPG:] IMPORT_OK 0 B2551A215CE5C74584C6AE0DE9F3837DB59CDACD
[INFO] [stdout]  [GNUPG:] KEY_CONSIDERED B2551A215CE5C74584C6AE0DE9F3837DB59CDACD 0
[INFO] [stdout] -[GNUPG:] KEY_CONSIDERED B2551A215CE5C74584C6AE0DE9F3837DB59CDACD 0
[INFO] [stdout]  [GNUPG:] IMPORT_OK 17 B2551A215CE5C74584C6AE0DE9F3837DB59CDACD
[INFO] [stdout]  [GNUPG:] IMPORT_RES 1 0 0 0 1 0 0 0 0 1 1 0 0 0 0
[INFO] [stdout]  
[INFO] [stdout] loggerfd: (edit distance 194; previously 194)
[INFO] [stdout] --- oracle loggerfd
[INFO] [stdout] +++ chameleon loggerfd
[INFO] [stdout] -gpg: enabled compatibility flags:
[INFO] [stdout] -gpg: sec  rsa4096/E9F3837DB59CDACD 2022-07-18  Debsig Origin Test Key <debsig-test@example.com>
[INFO] [stdout]  gpg: key E9F3837DB59CDACD: "Debsig Origin Test Key <debsig-test@example.com>" not changed
[INFO] [stdout] -gpg: key E9F3837DB59CDACD/E9F3837DB59CDACD: secret key imported
[INFO] [stdout]  gpg: key E9F3837DB59CDACD: secret key imported
[INFO] [stdout]  gpg: Total number processed: 1
[INFO] [stdout]  gpg:              unchanged: 1
[INFO] [stdout] 
[INFO] [stdout] ## Testing sample 20
[INFO] [stdout] 
[INFO] [stdout]   - Invoking the chameleon
[INFO] [stdout]     gpg-sq "--no-permission-warning" "--no-permission-warning" "--command-fd=22" "--attribute-fd=21" "--logger-fd=19" "--status-fd=17" "--ignore-time-conflict" "--no-options" "--no-default-keyring" "--no-auto-check-trustdb" "--trust-model=always" "-v" "--batch" "--import" "input0"
[INFO] [stdout] 
[INFO] [stdout] statusfd: (edit distance 67; previously 67)
[INFO] [stdout] --- oracle statusfd
[INFO] [stdout] +++ chameleon statusfd
[INFO] [stdout] @@
[INFO] [stdout]  [GNUPG:] IMPORT_OK 0 B2551A215CE5C74584C6AE0DE9F3837DB59CDACD
[INFO] [stdout]  [GNUPG:] KEY_CONSIDERED B2551A215CE5C74584C6AE0DE9F3837DB59CDACD 0
[INFO] [stdout] -[GNUPG:] KEY_CONSIDERED B2551A215CE5C74584C6AE0DE9F3837DB59CDACD 0
[INFO] [stdout]  [GNUPG:] IMPORT_OK 17 B2551A215CE5C74584C6AE0DE9F3837DB59CDACD
[INFO] [stdout]  [GNUPG:] IMPORT_RES 1 0 0 0 1 0 0 0 0 1 1 0 0 0 0
[INFO] [stdout]  
[INFO] [stdout] loggerfd: (edit distance 194; previously 194)
[INFO] [stdout] --- oracle loggerfd
[INFO] [stdout] +++ chameleon loggerfd
[INFO] [stdout] -gpg: enabled compatibility flags:
[INFO] [stdout] -gpg: sec  rsa4096/E9F3837DB59CDACD 2022-07-18  Debsig Origin Test Key <debsig-test@example.com>
[INFO] [stdout]  gpg: key E9F3837DB59CDACD: "Debsig Origin Test Key <debsig-test@example.com>" not changed
[INFO] [stdout] -gpg: key E9F3837DB59CDACD/E9F3837DB59CDACD: secret key imported
[INFO] [stdout]  gpg: key E9F3837DB59CDACD: secret key imported
[INFO] [stdout]  gpg: Total number processed: 1
[INFO] [stdout]  gpg:              unchanged: 1
[INFO] [stdout] 
[INFO] [stdout] ## Testing sample 21
[INFO] [stdout] 
[INFO] [stdout]   - Invoking the chameleon
[INFO] [stdout]     gpg-sq "--no-permission-warning" "--no-permission-warning" "--command-fd=22" "--attribute-fd=21" "--logger-fd=19" "--status-fd=17" "--ignore-time-conflict" "--no-options" "--no-default-keyring" "--no-auto-check-trustdb" "--trust-model=always" "-v" "--batch" "--import" "input0"
[INFO] [stdout] 
[INFO] [stdout] statusfd: (edit distance 67; previously 67)
[INFO] [stdout] --- oracle statusfd
[INFO] [stdout] +++ chameleon statusfd
[INFO] [stdout] @@
[INFO] [stdout]  [GNUPG:] IMPORT_OK 0 B2551A215CE5C74584C6AE0DE9F3837DB59CDACD
[INFO] [stdout]  [GNUPG:] KEY_CONSIDERED B2551A215CE5C74584C6AE0DE9F3837DB59CDACD 0
[INFO] [stdout] -[GNUPG:] KEY_CONSIDERED B2551A215CE5C74584C6AE0DE9F3837DB59CDACD 0
[INFO] [stdout]  [GNUPG:] IMPORT_OK 17 B2551A215CE5C74584C6AE0DE9F3837DB59CDACD
[INFO] [stdout]  [GNUPG:] IMPORT_RES 1 0 0 0 1 0 0 0 0 1 1 0 0 0 0
[INFO] [stdout]  
[INFO] [stdout] loggerfd: (edit distance 194; previously 194)
[INFO] [stdout] --- oracle loggerfd
[INFO] [stdout] +++ chameleon loggerfd
[INFO] [stdout] -gpg: enabled compatibility flags:
[INFO] [stdout] -gpg: sec  rsa4096/E9F3837DB59CDACD 2022-07-18  Debsig Origin Test Key <debsig-test@example.com>
[INFO] [stdout]  gpg: key E9F3837DB59CDACD: "Debsig Origin Test Key <debsig-test@example.com>" not changed
[INFO] [stdout] -gpg: key E9F3837DB59CDACD/E9F3837DB59CDACD: secret key imported
[INFO] [stdout]  gpg: key E9F3837DB59CDACD: secret key imported
[INFO] [stdout]  gpg: Total number processed: 1
[INFO] [stdout]  gpg:              unchanged: 1
[INFO] [stdout] 
[INFO] [stdout] ## Testing sample 22
[INFO] [stdout] 
[INFO] [stdout]   - Invoking the chameleon
[INFO] [stdout]     gpg-sq "--no-permission-warning" "--no-permission-warning" "--command-fd=22" "--attribute-fd=21" "--logger-fd=19" "--status-fd=17" "--ignore-time-conflict" "--no-options" "--no-default-keyring" "--no-auto-check-trustdb" "--trust-model=always" "-v" "--batch" "--import" "input0"
[INFO] [stdout] 
[INFO] [stdout] statusfd: (edit distance 67; previously 67)
[INFO] [stdout] --- oracle statusfd
[INFO] [stdout] +++ chameleon statusfd
[INFO] [stdout] @@
[INFO] [stdout]  [GNUPG:] IMPORT_OK 0 B2551A215CE5C74584C6AE0DE9F3837DB59CDACD
[INFO] [stdout]  [GNUPG:] KEY_CONSIDERED B2551A215CE5C74584C6AE0DE9F3837DB59CDACD 0
[INFO] [stdout] -[GNUPG:] KEY_CONSIDERED B2551A215CE5C74584C6AE0DE9F3837DB59CDACD 0
[INFO] [stdout]  [GNUPG:] IMPORT_OK 17 B2551A215CE5C74584C6AE0DE9F3837DB59CDACD
[INFO] [stdout]  [GNUPG:] IMPORT_RES 1 0 0 0 1 0 0 0 0 1 1 0 0 0 0
[INFO] [stdout]  
[INFO] [stdout] loggerfd: (edit distance 194; previously 194)
[INFO] [stdout] --- oracle loggerfd
[INFO] [stdout] +++ chameleon loggerfd
[INFO] [stdout] -gpg: enabled compatibility flags:
[INFO] [stdout] -gpg: sec  rsa4096/E9F3837DB59CDACD 2022-07-18  Debsig Origin Test Key <debsig-test@example.com>
[INFO] [stdout]  gpg: key E9F3837DB59CDACD: "Debsig Origin Test Key <debsig-test@example.com>" not changed
[INFO] [stdout] -gpg: key E9F3837DB59CDACD/E9F3837DB59CDACD: secret key imported
[INFO] [stdout]  gpg: key E9F3837DB59CDACD: secret key imported
[INFO] [stdout]  gpg: Total number processed: 1
[INFO] [stdout]  gpg:              unchanged: 1
[INFO] [stdout] 
[INFO] [stdout] ## Testing sample 23
[INFO] [stdout] 
[INFO] [stdout]   - Invoking the chameleon
[INFO] [stdout]     gpg-sq "--no-permission-warning" "--no-permission-warning" "--command-fd=22" "--attribute-fd=21" "--logger-fd=19" "--status-fd=17" "--ignore-time-conflict" "--no-options" "--no-default-keyring" "--no-auto-check-trustdb" "--trust-model=always" "-v" "--batch" "--import" "input0"
[INFO] [stdout] 
[INFO] [stdout] statusfd: (edit distance 54; previously 54)
[INFO] [stdout] --- oracle statusfd
[INFO] [stdout] +++ chameleon statusfd
[INFO] [stdout] @@
[INFO] [stdout]  [GNUPG:] IMPORT_OK 0 900AC2113233F5DF47C0B6654832DEA0A066232B
[INFO] [stdout]  [GNUPG:] KEY_CONSIDERED 900AC2113233F5DF47C0B6654832DEA0A066232B 0
[INFO] [stdout] -[GNUPG:] KEY_CONSIDERED 900AC2113233F5DF47C0B6654832DEA0A066232B 0
[INFO] [stdout]  [GNUPG:] IMPORT_OK 17 900AC2113233F5DF47C0B6654832DEA0A066232B
[INFO] [stdout] +[GNUPG:] IMPORT_RES 1 0 0 0 1 0 0 0 0 1 1 0 0 0 0
[INFO] [stdout]  
[INFO] [stdout] loggerfd: (edit distance 258; previously 258)
[INFO] [stdout] --- oracle loggerfd
[INFO] [stdout] +++ chameleon loggerfd
[INFO] [stdout] -gpg: enabled compatibility flags:
[INFO] [stdout] -gpg: sec  rsa4096/4832DEA0A066232B 2023-12-20  Debsig Origin Test Key <debsig-test@example.com>
[INFO] [stdout]  gpg: key 4832DEA0A066232B: "Debsig Origin Test Key <debsig-test@example.com>" not changed
[INFO] [stdout] -gpg: key 4832DEA0A066232B/4832DEA0A066232B: secret key imported
[INFO] [stdout] -gpg: key 4832DEA0A066232B/4C2E30ED5C790356: secret key imported
[INFO] [stdout]  gpg: key 4832DEA0A066232B: secret key imported
[INFO] [stdout]  gpg: Total number processed: 1
[INFO] [stdout]  gpg:              unchanged: 1
[INFO] [stdout] 
[INFO] [stdout] ## Testing sample 24
[INFO] [stdout] 
[INFO] [stdout]   - Invoking the chameleon
[INFO] [stdout]     gpg-sq "--no-permission-warning" "--no-permission-warning" "--command-fd=22" "--attribute-fd=21" "--logger-fd=19" "--status-fd=17" "--ignore-time-conflict" "--no-options" "--no-default-keyring" "--no-auto-check-trustdb" "--trust-model=always" "-v" "--batch" "--import" "input0"
[INFO] [stdout] 
[INFO] [stdout] statusfd: (edit distance 67; previously 67)
[INFO] [stdout] --- oracle statusfd
[INFO] [stdout] +++ chameleon statusfd
[INFO] [stdout] @@
[INFO] [stdout]  [GNUPG:] IMPORT_OK 0 B2551A215CE5C74584C6AE0DE9F3837DB59CDACD
[INFO] [stdout]  [GNUPG:] KEY_CONSIDERED B2551A215CE5C74584C6AE0DE9F3837DB59CDACD 0
[INFO] [stdout] -[GNUPG:] KEY_CONSIDERED B2551A215CE5C74584C6AE0DE9F3837DB59CDACD 0
[INFO] [stdout]  [GNUPG:] IMPORT_OK 17 B2551A215CE5C74584C6AE0DE9F3837DB59CDACD
[INFO] [stdout]  [GNUPG:] IMPORT_RES 1 0 0 0 1 0 0 0 0 1 1 0 0 0 0
[INFO] [stdout]  
[INFO] [stdout] loggerfd: (edit distance 194; previously 194)
[INFO] [stdout] --- oracle loggerfd
[INFO] [stdout] +++ chameleon loggerfd
[INFO] [stdout] -gpg: enabled compatibility flags:
[INFO] [stdout] -gpg: sec  rsa4096/E9F3837DB59CDACD 2022-07-18  Debsig Origin Test Key <debsig-test@example.com>
[INFO] [stdout]  gpg: key E9F3837DB59CDACD: "Debsig Origin Test Key <debsig-test@example.com>" not changed
[INFO] [stdout] -gpg: key E9F3837DB59CDACD/E9F3837DB59CDACD: secret key imported
[INFO] [stdout]  gpg: key E9F3837DB59CDACD: secret key imported
[INFO] [stdout]  gpg: Total number processed: 1
[INFO] [stdout]  gpg:              unchanged: 1
[INFO] [stdout] 
[INFO] [stdout] ## Testing sample 25
[INFO] [stdout] 
[INFO] [stdout]   - Invoking the chameleon
[INFO] [stdout]     gpg-sq "--no-permission-warning" "--no-permission-warning" "--command-fd=22" "--attribute-fd=21" "--logger-fd=19" "--status-fd=17" "--ignore-time-conflict" "--no-options" "--no-default-keyring" "--no-auto-check-trustdb" "--trust-model=always" "-v" "--batch" "--import" "input0"
[INFO] [stdout] 
[INFO] [stdout] statusfd: (edit distance 67; previously 67)
[INFO] [stdout] --- oracle statusfd
[INFO] [stdout] +++ chameleon statusfd
[INFO] [stdout] @@
[INFO] [stdout]  [GNUPG:] IMPORT_OK 0 B2551A215CE5C74584C6AE0DE9F3837DB59CDACD
[INFO] [stdout]  [GNUPG:] KEY_CONSIDERED B2551A215CE5C74584C6AE0DE9F3837DB59CDACD 0
[INFO] [stdout] -[GNUPG:] KEY_CONSIDERED B2551A215CE5C74584C6AE0DE9F3837DB59CDACD 0
[INFO] [stdout]  [GNUPG:] IMPORT_OK 17 B2551A215CE5C74584C6AE0DE9F3837DB59CDACD
[INFO] [stdout]  [GNUPG:] IMPORT_RES 1 0 0 0 1 0 0 0 0 1 1 0 0 0 0
[INFO] [stdout]  
[INFO] [stdout] loggerfd: (edit distance 194; previously 194)
[INFO] [stdout] --- oracle loggerfd
[INFO] [stdout] +++ chameleon loggerfd
[INFO] [stdout] -gpg: enabled compatibility flags:
[INFO] [stdout] -gpg: sec  rsa4096/E9F3837DB59CDACD 2022-07-18  Debsig Origin Test Key <debsig-test@example.com>
[INFO] [stdout]  gpg: key E9F3837DB59CDACD: "Debsig Origin Test Key <debsig-test@example.com>" not changed
[INFO] [stdout] -gpg: key E9F3837DB59CDACD/E9F3837DB59CDACD: secret key imported
[INFO] [stdout]  gpg: key E9F3837DB59CDACD: secret key imported
[INFO] [stdout]  gpg: Total number processed: 1
[INFO] [stdout]  gpg:              unchanged: 1
[INFO] [stdout] 
[INFO] [stdout] ## Testing sample 26
[INFO] [stdout] 
[INFO] [stdout]   - Invoking the chameleon
[INFO] [stdout]     gpg-sq "--no-permission-warning" "--no-permission-warning" "--command-fd=22" "--attribute-fd=21" "--logger-fd=19" "--status-fd=17" "--ignore-time-conflict" "--no-options" "--no-default-keyring" "--no-auto-check-trustdb" "--trust-model=always" "-v" "--batch" "--import" "input0"
[INFO] [stdout] 
[INFO] [stdout] statusfd: (edit distance 67; previously 67)
[INFO] [stdout] --- oracle statusfd
[INFO] [stdout] +++ chameleon statusfd
[INFO] [stdout] @@
[INFO] [stdout]  [GNUPG:] IMPORT_OK 0 B2551A215CE5C74584C6AE0DE9F3837DB59CDACD
[INFO] [stdout]  [GNUPG:] KEY_CONSIDERED B2551A215CE5C74584C6AE0DE9F3837DB59CDACD 0
[INFO] [stdout] -[GNUPG:] KEY_CONSIDERED B2551A215CE5C74584C6AE0DE9F3837DB59CDACD 0
[INFO] [stdout]  [GNUPG:] IMPORT_OK 17 B2551A215CE5C74584C6AE0DE9F3837DB59CDACD
[INFO] [stdout]  [GNUPG:] IMPORT_RES 1 0 0 0 1 0 0 0 0 1 1 0 0 0 0
[INFO] [stdout]  
[INFO] [stdout] loggerfd: (edit distance 194; previously 194)
[INFO] [stdout] --- oracle loggerfd
[INFO] [stdout] +++ chameleon loggerfd
[INFO] [stdout] -gpg: enabled compatibility flags:
[INFO] [stdout] -gpg: sec  rsa4096/E9F3837DB59CDACD 2022-07-18  Debsig Origin Test Key <debsig-test@example.com>
[INFO] [stdout]  gpg: key E9F3837DB59CDACD: "Debsig Origin Test Key <debsig-test@example.com>" not changed
[INFO] [stdout] -gpg: key E9F3837DB59CDACD/E9F3837DB59CDACD: secret key imported
[INFO] [stdout]  gpg: key E9F3837DB59CDACD: secret key imported
[INFO] [stdout]  gpg: Total number processed: 1
[INFO] [stdout]  gpg:              unchanged: 1
[INFO] [stdout] 
[INFO] [stdout] ## Testing sample 27
[INFO] [stdout] 
[INFO] [stdout]   - Invoking the chameleon
[INFO] [stdout]     gpg-sq "--no-permission-warning" "--no-permission-warning" "--command-fd=22" "--attribute-fd=21" "--logger-fd=19" "--status-fd=17" "--ignore-time-conflict" "--no-options" "--no-default-keyring" "--no-auto-check-trustdb" "--trust-model=always" "-v" "--batch" "--import" "input0"
[INFO] [stdout] 
[INFO] [stdout] statusfd: (edit distance 67; previously 67)
[INFO] [stdout] --- oracle statusfd
[INFO] [stdout] +++ chameleon statusfd
[INFO] [stdout] @@
[INFO] [stdout]  [GNUPG:] IMPORT_OK 0 B2551A215CE5C74584C6AE0DE9F3837DB59CDACD
[INFO] [stdout]  [GNUPG:] KEY_CONSIDERED B2551A215CE5C74584C6AE0DE9F3837DB59CDACD 0
[INFO] [stdout] -[GNUPG:] KEY_CONSIDERED B2551A215CE5C74584C6AE0DE9F3837DB59CDACD 0
[INFO] [stdout]  [GNUPG:] IMPORT_OK 17 B2551A215CE5C74584C6AE0DE9F3837DB59CDACD
[INFO] [stdout]  [GNUPG:] IMPORT_RES 1 0 0 0 1 0 0 0 0 1 1 0 0 0 0
[INFO] [stdout]  
[INFO] [stdout] loggerfd: (edit distance 194; previously 194)
[INFO] [stdout] --- oracle loggerfd
[INFO] [stdout] +++ chameleon loggerfd
[INFO] [stdout] -gpg: enabled compatibility flags:
[INFO] [stdout] -gpg: sec  rsa4096/E9F3837DB59CDACD 2022-07-18  Debsig Origin Test Key <debsig-test@example.com>
[INFO] [stdout]  gpg: key E9F3837DB59CDACD: "Debsig Origin Test Key <debsig-test@example.com>" not changed
[INFO] [stdout] -gpg: key E9F3837DB59CDACD/E9F3837DB59CDACD: secret key imported
[INFO] [stdout]  gpg: key E9F3837DB59CDACD: secret key imported
[INFO] [stdout]  gpg: Total number processed: 1
[INFO] [stdout]  gpg:              unchanged: 1
[INFO] [stdout] 
[INFO] [stdout] ## Testing sample 28
[INFO] [stdout] 
[INFO] [stdout]   - Invoking the chameleon
[INFO] [stdout]     gpg-sq "--no-permission-warning" "--no-permission-warning" "--command-fd=22" "--attribute-fd=21" "--logger-fd=19" "--status-fd=17" "--ignore-time-conflict" "--no-options" "--no-default-keyring" "--no-auto-check-trustdb" "--trust-model=always" "-v" "--batch" "--import" "input0"
[INFO] [stdout] 
[INFO] [stdout] statusfd: (edit distance 67; previously 67)
[INFO] [stdout] --- oracle statusfd
[INFO] [stdout] +++ chameleon statusfd
[INFO] [stdout] @@
[INFO] [stdout]  [GNUPG:] IMPORT_OK 0 900AC2113233F5DF47C0B6654832DEA0A066232B
[INFO] [stdout]  [GNUPG:] KEY_CONSIDERED 900AC2113233F5DF47C0B6654832DEA0A066232B 0
[INFO] [stdout] -[GNUPG:] KEY_CONSIDERED 900AC2113233F5DF47C0B6654832DEA0A066232B 0
[INFO] [stdout]  [GNUPG:] IMPORT_OK 17 900AC2113233F5DF47C0B6654832DEA0A066232B
[INFO] [stdout]  [GNUPG:] IMPORT_RES 1 0 0 0 1 0 0 0 0 1 1 0 0 0 0
[INFO] [stdout]  
[INFO] [stdout] loggerfd: (edit distance 258; previously 258)
[INFO] [stdout] --- oracle loggerfd
[INFO] [stdout] +++ chameleon loggerfd
[INFO] [stdout] -gpg: enabled compatibility flags:
[INFO] [stdout] -gpg: sec  rsa4096/4832DEA0A066232B 2023-12-20  Debsig Origin Test Key <debsig-test@example.com>
[INFO] [stdout]  gpg: key 4832DEA0A066232B: "Debsig Origin Test Key <debsig-test@example.com>" not changed
[INFO] [stdout] -gpg: key 4832DEA0A066232B/4832DEA0A066232B: secret key imported
[INFO] [stdout] -gpg: key 4832DEA0A066232B/4C2E30ED5C790356: secret key imported
[INFO] [stdout]  gpg: key 4832DEA0A066232B: secret key imported
[INFO] [stdout]  gpg: Total number processed: 1
[INFO] [stdout]  gpg:              unchanged: 1
[INFO] [stdout] 
[INFO] [stdout] ## Testing sample 29
[INFO] [stdout] 
[INFO] [stdout]   - Invoking the chameleon
[INFO] [stdout]     gpg-sq "--no-permission-warning" "--no-permission-warning" "--command-fd=22" "--attribute-fd=21" "--logger-fd=19" "--status-fd=17" "--ignore-time-conflict" "--no-options" "--no-default-keyring" "--no-auto-check-trustdb" "--trust-model=always" "-v" "--batch" "--import" "input0"
[INFO] [stdout] 
[INFO] [stdout] statusfd: (edit distance 67; previously 67)
[INFO] [stdout] --- oracle statusfd
[INFO] [stdout] +++ chameleon statusfd
[INFO] [stdout] @@
[INFO] [stdout]  [GNUPG:] IMPORT_OK 0 900AC2113233F5DF47C0B6654832DEA0A066232B
[INFO] [stdout]  [GNUPG:] KEY_CONSIDERED 900AC2113233F5DF47C0B6654832DEA0A066232B 0
[INFO] [stdout] -[GNUPG:] KEY_CONSIDERED 900AC2113233F5DF47C0B6654832DEA0A066232B 0
[INFO] [stdout]  [GNUPG:] IMPORT_OK 17 900AC2113233F5DF47C0B6654832DEA0A066232B
[INFO] [stdout]  [GNUPG:] IMPORT_RES 1 0 0 0 1 0 0 0 0 1 1 0 0 0 0
[INFO] [stdout]  
[INFO] [stdout] loggerfd: (edit distance 258; previously 258)
[INFO] [stdout] --- oracle loggerfd
[INFO] [stdout] +++ chameleon loggerfd
[INFO] [stdout] -gpg: enabled compatibility flags:
[INFO] [stdout] -gpg: sec  rsa4096/4832DEA0A066232B 2023-12-20  Debsig Origin Test Key <debsig-test@example.com>
[INFO] [stdout]  gpg: key 4832DEA0A066232B: "Debsig Origin Test Key <debsig-test@example.com>" not changed
[INFO] [stdout] -gpg: key 4832DEA0A066232B/4832DEA0A066232B: secret key imported
[INFO] [stdout] -gpg: key 4832DEA0A066232B/4C2E30ED5C790356: secret key imported
[INFO] [stdout]  gpg: key 4832DEA0A066232B: secret key imported
[INFO] [stdout]  gpg: Total number processed: 1
[INFO] [stdout]  gpg:              unchanged: 1
[INFO] [stdout] 
[INFO] [stdout] ## Testing sample 30
[INFO] [stdout] 
[INFO] [stdout]   - Invoking the chameleon
[INFO] [stdout]     gpg-sq "--no-permission-warning" "--no-permission-warning" "--command-fd=22" "--attribute-fd=21" "--logger-fd=19" "--status-fd=17" "--ignore-time-conflict" "--no-options" "--no-default-keyring" "--no-auto-check-trustdb" "--trust-model=always" "-v" "--batch" "--import" "input0"
[INFO] [stdout] 
[INFO] [stdout] statusfd: (edit distance 67; previously 67)
[INFO] [stdout] --- oracle statusfd
[INFO] [stdout] +++ chameleon statusfd
[INFO] [stdout] @@
[INFO] [stdout]  [GNUPG:] IMPORT_OK 0 900AC2113233F5DF47C0B6654832DEA0A066232B
[INFO] [stdout]  [GNUPG:] KEY_CONSIDERED 900AC2113233F5DF47C0B6654832DEA0A066232B 0
[INFO] [stdout] -[GNUPG:] KEY_CONSIDERED 900AC2113233F5DF47C0B6654832DEA0A066232B 0
[INFO] [stdout]  [GNUPG:] IMPORT_OK 17 900AC2113233F5DF47C0B6654832DEA0A066232B
[INFO] [stdout]  [GNUPG:] IMPORT_RES 1 0 0 0 1 0 0 0 0 1 1 0 0 0 0
[INFO] [stdout]  
[INFO] [stdout] loggerfd: (edit distance 258; previously 258)
[INFO] [stdout] --- oracle loggerfd
[INFO] [stdout] +++ chameleon loggerfd
[INFO] [stdout] -gpg: enabled compatibility flags:
[INFO] [stdout] -gpg: sec  rsa4096/4832DEA0A066232B 2023-12-20  Debsig Origin Test Key <debsig-test@example.com>
[INFO] [stdout]  gpg: key 4832DEA0A066232B: "Debsig Origin Test Key <debsig-test@example.com>" not changed
[INFO] [stdout] -gpg: key 4832DEA0A066232B/4832DEA0A066232B: secret key imported
[INFO] [stdout] -gpg: key 4832DEA0A066232B/4C2E30ED5C790356: secret key imported
[INFO] [stdout]  gpg: key 4832DEA0A066232B: secret key imported
[INFO] [stdout]  gpg: Total number processed: 1
[INFO] [stdout]  gpg:              unchanged: 1
[INFO] [stdout] 
[INFO] [stdout] ## Testing sample 31
[INFO] [stdout] 
[INFO] [stdout]   - Invoking the chameleon
[INFO] [stdout]     gpg-sq "--no-permission-warning" "--no-permission-warning" "--command-fd=22" "--attribute-fd=21" "--logger-fd=19" "--status-fd=17" "--ignore-time-conflict" "--no-options" "--no-default-keyring" "--no-auto-check-trustdb" "--trust-model=always" "-v" "--batch" "--import" "input0"
[INFO] [stdout] 
[INFO] [stdout] statusfd: (edit distance 67; previously 67)
[INFO] [stdout] --- oracle statusfd
[INFO] [stdout] +++ chameleon statusfd
[INFO] [stdout] @@
[INFO] [stdout]  [GNUPG:] IMPORT_OK 0 900AC2113233F5DF47C0B6654832DEA0A066232B
[INFO] [stdout]  [GNUPG:] KEY_CONSIDERED 900AC2113233F5DF47C0B6654832DEA0A066232B 0
[INFO] [stdout] -[GNUPG:] KEY_CONSIDERED 900AC2113233F5DF47C0B6654832DEA0A066232B 0
[INFO] [stdout]  [GNUPG:] IMPORT_OK 17 900AC2113233F5DF47C0B6654832DEA0A066232B
[INFO] [stdout]  [GNUPG:] IMPORT_RES 1 0 0 0 1 0 0 0 0 1 1 0 0 0 0
[INFO] [stdout]  
[INFO] [stdout] loggerfd: (edit distance 258; previously 258)
[INFO] [stdout] --- oracle loggerfd
[INFO] [stdout] +++ chameleon loggerfd
[INFO] [stdout] -gpg: enabled compatibility flags:
[INFO] [stdout] -gpg: sec  rsa4096/4832DEA0A066232B 2023-12-20  Debsig Origin Test Key <debsig-test@example.com>
[INFO] [stdout]  gpg: key 4832DEA0A066232B: "Debsig Origin Test Key <debsig-test@example.com>" not changed
[INFO] [stdout] -gpg: key 4832DEA0A066232B/4832DEA0A066232B: secret key imported
[INFO] [stdout] -gpg: key 4832DEA0A066232B/4C2E30ED5C790356: secret key imported
[INFO] [stdout]  gpg: key 4832DEA0A066232B: secret key imported
[INFO] [stdout]  gpg: Total number processed: 1
[INFO] [stdout]  gpg:              unchanged: 1
[INFO] [stdout] 
[INFO] [stdout] ## Testing sample 32
[INFO] [stdout] 
[INFO] [stdout]   - Invoking the chameleon
[INFO] [stdout]     gpg-sq "--no-permission-warning" "--no-permission-warning" "--command-fd=22" "--attribute-fd=21" "--logger-fd=19" "--status-fd=17" "--ignore-time-conflict" "--no-options" "--no-default-keyring" "--no-auto-check-trustdb" "--trust-model=always" "-v" "--batch" "--import" "input0"
[INFO] [stdout] 
[INFO] [stdout] statusfd: (edit distance 67; previously 67)
[INFO] [stdout] --- oracle statusfd
[INFO] [stdout] +++ chameleon statusfd
[INFO] [stdout] @@
[INFO] [stdout]  [GNUPG:] IMPORT_OK 0 B2551A215CE5C74584C6AE0DE9F3837DB59CDACD
[INFO] [stdout]  [GNUPG:] KEY_CONSIDERED B2551A215CE5C74584C6AE0DE9F3837DB59CDACD 0
[INFO] [stdout] -[GNUPG:] KEY_CONSIDERED B2551A215CE5C74584C6AE0DE9F3837DB59CDACD 0
[INFO] [stdout]  [GNUPG:] IMPORT_OK 17 B2551A215CE5C74584C6AE0DE9F3837DB59CDACD
[INFO] [stdout]  [GNUPG:] IMPORT_RES 1 0 0 0 1 0 0 0 0 1 1 0 0 0 0
[INFO] [stdout]  
[INFO] [stdout] loggerfd: (edit distance 194; previously 194)
[INFO] [stdout] --- oracle loggerfd
[INFO] [stdout] +++ chameleon loggerfd
[INFO] [stdout] -gpg: enabled compatibility flags:
[INFO] [stdout] -gpg: sec  rsa4096/E9F3837DB59CDACD 2022-07-18  Debsig Origin Test Key <debsig-test@example.com>
[INFO] [stdout]  gpg: key E9F3837DB59CDACD: "Debsig Origin Test Key <debsig-test@example.com>" not changed
[INFO] [stdout] -gpg: key E9F3837DB59CDACD/E9F3837DB59CDACD: secret key imported
[INFO] [stdout]  gpg: key E9F3837DB59CDACD: secret key imported
[INFO] [stdout]  gpg: Total number processed: 1
[INFO] [stdout]  gpg:              unchanged: 1
[INFO] [stdout] 
[INFO] [stdout] ## Testing sample 33
[INFO] [stdout] 
[INFO] [stdout]   - Invoking the chameleon
[INFO] [stdout]     gpg-sq "--no-permission-warning" "--no-permission-warning" "--command-fd=22" "--attribute-fd=21" "--logger-fd=19" "--status-fd=17" "--ignore-time-conflict" "--no-options" "--no-default-keyring" "--no-auto-check-trustdb" "--trust-model=always" "-v" "--batch" "--import" "input0"
[INFO] [stdout] 
[INFO] [stdout] statusfd: (edit distance 67; previously 67)
[INFO] [stdout] --- oracle statusfd
[INFO] [stdout] +++ chameleon statusfd
[INFO] [stdout] @@
[INFO] [stdout]  [GNUPG:] IMPORT_OK 0 900AC2113233F5DF47C0B6654832DEA0A066232B
[INFO] [stdout]  [GNUPG:] KEY_CONSIDERED 900AC2113233F5DF47C0B6654832DEA0A066232B 0
[INFO] [stdout] -[GNUPG:] KEY_CONSIDERED 900AC2113233F5DF47C0B6654832DEA0A066232B 0
[INFO] [stdout]  [GNUPG:] IMPORT_OK 17 900AC2113233F5DF47C0B6654832DEA0A066232B
[INFO] [stdout]  [GNUPG:] IMPORT_RES 1 0 0 0 1 0 0 0 0 1 1 0 0 0 0
[INFO] [stdout]  
[INFO] [stdout] loggerfd: (edit distance 258; previously 258)
[INFO] [stdout] --- oracle loggerfd
[INFO] [stdout] +++ chameleon loggerfd
[INFO] [stdout] -gpg: enabled compatibility flags:
[INFO] [stdout] -gpg: sec  rsa4096/4832DEA0A066232B 2023-12-20  Debsig Origin Test Key <debsig-test@example.com>
[INFO] [stdout]  gpg: key 4832DEA0A066232B: "Debsig Origin Test Key <debsig-test@example.com>" not changed
[INFO] [stdout] -gpg: key 4832DEA0A066232B/4832DEA0A066232B: secret key imported
[INFO] [stdout] -gpg: key 4832DEA0A066232B/4C2E30ED5C790356: secret key imported
[INFO] [stdout]  gpg: key 4832DEA0A066232B: secret key imported
[INFO] [stdout]  gpg: Total number processed: 1
[INFO] [stdout]  gpg:              unchanged: 1
[INFO] [stdout] 
[INFO] [stdout] ## Testing sample 34
[INFO] [stdout] 
[INFO] [stdout]   - Invoking the chameleon
[INFO] [stdout]     gpg-sq "--no-permission-warning" "--no-permission-warning" "--command-fd=22" "--attribute-fd=21" "--logger-fd=19" "--status-fd=17" "--ignore-time-conflict" "--no-options" "--no-default-keyring" "--no-auto-check-trustdb" "--trust-model=always" "-v" "--batch" "--import" "input0"
[INFO] [stdout] 
[INFO] [stdout] statusfd: (edit distance 67; previously 67)
[INFO] [stdout] --- oracle statusfd
[INFO] [stdout] +++ chameleon statusfd
[INFO] [stdout] @@
[INFO] [stdout]  [GNUPG:] IMPORT_OK 0 900AC2113233F5DF47C0B6654832DEA0A066232B
[INFO] [stdout]  [GNUPG:] KEY_CONSIDERED 900AC2113233F5DF47C0B6654832DEA0A066232B 0
[INFO] [stdout] -[GNUPG:] KEY_CONSIDERED 900AC2113233F5DF47C0B6654832DEA0A066232B 0
[INFO] [stdout]  [GNUPG:] IMPORT_OK 17 900AC2113233F5DF47C0B6654832DEA0A066232B
[INFO] [stdout]  [GNUPG:] IMPORT_RES 1 0 0 0 1 0 0 0 0 1 1 0 0 0 0
[INFO] [stdout]  
[INFO] [stdout] loggerfd: (edit distance 258; previously 258)
[INFO] [stdout] --- oracle loggerfd
[INFO] [stdout] +++ chameleon loggerfd
[INFO] [stdout] -gpg: enabled compatibility flags:
[INFO] [stdout] -gpg: sec  rsa4096/4832DEA0A066232B 2023-12-20  Debsig Origin Test Key <debsig-test@example.com>
[INFO] [stdout]  gpg: key 4832DEA0A066232B: "Debsig Origin Test Key <debsig-test@example.com>" not changed
[INFO] [stdout] -gpg: key 4832DEA0A066232B/4832DEA0A066232B: secret key imported
[INFO] [stdout] -gpg: key 4832DEA0A066232B/4C2E30ED5C790356: secret key imported
[INFO] [stdout]  gpg: key 4832DEA0A066232B: secret key imported
[INFO] [stdout]  gpg: Total number processed: 1
[INFO] [stdout]  gpg:              unchanged: 1
[INFO] [stdout] 
[INFO] [stdout] ## Testing sample 35
[INFO] [stdout] 
[INFO] [stdout]   - Invoking the chameleon
[INFO] [stdout]     gpg-sq "--no-permission-warning" "--no-permission-warning" "--command-fd=22" "--attribute-fd=21" "--logger-fd=19" "--status-fd=17" "--ignore-time-conflict" "--no-options" "--no-default-keyring" "--no-auto-check-trustdb" "--trust-model=always" "-v" "--batch" "--import" "input0"
[INFO] [stdout] 
[INFO] [stdout] statusfd: (edit distance 67; previously 67)
[INFO] [stdout] --- oracle statusfd
[INFO] [stdout] +++ chameleon statusfd
[INFO] [stdout] @@
[INFO] [stdout]  [GNUPG:] IMPORT_OK 0 900AC2113233F5DF47C0B6654832DEA0A066232B
[INFO] [stdout]  [GNUPG:] KEY_CONSIDERED 900AC2113233F5DF47C0B6654832DEA0A066232B 0
[INFO] [stdout] -[GNUPG:] KEY_CONSIDERED 900AC2113233F5DF47C0B6654832DEA0A066232B 0
[INFO] [stdout]  [GNUPG:] IMPORT_OK 17 900AC2113233F5DF47C0B6654832DEA0A066232B
[INFO] [stdout]  [GNUPG:] IMPORT_RES 1 0 0 0 1 0 0 0 0 1 1 0 0 0 0
[INFO] [stdout]  
[INFO] [stdout] loggerfd: (edit distance 258; previously 258)
[INFO] [stdout] --- oracle loggerfd
[INFO] [stdout] +++ chameleon loggerfd
[INFO] [stdout] -gpg: enabled compatibility flags:
[INFO] [stdout] -gpg: sec  rsa4096/4832DEA0A066232B 2023-12-20  Debsig Origin Test Key <debsig-test@example.com>
[INFO] [stdout]  gpg: key 4832DEA0A066232B: "Debsig Origin Test Key <debsig-test@example.com>" not changed
[INFO] [stdout] -gpg: key 4832DEA0A066232B/4832DEA0A066232B: secret key imported
[INFO] [stdout] -gpg: key 4832DEA0A066232B/4C2E30ED5C790356: secret key imported
[INFO] [stdout]  gpg: key 4832DEA0A066232B: secret key imported
[INFO] [stdout]  gpg: Total number processed: 1
[INFO] [stdout]  gpg:              unchanged: 1
[INFO] [stdout] 
[INFO] [stdout] ## Testing sample 36
[INFO] [stdout] thread '<unnamed>' panicked at tests/integration.rs:497:54:
[INFO] [stdout] called `Result::unwrap()` on an `Err` value: failed to spawn sq
[INFO] [stdout] 
[INFO] [stdout] Caused by:
[INFO] [stdout]     No such file or directory (os error 2)
[INFO] [stdout] 
[INFO] [stdout] Stack backtrace:
[INFO] [stdout]    0: <E as anyhow::context::ext::StdError>::ext_context
[INFO] [stdout]              at /opt/rustwide/cargo-home/registry/src/index.crates.io-6f17d22bba15001f/anyhow-1.0.86/src/backtrace.rs:27:14
[INFO] [stdout]    1: anyhow::context::<impl anyhow::Context<T,E> for core::result::Result<T,E>>::context
[INFO] [stdout]              at /opt/rustwide/cargo-home/registry/src/index.crates.io-6f17d22bba15001f/anyhow-1.0.86/src/context.rs:54:31
[INFO] [stdout]    2: integration::inspect_pgp
[INFO] [stdout]              at ./tests/integration.rs:599:21
[INFO] [stdout]    3: integration::Diff::distances::{{closure}}::{{closure}}
[INFO] [stdout]              at ./tests/integration.rs:497:34
[INFO] [stdout]    4: core::iter::adapters::map::map_fold::{{closure}}
[INFO] [stdout]              at /rustc/df4ca44d3fbc9301ee17f30f4d474e6ae4b05252/library/core/src/iter/adapters/map.rs:88:28
[INFO] [stdout]    5: core::iter::adapters::map::map_fold::{{closure}}
[INFO] [stdout]              at /rustc/df4ca44d3fbc9301ee17f30f4d474e6ae4b05252/library/core/src/iter/adapters/map.rs:88:21
[INFO] [stdout]    6: <core::slice::iter::Iter<T> as core::iter::traits::iterator::Iterator>::fold
[INFO] [stdout]              at /rustc/df4ca44d3fbc9301ee17f30f4d474e6ae4b05252/library/core/src/slice/iter/macros.rs:232:27
[INFO] [stdout]    7: <core::iter::adapters::map::Map<I,F> as core::iter::traits::iterator::Iterator>::fold
[INFO] [stdout]              at /rustc/df4ca44d3fbc9301ee17f30f4d474e6ae4b05252/library/core/src/iter/adapters/map.rs:128:9
[INFO] [stdout]    8: <core::iter::adapters::cloned::Cloned<I> as core::iter::traits::iterator::Iterator>::fold
[INFO] [stdout]              at /rustc/df4ca44d3fbc9301ee17f30f4d474e6ae4b05252/library/core/src/iter/adapters/cloned.rs:61:31
[INFO] [stdout]    9: <core::iter::adapters::map::Map<I,F> as core::iter::traits::iterator::Iterator>::fold
[INFO] [stdout]              at /rustc/df4ca44d3fbc9301ee17f30f4d474e6ae4b05252/library/core/src/iter/adapters/map.rs:128:9
[INFO] [stdout]   10: core::iter::traits::iterator::Iterator::for_each
[INFO] [stdout]              at /rustc/df4ca44d3fbc9301ee17f30f4d474e6ae4b05252/library/core/src/iter/traits/iterator.rs:813:9
[INFO] [stdout]   11: alloc::vec::Vec<T,A>::extend_trusted
[INFO] [stdout]              at /rustc/df4ca44d3fbc9301ee17f30f4d474e6ae4b05252/library/alloc/src/vec/mod.rs:3551:17
[INFO] [stdout]   12: <alloc::vec::Vec<T,A> as alloc::vec::spec_extend::SpecExtend<T,I>>::spec_extend
[INFO] [stdout]              at /rustc/df4ca44d3fbc9301ee17f30f4d474e6ae4b05252/library/alloc/src/vec/spec_extend.rs:29:9
[INFO] [stdout]   13: <alloc::vec::Vec<T> as alloc::vec::spec_from_iter_nested::SpecFromIterNested<T,I>>::from_iter
[INFO] [stdout]              at /rustc/df4ca44d3fbc9301ee17f30f4d474e6ae4b05252/library/alloc/src/vec/spec_from_iter_nested.rs:62:9
[INFO] [stdout]   14: <alloc::vec::Vec<T> as alloc::vec::spec_from_iter::SpecFromIter<T,I>>::from_iter
[INFO] [stdout]              at /rustc/df4ca44d3fbc9301ee17f30f4d474e6ae4b05252/library/alloc/src/vec/spec_from_iter.rs:34:9
[INFO] [stdout]   15: <alloc::vec::Vec<T> as core::iter::traits::collect::FromIterator<T>>::from_iter
[INFO] [stdout]              at /rustc/df4ca44d3fbc9301ee17f30f4d474e6ae4b05252/library/alloc/src/vec/mod.rs:3410:9
[INFO] [stdout]   16: core::iter::traits::iterator::Iterator::collect
[INFO] [stdout]              at /rustc/df4ca44d3fbc9301ee17f30f4d474e6ae4b05252/library/core/src/iter/traits/iterator.rs:2001:9
[INFO] [stdout]   17: integration::Diff::distances::{{closure}}
[INFO] [stdout]              at ./tests/integration.rs:475:13
[INFO] [stdout]   18: std::sync::once_lock::OnceLock<T>::get_or_init::{{closure}}
[INFO] [stdout]              at /rustc/df4ca44d3fbc9301ee17f30f4d474e6ae4b05252/library/std/src/sync/once_lock.rs:304:50
[INFO] [stdout]   19: std::sync::once_lock::OnceLock<T>::initialize::{{closure}}
[INFO] [stdout]              at /rustc/df4ca44d3fbc9301ee17f30f4d474e6ae4b05252/library/std/src/sync/once_lock.rs:512:19
[INFO] [stdout]   20: std::sync::once::Once::call_once_force::{{closure}}
[INFO] [stdout]              at /rustc/df4ca44d3fbc9301ee17f30f4d474e6ae4b05252/library/std/src/sync/once.rs:217:40
[INFO] [stdout]   21: std::sys::sync::once::futex::Once::call
[INFO] [stdout]              at /rustc/df4ca44d3fbc9301ee17f30f4d474e6ae4b05252/library/std/src/sys/sync/once/futex.rs:176:21
[INFO] [stdout]   22: std::sync::once::Once::call_once_force
[INFO] [stdout]              at /rustc/df4ca44d3fbc9301ee17f30f4d474e6ae4b05252/library/std/src/sync/once.rs:217:9
[INFO] [stdout]   23: std::sync::once_lock::OnceLock<T>::initialize
[INFO] [stdout]              at /rustc/df4ca44d3fbc9301ee17f30f4d474e6ae4b05252/library/std/src/sync/once_lock.rs:511:9
[INFO] [stdout]   24: std::sync::once_lock::OnceLock<T>::get_or_try_init
[INFO] [stdout]              at /rustc/df4ca44d3fbc9301ee17f30f4d474e6ae4b05252/library/std/src/sync/once_lock.rs:390:9
[INFO] [stdout]   25: std::sync::once_lock::OnceLock<T>::get_or_init
[INFO] [stdout]              at /rustc/df4ca44d3fbc9301ee17f30f4d474e6ae4b05252/library/std/src/sync/once_lock.rs:304:15
[INFO] [stdout]   26: integration::Diff::distances
[INFO] [stdout]              at ./tests/integration.rs:472:9
[INFO] [stdout]   27: integration::Diff::emit
[INFO] [stdout]              at ./tests/integration.rs:543:38
[INFO] [stdout]   28: integration::Experiment::run
[INFO] [stdout]              at ./tests/integration.rs:696:13
[INFO] [stdout]   29: integration::debsig_verify_0_30::ntest_callback
[INFO] [stdout]              at ./tests/integration.rs:34:5
[INFO] [stdout]   30: integration::debsig_verify_0_30::{{closure}}
[INFO] [stdout]              at ./tests/integration.rs:32:1
[INFO] [stdout]   31: std::sys::backtrace::__rust_begin_short_backtrace
[INFO] [stdout]              at /rustc/df4ca44d3fbc9301ee17f30f4d474e6ae4b05252/library/std/src/sys/backtrace.rs:154:18
[INFO] [stdout]   32: std::thread::Builder::spawn_unchecked_::{{closure}}::{{closure}}
[INFO] [stdout]              at /rustc/df4ca44d3fbc9301ee17f30f4d474e6ae4b05252/library/std/src/thread/mod.rs:541:17
[INFO] [stdout]   33: <core::panic::unwind_safe::AssertUnwindSafe<F> as core::ops::function::FnOnce<()>>::call_once
[INFO] [stdout]              at /rustc/df4ca44d3fbc9301ee17f30f4d474e6ae4b05252/library/core/src/panic/unwind_safe.rs:272:9
[INFO] [stdout]   34: std::panicking::try::do_call
[INFO] [stdout]              at /rustc/df4ca44d3fbc9301ee17f30f4d474e6ae4b05252/library/std/src/panicking.rs:557:40
[INFO] [stdout]   35: __rust_try
[INFO] [stdout]   36: std::panicking::try
[INFO] [stdout]              at /rustc/df4ca44d3fbc9301ee17f30f4d474e6ae4b05252/library/std/src/panicking.rs:520:19
[INFO] [stdout]   37: std::panic::catch_unwind
[INFO] [stdout]              at /rustc/df4ca44d3fbc9301ee17f30f4d474e6ae4b05252/library/std/src/panic.rs:358:14
[INFO] [stdout]   38: std::thread::Builder::spawn_unchecked_::{{closure}}
[INFO] [stdout]              at /rustc/df4ca44d3fbc9301ee17f30f4d474e6ae4b05252/library/std/src/thread/mod.rs:540:30
[INFO] [stdout]   39: core::ops::function::FnOnce::call_once{{vtable.shim}}
[INFO] [stdout]              at /rustc/df4ca44d3fbc9301ee17f30f4d474e6ae4b05252/library/core/src/ops/function.rs:250:5
[INFO] [stdout]   40: <alloc::boxed::Box<F,A> as core::ops::function::FnOnce<Args>>::call_once
[INFO] [stdout]              at /rustc/df4ca44d3fbc9301ee17f30f4d474e6ae4b05252/library/alloc/src/boxed.rs:2454:9
[INFO] [stdout]   41: <alloc::boxed::Box<F,A> as core::ops::function::FnOnce<Args>>::call_once
[INFO] [stdout]              at /rustc/df4ca44d3fbc9301ee17f30f4d474e6ae4b05252/library/alloc/src/boxed.rs:2454:9
[INFO] [stdout]   42: std::sys::pal::unix::thread::Thread::new::thread_start
[INFO] [stdout]              at /rustc/df4ca44d3fbc9301ee17f30f4d474e6ae4b05252/library/std/src/sys/pal/unix/thread.rs:105:17
[INFO] [stdout]   43: <unknown>
[INFO] [stdout]   44: clone
[INFO] [stdout] stack backtrace:
[INFO] [stdout]    0:     0x619a38507fba - std::backtrace_rs::backtrace::libunwind::trace::h207520d6e9873551
[INFO] [stdout]                                at /rustc/df4ca44d3fbc9301ee17f30f4d474e6ae4b05252/library/std/src/../../backtrace/src/backtrace/libunwind.rs:116:5
[INFO] [stdout]    1:     0x619a38507fba - std::backtrace_rs::backtrace::trace_unsynchronized::h2ed7433f370e3eca
[INFO] [stdout]                                at /rustc/df4ca44d3fbc9301ee17f30f4d474e6ae4b05252/library/std/src/../../backtrace/src/backtrace/mod.rs:66:5
[INFO] [stdout]    2:     0x619a38507fba - std::sys::backtrace::_print_fmt::h916fac51166b18d7
[INFO] [stdout]                                at /rustc/df4ca44d3fbc9301ee17f30f4d474e6ae4b05252/library/std/src/sys/backtrace.rs:66:9
[INFO] [stdout]    3:     0x619a38507fba - <std::sys::backtrace::BacktraceLock::print::DisplayBacktrace as core::fmt::Display>::fmt::ha0a4c9b8ce3802e6
[INFO] [stdout]                                at /rustc/df4ca44d3fbc9301ee17f30f4d474e6ae4b05252/library/std/src/sys/backtrace.rs:39:26
[INFO] [stdout]    4:     0x619a385324b3 - core::fmt::rt::Argument::fmt::h4cfc8587d52b3eb5
[INFO] [stdout]                                at /rustc/df4ca44d3fbc9301ee17f30f4d474e6ae4b05252/library/core/src/fmt/rt.rs:177:76
[INFO] [stdout]    5:     0x619a385324b3 - core::fmt::write::h522cc39e5b36ae9f
[INFO] [stdout]                                at /rustc/df4ca44d3fbc9301ee17f30f4d474e6ae4b05252/library/core/src/fmt/mod.rs:1190:21
[INFO] [stdout]    6:     0x619a38503f63 - std::io::Write::write_fmt::h7d3c26752da97734
[INFO] [stdout]                                at /rustc/df4ca44d3fbc9301ee17f30f4d474e6ae4b05252/library/std/src/io/mod.rs:1839:15
[INFO] [stdout]    7:     0x619a38507e02 - std::sys::backtrace::BacktraceLock::print::h4b9e00b29e9c0942
[INFO] [stdout]                                at /rustc/df4ca44d3fbc9301ee17f30f4d474e6ae4b05252/library/std/src/sys/backtrace.rs:42:9
[INFO] [stdout]    8:     0x619a3850944a - std::panicking::default_hook::{{closure}}::hb59b88280d0324d9
[INFO] [stdout]                                at /rustc/df4ca44d3fbc9301ee17f30f4d474e6ae4b05252/library/std/src/panicking.rs:268:22
[INFO] [stdout]    9:     0x619a38509254 - std::panicking::default_hook::he1dd496665be4a29
[INFO] [stdout]                                at /rustc/df4ca44d3fbc9301ee17f30f4d474e6ae4b05252/library/std/src/panicking.rs:292:9
[INFO] [stdout]   10:     0x619a3817e519 - <alloc::boxed::Box<F,A> as core::ops::function::Fn<Args>>::call::h4ff71de18744e1dc
[INFO] [stdout]                                at /rustc/df4ca44d3fbc9301ee17f30f4d474e6ae4b05252/library/alloc/src/boxed.rs:2468:9
[INFO] [stdout]   11:     0x619a3817e519 - test::test_main::{{closure}}::hcf7c055ce117aa81
[INFO] [stdout]                                at /rustc/df4ca44d3fbc9301ee17f30f4d474e6ae4b05252/library/test/src/lib.rs:133:21
[INFO] [stdout]   12:     0x619a38509b48 - <alloc::boxed::Box<F,A> as core::ops::function::Fn<Args>>::call::h1d66c6bbd60c9692
[INFO] [stdout]                                at /rustc/df4ca44d3fbc9301ee17f30f4d474e6ae4b05252/library/alloc/src/boxed.rs:2468:9
[INFO] [stdout]   13:     0x619a38509b48 - std::panicking::rust_panic_with_hook::h2ff17fe8f26dfcf8
[INFO] [stdout]                                at /rustc/df4ca44d3fbc9301ee17f30f4d474e6ae4b05252/library/std/src/panicking.rs:809:13
[INFO] [stdout]   14:     0x619a3850990a - std::panicking::begin_panic_handler::{{closure}}::h4fad77951c07e101
[INFO] [stdout]                                at /rustc/df4ca44d3fbc9301ee17f30f4d474e6ae4b05252/library/std/src/panicking.rs:674:13
[INFO] [stdout]   15:     0x619a38508499 - std::sys::backtrace::__rust_end_short_backtrace::hb1a25b3da5d0ea08
[INFO] [stdout]                                at /rustc/df4ca44d3fbc9301ee17f30f4d474e6ae4b05252/library/std/src/sys/backtrace.rs:170:18
[INFO] [stdout]   16:     0x619a3850959c - rust_begin_unwind
[INFO] [stdout]                                at /rustc/df4ca44d3fbc9301ee17f30f4d474e6ae4b05252/library/std/src/panicking.rs:665:5
[INFO] [stdout]   17:     0x619a3852fe80 - core::panicking::panic_fmt::ha9db07b529f9b256
[INFO] [stdout]                                at /rustc/df4ca44d3fbc9301ee17f30f4d474e6ae4b05252/library/core/src/panicking.rs:75:14
[INFO] [stdout]   18:     0x619a38530366 - core::result::unwrap_failed::h5e8218e4d4338b8a
[INFO] [stdout]                                at /rustc/df4ca44d3fbc9301ee17f30f4d474e6ae4b05252/library/core/src/result.rs:1698:5
[INFO] [stdout]   19:     0x619a3806ccf9 - core::result::Result<T,E>::unwrap::h8a78a4ad48810778
[INFO] [stdout]                                at /rustc/df4ca44d3fbc9301ee17f30f4d474e6ae4b05252/library/core/src/result.rs:1103:23
[INFO] [stdout]   20:     0x619a3806ccf9 - integration::Diff::distances::{{closure}}::{{closure}}::hfa76d6f543c92bed
[INFO] [stdout]                                at /opt/rustwide/workdir/tests/integration.rs:497:34
[INFO] [stdout]   21:     0x619a3807ad76 - core::iter::adapters::map::map_fold::{{closure}}::h73dab863951b417f
[INFO] [stdout]                                at /rustc/df4ca44d3fbc9301ee17f30f4d474e6ae4b05252/library/core/src/iter/adapters/map.rs:88:28
[INFO] [stdout]   22:     0x619a3807ad1d - core::iter::adapters::map::map_fold::{{closure}}::h7240155281d22b59
[INFO] [stdout]                                at /rustc/df4ca44d3fbc9301ee17f30f4d474e6ae4b05252/library/core/src/iter/adapters/map.rs:88:21
[INFO] [stdout]   23:     0x619a380b3a30 - <core::slice::iter::Iter<T> as core::iter::traits::iterator::Iterator>::fold::h3605f310165666dd
[INFO] [stdout]                                at /rustc/df4ca44d3fbc9301ee17f30f4d474e6ae4b05252/library/core/src/slice/iter/macros.rs:232:27
[INFO] [stdout]   24:     0x619a380c9b7a - <core::iter::adapters::map::Map<I,F> as core::iter::traits::iterator::Iterator>::fold::h4355043ea3db4c38
[INFO] [stdout]                                at /rustc/df4ca44d3fbc9301ee17f30f4d474e6ae4b05252/library/core/src/iter/adapters/map.rs:128:9
[INFO] [stdout]   25:     0x619a380c9b7a - <core::iter::adapters::cloned::Cloned<I> as core::iter::traits::iterator::Iterator>::fold::hd3e809ad3801ed16
[INFO] [stdout]                                at /rustc/df4ca44d3fbc9301ee17f30f4d474e6ae4b05252/library/core/src/iter/adapters/cloned.rs:61:31
[INFO] [stdout]   26:     0x619a380783b8 - <core::iter::adapters::map::Map<I,F> as core::iter::traits::iterator::Iterator>::fold::hfac3559e97b01af0
[INFO] [stdout]                                at /rustc/df4ca44d3fbc9301ee17f30f4d474e6ae4b05252/library/core/src/iter/adapters/map.rs:128:9
[INFO] [stdout]   27:     0x619a3807ab55 - core::iter::traits::iterator::Iterator::for_each::h378d9cf8512655ca
[INFO] [stdout]                                at /rustc/df4ca44d3fbc9301ee17f30f4d474e6ae4b05252/library/core/src/iter/traits/iterator.rs:813:9
[INFO] [stdout]   28:     0x619a3808acef - alloc::vec::Vec<T,A>::extend_trusted::hc65e7db38b65c185
[INFO] [stdout]                                at /rustc/df4ca44d3fbc9301ee17f30f4d474e6ae4b05252/library/alloc/src/vec/mod.rs:3551:17
[INFO] [stdout]   29:     0x619a3808dc2a - <alloc::vec::Vec<T,A> as alloc::vec::spec_extend::SpecExtend<T,I>>::spec_extend::h2fdc6d95ba15bebc
[INFO] [stdout]                                at /rustc/df4ca44d3fbc9301ee17f30f4d474e6ae4b05252/library/alloc/src/vec/spec_extend.rs:29:9
[INFO] [stdout]   30:     0x619a3808863b - <alloc::vec::Vec<T> as alloc::vec::spec_from_iter_nested::SpecFromIterNested<T,I>>::from_iter::h168a917c87525bf1
[INFO] [stdout]                                at /rustc/df4ca44d3fbc9301ee17f30f4d474e6ae4b05252/library/alloc/src/vec/spec_from_iter_nested.rs:62:9
[INFO] [stdout]   31:     0x619a3808dcfd - <alloc::vec::Vec<T> as alloc::vec::spec_from_iter::SpecFromIter<T,I>>::from_iter::hbab5459890d2d0d5
[INFO] [stdout]                                at /rustc/df4ca44d3fbc9301ee17f30f4d474e6ae4b05252/library/alloc/src/vec/spec_from_iter.rs:34:9
[INFO] [stdout]   32:     0x619a3808dbaf - <alloc::vec::Vec<T> as core::iter::traits::collect::FromIterator<T>>::from_iter::hab97e22bcb111979
[INFO] [stdout]                                at /rustc/df4ca44d3fbc9301ee17f30f4d474e6ae4b05252/library/alloc/src/vec/mod.rs:3410:9
[INFO] [stdout]   33:     0x619a3807aae4 - core::iter::traits::iterator::Iterator::collect::ha439df683a9a990c
[INFO] [stdout]                                at /rustc/df4ca44d3fbc9301ee17f30f4d474e6ae4b05252/library/core/src/iter/traits/iterator.rs:2001:9
[INFO] [stdout]   34:     0x619a3806be28 - integration::Diff::distances::{{closure}}::h218918f62b36ec40
[INFO] [stdout]                                at /opt/rustwide/workdir/tests/integration.rs:475:13
[INFO] [stdout]   35:     0x619a380b174d - std::sync::once_lock::OnceLock<T>::get_or_init::{{closure}}::h4da6724da46ca366
[INFO] [stdout]                                at /rustc/df4ca44d3fbc9301ee17f30f4d474e6ae4b05252/library/std/src/sync/once_lock.rs:304:50
[INFO] [stdout]   36:     0x619a380b1429 - std::sync::once_lock::OnceLock<T>::initialize::{{closure}}::h11efdbaa0fc3ca1a
[INFO] [stdout]                                at /rustc/df4ca44d3fbc9301ee17f30f4d474e6ae4b05252/library/std/src/sync/once_lock.rs:512:19
[INFO] [stdout]   37:     0x619a380bda5d - std::sync::once::Once::call_once_force::{{closure}}::h1807888ac1eb5b0f
[INFO] [stdout]                                at /rustc/df4ca44d3fbc9301ee17f30f4d474e6ae4b05252/library/std/src/sync/once.rs:217:40
[INFO] [stdout]   38:     0x619a38513e63 - std::sys::sync::once::futex::Once::call::h71269da0f72c5b8f
[INFO] [stdout]                                at /rustc/df4ca44d3fbc9301ee17f30f4d474e6ae4b05252/library/std/src/sys/sync/once/futex.rs:176:21
[INFO] [stdout]   39:     0x619a380bd8ca - std::sync::once::Once::call_once_force::hf55d9c761a42de6b
[INFO] [stdout]                                at /rustc/df4ca44d3fbc9301ee17f30f4d474e6ae4b05252/library/std/src/sync/once.rs:217:9
[INFO] [stdout]   40:     0x619a380b13bf - std::sync::once_lock::OnceLock<T>::initialize::hf68d3a61179885a1
[INFO] [stdout]                                at /rustc/df4ca44d3fbc9301ee17f30f4d474e6ae4b05252/library/std/src/sync/once_lock.rs:511:9
[INFO] [stdout]   41:     0x619a380b18b9 - std::sync::once_lock::OnceLock<T>::get_or_try_init::hb32d7769dcc60492
[INFO] [stdout]                                at /rustc/df4ca44d3fbc9301ee17f30f4d474e6ae4b05252/library/std/src/sync/once_lock.rs:390:9
[INFO] [stdout]   42:     0x619a380b16e3 - std::sync::once_lock::OnceLock<T>::get_or_init::h9c243b4633e3fbaf
[INFO] [stdout]                                at /rustc/df4ca44d3fbc9301ee17f30f4d474e6ae4b05252/library/std/src/sync/once_lock.rs:304:15
[INFO] [stdout]   43:     0x619a3806bce5 - integration::Diff::distances::h361b38cda5f7d3aa
[INFO] [stdout]                                at /opt/rustwide/workdir/tests/integration.rs:472:9
[INFO] [stdout]   44:     0x619a3806d427 - integration::Diff::emit::h1da9a32cfa223961
[INFO] [stdout]                                at /opt/rustwide/workdir/tests/integration.rs:543:38
[INFO] [stdout]   45:     0x619a3807095b - integration::Experiment::run::h9ddf4cac595a7ec9
[INFO] [stdout]                                at /opt/rustwide/workdir/tests/integration.rs:696:13
[INFO] [stdout]   46:     0x619a38073b08 - integration::debsig_verify_0_30::ntest_callback::hfb6daca937de9af3
[INFO] [stdout]                                at /opt/rustwide/workdir/tests/integration.rs:34:5
[INFO] [stdout]   47:     0x619a38073ba3 - integration::debsig_verify_0_30::{{closure}}::hf39dbde993dd459e
[INFO] [stdout]                                at /opt/rustwide/workdir/tests/integration.rs:32:1
[INFO] [stdout]   48:     0x619a380bd5c3 - std::sys::backtrace::__rust_begin_short_backtrace::h307a5b79b9a7693d
[INFO] [stdout]                                at /rustc/df4ca44d3fbc9301ee17f30f4d474e6ae4b05252/library/std/src/sys/backtrace.rs:154:18
[INFO] [stdout]   49:     0x619a380918a3 - std::thread::Builder::spawn_unchecked_::{{closure}}::{{closure}}::hca23ee1424b096c2
[INFO] [stdout]                                at /rustc/df4ca44d3fbc9301ee17f30f4d474e6ae4b05252/library/std/src/thread/mod.rs:541:17
[INFO] [stdout]   50:     0x619a380954a3 - <core::panic::unwind_safe::AssertUnwindSafe<F> as core::ops::function::FnOnce<()>>::call_once::h3277ba5961847418
[INFO] [stdout]                                at /rustc/df4ca44d3fbc9301ee17f30f4d474e6ae4b05252/library/core/src/panic/unwind_safe.rs:272:9
[INFO] [stdout]   51:     0x619a38082340 - std::panicking::try::do_call::hce3dfa63bde7d527
[INFO] [stdout]                                at /rustc/df4ca44d3fbc9301ee17f30f4d474e6ae4b05252/library/std/src/panicking.rs:557:40
[INFO] [stdout]   52:     0x619a380950bb - __rust_try
[INFO] [stdout]   53:     0x619a38090c99 - std::panicking::try::hfc19f9c0723e1e90
[INFO] [stdout]                                at /rustc/df4ca44d3fbc9301ee17f30f4d474e6ae4b05252/library/std/src/panicking.rs:520:19
[INFO] [stdout]   54:     0x619a38090c99 - std::panic::catch_unwind::hceef4902a186a048
[INFO] [stdout]                                at /rustc/df4ca44d3fbc9301ee17f30f4d474e6ae4b05252/library/std/src/panic.rs:358:14
[INFO] [stdout]   55:     0x619a38090c99 - std::thread::Builder::spawn_unchecked_::{{closure}}::h25446c3748abd3c9
[INFO] [stdout]                                at /rustc/df4ca44d3fbc9301ee17f30f4d474e6ae4b05252/library/std/src/thread/mod.rs:540:30
[INFO] [stdout]   56:     0x619a38095bce - core::ops::function::FnOnce::call_once{{vtable.shim}}::h38620e5c11d61f99
[INFO] [stdout]                                at /rustc/df4ca44d3fbc9301ee17f30f4d474e6ae4b05252/library/core/src/ops/function.rs:250:5
[INFO] [stdout]   57:     0x619a3850f82b - <alloc::boxed::Box<F,A> as core::ops::function::FnOnce<Args>>::call_once::h69aa08ddb6adb8b6
[INFO] [stdout]                                at /rustc/df4ca44d3fbc9301ee17f30f4d474e6ae4b05252/library/alloc/src/boxed.rs:2454:9
[INFO] [stdout]   58:     0x619a3850f82b - <alloc::boxed::Box<F,A> as core::ops::function::FnOnce<Args>>::call_once::h5aa36efdb79c806f
[INFO] [stdout]                                at /rustc/df4ca44d3fbc9301ee17f30f4d474e6ae4b05252/library/alloc/src/boxed.rs:2454:9
[INFO] [stdout]   59:     0x619a3850f82b - std::sys::pal::unix::thread::Thread::new::thread_start::h6cd80a1b4be5158d
[INFO] [stdout]                                at /rustc/df4ca44d3fbc9301ee17f30f4d474e6ae4b05252/library/std/src/sys/pal/unix/thread.rs:105:17
[INFO] [stdout]   60:     0x7c8dd4ed8ac3 - <unknown>
[INFO] [stdout]   61:     0x7c8dd4f69a04 - clone
[INFO] [stdout]   62:                0x0 - <unknown>
[INFO] [stdout] thread 'debsig_verify_0_30' panicked at tests/integration.rs:32:1:
[INFO] [stdout] explicit panic
[INFO] [stdout] stack backtrace:
[INFO] [stdout]    0:     0x619a38507fba - std::backtrace_rs::backtrace::libunwind::trace::h207520d6e9873551
[INFO] [stdout]                                at /rustc/df4ca44d3fbc9301ee17f30f4d474e6ae4b05252/library/std/src/../../backtrace/src/backtrace/libunwind.rs:116:5
[INFO] [stdout]    1:     0x619a38507fba - std::backtrace_rs::backtrace::trace_unsynchronized::h2ed7433f370e3eca
[INFO] [stdout]                                at /rustc/df4ca44d3fbc9301ee17f30f4d474e6ae4b05252/library/std/src/../../backtrace/src/backtrace/mod.rs:66:5
[INFO] [stdout]    2:     0x619a38507fba - std::sys::backtrace::_print_fmt::h916fac51166b18d7
[INFO] [stdout]                                at /rustc/df4ca44d3fbc9301ee17f30f4d474e6ae4b05252/library/std/src/sys/backtrace.rs:66:9
[INFO] [stdout]    3:     0x619a38507fba - <std::sys::backtrace::BacktraceLock::print::DisplayBacktrace as core::fmt::Display>::fmt::ha0a4c9b8ce3802e6
[INFO] [stdout]                                at /rustc/df4ca44d3fbc9301ee17f30f4d474e6ae4b05252/library/std/src/sys/backtrace.rs:39:26
[INFO] [stdout]    4:     0x619a385324b3 - core::fmt::rt::Argument::fmt::h4cfc8587d52b3eb5
[INFO] [stdout]                                at /rustc/df4ca44d3fbc9301ee17f30f4d474e6ae4b05252/library/core/src/fmt/rt.rs:177:76
[INFO] [stdout]    5:     0x619a385324b3 - core::fmt::write::h522cc39e5b36ae9f
[INFO] [stdout]                                at /rustc/df4ca44d3fbc9301ee17f30f4d474e6ae4b05252/library/core/src/fmt/mod.rs:1190:21
[INFO] [stdout]    6:     0x619a38503f63 - std::io::Write::write_fmt::h7d3c26752da97734
[INFO] [stdout]                                at /rustc/df4ca44d3fbc9301ee17f30f4d474e6ae4b05252/library/std/src/io/mod.rs:1839:15
[INFO] [stdout]    7:     0x619a38507e02 - std::sys::backtrace::BacktraceLock::print::h4b9e00b29e9c0942
[INFO] [stdout]                                at /rustc/df4ca44d3fbc9301ee17f30f4d474e6ae4b05252/library/std/src/sys/backtrace.rs:42:9
[INFO] [stdout]    8:     0x619a3850944a - std::panicking::default_hook::{{closure}}::hb59b88280d0324d9
[INFO] [stdout]                                at /rustc/df4ca44d3fbc9301ee17f30f4d474e6ae4b05252/library/std/src/panicking.rs:268:22
[INFO] [stdout]    9:     0x619a38509254 - std::panicking::default_hook::he1dd496665be4a29
[INFO] [stdout]                                at /rustc/df4ca44d3fbc9301ee17f30f4d474e6ae4b05252/library/std/src/panicking.rs:292:9
[INFO] [stdout]   10:     0x619a3817e519 - <alloc::boxed::Box<F,A> as core::ops::function::Fn<Args>>::call::h4ff71de18744e1dc
[INFO] [stdout]                                at /rustc/df4ca44d3fbc9301ee17f30f4d474e6ae4b05252/library/alloc/src/boxed.rs:2468:9
[INFO] [stdout]   11:     0x619a3817e519 - test::test_main::{{closure}}::hcf7c055ce117aa81
[INFO] [stdout]                                at /rustc/df4ca44d3fbc9301ee17f30f4d474e6ae4b05252/library/test/src/lib.rs:133:21
[INFO] [stdout]   12:     0x619a38509b48 - <alloc::boxed::Box<F,A> as core::ops::function::Fn<Args>>::call::h1d66c6bbd60c9692
[INFO] [stdout]                                at /rustc/df4ca44d3fbc9301ee17f30f4d474e6ae4b05252/library/alloc/src/boxed.rs:2468:9
[INFO] [stdout]   13:     0x619a38509b48 - std::panicking::rust_panic_with_hook::h2ff17fe8f26dfcf8
[INFO] [stdout]                                at /rustc/df4ca44d3fbc9301ee17f30f4d474e6ae4b05252/library/std/src/panicking.rs:809:13
[INFO] [stdout]   14:     0x619a38141f7a - std::panicking::begin_panic::{{closure}}::hc7ece337dada844c
[INFO] [stdout]                                at /rustc/df4ca44d3fbc9301ee17f30f4d474e6ae4b05252/library/std/src/panicking.rs:738:9
[INFO] [stdout]   15:     0x619a3813d98a - std::sys::backtrace::__rust_end_short_backtrace::hb6e41c0a3109da51
[INFO] [stdout]                                at /rustc/df4ca44d3fbc9301ee17f30f4d474e6ae4b05252/library/std/src/sys/backtrace.rs:170:18
[INFO] [stdout]   16:     0x619a38141f29 - std::panicking::begin_panic::h4de6f89fb589392d
[INFO] [stdout]                                at /rustc/df4ca44d3fbc9301ee17f30f4d474e6ae4b05252/library/std/src/panicking.rs:737:5
[INFO] [stdout]   17:     0x619a380738f9 - integration::debsig_verify_0_30::heb1818829cf69cca
[INFO] [stdout]                                at /opt/rustwide/workdir/tests/integration.rs:32:1
[INFO] [stdout]   18:     0x619a38073767 - integration::debsig_verify_0_30::{{closure}}::h18b0fe75abb445fe
[INFO] [stdout]                                at /opt/rustwide/workdir/tests/integration.rs:33:28
[INFO] [stdout]   19:     0x619a380964c6 - core::ops::function::FnOnce::call_once::he55be769fdb6bbd0
[INFO] [stdout]                                at /rustc/df4ca44d3fbc9301ee17f30f4d474e6ae4b05252/library/core/src/ops/function.rs:250:5
[INFO] [stdout]   20:     0x619a38182deb - core::ops::function::FnOnce::call_once::h22c3ba5715e93f05
[INFO] [stdout]                                at /rustc/df4ca44d3fbc9301ee17f30f4d474e6ae4b05252/library/core/src/ops/function.rs:250:5
[INFO] [stdout]   21:     0x619a38182deb - test::__rust_begin_short_backtrace::h8e82d8113d0da17f
[INFO] [stdout]                                at /rustc/df4ca44d3fbc9301ee17f30f4d474e6ae4b05252/library/test/src/lib.rs:621:18
[INFO] [stdout]   22:     0x619a38182767 - test::run_test_in_process::{{closure}}::h33235f4f20b7b7c7
[INFO] [stdout]                                at /rustc/df4ca44d3fbc9301ee17f30f4d474e6ae4b05252/library/test/src/lib.rs:644:60
[INFO] [stdout]   23:     0x619a38182767 - <core::panic::unwind_safe::AssertUnwindSafe<F> as core::ops::function::FnOnce<()>>::call_once::hb5043206310c586f
[INFO] [stdout]                                at /rustc/df4ca44d3fbc9301ee17f30f4d474e6ae4b05252/library/core/src/panic/unwind_safe.rs:272:9
[INFO] [stdout]   24:     0x619a38182767 - std::panicking::try::do_call::h9ad4731a60ab23e2
[INFO] [stdout]                                at /rustc/df4ca44d3fbc9301ee17f30f4d474e6ae4b05252/library/std/src/panicking.rs:557:40
[INFO] [stdout]   25:     0x619a38182767 - std::panicking::try::h3824d23db772a716
[INFO] [stdout]                                at /rustc/df4ca44d3fbc9301ee17f30f4d474e6ae4b05252/library/std/src/panicking.rs:520:19
[INFO] [stdout]   26:     0x619a38182767 - std::panic::catch_unwind::h5afd514605fde46b
[INFO] [stdout]                                at /rustc/df4ca44d3fbc9301ee17f30f4d474e6ae4b05252/library/std/src/panic.rs:358:14
[INFO] [stdout]   27:     0x619a38182767 - test::run_test_in_process::h0d5cbfa7067d1720
[INFO] [stdout]                                at /rustc/df4ca44d3fbc9301ee17f30f4d474e6ae4b05252/library/test/src/lib.rs:644:27
[INFO] [stdout]   28:     0x619a38182767 - test::run_test::{{closure}}::h708eb8872708115d
[INFO] [stdout]                                at /rustc/df4ca44d3fbc9301ee17f30f4d474e6ae4b05252/library/test/src/lib.rs:565:43
[INFO] [stdout]   29:     0x619a38145e84 - test::run_test::{{closure}}::h392c51cee94713ab
[INFO] [stdout]                                at /rustc/df4ca44d3fbc9301ee17f30f4d474e6ae4b05252/library/test/src/lib.rs:595:41
[INFO] [stdout]   30:     0x619a38145e84 - std::sys::backtrace::__rust_begin_short_backtrace::h2f40290710935a8b
[INFO] [stdout]                                at /rustc/df4ca44d3fbc9301ee17f30f4d474e6ae4b05252/library/std/src/sys/backtrace.rs:154:18
[INFO] [stdout]   31:     0x619a3814962e - std::thread::Builder::spawn_unchecked_::{{closure}}::{{closure}}::h3fd968d89053a903
[INFO] [stdout]                                at /rustc/df4ca44d3fbc9301ee17f30f4d474e6ae4b05252/library/std/src/thread/mod.rs:541:17
[INFO] [stdout]   32:     0x619a3814962e - <core::panic::unwind_safe::AssertUnwindSafe<F> as core::ops::function::FnOnce<()>>::call_once::h743f637ba4229880
[INFO] [stdout]                                at /rustc/df4ca44d3fbc9301ee17f30f4d474e6ae4b05252/library/core/src/panic/unwind_safe.rs:272:9
[INFO] [stdout]   33:     0x619a3814962e - std::panicking::try::do_call::h07440897322525a6
[INFO] [stdout]                                at /rustc/df4ca44d3fbc9301ee17f30f4d474e6ae4b05252/library/std/src/panicking.rs:557:40
[INFO] [stdout]   34:     0x619a3814962e - std::panicking::try::he5a2e00188156637
[INFO] [stdout]                                at /rustc/df4ca44d3fbc9301ee17f30f4d474e6ae4b05252/library/std/src/panicking.rs:520:19
[INFO] [stdout]   35:     0x619a3814962e - std::panic::catch_unwind::hbaf3cae49b3c6433
[INFO] [stdout]                                at /rustc/df4ca44d3fbc9301ee17f30f4d474e6ae4b05252/library/std/src/panic.rs:358:14
[INFO] [stdout]   36:     0x619a3814962e - std::thread::Builder::spawn_unchecked_::{{closure}}::h8e141ea224820bce
[INFO] [stdout]                                at /rustc/df4ca44d3fbc9301ee17f30f4d474e6ae4b05252/library/std/src/thread/mod.rs:540:30
[INFO] [stdout]   37:     0x619a3814962e - core::ops::function::FnOnce::call_once{{vtable.shim}}::h90d312fedd7b8ea8
[INFO] [stdout]                                at /rustc/df4ca44d3fbc9301ee17f30f4d474e6ae4b05252/library/core/src/ops/function.rs:250:5
[INFO] [stdout]   38:     0x619a3850f82b - <alloc::boxed::Box<F,A> as core::ops::function::FnOnce<Args>>::call_once::h69aa08ddb6adb8b6
[INFO] [stdout]                                at /rustc/df4ca44d3fbc9301ee17f30f4d474e6ae4b05252/library/alloc/src/boxed.rs:2454:9
[INFO] [stdout]   39:     0x619a3850f82b - <alloc::boxed::Box<F,A> as core::ops::function::FnOnce<Args>>::call_once::h5aa36efdb79c806f
[INFO] [stdout]                                at /rustc/df4ca44d3fbc9301ee17f30f4d474e6ae4b05252/library/alloc/src/boxed.rs:2454:9
[INFO] [stdout]   40:     0x619a3850f82b - std::sys::pal::unix::thread::Thread::new::thread_start::h6cd80a1b4be5158d
[INFO] [stdout]                                at /rustc/df4ca44d3fbc9301ee17f30f4d474e6ae4b05252/library/std/src/sys/pal/unix/thread.rs:105:17
[INFO] [stdout]   41:     0x7c8dd4ed8ac3 - <unknown>
[INFO] [stdout]   42:     0x7c8dd4f69a04 - clone
[INFO] [stdout]   43:                0x0 - <unknown>
[INFO] [stdout] 
[INFO] [stdout] 
[INFO] [stdout] failures:
[INFO] [stdout]     debsig_verify_0_30
[INFO] [stdout]     password_store_git
[INFO] [stdout] 
[INFO] [stdout] test result: FAILED. 0 passed; 2 failed; 0 ignored; 0 measured; 0 filtered out; finished in 2.88s
[INFO] [stdout] 
[INFO] [stderr] error: test failed, to rerun pass `--test integration`
[INFO] running `Command { std: "docker" "inspect" "19ed13817cedb53140f461b1449b7defc6e5c5c4c7f96ff65c9996590f363b4e", kill_on_drop: false }`
[INFO] running `Command { std: "docker" "rm" "-f" "19ed13817cedb53140f461b1449b7defc6e5c5c4c7f96ff65c9996590f363b4e", kill_on_drop: false }`
[INFO] [stdout] 19ed13817cedb53140f461b1449b7defc6e5c5c4c7f96ff65c9996590f363b4e
