[INFO] fetching crate sentry-eyre 0.2.0...
[INFO] testing sentry-eyre-0.2.0 against nightly-2024-10-28 for randomize-layout
[INFO] extracting crate sentry-eyre 0.2.0 into /workspace/builds/worker-2-tc1/source
[INFO] validating manifest of crates.io crate sentry-eyre 0.2.0 on toolchain nightly-2024-10-28
[INFO] running `Command { std: CARGO_HOME="/workspace/cargo-home" RUSTUP_HOME="/workspace/rustup-home" "/workspace/cargo-home/bin/cargo" "+nightly-2024-10-28" "metadata" "--manifest-path" "Cargo.toml" "--no-deps", kill_on_drop: false }`
[INFO] started tweaking crates.io crate sentry-eyre 0.2.0
[INFO] finished tweaking crates.io crate sentry-eyre 0.2.0
[INFO] tweaked toml for crates.io crate sentry-eyre 0.2.0 written to /workspace/builds/worker-2-tc1/source/Cargo.toml
[INFO] running `Command { std: CARGO_HOME="/workspace/cargo-home" RUSTUP_HOME="/workspace/rustup-home" "/workspace/cargo-home/bin/cargo" "+nightly-2024-10-28" "generate-lockfile" "--manifest-path" "Cargo.toml", kill_on_drop: false }`
[INFO] [stderr]     Updating crates.io index
[INFO] [stderr]      Locking 45 packages to latest compatible versions
[INFO] running `Command { std: CARGO_HOME="/workspace/cargo-home" RUSTUP_HOME="/workspace/rustup-home" "/workspace/cargo-home/bin/cargo" "+nightly-2024-10-28" "fetch" "--manifest-path" "Cargo.toml", kill_on_drop: false }`
[INFO] [stderr]  Downloading crates ...
[INFO] [stderr]   Downloaded sentry-core v0.34.0
[INFO] [stderr]   Downloaded sentry-types v0.34.0
[INFO] running `Command { std: "docker" "create" "-v" "/var/lib/crater-agent-workspace/builds/worker-2-tc1/target:/opt/rustwide/target:rw,Z" "-v" "/var/lib/crater-agent-workspace/builds/worker-2-tc1/source:/opt/rustwide/workdir:ro,Z" "-v" "/var/lib/crater-agent-workspace/cargo-home:/opt/rustwide/cargo-home:ro,Z" "-v" "/var/lib/crater-agent-workspace/rustup-home:/opt/rustwide/rustup-home:ro,Z" "-e" "SOURCE_DIR=/opt/rustwide/workdir" "-e" "CARGO_TARGET_DIR=/opt/rustwide/target" "-e" "CARGO_HOME=/opt/rustwide/cargo-home" "-e" "RUSTUP_HOME=/opt/rustwide/rustup-home" "-w" "/opt/rustwide/workdir" "-m" "1610612736" "--user" "0:0" "--network" "none" "ghcr.io/rust-lang/crates-build-env/linux@sha256:4a844ea9eb2546a2d2c7022eacef16ef2e8229c7fbb2c7d4d55a9ceca922f72d" "/opt/rustwide/cargo-home/bin/cargo" "+nightly-2024-10-28" "metadata" "--no-deps" "--format-version=1", kill_on_drop: false }`
[INFO] [stdout] fac13e37ab724d52ad65285808aeb0e291d86e9a830e64f3d4711a7965082c9c
[INFO] running `Command { std: "docker" "start" "-a" "fac13e37ab724d52ad65285808aeb0e291d86e9a830e64f3d4711a7965082c9c", kill_on_drop: false }`
[INFO] running `Command { std: "docker" "inspect" "fac13e37ab724d52ad65285808aeb0e291d86e9a830e64f3d4711a7965082c9c", kill_on_drop: false }`
[INFO] running `Command { std: "docker" "rm" "-f" "fac13e37ab724d52ad65285808aeb0e291d86e9a830e64f3d4711a7965082c9c", kill_on_drop: false }`
[INFO] [stdout] fac13e37ab724d52ad65285808aeb0e291d86e9a830e64f3d4711a7965082c9c
[INFO] running `Command { std: "docker" "create" "-v" "/var/lib/crater-agent-workspace/builds/worker-2-tc1/target:/opt/rustwide/target:rw,Z" "-v" "/var/lib/crater-agent-workspace/builds/worker-2-tc1/source:/opt/rustwide/workdir:ro,Z" "-v" "/var/lib/crater-agent-workspace/cargo-home:/opt/rustwide/cargo-home:ro,Z" "-v" "/var/lib/crater-agent-workspace/rustup-home:/opt/rustwide/rustup-home:ro,Z" "-e" "SOURCE_DIR=/opt/rustwide/workdir" "-e" "CARGO_TARGET_DIR=/opt/rustwide/target" "-e" "CARGO_INCREMENTAL=0" "-e" "RUST_BACKTRACE=full" "-e" "RUSTFLAGS=--cap-lints=forbid" "-e" "RUSTDOCFLAGS=--cap-lints=forbid" "-e" "CARGO_HOME=/opt/rustwide/cargo-home" "-e" "RUSTUP_HOME=/opt/rustwide/rustup-home" "-w" "/opt/rustwide/workdir" "-m" "1610612736" "--user" "0:0" "--network" "none" "ghcr.io/rust-lang/crates-build-env/linux@sha256:4a844ea9eb2546a2d2c7022eacef16ef2e8229c7fbb2c7d4d55a9ceca922f72d" "/opt/rustwide/cargo-home/bin/cargo" "+nightly-2024-10-28" "build" "--frozen" "--message-format=json", kill_on_drop: false }`
[INFO] [stdout] e685f395a241ac32489f12479ece854f5432c3efc5699e08845b9204f35e27d6
[INFO] running `Command { std: "docker" "start" "-a" "e685f395a241ac32489f12479ece854f5432c3efc5699e08845b9204f35e27d6", kill_on_drop: false }`
[INFO] [stderr]    Compiling libc v0.2.161
[INFO] [stderr]    Compiling byteorder v1.5.0
[INFO] [stderr]    Compiling serde_json v1.0.132
[INFO] [stderr]    Compiling syn v2.0.86
[INFO] [stderr]    Compiling memchr v2.7.4
[INFO] [stderr]    Compiling time v0.3.36
[INFO] [stderr]    Compiling eyre v0.6.12
[INFO] [stderr]    Compiling indenter v0.3.3
[INFO] [stderr]    Compiling getrandom v0.2.15
[INFO] [stderr]    Compiling rand_core v0.6.4
[INFO] [stderr]    Compiling serde_derive v1.0.214
[INFO] [stderr]    Compiling zerocopy-derive v0.7.35
[INFO] [stderr]    Compiling thiserror-impl v1.0.66
[INFO] [stderr]    Compiling zerocopy v0.7.35
[INFO] [stderr]    Compiling thiserror v1.0.66
[INFO] [stderr]    Compiling ppv-lite86 v0.2.20
[INFO] [stderr]    Compiling rand_chacha v0.3.1
[INFO] [stderr]    Compiling rand v0.8.5
[INFO] [stderr]    Compiling serde v1.0.214
[INFO] [stderr]    Compiling uuid v1.11.0
[INFO] [stderr]    Compiling url v2.5.2
[INFO] [stderr]    Compiling debugid v0.8.0
[INFO] [stderr]    Compiling sentry-types v0.34.0
[INFO] [stderr]    Compiling sentry-core v0.34.0
[INFO] [stderr]    Compiling sentry-eyre v0.2.0 (/opt/rustwide/workdir)
[INFO] [stderr]     Finished `dev` profile [unoptimized + debuginfo] target(s) in 13.17s
[INFO] running `Command { std: "docker" "inspect" "e685f395a241ac32489f12479ece854f5432c3efc5699e08845b9204f35e27d6", kill_on_drop: false }`
[INFO] running `Command { std: "docker" "rm" "-f" "e685f395a241ac32489f12479ece854f5432c3efc5699e08845b9204f35e27d6", kill_on_drop: false }`
[INFO] [stdout] e685f395a241ac32489f12479ece854f5432c3efc5699e08845b9204f35e27d6
[INFO] running `Command { std: "docker" "create" "-v" "/var/lib/crater-agent-workspace/builds/worker-2-tc1/target:/opt/rustwide/target:rw,Z" "-v" "/var/lib/crater-agent-workspace/builds/worker-2-tc1/source:/opt/rustwide/workdir:ro,Z" "-v" "/var/lib/crater-agent-workspace/cargo-home:/opt/rustwide/cargo-home:ro,Z" "-v" "/var/lib/crater-agent-workspace/rustup-home:/opt/rustwide/rustup-home:ro,Z" "-e" "SOURCE_DIR=/opt/rustwide/workdir" "-e" "CARGO_TARGET_DIR=/opt/rustwide/target" "-e" "CARGO_INCREMENTAL=0" "-e" "RUST_BACKTRACE=full" "-e" "RUSTFLAGS=--cap-lints=forbid" "-e" "RUSTDOCFLAGS=--cap-lints=forbid" "-e" "CARGO_HOME=/opt/rustwide/cargo-home" "-e" "RUSTUP_HOME=/opt/rustwide/rustup-home" "-w" "/opt/rustwide/workdir" "-m" "1610612736" "--user" "0:0" "--network" "none" "ghcr.io/rust-lang/crates-build-env/linux@sha256:4a844ea9eb2546a2d2c7022eacef16ef2e8229c7fbb2c7d4d55a9ceca922f72d" "/opt/rustwide/cargo-home/bin/cargo" "+nightly-2024-10-28" "test" "--frozen" "--no-run" "--message-format=json", kill_on_drop: false }`
[INFO] [stdout] 3f31aef761e08378e4e13bd789b066ea2216c61b592f92d78b7b8d4d5f9f9acf
[INFO] running `Command { std: "docker" "start" "-a" "3f31aef761e08378e4e13bd789b066ea2216c61b592f92d78b7b8d4d5f9f9acf", kill_on_drop: false }`
[INFO] [stderr]    Compiling sentry-eyre v0.2.0 (/opt/rustwide/workdir)
[INFO] [stderr]     Finished `test` profile [unoptimized + debuginfo] target(s) in 0.33s
[INFO] running `Command { std: "docker" "inspect" "3f31aef761e08378e4e13bd789b066ea2216c61b592f92d78b7b8d4d5f9f9acf", kill_on_drop: false }`
[INFO] running `Command { std: "docker" "rm" "-f" "3f31aef761e08378e4e13bd789b066ea2216c61b592f92d78b7b8d4d5f9f9acf", kill_on_drop: false }`
[INFO] [stdout] 3f31aef761e08378e4e13bd789b066ea2216c61b592f92d78b7b8d4d5f9f9acf
[INFO] running `Command { std: "docker" "create" "-v" "/var/lib/crater-agent-workspace/builds/worker-2-tc1/target:/opt/rustwide/target:rw,Z" "-v" "/var/lib/crater-agent-workspace/builds/worker-2-tc1/source:/opt/rustwide/workdir:ro,Z" "-v" "/var/lib/crater-agent-workspace/cargo-home:/opt/rustwide/cargo-home:ro,Z" "-v" "/var/lib/crater-agent-workspace/rustup-home:/opt/rustwide/rustup-home:ro,Z" "-e" "SOURCE_DIR=/opt/rustwide/workdir" "-e" "CARGO_TARGET_DIR=/opt/rustwide/target" "-e" "CARGO_INCREMENTAL=0" "-e" "RUST_BACKTRACE=full" "-e" "RUSTFLAGS=--cap-lints=forbid" "-e" "RUSTDOCFLAGS=--cap-lints=forbid" "-e" "CARGO_HOME=/opt/rustwide/cargo-home" "-e" "RUSTUP_HOME=/opt/rustwide/rustup-home" "-w" "/opt/rustwide/workdir" "-m" "1610612736" "--user" "0:0" "--network" "none" "ghcr.io/rust-lang/crates-build-env/linux@sha256:4a844ea9eb2546a2d2c7022eacef16ef2e8229c7fbb2c7d4d55a9ceca922f72d" "/opt/rustwide/cargo-home/bin/cargo" "+nightly-2024-10-28" "test" "--frozen", kill_on_drop: false }`
[INFO] [stdout] 055f859c0c7722cd20feddbd34c589b9b12812a1b0938452ed28ec23d99fe8ac
[INFO] running `Command { std: "docker" "start" "-a" "055f859c0c7722cd20feddbd34c589b9b12812a1b0938452ed28ec23d99fe8ac", kill_on_drop: false }`
[INFO] [stderr]     Finished `test` profile [unoptimized + debuginfo] target(s) in 0.05s
[INFO] [stderr]      Running unittests src/lib.rs (/opt/rustwide/target/debug/deps/sentry_eyre-7d436b44e2448dae)
[INFO] [stderr]    Doc-tests sentry_eyre
[INFO] [stdout] 
[INFO] [stdout] running 0 tests
[INFO] [stdout] 
[INFO] [stdout] test result: ok. 0 passed; 0 failed; 0 ignored; 0 measured; 0 filtered out; finished in 0.00s
[INFO] [stdout] 
[INFO] [stdout] 
[INFO] [stdout] running 1 test
[INFO] [stdout] test src/lib.rs - (line 26) - compile ... FAILED
[INFO] [stdout] 
[INFO] [stdout] failures:
[INFO] [stdout] 
[INFO] [stdout] ---- src/lib.rs - (line 26) stdout ----
[INFO] [stdout] error[E0433]: failed to resolve: use of undeclared crate or module `sentry`
[INFO] [stdout]  --> src/lib.rs:29:5
[INFO] [stdout]   |
[INFO] [stdout] 6 | use sentry::{ClientOptions, init, types::Dsn};
[INFO] [stdout]   |     ^^^^^^ use of undeclared crate or module `sentry`
[INFO] [stdout] 
[INFO] [stdout] error[E0432]: unresolved import `sentry`
[INFO] [stdout]  --> src/lib.rs:29:5
[INFO] [stdout]   |
[INFO] [stdout] 6 | use sentry::{ClientOptions, init, types::Dsn};
[INFO] [stdout]   |     ^^^^^^ use of undeclared crate or module `sentry`
[INFO] [stdout] 
[INFO] [stdout] error: aborting due to 2 previous errors
[INFO] [stdout] 
[INFO] [stdout] Some errors have detailed explanations: E0432, E0433.
[INFO] [stdout] For more information about an error, try `rustc --explain E0432`.
[INFO] [stdout] Couldn't compile the test.
[INFO] [stdout] 
[INFO] [stdout] failures:
[INFO] [stdout]     src/lib.rs - (line 26)
[INFO] [stdout] 
[INFO] [stdout] test result: FAILED. 0 passed; 1 failed; 0 ignored; 0 measured; 0 filtered out; finished in 0.05s
[INFO] [stdout] 
[INFO] [stderr] error: doctest failed, to rerun pass `--doc`
[INFO] running `Command { std: "docker" "inspect" "055f859c0c7722cd20feddbd34c589b9b12812a1b0938452ed28ec23d99fe8ac", kill_on_drop: false }`
[INFO] running `Command { std: "docker" "rm" "-f" "055f859c0c7722cd20feddbd34c589b9b12812a1b0938452ed28ec23d99fe8ac", kill_on_drop: false }`
[INFO] [stdout] 055f859c0c7722cd20feddbd34c589b9b12812a1b0938452ed28ec23d99fe8ac
