[INFO] fetching crate sentry-core 0.34.0...
[INFO] testing sentry-core-0.34.0 against nightly-2024-10-28+rustflags=-Zrandomize-layout for randomize-layout
[INFO] extracting crate sentry-core 0.34.0 into /workspace/builds/worker-6-tc2/source
[INFO] validating manifest of crates.io crate sentry-core 0.34.0 on toolchain nightly-2024-10-28
[INFO] running `Command { std: CARGO_HOME="/workspace/cargo-home" RUSTUP_HOME="/workspace/rustup-home" "/workspace/cargo-home/bin/cargo" "+nightly-2024-10-28" "metadata" "--manifest-path" "Cargo.toml" "--no-deps", kill_on_drop: false }`
[INFO] started tweaking crates.io crate sentry-core 0.34.0
[INFO] finished tweaking crates.io crate sentry-core 0.34.0
[INFO] tweaked toml for crates.io crate sentry-core 0.34.0 written to /workspace/builds/worker-6-tc2/source/Cargo.toml
[INFO] running `Command { std: CARGO_HOME="/workspace/cargo-home" RUSTUP_HOME="/workspace/rustup-home" "/workspace/cargo-home/bin/cargo" "+nightly-2024-10-28" "generate-lockfile" "--manifest-path" "Cargo.toml", kill_on_drop: false }`
[INFO] [stderr]     Updating crates.io index
[INFO] [stderr]      Locking 123 packages to latest compatible versions
[INFO] running `Command { std: CARGO_HOME="/workspace/cargo-home" RUSTUP_HOME="/workspace/rustup-home" "/workspace/cargo-home/bin/cargo" "+nightly-2024-10-28" "fetch" "--manifest-path" "Cargo.toml", kill_on_drop: false }`
[INFO] running `Command { std: "docker" "create" "-v" "/var/lib/crater-agent-workspace/builds/worker-6-tc2/target:/opt/rustwide/target:rw,Z" "-v" "/var/lib/crater-agent-workspace/builds/worker-6-tc2/source:/opt/rustwide/workdir:ro,Z" "-v" "/var/lib/crater-agent-workspace/cargo-home:/opt/rustwide/cargo-home:ro,Z" "-v" "/var/lib/crater-agent-workspace/rustup-home:/opt/rustwide/rustup-home:ro,Z" "-e" "SOURCE_DIR=/opt/rustwide/workdir" "-e" "CARGO_TARGET_DIR=/opt/rustwide/target" "-e" "CARGO_HOME=/opt/rustwide/cargo-home" "-e" "RUSTUP_HOME=/opt/rustwide/rustup-home" "-w" "/opt/rustwide/workdir" "-m" "1610612736" "--user" "0:0" "--network" "none" "ghcr.io/rust-lang/crates-build-env/linux@sha256:4a844ea9eb2546a2d2c7022eacef16ef2e8229c7fbb2c7d4d55a9ceca922f72d" "/opt/rustwide/cargo-home/bin/cargo" "+nightly-2024-10-28" "metadata" "--no-deps" "--format-version=1", kill_on_drop: false }`
[INFO] [stdout] f38b851d2d1af1271e5d486ebd970fc69b6ab8e5a9f40e8bd625e8112286b4cd
[INFO] running `Command { std: "docker" "start" "-a" "f38b851d2d1af1271e5d486ebd970fc69b6ab8e5a9f40e8bd625e8112286b4cd", kill_on_drop: false }`
[INFO] running `Command { std: "docker" "inspect" "f38b851d2d1af1271e5d486ebd970fc69b6ab8e5a9f40e8bd625e8112286b4cd", kill_on_drop: false }`
[INFO] running `Command { std: "docker" "rm" "-f" "f38b851d2d1af1271e5d486ebd970fc69b6ab8e5a9f40e8bd625e8112286b4cd", kill_on_drop: false }`
[INFO] [stdout] f38b851d2d1af1271e5d486ebd970fc69b6ab8e5a9f40e8bd625e8112286b4cd
[INFO] running `Command { std: "docker" "create" "-v" "/var/lib/crater-agent-workspace/builds/worker-6-tc2/target:/opt/rustwide/target:rw,Z" "-v" "/var/lib/crater-agent-workspace/builds/worker-6-tc2/source:/opt/rustwide/workdir:ro,Z" "-v" "/var/lib/crater-agent-workspace/cargo-home:/opt/rustwide/cargo-home:ro,Z" "-v" "/var/lib/crater-agent-workspace/rustup-home:/opt/rustwide/rustup-home:ro,Z" "-e" "SOURCE_DIR=/opt/rustwide/workdir" "-e" "CARGO_TARGET_DIR=/opt/rustwide/target" "-e" "CARGO_INCREMENTAL=0" "-e" "RUST_BACKTRACE=full" "-e" "RUSTFLAGS=--cap-lints=forbid -Zrandomize-layout" "-e" "RUSTDOCFLAGS=--cap-lints=forbid" "-e" "CARGO_HOME=/opt/rustwide/cargo-home" "-e" "RUSTUP_HOME=/opt/rustwide/rustup-home" "-w" "/opt/rustwide/workdir" "-m" "1610612736" "--user" "0:0" "--network" "none" "ghcr.io/rust-lang/crates-build-env/linux@sha256:4a844ea9eb2546a2d2c7022eacef16ef2e8229c7fbb2c7d4d55a9ceca922f72d" "/opt/rustwide/cargo-home/bin/cargo" "+nightly-2024-10-28" "build" "--frozen" "--message-format=json", kill_on_drop: false }`
[INFO] [stdout] b2fead859c868022808c5a4fa638e20c07e266ed7bf4fb13c0f762796531fedc
[INFO] running `Command { std: "docker" "start" "-a" "b2fead859c868022808c5a4fa638e20c07e266ed7bf4fb13c0f762796531fedc", kill_on_drop: false }`
[INFO] [stderr]    Compiling libc v0.2.161
[INFO] [stderr]    Compiling serde v1.0.214
[INFO] [stderr]    Compiling tinyvec_macros v0.1.1
[INFO] [stderr]    Compiling cfg-if v1.0.0
[INFO] [stderr]    Compiling byteorder v1.5.0
[INFO] [stderr]    Compiling percent-encoding v2.3.1
[INFO] [stderr]    Compiling thiserror v1.0.66
[INFO] [stderr]    Compiling syn v2.0.86
[INFO] [stderr]    Compiling tinyvec v1.8.0
[INFO] [stderr]    Compiling serde_json v1.0.132
[INFO] [stderr]    Compiling powerfmt v0.2.0
[INFO] [stderr]    Compiling unicode-bidi v0.3.17
[INFO] [stderr]    Compiling itoa v1.0.11
[INFO] [stderr]    Compiling deranged v0.3.11
[INFO] [stderr]    Compiling form_urlencoded v1.2.1
[INFO] [stderr]    Compiling memchr v2.7.4
[INFO] [stderr]    Compiling ryu v1.0.18
[INFO] [stderr]    Compiling num-conv v0.1.0
[INFO] [stderr]    Compiling time-core v0.1.2
[INFO] [stderr]    Compiling hex v0.4.3
[INFO] [stderr]    Compiling once_cell v1.20.2
[INFO] [stderr]    Compiling unicode-normalization v0.1.24
[INFO] [stderr]    Compiling time v0.3.36
[INFO] [stderr]    Compiling getrandom v0.2.15
[INFO] [stderr]    Compiling idna v0.5.0
[INFO] [stderr]    Compiling rand_core v0.6.4
[INFO] [stderr]    Compiling serde_derive v1.0.214
[INFO] [stderr]    Compiling zerocopy-derive v0.7.35
[INFO] [stderr]    Compiling thiserror-impl v1.0.66
[INFO] [stderr]    Compiling zerocopy v0.7.35
[INFO] [stderr]    Compiling ppv-lite86 v0.2.20
[INFO] [stderr]    Compiling rand_chacha v0.3.1
[INFO] [stderr]    Compiling rand v0.8.5
[INFO] [stderr]    Compiling uuid v1.11.0
[INFO] [stderr]    Compiling url v2.5.2
[INFO] [stderr]    Compiling debugid v0.8.0
[INFO] [stderr]    Compiling sentry-types v0.34.0
[INFO] [stderr]    Compiling sentry-core v0.34.0 (/opt/rustwide/workdir)
[INFO] [stderr]     Finished `dev` profile [unoptimized + debuginfo] target(s) in 18.46s
[INFO] running `Command { std: "docker" "inspect" "b2fead859c868022808c5a4fa638e20c07e266ed7bf4fb13c0f762796531fedc", kill_on_drop: false }`
[INFO] running `Command { std: "docker" "rm" "-f" "b2fead859c868022808c5a4fa638e20c07e266ed7bf4fb13c0f762796531fedc", kill_on_drop: false }`
[INFO] [stdout] b2fead859c868022808c5a4fa638e20c07e266ed7bf4fb13c0f762796531fedc
[INFO] running `Command { std: "docker" "create" "-v" "/var/lib/crater-agent-workspace/builds/worker-6-tc2/target:/opt/rustwide/target:rw,Z" "-v" "/var/lib/crater-agent-workspace/builds/worker-6-tc2/source:/opt/rustwide/workdir:ro,Z" "-v" "/var/lib/crater-agent-workspace/cargo-home:/opt/rustwide/cargo-home:ro,Z" "-v" "/var/lib/crater-agent-workspace/rustup-home:/opt/rustwide/rustup-home:ro,Z" "-e" "SOURCE_DIR=/opt/rustwide/workdir" "-e" "CARGO_TARGET_DIR=/opt/rustwide/target" "-e" "CARGO_INCREMENTAL=0" "-e" "RUST_BACKTRACE=full" "-e" "RUSTFLAGS=--cap-lints=forbid -Zrandomize-layout" "-e" "RUSTDOCFLAGS=--cap-lints=forbid" "-e" "CARGO_HOME=/opt/rustwide/cargo-home" "-e" "RUSTUP_HOME=/opt/rustwide/rustup-home" "-w" "/opt/rustwide/workdir" "-m" "1610612736" "--user" "0:0" "--network" "none" "ghcr.io/rust-lang/crates-build-env/linux@sha256:4a844ea9eb2546a2d2c7022eacef16ef2e8229c7fbb2c7d4d55a9ceca922f72d" "/opt/rustwide/cargo-home/bin/cargo" "+nightly-2024-10-28" "test" "--frozen" "--no-run" "--message-format=json", kill_on_drop: false }`
[INFO] [stdout] d26c97f4cdc1b1362e9a907f0759222824068c7efb8c55da27d87789c9e3904f
[INFO] running `Command { std: "docker" "start" "-a" "d26c97f4cdc1b1362e9a907f0759222824068c7efb8c55da27d87789c9e3904f", kill_on_drop: false }`
[INFO] [stderr]    Compiling serde v1.0.214
[INFO] [stderr]    Compiling libc v0.2.161
[INFO] [stderr]    Compiling memchr v2.7.4
[INFO] [stderr]    Compiling crossbeam-utils v0.8.20
[INFO] [stderr]    Compiling slab v0.4.9
[INFO] [stderr]    Compiling syn v2.0.86
[INFO] [stderr]    Compiling num-traits v0.2.19
[INFO] [stderr]    Compiling pin-project-lite v0.2.15
[INFO] [stderr]    Compiling either v1.13.0
[INFO] [stderr]    Compiling rayon-core v1.12.1
[INFO] [stderr]    Compiling futures-core v0.3.31
[INFO] [stderr]    Compiling futures-sink v0.3.31
[INFO] [stderr]    Compiling futures-channel v0.3.31
[INFO] [stderr]    Compiling half v2.4.1
[INFO] [stderr]    Compiling regex-syntax v0.8.5
[INFO] [stderr]    Compiling plotters-backend v0.3.7
[INFO] [stderr]    Compiling futures-io v0.3.31
[INFO] [stderr]    Compiling futures-task v0.3.31
[INFO] [stderr]    Compiling anstyle v1.0.10
[INFO] [stderr]    Compiling pin-utils v0.1.0
[INFO] [stderr]    Compiling ciborium-io v0.2.2
[INFO] [stderr]    Compiling crossbeam-epoch v0.9.18
[INFO] [stderr]    Compiling clap_lex v0.7.2
[INFO] [stderr]    Compiling ciborium-ll v0.2.2
[INFO] [stderr]    Compiling getrandom v0.2.15
[INFO] [stderr]    Compiling crossbeam-deque v0.8.5
[INFO] [stderr]    Compiling clap_builder v4.5.20
[INFO] [stderr]    Compiling rand_core v0.6.4
[INFO] [stderr]    Compiling plotters-svg v0.3.7
[INFO] [stderr]    Compiling itertools v0.10.5
[INFO] [stderr]    Compiling cast v0.3.0
[INFO] [stderr]    Compiling anyhow v1.0.92
[INFO] [stderr]    Compiling same-file v1.0.6
[INFO] [stderr]    Compiling rayon v1.10.0
[INFO] [stderr]    Compiling walkdir v2.5.0
[INFO] [stderr]    Compiling plotters v0.3.7
[INFO] [stderr]    Compiling regex-automata v0.4.8
[INFO] [stderr]    Compiling is-terminal v0.4.13
[INFO] [stderr]    Compiling oorandom v11.1.4
[INFO] [stderr]    Compiling anes v0.1.6
[INFO] [stderr]    Compiling criterion-plot v0.5.0
[INFO] [stderr]    Compiling clap v4.5.20
[INFO] [stderr]    Compiling regex v1.11.1
[INFO] [stderr]    Compiling serde_derive v1.0.214
[INFO] [stderr]    Compiling zerocopy-derive v0.7.35
[INFO] [stderr]    Compiling thiserror-impl v1.0.66
[INFO] [stderr]    Compiling futures-macro v0.3.31
[INFO] [stderr]    Compiling tokio-macros v2.4.0
[INFO] [stderr]    Compiling zerocopy v0.7.35
[INFO] [stderr]    Compiling tokio v1.41.0
[INFO] [stderr]    Compiling futures-util v0.3.31
[INFO] [stderr]    Compiling thiserror v1.0.66
[INFO] [stderr]    Compiling ppv-lite86 v0.2.20
[INFO] [stderr]    Compiling rand_chacha v0.3.1
[INFO] [stderr]    Compiling rand v0.8.5
[INFO] [stderr]    Compiling futures-executor v0.3.31
[INFO] [stderr]    Compiling futures v0.3.31
[INFO] [stderr]    Compiling serde_json v1.0.132
[INFO] [stderr]    Compiling uuid v1.11.0
[INFO] [stderr]    Compiling url v2.5.2
[INFO] [stderr]    Compiling ciborium v0.2.2
[INFO] [stderr]    Compiling debugid v0.8.0
[INFO] [stderr]    Compiling sentry-types v0.34.0
[INFO] [stderr]    Compiling tinytemplate v1.2.1
[INFO] [stderr]    Compiling criterion v0.5.1
[INFO] [stderr]    Compiling sentry-core v0.34.0 (/opt/rustwide/workdir)
[INFO] [stderr]     Finished `test` profile [unoptimized + debuginfo] target(s) in 21.94s
[INFO] running `Command { std: "docker" "inspect" "d26c97f4cdc1b1362e9a907f0759222824068c7efb8c55da27d87789c9e3904f", kill_on_drop: false }`
[INFO] running `Command { std: "docker" "rm" "-f" "d26c97f4cdc1b1362e9a907f0759222824068c7efb8c55da27d87789c9e3904f", kill_on_drop: false }`
[INFO] [stdout] d26c97f4cdc1b1362e9a907f0759222824068c7efb8c55da27d87789c9e3904f
[INFO] running `Command { std: "docker" "create" "-v" "/var/lib/crater-agent-workspace/builds/worker-6-tc2/target:/opt/rustwide/target:rw,Z" "-v" "/var/lib/crater-agent-workspace/builds/worker-6-tc2/source:/opt/rustwide/workdir:ro,Z" "-v" "/var/lib/crater-agent-workspace/cargo-home:/opt/rustwide/cargo-home:ro,Z" "-v" "/var/lib/crater-agent-workspace/rustup-home:/opt/rustwide/rustup-home:ro,Z" "-e" "SOURCE_DIR=/opt/rustwide/workdir" "-e" "CARGO_TARGET_DIR=/opt/rustwide/target" "-e" "CARGO_INCREMENTAL=0" "-e" "RUST_BACKTRACE=full" "-e" "RUSTFLAGS=--cap-lints=forbid -Zrandomize-layout" "-e" "RUSTDOCFLAGS=--cap-lints=forbid" "-e" "CARGO_HOME=/opt/rustwide/cargo-home" "-e" "RUSTUP_HOME=/opt/rustwide/rustup-home" "-w" "/opt/rustwide/workdir" "-m" "1610612736" "--user" "0:0" "--network" "none" "ghcr.io/rust-lang/crates-build-env/linux@sha256:4a844ea9eb2546a2d2c7022eacef16ef2e8229c7fbb2c7d4d55a9ceca922f72d" "/opt/rustwide/cargo-home/bin/cargo" "+nightly-2024-10-28" "test" "--frozen", kill_on_drop: false }`
[INFO] [stdout] 98c3bdc509d8aff9e3c63bb87e7793e14e379f0b7669c7c96d9da80046bf9bc6
[INFO] running `Command { std: "docker" "start" "-a" "98c3bdc509d8aff9e3c63bb87e7793e14e379f0b7669c7c96d9da80046bf9bc6", kill_on_drop: false }`
[INFO] [stderr]     Finished `test` profile [unoptimized + debuginfo] target(s) in 0.07s
[INFO] [stderr]      Running unittests src/lib.rs (/opt/rustwide/target/debug/deps/sentry_core-c0c2b99917adef44)
[INFO] [stdout] 
[INFO] [stdout] running 5 tests
[INFO] [stdout] test error::test_parse_anyhow_as_error ... ok
[INFO] [stdout] test error::test_parse_type_from_debug ... ok
[INFO] [stdout] test performance::tests::parses_sentry_trace ... ok
[INFO] [stdout] test performance::tests::disabled_forwards_trace_id ... ok
[INFO] [stdout] test performance::tests::transaction_context_public_getters ... ok
[INFO] [stdout] 
[INFO] [stdout] test result: ok. 5 passed; 0 failed; 0 ignored; 0 measured; 0 filtered out; finished in 0.00s
[INFO] [stdout] 
[INFO] [stderr]    Doc-tests sentry_core
[INFO] [stdout] 
[INFO] [stdout] running 17 tests
[INFO] [stdout] test src/api.rs - api::with_scope (line 170) ... FAILED
[INFO] [stdout] test src/api.rs - api::last_event_id (line 247) ... FAILED
[INFO] [stdout] test src/api.rs - api::configure_scope (line 123) ... FAILED
[INFO] [stdout] test src/api.rs - api::add_breadcrumb (line 83) ... FAILED
[INFO] [stdout] test src/api.rs - api::with_integration (line 213) ... FAILED
[INFO] [stdout] test src/api.rs - api::start_session (line 274) ... FAILED
[INFO] [stdout] test src/api.rs - api::capture_message (line 51) ... FAILED
[INFO] [stdout] test src/api.rs - api::capture_event (line 18) ... FAILED
[INFO] [stdout] test src/error.rs - error::parse_type_from_debug (line 125) ... FAILED
[INFO] [stdout] test src/clientoptions.rs - clientoptions::ClientOptions::add_integration (line 163) ... FAILED
[INFO] [stdout] test src/clientoptions.rs - clientoptions::ClientOptions (line 50) ... FAILED
[INFO] [stdout] test src/macros.rs - macros::release_name (line 8) ... FAILED
[INFO] [stdout] test src/integration.rs - integration::Integration (line 15) ... FAILED
[INFO] [stdout] test src/error.rs - error::capture_error (line 36) ... FAILED
[INFO] [stdout] test src/error.rs - error::event_from_error (line 61) ... FAILED
[INFO] [stdout] test src/lib.rs - (line 61) ... FAILED
[INFO] [stdout] test src/lib.rs - (line 28) ... FAILED
[INFO] [stdout] 
[INFO] [stdout] failures:
[INFO] [stdout] 
[INFO] [stdout] ---- src/api.rs - api::with_scope (line 170) stdout ----
[INFO] [stdout] error[E0433]: failed to resolve: use of undeclared crate or module `sentry`
[INFO] [stdout]  --> src/api.rs:171:5
[INFO] [stdout]   |
[INFO] [stdout] 3 | use sentry::protocol::Level;
[INFO] [stdout]   |     ^^^^^^ use of undeclared crate or module `sentry`
[INFO] [stdout] 
[INFO] [stdout] error[E0433]: failed to resolve: use of undeclared crate or module `sentry`
[INFO] [stdout]  --> src/api.rs:173:14
[INFO] [stdout]   |
[INFO] [stdout] 5 | let events = sentry::test::with_captured_events(|| {
[INFO] [stdout]   |              ^^^^^^ use of undeclared crate or module `sentry`
[INFO] [stdout] 
[INFO] [stdout] error[E0433]: failed to resolve: use of undeclared crate or module `sentry`
[INFO] [stdout]  --> src/api.rs:174:1
[INFO] [stdout]   |
[INFO] [stdout] 6 | sentry::with_scope(
[INFO] [stdout]   | ^^^^^^ use of undeclared crate or module `sentry`
[INFO] [stdout] 
[INFO] [stdout] error[E0433]: failed to resolve: use of undeclared crate or module `sentry`
[INFO] [stdout]  --> src/api.rs:176:8
[INFO] [stdout]   |
[INFO] [stdout] 8 |     || sentry::capture_message("some message", Level::Info),
[INFO] [stdout]   |        ^^^^^^ use of undeclared crate or module `sentry`
[INFO] [stdout] 
[INFO] [stdout] error: aborting due to 4 previous errors
[INFO] [stdout] 
[INFO] [stdout] For more information about this error, try `rustc --explain E0433`.
[INFO] [stdout] Couldn't compile the test.
[INFO] [stdout] ---- src/api.rs - api::last_event_id (line 247) stdout ----
[INFO] [stdout] error[E0433]: failed to resolve: use of undeclared crate or module `sentry`
[INFO] [stdout]  --> src/api.rs:248:5
[INFO] [stdout]   |
[INFO] [stdout] 3 | use sentry::protocol::Level;
[INFO] [stdout]   |     ^^^^^^ use of undeclared crate or module `sentry`
[INFO] [stdout] 
[INFO] [stdout] error[E0433]: failed to resolve: use of undeclared crate or module `sentry`
[INFO] [stdout]  --> src/api.rs:249:5
[INFO] [stdout]   |
[INFO] [stdout] 4 | use sentry::types::Uuid;
[INFO] [stdout]   |     ^^^^^^ use of undeclared crate or module `sentry`
[INFO] [stdout] 
[INFO] [stdout] error[E0433]: failed to resolve: use of undeclared crate or module `sentry`
[INFO] [stdout]  --> src/api.rs:251:1
[INFO] [stdout]   |
[INFO] [stdout] 6 | sentry::test::with_captured_events(|| {
[INFO] [stdout]   | ^^^^^^ use of undeclared crate or module `sentry`
[INFO] [stdout] 
[INFO] [stdout] error[E0433]: failed to resolve: use of undeclared crate or module `sentry`
[INFO] [stdout]  --> src/api.rs:252:12
[INFO] [stdout]   |
[INFO] [stdout] 7 | assert_eq!(sentry::last_event_id(), None);
[INFO] [stdout]   |            ^^^^^^ use of undeclared crate or module `sentry`
[INFO] [stdout] 
[INFO] [stdout] error[E0433]: failed to resolve: use of undeclared crate or module `sentry`
[INFO] [stdout]  --> src/api.rs:254:1
[INFO] [stdout]   |
[INFO] [stdout] 9 | sentry::capture_message("some message", Level::Info);
[INFO] [stdout]   | ^^^^^^ use of undeclared crate or module `sentry`
[INFO] [stdout] 
[INFO] [stdout] error[E0433]: failed to resolve: use of undeclared crate or module `sentry`
[INFO] [stdout]   --> src/api.rs:256:9
[INFO] [stdout]    |
[INFO] [stdout] 11 | assert!(sentry::last_event_id().is_some());
[INFO] [stdout]    |         ^^^^^^ use of undeclared crate or module `sentry`
[INFO] [stdout] 
[INFO] [stdout] error: aborting due to 6 previous errors
[INFO] [stdout] 
[INFO] [stdout] For more information about this error, try `rustc --explain E0433`.
[INFO] [stdout] Couldn't compile the test.
[INFO] [stdout] ---- src/api.rs - api::configure_scope (line 123) stdout ----
[INFO] [stdout] error[E0433]: failed to resolve: use of undeclared crate or module `sentry`
[INFO] [stdout]  --> src/api.rs:124:5
[INFO] [stdout]   |
[INFO] [stdout] 3 | use sentry::protocol::{Level, User};
[INFO] [stdout]   |     ^^^^^^ use of undeclared crate or module `sentry`
[INFO] [stdout] 
[INFO] [stdout] error[E0433]: failed to resolve: use of undeclared crate or module `sentry`
[INFO] [stdout]   --> src/api.rs:131:14
[INFO] [stdout]    |
[INFO] [stdout] 10 | let events = sentry::test::with_captured_events(|| {
[INFO] [stdout]    |              ^^^^^^ use of undeclared crate or module `sentry`
[INFO] [stdout] 
[INFO] [stdout] error[E0433]: failed to resolve: use of undeclared crate or module `sentry`
[INFO] [stdout]   --> src/api.rs:132:1
[INFO] [stdout]    |
[INFO] [stdout] 11 | sentry::configure_scope(|scope| {
[INFO] [stdout]    | ^^^^^^ use of undeclared crate or module `sentry`
[INFO] [stdout] 
[INFO] [stdout] error[E0433]: failed to resolve: use of undeclared crate or module `sentry`
[INFO] [stdout]   --> src/api.rs:136:1
[INFO] [stdout]    |
[INFO] [stdout] 15 | sentry::capture_message("some message", Level::Info);
[INFO] [stdout]    | ^^^^^^ use of undeclared crate or module `sentry`
[INFO] [stdout] 
[INFO] [stdout] error: aborting due to 4 previous errors
[INFO] [stdout] 
[INFO] [stdout] For more information about this error, try `rustc --explain E0433`.
[INFO] [stdout] Couldn't compile the test.
[INFO] [stdout] ---- src/api.rs - api::add_breadcrumb (line 83) stdout ----
[INFO] [stdout] error[E0433]: failed to resolve: use of undeclared crate or module `sentry`
[INFO] [stdout]  --> src/api.rs:84:5
[INFO] [stdout]   |
[INFO] [stdout] 3 | use sentry::protocol::{Breadcrumb, Level, Map};
[INFO] [stdout]   |     ^^^^^^ use of undeclared crate or module `sentry`
[INFO] [stdout] 
[INFO] [stdout] error[E0433]: failed to resolve: use of undeclared crate or module `sentry`
[INFO] [stdout]   --> src/api.rs:98:14
[INFO] [stdout]    |
[INFO] [stdout] 17 | let events = sentry::test::with_captured_events(|| {
[INFO] [stdout]    |              ^^^^^^ use of undeclared crate or module `sentry`
[INFO] [stdout] 
[INFO] [stdout] error[E0433]: failed to resolve: use of undeclared crate or module `sentry`
[INFO] [stdout]   --> src/api.rs:99:1
[INFO] [stdout]    |
[INFO] [stdout] 18 | sentry::add_breadcrumb(breadcrumb.clone());
[INFO] [stdout]    | ^^^^^^ use of undeclared crate or module `sentry`
[INFO] [stdout] 
[INFO] [stdout] error[E0433]: failed to resolve: use of undeclared crate or module `sentry`
[INFO] [stdout]   --> src/api.rs:101:1
[INFO] [stdout]    |
[INFO] [stdout] 20 | sentry::capture_message("some message", Level::Info);
[INFO] [stdout]    | ^^^^^^ use of undeclared crate or module `sentry`
[INFO] [stdout] 
[INFO] [stdout] error: aborting due to 4 previous errors
[INFO] [stdout] 
[INFO] [stdout] For more information about this error, try `rustc --explain E0433`.
[INFO] [stdout] Couldn't compile the test.
[INFO] [stdout] ---- src/api.rs - api::with_integration (line 213) stdout ----
[INFO] [stdout] error[E0432]: unresolved import `sentry`
[INFO] [stdout]  --> src/api.rs:214:5
[INFO] [stdout]   |
[INFO] [stdout] 3 | use sentry::{ClientOptions, Integration};
[INFO] [stdout]   |     ^^^^^^ use of undeclared crate or module `sentry`
[INFO] [stdout] 
[INFO] [stdout] error[E0433]: failed to resolve: use of undeclared crate or module `sentry`
[INFO] [stdout]   --> src/api.rs:226:1
[INFO] [stdout]    |
[INFO] [stdout] 15 | sentry::test::with_captured_events_options(|| {
[INFO] [stdout]    | ^^^^^^ use of undeclared crate or module `sentry`
[INFO] [stdout] 
[INFO] [stdout] error[E0433]: failed to resolve: use of undeclared crate or module `sentry`
[INFO] [stdout]   --> src/api.rs:224:15
[INFO] [stdout]    |
[INFO] [stdout] 13 | let _sentry = sentry::init(options);
[INFO] [stdout]    |               ^^^^^^ use of undeclared crate or module `sentry`
[INFO] [stdout] 
[INFO] [stdout] error[E0433]: failed to resolve: use of undeclared crate or module `sentry`
[INFO] [stdout]   --> src/api.rs:227:13
[INFO] [stdout]    |
[INFO] [stdout] 16 | let value = sentry::with_integration(|integration: &MyIntegration, _| integration.0);
[INFO] [stdout]    |             ^^^^^^ use of undeclared crate or module `sentry`
[INFO] [stdout] 
[INFO] [stdout] error: aborting due to 4 previous errors
[INFO] [stdout] 
[INFO] [stdout] Some errors have detailed explanations: E0432, E0433.
[INFO] [stdout] For more information about an error, try `rustc --explain E0432`.
[INFO] [stdout] Couldn't compile the test.
[INFO] [stdout] ---- src/api.rs - api::start_session (line 274) stdout ----
[INFO] [stdout] error[E0433]: failed to resolve: use of undeclared crate or module `sentry`
[INFO] [stdout]  --> src/api.rs:275:1
[INFO] [stdout]   |
[INFO] [stdout] 3 | sentry::start_session();
[INFO] [stdout]   | ^^^^^^ use of undeclared crate or module `sentry`
[INFO] [stdout] 
[INFO] [stdout] error[E0433]: failed to resolve: use of undeclared crate or module `sentry`
[INFO] [stdout]  --> src/api.rs:280:1
[INFO] [stdout]   |
[INFO] [stdout] 8 | sentry::end_session();
[INFO] [stdout]   | ^^^^^^ use of undeclared crate or module `sentry`
[INFO] [stdout] 
[INFO] [stdout] error: aborting due to 2 previous errors
[INFO] [stdout] 
[INFO] [stdout] For more information about this error, try `rustc --explain E0433`.
[INFO] [stdout] Couldn't compile the test.
[INFO] [stdout] ---- src/api.rs - api::capture_message (line 51) stdout ----
[INFO] [stdout] error[E0433]: failed to resolve: use of undeclared crate or module `sentry`
[INFO] [stdout]  --> src/api.rs:52:5
[INFO] [stdout]   |
[INFO] [stdout] 3 | use sentry::protocol::Level;
[INFO] [stdout]   |     ^^^^^^ use of undeclared crate or module `sentry`
[INFO] [stdout] 
[INFO] [stdout] error[E0433]: failed to resolve: use of undeclared crate or module `sentry`
[INFO] [stdout]  --> src/api.rs:54:14
[INFO] [stdout]   |
[INFO] [stdout] 5 | let events = sentry::test::with_captured_events(|| {
[INFO] [stdout]   |              ^^^^^^ use of undeclared crate or module `sentry`
[INFO] [stdout] 
[INFO] [stdout] error[E0433]: failed to resolve: use of undeclared crate or module `sentry`
[INFO] [stdout]  --> src/api.rs:55:1
[INFO] [stdout]   |
[INFO] [stdout] 6 | sentry::capture_message("some message", Level::Info);
[INFO] [stdout]   | ^^^^^^ use of undeclared crate or module `sentry`
[INFO] [stdout] 
[INFO] [stdout] error: aborting due to 3 previous errors
[INFO] [stdout] 
[INFO] [stdout] For more information about this error, try `rustc --explain E0433`.
[INFO] [stdout] Couldn't compile the test.
[INFO] [stdout] ---- src/api.rs - api::capture_event (line 18) stdout ----
[INFO] [stdout] error[E0433]: failed to resolve: use of undeclared crate or module `sentry`
[INFO] [stdout]  --> src/api.rs:19:5
[INFO] [stdout]   |
[INFO] [stdout] 3 | use sentry::protocol::{Event, Level};
[INFO] [stdout]   |     ^^^^^^ use of undeclared crate or module `sentry`
[INFO] [stdout] 
[INFO] [stdout] error[E0433]: failed to resolve: use of undeclared crate or module `sentry`
[INFO] [stdout]  --> src/api.rs:20:5
[INFO] [stdout]   |
[INFO] [stdout] 4 | use sentry::types::{Uuid, random_uuid};
[INFO] [stdout]   |     ^^^^^^ use of undeclared crate or module `sentry`
[INFO] [stdout] 
[INFO] [stdout] error[E0433]: failed to resolve: use of undeclared crate or module `sentry`
[INFO] [stdout]   --> src/api.rs:32:14
[INFO] [stdout]    |
[INFO] [stdout] 16 | let events = sentry::test::with_captured_events(|| {
[INFO] [stdout]    |              ^^^^^^ use of undeclared crate or module `sentry`
[INFO] [stdout] 
[INFO] [stdout] error[E0433]: failed to resolve: use of undeclared crate or module `sentry`
[INFO] [stdout]   --> src/api.rs:30:12
[INFO] [stdout]    |
[INFO] [stdout] 14 | assert_eq!(sentry::capture_event(event.clone()), Uuid::nil());
[INFO] [stdout]    |            ^^^^^^ use of undeclared crate or module `sentry`
[INFO] [stdout] 
[INFO] [stdout] error[E0433]: failed to resolve: use of undeclared crate or module `sentry`
[INFO] [stdout]   --> src/api.rs:33:16
[INFO] [stdout]    |
[INFO] [stdout] 17 |     assert_eq!(sentry::capture_event(event), uuid);
[INFO] [stdout]    |                ^^^^^^ use of undeclared crate or module `sentry`
[INFO] [stdout] 
[INFO] [stdout] error: aborting due to 5 previous errors
[INFO] [stdout] 
[INFO] [stdout] For more information about this error, try `rustc --explain E0433`.
[INFO] [stdout] Couldn't compile the test.
[INFO] [stdout] ---- src/error.rs - error::parse_type_from_debug (line 125) stdout ----
[INFO] [stdout] error[E0432]: unresolved import `sentry`
[INFO] [stdout]  --> src/error.rs:126:5
[INFO] [stdout]   |
[INFO] [stdout] 3 | use sentry::parse_type_from_debug;
[INFO] [stdout]   |     ^^^^^^ use of undeclared crate or module `sentry`
[INFO] [stdout] 
[INFO] [stdout] error: aborting due to 1 previous error
[INFO] [stdout] 
[INFO] [stdout] For more information about this error, try `rustc --explain E0432`.
[INFO] [stdout] Couldn't compile the test.
[INFO] [stdout] ---- src/clientoptions.rs - clientoptions::ClientOptions::add_integration (line 163) stdout ----
[INFO] [stdout] error[E0433]: failed to resolve: use of undeclared crate or module `sentry`
[INFO] [stdout]  --> src/clientoptions.rs:168:15
[INFO] [stdout]   |
[INFO] [stdout] 7 | let options = sentry::ClientOptions::new().add_integration(MyIntegration);
[INFO] [stdout]   |               ^^^^^^ use of undeclared crate or module `sentry`
[INFO] [stdout]   |
[INFO] [stdout] help: consider importing this struct
[INFO] [stdout]   |
[INFO] [stdout] 2 + use sentry_core::ClientOptions;
[INFO] [stdout]   |
[INFO] [stdout] help: if you import `ClientOptions`, refer to it directly
[INFO] [stdout]   |
[INFO] [stdout] 7 - let options = sentry::ClientOptions::new().add_integration(MyIntegration);
[INFO] [stdout] 7 + let options = ClientOptions::new().add_integration(MyIntegration);
[INFO] [stdout]   |
[INFO] [stdout] 
[INFO] [stdout] error[E0433]: failed to resolve: use of undeclared crate or module `sentry`
[INFO] [stdout]  --> src/clientoptions.rs:166:6
[INFO] [stdout]   |
[INFO] [stdout] 5 | impl sentry::Integration for MyIntegration {}
[INFO] [stdout]   |      ^^^^^^ use of undeclared crate or module `sentry`
[INFO] [stdout] 
[INFO] [stdout] error: aborting due to 2 previous errors
[INFO] [stdout] 
[INFO] [stdout] For more information about this error, try `rustc --explain E0433`.
[INFO] [stdout] Couldn't compile the test.
[INFO] [stdout] ---- src/clientoptions.rs - clientoptions::ClientOptions (line 50) stdout ----
[INFO] [stdout] error[E0433]: failed to resolve: use of undeclared crate or module `sentry`
[INFO] [stdout]  --> src/clientoptions.rs:51:16
[INFO] [stdout]   |
[INFO] [stdout] 3 | let _options = sentry::ClientOptions {
[INFO] [stdout]   |                ^^^^^^ use of undeclared crate or module `sentry`
[INFO] [stdout] 
[INFO] [stdout] error: aborting due to 1 previous error
[INFO] [stdout] 
[INFO] [stdout] For more information about this error, try `rustc --explain E0433`.
[INFO] [stdout] Couldn't compile the test.
[INFO] [stdout] ---- src/macros.rs - macros::release_name (line 8) stdout ----
[INFO] [stdout] error[E0463]: can't find crate for `sentry`
[INFO] [stdout]  --> src/macros.rs:9:14
[INFO] [stdout]   |
[INFO] [stdout] 2 | #[macro_use] extern crate sentry;
[INFO] [stdout]   |              ^^^^^^^^^^^^^^^^^^^^ can't find crate
[INFO] [stdout] 
[INFO] [stdout] error: aborting due to 1 previous error
[INFO] [stdout] 
[INFO] [stdout] For more information about this error, try `rustc --explain E0463`.
[INFO] [stdout] Couldn't compile the test.
[INFO] [stdout] ---- src/integration.rs - integration::Integration (line 15) stdout ----
[INFO] [stdout] error[E0433]: failed to resolve: use of undeclared crate or module `sentry`
[INFO] [stdout]  --> src/integration.rs:16:5
[INFO] [stdout]   |
[INFO] [stdout] 3 | use sentry::protocol::{Event, Level};
[INFO] [stdout]   |     ^^^^^^ use of undeclared crate or module `sentry`
[INFO] [stdout] 
[INFO] [stdout] error[E0432]: unresolved import `sentry`
[INFO] [stdout]  --> src/integration.rs:17:5
[INFO] [stdout]   |
[INFO] [stdout] 4 | use sentry::ClientOptions;
[INFO] [stdout]   |     ^^^^^^ use of undeclared crate or module `sentry`
[INFO] [stdout] 
[INFO] [stdout] error[E0433]: failed to resolve: use of undeclared crate or module `sentry`
[INFO] [stdout]   --> src/integration.rs:43:14
[INFO] [stdout]    |
[INFO] [stdout] 30 | let events = sentry::test::with_captured_events_options(
[INFO] [stdout]    |              ^^^^^^ use of undeclared crate or module `sentry`
[INFO] [stdout] 
[INFO] [stdout] error[E0433]: failed to resolve: use of undeclared crate or module `sentry`
[INFO] [stdout]   --> src/integration.rs:24:6
[INFO] [stdout]    |
[INFO] [stdout] 11 | impl sentry::Integration for MyProcessorIntegration {
[INFO] [stdout]    |      ^^^^^^ use of undeclared crate or module `sentry`
[INFO] [stdout] 
[INFO] [stdout] error[E0433]: failed to resolve: use of undeclared crate or module `sentry`
[INFO] [stdout]   --> src/integration.rs:45:9
[INFO] [stdout]    |
[INFO] [stdout] 32 |         sentry::capture_message("some message", Level::Info);
[INFO] [stdout]    |         ^^^^^^ use of undeclared crate or module `sentry`
[INFO] [stdout] 
[INFO] [stdout] error: aborting due to 5 previous errors
[INFO] [stdout] 
[INFO] [stdout] Some errors have detailed explanations: E0432, E0433.
[INFO] [stdout] For more information about an error, try `rustc --explain E0432`.
[INFO] [stdout] Couldn't compile the test.
[INFO] [stdout] ---- src/error.rs - error::capture_error (line 36) stdout ----
[INFO] [stdout] error[E0433]: failed to resolve: use of undeclared crate or module `sentry`
[INFO] [stdout]  --> src/error.rs:39:14
[INFO] [stdout]   |
[INFO] [stdout] 5 | let events = sentry::test::with_captured_events(|| {
[INFO] [stdout]   |              ^^^^^^ use of undeclared crate or module `sentry`
[INFO] [stdout] 
[INFO] [stdout] error[E0433]: failed to resolve: use of undeclared crate or module `sentry`
[INFO] [stdout]  --> src/error.rs:40:1
[INFO] [stdout]   |
[INFO] [stdout] 6 | sentry::capture_error(&err);
[INFO] [stdout]   | ^^^^^^ use of undeclared crate or module `sentry`
[INFO] [stdout] 
[INFO] [stdout] error: aborting due to 2 previous errors
[INFO] [stdout] 
[INFO] [stdout] For more information about this error, try `rustc --explain E0433`.
[INFO] [stdout] Couldn't compile the test.
[INFO] [stdout] ---- src/error.rs - error::event_from_error (line 61) stdout ----
[INFO] [stdout] error[E0433]: failed to resolve: use of undeclared crate or module `sentry`
[INFO] [stdout]   --> src/error.rs:73:25
[INFO] [stdout]    |
[INFO] [stdout] 14 | assert_eq!(event.level, sentry::protocol::Level::Error);
[INFO] [stdout]    |                         ^^^^^^ use of undeclared crate or module `sentry`
[INFO] [stdout]    |
[INFO] [stdout] help: consider importing one of these enums
[INFO] [stdout]    |
[INFO] [stdout] 2  + use sentry_core::Level;
[INFO] [stdout]    |
[INFO] [stdout] 2  + use sentry_types::protocol::v7::Level;
[INFO] [stdout]    |
[INFO] [stdout] help: if you import `Level`, refer to it directly
[INFO] [stdout]    |
[INFO] [stdout] 14 - assert_eq!(event.level, sentry::protocol::Level::Error);
[INFO] [stdout] 14 + assert_eq!(event.level, Level::Error);
[INFO] [stdout]    |
[INFO] [stdout] 
[INFO] [stdout] error[E0433]: failed to resolve: use of undeclared crate or module `sentry`
[INFO] [stdout]   --> src/error.rs:72:13
[INFO] [stdout]    |
[INFO] [stdout] 13 | let event = sentry::event_from_error(&OuterError(InnerError));
[INFO] [stdout]    |             ^^^^^^ use of undeclared crate or module `sentry`
[INFO] [stdout] 
[INFO] [stdout] error: aborting due to 2 previous errors
[INFO] [stdout] 
[INFO] [stdout] For more information about this error, try `rustc --explain E0433`.
[INFO] [stdout] Couldn't compile the test.
[INFO] [stdout] ---- src/lib.rs - (line 61) stdout ----
[INFO] [stdout] error[E0432]: unresolved import `sentry`
[INFO] [stdout]  --> src/lib.rs:64:5
[INFO] [stdout]   |
[INFO] [stdout] 5 | use sentry::{Hub, SentryFutureExt};
[INFO] [stdout]   |     ^^^^^^ use of undeclared crate or module `sentry`
[INFO] [stdout] 
[INFO] [stdout] error[E0599]: no method named `bind_hub` found for `async` block `{async block@src/lib.rs:14:27: 14:32}` in the current scope
[INFO] [stdout]   --> src/lib.rs:73:43
[INFO] [stdout]    |
[INFO] [stdout] 14 | let result = tokio::spawn(async { 1_u32 }.bind_hub(Hub::current())).await;
[INFO] [stdout]    |                                           ^^^^^^^^ method not found in `{async block@src/lib.rs:14:27: 14:32}`
[INFO] [stdout]    |
[INFO] [stdout]   ::: /opt/rustwide/workdir/src/futures.rs:56:8
[INFO] [stdout]    |
[INFO] [stdout] 56 |     fn bind_hub<H>(self, hub: H) -> SentryFuture<Self>
[INFO] [stdout]    |        -------- the method is available for `{async block@src/lib.rs:14:27: 14:32}` here
[INFO] [stdout]    |
[INFO] [stdout]    = help: items from traits can only be used if the trait is in scope
[INFO] [stdout] help: trait `SentryFutureExt` which provides `bind_hub` is implemented but not in scope; perhaps you want to import it
[INFO] [stdout]    |
[INFO] [stdout] 2  + use sentry_core::SentryFutureExt;
[INFO] [stdout]    |
[INFO] [stdout] 
[INFO] [stdout] error: aborting due to 2 previous errors
[INFO] [stdout] 
[INFO] [stdout] Some errors have detailed explanations: E0432, E0599.
[INFO] [stdout] For more information about an error, try `rustc --explain E0432`.
[INFO] [stdout] Couldn't compile the test.
[INFO] [stdout] ---- src/lib.rs - (line 28) stdout ----
[INFO] [stdout] error[E0432]: unresolved import `sentry`
[INFO] [stdout]  --> src/lib.rs:32:5
[INFO] [stdout]   |
[INFO] [stdout] 6 | use sentry::{Hub, SentryFutureExt};
[INFO] [stdout]   |     ^^^^^^ use of undeclared crate or module `sentry`
[INFO] [stdout] 
[INFO] [stdout] error[E0599]: no method named `bind_hub` found for `async` block `{async block@src/lib.rs:24:16: 24:26}` in the current scope
[INFO] [stdout]   --> src/lib.rs:50:41
[INFO] [stdout]    |
[INFO] [stdout] 24 |     .map(|num| async move { num * num }.bind_hub(Hub::new_from_top(Hub::current())));
[INFO] [stdout]    |                                         ^^^^^^^^ method not found in `{async block@src/lib.rs:24:16: 24:26}`
[INFO] [stdout]    |
[INFO] [stdout]   ::: /opt/rustwide/workdir/src/futures.rs:56:8
[INFO] [stdout]    |
[INFO] [stdout] 56 |     fn bind_hub<H>(self, hub: H) -> SentryFuture<Self>
[INFO] [stdout]    |        -------- the method is available for `{async block@src/lib.rs:24:16: 24:26}` here
[INFO] [stdout]    |
[INFO] [stdout]    = help: items from traits can only be used if the trait is in scope
[INFO] [stdout] help: trait `SentryFutureExt` which provides `bind_hub` is implemented but not in scope; perhaps you want to import it
[INFO] [stdout]    |
[INFO] [stdout] 2  + use sentry_core::SentryFutureExt;
[INFO] [stdout]    |
[INFO] [stdout] 
[INFO] [stdout] error: aborting due to 2 previous errors
[INFO] [stdout] 
[INFO] [stdout] Some errors have detailed explanations: E0432, E0599.
[INFO] [stdout] For more information about an error, try `rustc --explain E0432`.
[INFO] [stdout] Couldn't compile the test.
[INFO] [stdout] 
[INFO] [stdout] failures:
[INFO] [stdout]     src/api.rs - api::add_breadcrumb (line 83)
[INFO] [stdout]     src/api.rs - api::capture_event (line 18)
[INFO] [stdout]     src/api.rs - api::capture_message (line 51)
[INFO] [stdout]     src/api.rs - api::configure_scope (line 123)
[INFO] [stdout]     src/api.rs - api::last_event_id (line 247)
[INFO] [stdout]     src/api.rs - api::start_session (line 274)
[INFO] [stdout]     src/api.rs - api::with_integration (line 213)
[INFO] [stdout]     src/api.rs - api::with_scope (line 170)
[INFO] [stdout]     src/clientoptions.rs - clientoptions::ClientOptions (line 50)
[INFO] [stdout]     src/clientoptions.rs - clientoptions::ClientOptions::add_integration (line 163)
[INFO] [stdout]     src/error.rs - error::capture_error (line 36)
[INFO] [stdout]     src/error.rs - error::event_from_error (line 61)
[INFO] [stdout]     src/error.rs - error::parse_type_from_debug (line 125)
[INFO] [stdout]     src/integration.rs - integration::Integration (line 15)
[INFO] [stdout]     src/lib.rs - (line 28)
[INFO] [stdout]     src/lib.rs - (line 61)
[INFO] [stdout]     src/macros.rs - macros::release_name (line 8)
[INFO] [stdout] 
[INFO] [stdout] test result: FAILED. 0 passed; 17 failed; 0 ignored; 0 measured; 0 filtered out; finished in 0.30s
[INFO] [stdout] 
[INFO] [stderr] error: doctest failed, to rerun pass `--doc`
[INFO] running `Command { std: "docker" "inspect" "98c3bdc509d8aff9e3c63bb87e7793e14e379f0b7669c7c96d9da80046bf9bc6", kill_on_drop: false }`
[INFO] running `Command { std: "docker" "rm" "-f" "98c3bdc509d8aff9e3c63bb87e7793e14e379f0b7669c7c96d9da80046bf9bc6", kill_on_drop: false }`
[INFO] [stdout] 98c3bdc509d8aff9e3c63bb87e7793e14e379f0b7669c7c96d9da80046bf9bc6
