[INFO] fetching crate senders_receivers 0.0.7...
[INFO] testing senders_receivers-0.0.7 against nightly-2024-10-28 for randomize-layout
[INFO] extracting crate senders_receivers 0.0.7 into /workspace/builds/worker-6-tc1/source
[INFO] validating manifest of crates.io crate senders_receivers 0.0.7 on toolchain nightly-2024-10-28
[INFO] running `Command { std: CARGO_HOME="/workspace/cargo-home" RUSTUP_HOME="/workspace/rustup-home" "/workspace/cargo-home/bin/cargo" "+nightly-2024-10-28" "metadata" "--manifest-path" "Cargo.toml" "--no-deps", kill_on_drop: false }`
[INFO] started tweaking crates.io crate senders_receivers 0.0.7
[INFO] finished tweaking crates.io crate senders_receivers 0.0.7
[INFO] tweaked toml for crates.io crate senders_receivers 0.0.7 written to /workspace/builds/worker-6-tc1/source/Cargo.toml
[INFO] running `Command { std: CARGO_HOME="/workspace/cargo-home" RUSTUP_HOME="/workspace/rustup-home" "/workspace/cargo-home/bin/cargo" "+nightly-2024-10-28" "generate-lockfile" "--manifest-path" "Cargo.toml", kill_on_drop: false }`
[INFO] [stderr]     Updating crates.io index
[INFO] [stderr]      Locking 34 packages to latest compatible versions
[INFO] [stderr]       Adding mio v0.8.11 (available: v1.0.2)
[INFO] running `Command { std: CARGO_HOME="/workspace/cargo-home" RUSTUP_HOME="/workspace/rustup-home" "/workspace/cargo-home/bin/cargo" "+nightly-2024-10-28" "fetch" "--manifest-path" "Cargo.toml", kill_on_drop: false }`
[INFO] [stderr]  Downloading crates ...
[INFO] [stderr]   Downloaded mio-aio v0.9.0
[INFO] running `Command { std: "docker" "create" "-v" "/var/lib/crater-agent-workspace/builds/worker-6-tc1/target:/opt/rustwide/target:rw,Z" "-v" "/var/lib/crater-agent-workspace/builds/worker-6-tc1/source:/opt/rustwide/workdir:ro,Z" "-v" "/var/lib/crater-agent-workspace/cargo-home:/opt/rustwide/cargo-home:ro,Z" "-v" "/var/lib/crater-agent-workspace/rustup-home:/opt/rustwide/rustup-home:ro,Z" "-e" "SOURCE_DIR=/opt/rustwide/workdir" "-e" "CARGO_TARGET_DIR=/opt/rustwide/target" "-e" "CARGO_HOME=/opt/rustwide/cargo-home" "-e" "RUSTUP_HOME=/opt/rustwide/rustup-home" "-w" "/opt/rustwide/workdir" "-m" "1610612736" "--user" "0:0" "--network" "none" "ghcr.io/rust-lang/crates-build-env/linux@sha256:4a844ea9eb2546a2d2c7022eacef16ef2e8229c7fbb2c7d4d55a9ceca922f72d" "/opt/rustwide/cargo-home/bin/cargo" "+nightly-2024-10-28" "metadata" "--no-deps" "--format-version=1", kill_on_drop: false }`
[INFO] [stdout] 3f41eaaeaa1df656c8ac00da614a32a549aebb0ebabea5426718469b07b1cc8f
[INFO] running `Command { std: "docker" "start" "-a" "3f41eaaeaa1df656c8ac00da614a32a549aebb0ebabea5426718469b07b1cc8f", kill_on_drop: false }`
[INFO] running `Command { std: "docker" "inspect" "3f41eaaeaa1df656c8ac00da614a32a549aebb0ebabea5426718469b07b1cc8f", kill_on_drop: false }`
[INFO] running `Command { std: "docker" "rm" "-f" "3f41eaaeaa1df656c8ac00da614a32a549aebb0ebabea5426718469b07b1cc8f", kill_on_drop: false }`
[INFO] [stdout] 3f41eaaeaa1df656c8ac00da614a32a549aebb0ebabea5426718469b07b1cc8f
[INFO] running `Command { std: "docker" "create" "-v" "/var/lib/crater-agent-workspace/builds/worker-6-tc1/target:/opt/rustwide/target:rw,Z" "-v" "/var/lib/crater-agent-workspace/builds/worker-6-tc1/source:/opt/rustwide/workdir:ro,Z" "-v" "/var/lib/crater-agent-workspace/cargo-home:/opt/rustwide/cargo-home:ro,Z" "-v" "/var/lib/crater-agent-workspace/rustup-home:/opt/rustwide/rustup-home:ro,Z" "-e" "SOURCE_DIR=/opt/rustwide/workdir" "-e" "CARGO_TARGET_DIR=/opt/rustwide/target" "-e" "CARGO_INCREMENTAL=0" "-e" "RUST_BACKTRACE=full" "-e" "RUSTFLAGS=--cap-lints=forbid" "-e" "RUSTDOCFLAGS=--cap-lints=forbid" "-e" "CARGO_HOME=/opt/rustwide/cargo-home" "-e" "RUSTUP_HOME=/opt/rustwide/rustup-home" "-w" "/opt/rustwide/workdir" "-m" "1610612736" "--user" "0:0" "--network" "none" "ghcr.io/rust-lang/crates-build-env/linux@sha256:4a844ea9eb2546a2d2c7022eacef16ef2e8229c7fbb2c7d4d55a9ceca922f72d" "/opt/rustwide/cargo-home/bin/cargo" "+nightly-2024-10-28" "build" "--frozen" "--message-format=json", kill_on_drop: false }`
[INFO] [stdout] e338301052d8f1f9dbc3cf69a33eb85292dd47afb4a9863ef89698209ba32fcd
[INFO] running `Command { std: "docker" "start" "-a" "e338301052d8f1f9dbc3cf69a33eb85292dd47afb4a9863ef89698209ba32fcd", kill_on_drop: false }`
[INFO] [stderr]    Compiling byteorder v1.5.0
[INFO] [stderr]    Compiling log v0.4.22
[INFO] [stderr]    Compiling getrandom v0.2.15
[INFO] [stderr]    Compiling num_cpus v1.16.0
[INFO] [stderr]    Compiling rand_core v0.6.4
[INFO] [stderr]    Compiling mio v0.8.11
[INFO] [stderr]    Compiling threadpool v1.8.1
[INFO] [stderr]    Compiling zerocopy v0.7.35
[INFO] [stderr]    Compiling ppv-lite86 v0.2.20
[INFO] [stderr]    Compiling rand_chacha v0.3.1
[INFO] [stderr]    Compiling rand v0.8.5
[INFO] [stderr]    Compiling senders_receivers v0.0.7 (/opt/rustwide/workdir)
[INFO] [stderr]     Finished `dev` profile [unoptimized + debuginfo] target(s) in 2.69s
[INFO] running `Command { std: "docker" "inspect" "e338301052d8f1f9dbc3cf69a33eb85292dd47afb4a9863ef89698209ba32fcd", kill_on_drop: false }`
[INFO] running `Command { std: "docker" "rm" "-f" "e338301052d8f1f9dbc3cf69a33eb85292dd47afb4a9863ef89698209ba32fcd", kill_on_drop: false }`
[INFO] [stdout] e338301052d8f1f9dbc3cf69a33eb85292dd47afb4a9863ef89698209ba32fcd
[INFO] running `Command { std: "docker" "create" "-v" "/var/lib/crater-agent-workspace/builds/worker-6-tc1/target:/opt/rustwide/target:rw,Z" "-v" "/var/lib/crater-agent-workspace/builds/worker-6-tc1/source:/opt/rustwide/workdir:ro,Z" "-v" "/var/lib/crater-agent-workspace/cargo-home:/opt/rustwide/cargo-home:ro,Z" "-v" "/var/lib/crater-agent-workspace/rustup-home:/opt/rustwide/rustup-home:ro,Z" "-e" "SOURCE_DIR=/opt/rustwide/workdir" "-e" "CARGO_TARGET_DIR=/opt/rustwide/target" "-e" "CARGO_INCREMENTAL=0" "-e" "RUST_BACKTRACE=full" "-e" "RUSTFLAGS=--cap-lints=forbid" "-e" "RUSTDOCFLAGS=--cap-lints=forbid" "-e" "CARGO_HOME=/opt/rustwide/cargo-home" "-e" "RUSTUP_HOME=/opt/rustwide/rustup-home" "-w" "/opt/rustwide/workdir" "-m" "1610612736" "--user" "0:0" "--network" "none" "ghcr.io/rust-lang/crates-build-env/linux@sha256:4a844ea9eb2546a2d2c7022eacef16ef2e8229c7fbb2c7d4d55a9ceca922f72d" "/opt/rustwide/cargo-home/bin/cargo" "+nightly-2024-10-28" "test" "--frozen" "--no-run" "--message-format=json", kill_on_drop: false }`
[INFO] [stdout] ad8234d83b14ed936e6ae7e0f136f6610de4d9f2ac9a242d0bcc9425de32d5ab
[INFO] running `Command { std: "docker" "start" "-a" "ad8234d83b14ed936e6ae7e0f136f6610de4d9f2ac9a242d0bcc9425de32d5ab", kill_on_drop: false }`
[INFO] [stderr]    Compiling senders_receivers v0.0.7 (/opt/rustwide/workdir)
[INFO] [stderr]     Finished `test` profile [unoptimized + debuginfo] target(s) in 3.35s
[INFO] running `Command { std: "docker" "inspect" "ad8234d83b14ed936e6ae7e0f136f6610de4d9f2ac9a242d0bcc9425de32d5ab", kill_on_drop: false }`
[INFO] running `Command { std: "docker" "rm" "-f" "ad8234d83b14ed936e6ae7e0f136f6610de4d9f2ac9a242d0bcc9425de32d5ab", kill_on_drop: false }`
[INFO] [stdout] ad8234d83b14ed936e6ae7e0f136f6610de4d9f2ac9a242d0bcc9425de32d5ab
[INFO] running `Command { std: "docker" "create" "-v" "/var/lib/crater-agent-workspace/builds/worker-6-tc1/target:/opt/rustwide/target:rw,Z" "-v" "/var/lib/crater-agent-workspace/builds/worker-6-tc1/source:/opt/rustwide/workdir:ro,Z" "-v" "/var/lib/crater-agent-workspace/cargo-home:/opt/rustwide/cargo-home:ro,Z" "-v" "/var/lib/crater-agent-workspace/rustup-home:/opt/rustwide/rustup-home:ro,Z" "-e" "SOURCE_DIR=/opt/rustwide/workdir" "-e" "CARGO_TARGET_DIR=/opt/rustwide/target" "-e" "CARGO_INCREMENTAL=0" "-e" "RUST_BACKTRACE=full" "-e" "RUSTFLAGS=--cap-lints=forbid" "-e" "RUSTDOCFLAGS=--cap-lints=forbid" "-e" "CARGO_HOME=/opt/rustwide/cargo-home" "-e" "RUSTUP_HOME=/opt/rustwide/rustup-home" "-w" "/opt/rustwide/workdir" "-m" "1610612736" "--user" "0:0" "--network" "none" "ghcr.io/rust-lang/crates-build-env/linux@sha256:4a844ea9eb2546a2d2c7022eacef16ef2e8229c7fbb2c7d4d55a9ceca922f72d" "/opt/rustwide/cargo-home/bin/cargo" "+nightly-2024-10-28" "test" "--frozen", kill_on_drop: false }`
[INFO] [stdout] baec98d2313c7679e0e94e3007d7e4bbfaaf0b1301c4557b83e639a1f2b2f9d6
[INFO] running `Command { std: "docker" "start" "-a" "baec98d2313c7679e0e94e3007d7e4bbfaaf0b1301c4557b83e639a1f2b2f9d6", kill_on_drop: false }`
[INFO] [stderr]     Finished `test` profile [unoptimized + debuginfo] target(s) in 0.02s
[INFO] [stderr]      Running unittests src/lib.rs (/opt/rustwide/target/debug/deps/senders_receivers-16a9631ae22cc8c7)
[INFO] [stdout] 
[INFO] [stdout] running 66 tests
[INFO] [stdout] test ensure_started::tests::propagates_done ... ok
[INFO] [stdout] test ensure_started::tests::propagates_error ... ok
[INFO] [stdout] test ensure_started::tests::propagates_value ... ok
[INFO] [stdout] test ensure_started::tests::send_propagates_done ... ok
[INFO] [stdout] test ensure_started::tests::send_propagates_error ... ok
[INFO] [stdout] test ensure_started::tests::send_propagates_value ... ok
[INFO] [stdout] test ensure_started::tests::send_unattached_error_does_not_panic ... ok
[INFO] [stdout] test ensure_started::tests::unattached_error_does_not_panic ... ok
[INFO] [stdout] test ensure_started::tests::send_unattached_works ... ok
[INFO] [stdout] test ensure_started::tests::unattached_works ... ok
[INFO] [stdout] test just::tests::it_works ... ok
[INFO] [stdout] test just_done::tests::it_works ... ok
[INFO] [stdout] test just_error::tests::it_works ... ok
[INFO] [stdout] test let_done::tests::it_cascades_error ... ok
[INFO] [stdout] test let_done::tests::it_cascades_value ... ok
[INFO] [stdout] test let_done::tests::it_works ... ok
[INFO] [stdout] test let_done::tests::it_works_with_errors ... ok
[INFO] [stdout] test let_error::tests::it_cascades_done ... ok
[INFO] [stdout] test let_error::tests::it_cascades_value ... ok
[INFO] [stdout] test let_error::tests::it_works ... ok
[INFO] [stdout] test let_error::tests::it_works_with_errors ... ok
[INFO] [stdout] test let_value::tests::errors_from_functor_are_propagated ... ok
[INFO] [stdout] test let_value::tests::errors_from_nested_sender_are_propagated ... ok
[INFO] [stdout] test let_value::tests::errors_from_preceding_sender_are_propagated ... ok
[INFO] [stdout] test let_value::tests::it_works ... ok
[INFO] [stdout] test let_value::tests::it_works_with_errors ... ok
[INFO] [stdout] test split::tests::it_propagates_done ... ok
[INFO] [stdout] test split::tests::it_propagates_done_send ... ok
[INFO] [stdout] test split::tests::it_propagates_errors_send ... ok
[INFO] [stdout] test split::tests::it_propagates_errors ... ok
[INFO] [stdout] test split::tests::it_works ... ok
[INFO] [stdout] test split::tests::it_works_send ... ok
[INFO] [stdout] test start_detached::test::handles_done ... ok
[INFO] [stdout] test stop_if_requested::tests::it_propagates_done ... ok
[INFO] [stdout] test stop_if_requested::tests::it_propagates_error ... ok
[INFO] [stdout] test start_detached::test::handles_value ... ok
[INFO] [stdout] test stop_if_requested::tests::it_propagates_value ... ok
[INFO] [stdout] test sync::cross_thread_channel::tests::it_works ... ok
[INFO] [stdout] test sync::cross_thread_channel::tests::sender_disconnected_queue_yields_error ... ok
[INFO] [stdout] test sync::cross_thread_channel::tests::sender_disconnected_queue_yields_error_only_when_drained ... ok
[INFO] [stdout] test sync::same_thread_channel::tests::it_works ... ok
[INFO] [stdout] test sync::cross_thread_channel::tests::empty_queue_yields_error ... ok
[INFO] [stdout] test sync::same_thread_channel::tests::receiver_disconnected_queue_yields_error ... ok
[INFO] [stdout] test sync::same_thread_channel::tests::sender_disconnected_queue_yields_error ... ok
[INFO] [stdout] test then::tests::errors_from_functor_are_propagated ... ok
[INFO] [stdout] test then::tests::errors_from_preceding_sender_are_propagated ... ok
[INFO] [stdout] test sync::cross_thread_channel::tests::receiver_disconnected_queue_yields_error ... ok
[INFO] [stdout] test sync::same_thread_channel::tests::empty_queue_yields_error ... ok
[INFO] [stdout] test then::tests::it_works ... ok
[INFO] [stdout] test stop_token::never::tests::it_works ... ok
[INFO] [stdout] test then::tests::it_works_with_errors ... ok
[INFO] [stdout] test transfer_when_all::tests::done_is_propagated ... ok
[INFO] [stdout] test transfer_when_all::tests::errors_are_propagated ... ok
[INFO] [stdout] test transfer_when_all::tests::errors_are_propagated_even_when_done_signal_is_present ... ok
[INFO] [stdout] test when_all::tests::it_works ... ok
[INFO] [stdout] test transfer_when_all::tests::it_works ... ok
[INFO] [stdout] test when_all::tests::done_is_propagated ... ok
[INFO] [stdout] test when_all::tests::errors_are_propagated ... ok
[INFO] [stdout] test when_all::tests::errors_are_propagated_even_when_done_signal_is_present ... ok
[INFO] [stdout] test stop_token::stoppable::tests::token_reflects_stopsource_state ... ok
[INFO] [stdout] test transfer_when_all::tests::it_works_with_threadpool ... ok
[INFO] [stdout] test when_all::tests::it_works_with_threadpool ... ok
[INFO] [stdout] test start_detached::test::handles_error - should panic ... ok
[INFO] [stdout] test stop_token::stoppable::tests::callback_gets_called ... ok
[INFO] [stdout] test stop_token::stoppable::tests::dropped_callback_does_not_get_called ... ok
[INFO] [stdout] test embarrasingly_parallel::tests::it_correctly_handles_multiple_wakeups ... ok
[INFO] [stdout] 
[INFO] [stdout] test result: ok. 66 passed; 0 failed; 0 ignored; 0 measured; 0 filtered out; finished in 0.10s
[INFO] [stdout] 
[INFO] [stderr]    Doc-tests senders_receivers
[INFO] [stdout] 
[INFO] [stdout] running 52 tests
[INFO] [stdout] test src/just_error.rs - just_error::JustError (line 14) ... ok
[INFO] [stdout] test src/just_done.rs - just_done::JustDone (line 13) ... ok
[INFO] [stdout] test src/let_value.rs - let_value::LetValue (line 32) ... ok
[INFO] [stdout] test src/io/write.rs - io::write::Write::write_all (line 61) ... ok
[INFO] [stdout] test src/io/write.rs - io::write::Write::write (line 25) ... ok
[INFO] [stdout] test src/just.rs - just::Just (line 13) ... ok
[INFO] [stdout] test src/embarrasingly_parallel.rs - embarrasingly_parallel (line 37) ... ok
[INFO] [stdout] test src/let_error.rs - let_error::LetError (line 17) ... ok
[INFO] [stdout] test src/let_done.rs - let_done::LetDone (line 17) ... ok
[INFO] [stdout] test src/let_value.rs - let_value::LetValue (line 56) ... ok
[INFO] [stdout] test src/ensure_started.rs - ensure_started::ensure_started (line 31) ... ok
[INFO] [stdout] test src/let_value.rs - let_value::LetValue (line 70) ... ok
[INFO] [stdout] test src/embarrasingly_parallel.rs - embarrasingly_parallel (line 7) ... FAILED
[INFO] [stdout] test src/lib.rs - (line 108) ... ok
[INFO] [stdout] test src/lib.rs - (line 51) ... ok
[INFO] [stdout] test src/just.rs - just::Just (line 23) ... ok
[INFO] [stdout] test src/lib.rs - (line 5) ... ok
[INFO] [stdout] test src/ensure_started.rs - ensure_started::ensure_started_send (line 81) ... ok
[INFO] [stdout] test src/lib.rs - (line 59) ... ok
[INFO] [stdout] test src/lib.rs - (line 80) ... ok
[INFO] [stdout] test src/stop_token.rs - stop_token (line 20) ... ok
[INFO] [stdout] test src/stop_token.rs - stop_token (line 6) ... ok
[INFO] [stdout] test src/lib.rs - (line 137) ... ok
[INFO] [stdout] test src/lib.rs - (line 154) ... ok
[INFO] [stdout] test src/stop_if_requested.rs - stop_if_requested::StopIfRequested (line 14) ... ok
[INFO] [stdout] test src/lib.rs - (line 174) ... ok
[INFO] [stdout] test src/sync_wait.rs - sync_wait::SyncWait::sync_wait (line 110) ... ok
[INFO] [stdout] test src/scheduler.rs - scheduler::Scheduler::lazy (line 74) ... ok
[INFO] [stdout] test src/scheduler.rs - scheduler::Scheduler (line 20) ... ok
[INFO] [stdout] test src/sync_wait.rs - sync_wait::SyncWaitSend::sync_wait_send (line 164) ... ok
[INFO] [stdout] test src/tuple/cat.rs - tuple::cat::TupleCat (line 33) ... ok
[INFO] [stdout] test src/tuple/cat.rs - tuple::cat::TupleCat (line 18) ... ok
[INFO] [stdout] test src/then.rs - then::Then (line 14) ... ok
[INFO] [stdout] test src/split.rs - split::Split (line 32) ... ok
[INFO] [stdout] test src/tuple/cat.rs - tuple::cat::TupleCat (line 6) ... ok
[INFO] [stdout] test src/tuple/distribute.rs - tuple::distribute::DistributeRefTuple (line 6) ... ok
[INFO] [stdout] test src/lib.rs - (line 200) ... ok
[INFO] [stdout] test src/upon_done.rs - upon_done::UponDone (line 23) ... ok
[INFO] [stdout] test src/transfer_when_all.rs - transfer_when_all::transfer_when_all (line 77) ... ok
[INFO] [stdout] test src/transfer.rs - transfer::Transfer (line 16) ... ok
[INFO] [stdout] test src/transfer_when_all.rs - transfer_when_all::transfer_when_all (line 30) ... ok
[INFO] [stdout] test src/upon_error.rs - upon_error::UponError (line 23) ... ok
[INFO] [stdout] test src/when_all.rs - when_all::when_all (line 33) ... ok
[INFO] [stdout] test src/upon_error.rs - upon_error::UponError (line 46) ... ok
[INFO] [stdout] test src/when_all.rs - when_all::when_all (line 72) ... ok
[INFO] [stdout] test src/transfer_when_all.rs - transfer_when_all::transfer_when_all (line 58) ... ok
[INFO] [stdout] test src/upon_done.rs - upon_done::UponDone (line 34) ... ok
[INFO] [stdout] test src/split.rs - split::SplitSend (line 160) ... ok
[INFO] [stdout] test src/transfer_when_all.rs - transfer_when_all::transfer_when_all (line 40) ... ok
[INFO] [stdout] test src/upon_error.rs - upon_error::UponError (line 33) ... ok
[INFO] [stdout] test src/when_all.rs - when_all::when_all (line 41) ... ok
[INFO] [stdout] test src/when_all.rs - when_all::when_all (line 56) ... ok
[INFO] [stdout] 
[INFO] [stdout] failures:
[INFO] [stdout] 
[INFO] [stdout] ---- src/embarrasingly_parallel.rs - embarrasingly_parallel (line 7) stdout ----
[INFO] [stdout] Test executable failed (exit status: 101).
[INFO] [stdout] 
[INFO] [stdout] stderr:
[INFO] [stdout] thread 'main' panicked at src/embarrasingly_parallel.rs:11:45:
[INFO] [stdout] called `Result::unwrap()` on an `Err` value: Os { code: 99, kind: AddrNotAvailable, message: "Cannot assign requested address" }
[INFO] [stdout] stack backtrace:
[INFO] [stdout]    0:     0x5d40bcee516a - std::backtrace_rs::backtrace::libunwind::trace::h207520d6e9873551
[INFO] [stdout]                                at /rustc/df4ca44d3fbc9301ee17f30f4d474e6ae4b05252/library/std/src/../../backtrace/src/backtrace/libunwind.rs:116:5
[INFO] [stdout]    1:     0x5d40bcee516a - std::backtrace_rs::backtrace::trace_unsynchronized::h2ed7433f370e3eca
[INFO] [stdout]                                at /rustc/df4ca44d3fbc9301ee17f30f4d474e6ae4b05252/library/std/src/../../backtrace/src/backtrace/mod.rs:66:5
[INFO] [stdout]    2:     0x5d40bcee516a - std::sys::backtrace::_print_fmt::h916fac51166b18d7
[INFO] [stdout]                                at /rustc/df4ca44d3fbc9301ee17f30f4d474e6ae4b05252/library/std/src/sys/backtrace.rs:66:9
[INFO] [stdout]    3:     0x5d40bcee516a - <std::sys::backtrace::BacktraceLock::print::DisplayBacktrace as core::fmt::Display>::fmt::ha0a4c9b8ce3802e6
[INFO] [stdout]                                at /rustc/df4ca44d3fbc9301ee17f30f4d474e6ae4b05252/library/std/src/sys/backtrace.rs:39:26
[INFO] [stdout]    4:     0x5d40bcf039e3 - core::fmt::rt::Argument::fmt::h4cfc8587d52b3eb5
[INFO] [stdout]                                at /rustc/df4ca44d3fbc9301ee17f30f4d474e6ae4b05252/library/core/src/fmt/rt.rs:177:76
[INFO] [stdout]    5:     0x5d40bcf039e3 - core::fmt::write::h522cc39e5b36ae9f
[INFO] [stdout]                                at /rustc/df4ca44d3fbc9301ee17f30f4d474e6ae4b05252/library/core/src/fmt/mod.rs:1190:21
[INFO] [stdout]    6:     0x5d40bcee2423 - std::io::Write::write_fmt::hf1c1dcc8cc1287f0
[INFO] [stdout]                                at /rustc/df4ca44d3fbc9301ee17f30f4d474e6ae4b05252/library/std/src/io/mod.rs:1839:15
[INFO] [stdout]    7:     0x5d40bcee4fb2 - std::sys::backtrace::BacktraceLock::print::h4b9e00b29e9c0942
[INFO] [stdout]                                at /rustc/df4ca44d3fbc9301ee17f30f4d474e6ae4b05252/library/std/src/sys/backtrace.rs:42:9
[INFO] [stdout]    8:     0x5d40bcee5f7c - std::panicking::default_hook::{{closure}}::hb59b88280d0324d9
[INFO] [stdout]                                at /rustc/df4ca44d3fbc9301ee17f30f4d474e6ae4b05252/library/std/src/panicking.rs:268:22
[INFO] [stdout]    9:     0x5d40bcee5dc2 - std::panicking::default_hook::he1dd496665be4a29
[INFO] [stdout]                                at /rustc/df4ca44d3fbc9301ee17f30f4d474e6ae4b05252/library/std/src/panicking.rs:295:9
[INFO] [stdout]   10:     0x5d40bcee65b7 - std::panicking::rust_panic_with_hook::h2ff17fe8f26dfcf8
[INFO] [stdout]                                at /rustc/df4ca44d3fbc9301ee17f30f4d474e6ae4b05252/library/std/src/panicking.rs:801:13
[INFO] [stdout]   11:     0x5d40bcee644a - std::panicking::begin_panic_handler::{{closure}}::h4fad77951c07e101
[INFO] [stdout]                                at /rustc/df4ca44d3fbc9301ee17f30f4d474e6ae4b05252/library/std/src/panicking.rs:674:13
[INFO] [stdout]   12:     0x5d40bcee5649 - std::sys::backtrace::__rust_end_short_backtrace::hb1a25b3da5d0ea08
[INFO] [stdout]                                at /rustc/df4ca44d3fbc9301ee17f30f4d474e6ae4b05252/library/std/src/sys/backtrace.rs:170:18
[INFO] [stdout]   13:     0x5d40bcee60dc - rust_begin_unwind
[INFO] [stdout]                                at /rustc/df4ca44d3fbc9301ee17f30f4d474e6ae4b05252/library/std/src/panicking.rs:665:5
[INFO] [stdout]   14:     0x5d40bcf02ae0 - core::panicking::panic_fmt::ha9db07b529f9b256
[INFO] [stdout]                                at /rustc/df4ca44d3fbc9301ee17f30f4d474e6ae4b05252/library/core/src/panicking.rs:75:14
[INFO] [stdout]   15:     0x5d40bcf02ef6 - core::result::unwrap_failed::h5e8218e4d4338b8a
[INFO] [stdout]                                at /rustc/df4ca44d3fbc9301ee17f30f4d474e6ae4b05252/library/core/src/result.rs:1698:5
[INFO] [stdout]   16:     0x5d40bce76485 - rust_out::main::_doctest_main_src_embarrasingly_parallel_rs_7_0::h2777005eb4cbb4ec
[INFO] [stdout]   17:     0x5d40bce76316 - rust_out::main::ha213a30daa5df4da
[INFO] [stdout]   18:     0x5d40bce74883 - core::ops::function::FnOnce::call_once::hf7edf7132571051c
[INFO] [stdout]   19:     0x5d40bce73f56 - std::sys::backtrace::__rust_begin_short_backtrace::h32fd822fd2ba4079
[INFO] [stdout]   20:     0x5d40bce73b69 - std::rt::lang_start::{{closure}}::h4039a1c394ed4f7c
[INFO] [stdout]   21:     0x5d40bcedfdf7 - core::ops::function::impls::<impl core::ops::function::FnOnce<A> for &F>::call_once::hd87d66b906e0ccaf
[INFO] [stdout]                                at /rustc/df4ca44d3fbc9301ee17f30f4d474e6ae4b05252/library/core/src/ops/function.rs:284:13
[INFO] [stdout]   22:     0x5d40bcedfdf7 - std::panicking::try::do_call::hae3703de71fc9e3a
[INFO] [stdout]                                at /rustc/df4ca44d3fbc9301ee17f30f4d474e6ae4b05252/library/std/src/panicking.rs:557:40
[INFO] [stdout]   23:     0x5d40bcedfdf7 - std::panicking::try::h1178330e9a2b2645
[INFO] [stdout]                                at /rustc/df4ca44d3fbc9301ee17f30f4d474e6ae4b05252/library/std/src/panicking.rs:520:19
[INFO] [stdout]   24:     0x5d40bcedfdf7 - std::panic::catch_unwind::h0acf49d2305d32ad
[INFO] [stdout]                                at /rustc/df4ca44d3fbc9301ee17f30f4d474e6ae4b05252/library/std/src/panic.rs:358:14
[INFO] [stdout]   25:     0x5d40bcedfdf7 - std::rt::lang_start_internal::{{closure}}::h2d95182d798177be
[INFO] [stdout]                                at /rustc/df4ca44d3fbc9301ee17f30f4d474e6ae4b05252/library/std/src/rt.rs:174:48
[INFO] [stdout]   26:     0x5d40bcedfdf7 - std::panicking::try::do_call::hb506f5bfe11fd30c
[INFO] [stdout]                                at /rustc/df4ca44d3fbc9301ee17f30f4d474e6ae4b05252/library/std/src/panicking.rs:557:40
[INFO] [stdout]   27:     0x5d40bcedfdf7 - std::panicking::try::h54d825c46bd0fa95
[INFO] [stdout]                                at /rustc/df4ca44d3fbc9301ee17f30f4d474e6ae4b05252/library/std/src/panicking.rs:520:19
[INFO] [stdout]   28:     0x5d40bcedfdf7 - std::panic::catch_unwind::hffbb0ad20c4e9fac
[INFO] [stdout]                                at /rustc/df4ca44d3fbc9301ee17f30f4d474e6ae4b05252/library/std/src/panic.rs:358:14
[INFO] [stdout]   29:     0x5d40bcedfdf7 - std::rt::lang_start_internal::h52c291ef1962c925
[INFO] [stdout]                                at /rustc/df4ca44d3fbc9301ee17f30f4d474e6ae4b05252/library/std/src/rt.rs:174:20
[INFO] [stdout]   30:     0x5d40bce73b47 - std::rt::lang_start::h8c6075cd6f225ba1
[INFO] [stdout]   31:     0x5d40bce768e5 - main
[INFO] [stdout]   32:     0x76fcaece1d90 - <unknown>
[INFO] [stdout]   33:     0x76fcaece1e40 - __libc_start_main
[INFO] [stdout]   34:     0x5d40bce71725 - _start
[INFO] [stdout]   35:                0x0 - <unknown>
[INFO] [stdout] 
[INFO] [stdout] 
[INFO] [stdout] 
[INFO] [stdout] failures:
[INFO] [stdout]     src/embarrasingly_parallel.rs - embarrasingly_parallel (line 7)
[INFO] [stdout] 
[INFO] [stdout] test result: FAILED. 51 passed; 1 failed; 0 ignored; 0 measured; 0 filtered out; finished in 1.11s
[INFO] [stdout] 
[INFO] [stderr] error: doctest failed, to rerun pass `--doc`
[INFO] running `Command { std: "docker" "inspect" "baec98d2313c7679e0e94e3007d7e4bbfaaf0b1301c4557b83e639a1f2b2f9d6", kill_on_drop: false }`
[INFO] running `Command { std: "docker" "rm" "-f" "baec98d2313c7679e0e94e3007d7e4bbfaaf0b1301c4557b83e639a1f2b2f9d6", kill_on_drop: false }`
[INFO] [stdout] baec98d2313c7679e0e94e3007d7e4bbfaaf0b1301c4557b83e639a1f2b2f9d6
