[INFO] fetching crate semver-parser 0.10.2...
[INFO] testing semver-parser-0.10.2 against nightly-2024-10-28+rustflags=-Zrandomize-layout for randomize-layout
[INFO] extracting crate semver-parser 0.10.2 into /workspace/builds/worker-0-tc2/source
[INFO] validating manifest of crates.io crate semver-parser 0.10.2 on toolchain nightly-2024-10-28
[INFO] running `Command { std: CARGO_HOME="/workspace/cargo-home" RUSTUP_HOME="/workspace/rustup-home" "/workspace/cargo-home/bin/cargo" "+nightly-2024-10-28" "metadata" "--manifest-path" "Cargo.toml" "--no-deps", kill_on_drop: false }`
[INFO] started tweaking crates.io crate semver-parser 0.10.2
[INFO] finished tweaking crates.io crate semver-parser 0.10.2
[INFO] tweaked toml for crates.io crate semver-parser 0.10.2 written to /workspace/builds/worker-0-tc2/source/Cargo.toml
[INFO] crate crates.io crate semver-parser 0.10.2 already has a lockfile, it will not be regenerated
[INFO] running `Command { std: CARGO_HOME="/workspace/cargo-home" RUSTUP_HOME="/workspace/rustup-home" "/workspace/cargo-home/bin/cargo" "+nightly-2024-10-28" "fetch" "--manifest-path" "Cargo.toml", kill_on_drop: false }`
[INFO] running `Command { std: "docker" "create" "-v" "/var/lib/crater-agent-workspace/builds/worker-0-tc2/target:/opt/rustwide/target:rw,Z" "-v" "/var/lib/crater-agent-workspace/builds/worker-0-tc2/source:/opt/rustwide/workdir:ro,Z" "-v" "/var/lib/crater-agent-workspace/cargo-home:/opt/rustwide/cargo-home:ro,Z" "-v" "/var/lib/crater-agent-workspace/rustup-home:/opt/rustwide/rustup-home:ro,Z" "-e" "SOURCE_DIR=/opt/rustwide/workdir" "-e" "CARGO_TARGET_DIR=/opt/rustwide/target" "-e" "CARGO_HOME=/opt/rustwide/cargo-home" "-e" "RUSTUP_HOME=/opt/rustwide/rustup-home" "-w" "/opt/rustwide/workdir" "-m" "1610612736" "--user" "0:0" "--network" "none" "ghcr.io/rust-lang/crates-build-env/linux@sha256:4a844ea9eb2546a2d2c7022eacef16ef2e8229c7fbb2c7d4d55a9ceca922f72d" "/opt/rustwide/cargo-home/bin/cargo" "+nightly-2024-10-28" "metadata" "--no-deps" "--format-version=1", kill_on_drop: false }`
[INFO] [stdout] 7edc4a7d5a71702a3414b7cfe69f21aa03809fbf317dc61dfc5607c3415d6f2b
[INFO] running `Command { std: "docker" "start" "-a" "7edc4a7d5a71702a3414b7cfe69f21aa03809fbf317dc61dfc5607c3415d6f2b", kill_on_drop: false }`
[INFO] running `Command { std: "docker" "inspect" "7edc4a7d5a71702a3414b7cfe69f21aa03809fbf317dc61dfc5607c3415d6f2b", kill_on_drop: false }`
[INFO] running `Command { std: "docker" "rm" "-f" "7edc4a7d5a71702a3414b7cfe69f21aa03809fbf317dc61dfc5607c3415d6f2b", kill_on_drop: false }`
[INFO] [stdout] 7edc4a7d5a71702a3414b7cfe69f21aa03809fbf317dc61dfc5607c3415d6f2b
[INFO] running `Command { std: "docker" "create" "-v" "/var/lib/crater-agent-workspace/builds/worker-0-tc2/target:/opt/rustwide/target:rw,Z" "-v" "/var/lib/crater-agent-workspace/builds/worker-0-tc2/source:/opt/rustwide/workdir:ro,Z" "-v" "/var/lib/crater-agent-workspace/cargo-home:/opt/rustwide/cargo-home:ro,Z" "-v" "/var/lib/crater-agent-workspace/rustup-home:/opt/rustwide/rustup-home:ro,Z" "-e" "SOURCE_DIR=/opt/rustwide/workdir" "-e" "CARGO_TARGET_DIR=/opt/rustwide/target" "-e" "CARGO_INCREMENTAL=0" "-e" "RUST_BACKTRACE=full" "-e" "RUSTFLAGS=--cap-lints=forbid -Zrandomize-layout" "-e" "RUSTDOCFLAGS=--cap-lints=forbid" "-e" "CARGO_HOME=/opt/rustwide/cargo-home" "-e" "RUSTUP_HOME=/opt/rustwide/rustup-home" "-w" "/opt/rustwide/workdir" "-m" "1610612736" "--user" "0:0" "--network" "none" "ghcr.io/rust-lang/crates-build-env/linux@sha256:4a844ea9eb2546a2d2c7022eacef16ef2e8229c7fbb2c7d4d55a9ceca922f72d" "/opt/rustwide/cargo-home/bin/cargo" "+nightly-2024-10-28" "build" "--frozen" "--message-format=json", kill_on_drop: false }`
[INFO] [stdout] a17a46ac94b0c37a6fb1eb83fb4256521f211ec6f019f6c8d46ce398ca14d807
[INFO] running `Command { std: "docker" "start" "-a" "a17a46ac94b0c37a6fb1eb83fb4256521f211ec6f019f6c8d46ce398ca14d807", kill_on_drop: false }`
[INFO] [stderr]    Compiling ucd-trie v0.1.3
[INFO] [stderr]    Compiling pest v2.1.3
[INFO] [stderr]    Compiling semver-parser v0.10.2 (/opt/rustwide/workdir)
[INFO] [stderr]     Finished `dev` profile [unoptimized + debuginfo] target(s) in 1.01s
[INFO] running `Command { std: "docker" "inspect" "a17a46ac94b0c37a6fb1eb83fb4256521f211ec6f019f6c8d46ce398ca14d807", kill_on_drop: false }`
[INFO] running `Command { std: "docker" "rm" "-f" "a17a46ac94b0c37a6fb1eb83fb4256521f211ec6f019f6c8d46ce398ca14d807", kill_on_drop: false }`
[INFO] [stdout] a17a46ac94b0c37a6fb1eb83fb4256521f211ec6f019f6c8d46ce398ca14d807
[INFO] running `Command { std: "docker" "create" "-v" "/var/lib/crater-agent-workspace/builds/worker-0-tc2/target:/opt/rustwide/target:rw,Z" "-v" "/var/lib/crater-agent-workspace/builds/worker-0-tc2/source:/opt/rustwide/workdir:ro,Z" "-v" "/var/lib/crater-agent-workspace/cargo-home:/opt/rustwide/cargo-home:ro,Z" "-v" "/var/lib/crater-agent-workspace/rustup-home:/opt/rustwide/rustup-home:ro,Z" "-e" "SOURCE_DIR=/opt/rustwide/workdir" "-e" "CARGO_TARGET_DIR=/opt/rustwide/target" "-e" "CARGO_INCREMENTAL=0" "-e" "RUST_BACKTRACE=full" "-e" "RUSTFLAGS=--cap-lints=forbid -Zrandomize-layout" "-e" "RUSTDOCFLAGS=--cap-lints=forbid" "-e" "CARGO_HOME=/opt/rustwide/cargo-home" "-e" "RUSTUP_HOME=/opt/rustwide/rustup-home" "-w" "/opt/rustwide/workdir" "-m" "1610612736" "--user" "0:0" "--network" "none" "ghcr.io/rust-lang/crates-build-env/linux@sha256:4a844ea9eb2546a2d2c7022eacef16ef2e8229c7fbb2c7d4d55a9ceca922f72d" "/opt/rustwide/cargo-home/bin/cargo" "+nightly-2024-10-28" "test" "--frozen" "--no-run" "--message-format=json", kill_on_drop: false }`
[INFO] [stdout] 4691ae842ff7ee719a73f8ffb86a0a11c4f3573f9e76ef6b3480c0d5061a321f
[INFO] running `Command { std: "docker" "start" "-a" "4691ae842ff7ee719a73f8ffb86a0a11c4f3573f9e76ef6b3480c0d5061a321f", kill_on_drop: false }`
[INFO] [stderr]    Compiling proc-macro2 v1.0.18
[INFO] [stderr]    Compiling unicode-xid v0.2.1
[INFO] [stderr]    Compiling syn v1.0.34
[INFO] [stderr]    Compiling maplit v1.0.2
[INFO] [stderr]    Compiling pest_meta v2.1.3
[INFO] [stderr]    Compiling quote v1.0.7
[INFO] [stderr]    Compiling pest_generator v2.1.3
[INFO] [stderr]    Compiling semver-parser v0.10.2 (/opt/rustwide/workdir)
[INFO] [stdout] warning: panic message is not a string literal
[INFO] [stdout]    --> src/version.rs:216:13
[INFO] [stdout]     |
[INFO] [stdout] 216 |             format!("'{}' incorrectly considered a valid parse", version)
[INFO] [stdout]     |             ^^^^^^^^^^^^^^^^^^^^^^^^^^^^^^^^^^^^^^^^^^^^^^^^^^^^^^^^^^^^^
[INFO] [stdout]     |
[INFO] [stdout]     = note: this usage of `assert!()` is deprecated; it will be a hard error in Rust 2021
[INFO] [stdout]     = note: for more information, see <https://doc.rust-lang.org/nightly/edition-guide/rust-2021/panic-macro-consistency.html>
[INFO] [stdout]     = note: the `assert!()` macro supports formatting, so there's no need for the `format!()` macro here
[INFO] [stdout]     = note: `#[warn(non_fmt_panics)]` on by default
[INFO] [stdout] help: remove the `format!(..)` macro call
[INFO] [stdout]     |
[INFO] [stdout] 216 -             format!("'{}' incorrectly considered a valid parse", version)
[INFO] [stdout] 216 +             "'{}' incorrectly considered a valid parse", version
[INFO] [stdout]     |
[INFO] [stdout] 
[INFO] [stdout] 
[INFO] [stdout] warning: panic message is not a string literal
[INFO] [stdout]    --> src/version.rs:228:13
[INFO] [stdout]     |
[INFO] [stdout] 228 |             format!("'{}' incorrectly considered a valid parse", version)
[INFO] [stdout]     |             ^^^^^^^^^^^^^^^^^^^^^^^^^^^^^^^^^^^^^^^^^^^^^^^^^^^^^^^^^^^^^
[INFO] [stdout]     |
[INFO] [stdout]     = note: this usage of `assert!()` is deprecated; it will be a hard error in Rust 2021
[INFO] [stdout]     = note: for more information, see <https://doc.rust-lang.org/nightly/edition-guide/rust-2021/panic-macro-consistency.html>
[INFO] [stdout]     = note: the `assert!()` macro supports formatting, so there's no need for the `format!()` macro here
[INFO] [stdout] help: remove the `format!(..)` macro call
[INFO] [stdout]     |
[INFO] [stdout] 228 -             format!("'{}' incorrectly considered a valid parse", version)
[INFO] [stdout] 228 +             "'{}' incorrectly considered a valid parse", version
[INFO] [stdout]     |
[INFO] [stdout] 
[INFO] [stdout] 
[INFO] [stdout] warning: panic message is not a string literal
[INFO] [stdout]    --> src/version.rs:240:13
[INFO] [stdout]     |
[INFO] [stdout] 240 |             format!("'{}' incorrectly considered a valid parse", version)
[INFO] [stdout]     |             ^^^^^^^^^^^^^^^^^^^^^^^^^^^^^^^^^^^^^^^^^^^^^^^^^^^^^^^^^^^^^
[INFO] [stdout]     |
[INFO] [stdout]     = note: this usage of `assert!()` is deprecated; it will be a hard error in Rust 2021
[INFO] [stdout]     = note: for more information, see <https://doc.rust-lang.org/nightly/edition-guide/rust-2021/panic-macro-consistency.html>
[INFO] [stdout]     = note: the `assert!()` macro supports formatting, so there's no need for the `format!()` macro here
[INFO] [stdout] help: remove the `format!(..)` macro call
[INFO] [stdout]     |
[INFO] [stdout] 240 -             format!("'{}' incorrectly considered a valid parse", version)
[INFO] [stdout] 240 +             "'{}' incorrectly considered a valid parse", version
[INFO] [stdout]     |
[INFO] [stdout] 
[INFO] [stdout] 
[INFO] [stdout] warning: panic message is not a string literal
[INFO] [stdout]    --> src/version.rs:252:13
[INFO] [stdout]     |
[INFO] [stdout] 252 |             format!("'{}' incorrectly considered a valid parse", version)
[INFO] [stdout]     |             ^^^^^^^^^^^^^^^^^^^^^^^^^^^^^^^^^^^^^^^^^^^^^^^^^^^^^^^^^^^^^
[INFO] [stdout]     |
[INFO] [stdout]     = note: this usage of `assert!()` is deprecated; it will be a hard error in Rust 2021
[INFO] [stdout]     = note: for more information, see <https://doc.rust-lang.org/nightly/edition-guide/rust-2021/panic-macro-consistency.html>
[INFO] [stdout]     = note: the `assert!()` macro supports formatting, so there's no need for the `format!()` macro here
[INFO] [stdout] help: remove the `format!(..)` macro call
[INFO] [stdout]     |
[INFO] [stdout] 252 -             format!("'{}' incorrectly considered a valid parse", version)
[INFO] [stdout] 252 +             "'{}' incorrectly considered a valid parse", version
[INFO] [stdout]     |
[INFO] [stdout] 
[INFO] [stdout] 
[INFO] [stdout] warning: panic message is not a string literal
[INFO] [stdout]    --> src/version.rs:264:13
[INFO] [stdout]     |
[INFO] [stdout] 264 |             format!("'{}' incorrectly considered a valid parse", version)
[INFO] [stdout]     |             ^^^^^^^^^^^^^^^^^^^^^^^^^^^^^^^^^^^^^^^^^^^^^^^^^^^^^^^^^^^^^
[INFO] [stdout]     |
[INFO] [stdout]     = note: this usage of `assert!()` is deprecated; it will be a hard error in Rust 2021
[INFO] [stdout]     = note: for more information, see <https://doc.rust-lang.org/nightly/edition-guide/rust-2021/panic-macro-consistency.html>
[INFO] [stdout]     = note: the `assert!()` macro supports formatting, so there's no need for the `format!()` macro here
[INFO] [stdout] help: remove the `format!(..)` macro call
[INFO] [stdout]     |
[INFO] [stdout] 264 -             format!("'{}' incorrectly considered a valid parse", version)
[INFO] [stdout] 264 +             "'{}' incorrectly considered a valid parse", version
[INFO] [stdout]     |
[INFO] [stdout] 
[INFO] [stdout] 
[INFO] [stderr]     Finished `test` profile [unoptimized + debuginfo] target(s) in 4.35s
[INFO] running `Command { std: "docker" "inspect" "4691ae842ff7ee719a73f8ffb86a0a11c4f3573f9e76ef6b3480c0d5061a321f", kill_on_drop: false }`
[INFO] running `Command { std: "docker" "rm" "-f" "4691ae842ff7ee719a73f8ffb86a0a11c4f3573f9e76ef6b3480c0d5061a321f", kill_on_drop: false }`
[INFO] [stdout] 4691ae842ff7ee719a73f8ffb86a0a11c4f3573f9e76ef6b3480c0d5061a321f
[INFO] running `Command { std: "docker" "create" "-v" "/var/lib/crater-agent-workspace/builds/worker-0-tc2/target:/opt/rustwide/target:rw,Z" "-v" "/var/lib/crater-agent-workspace/builds/worker-0-tc2/source:/opt/rustwide/workdir:ro,Z" "-v" "/var/lib/crater-agent-workspace/cargo-home:/opt/rustwide/cargo-home:ro,Z" "-v" "/var/lib/crater-agent-workspace/rustup-home:/opt/rustwide/rustup-home:ro,Z" "-e" "SOURCE_DIR=/opt/rustwide/workdir" "-e" "CARGO_TARGET_DIR=/opt/rustwide/target" "-e" "CARGO_INCREMENTAL=0" "-e" "RUST_BACKTRACE=full" "-e" "RUSTFLAGS=--cap-lints=forbid -Zrandomize-layout" "-e" "RUSTDOCFLAGS=--cap-lints=forbid" "-e" "CARGO_HOME=/opt/rustwide/cargo-home" "-e" "RUSTUP_HOME=/opt/rustwide/rustup-home" "-w" "/opt/rustwide/workdir" "-m" "1610612736" "--user" "0:0" "--network" "none" "ghcr.io/rust-lang/crates-build-env/linux@sha256:4a844ea9eb2546a2d2c7022eacef16ef2e8229c7fbb2c7d4d55a9ceca922f72d" "/opt/rustwide/cargo-home/bin/cargo" "+nightly-2024-10-28" "test" "--frozen", kill_on_drop: false }`
[INFO] [stdout] 45f48c7fa096668f49a814a301ecae51ee0e4dbd173f16fb814acdad2443ec6c
[INFO] running `Command { std: "docker" "start" "-a" "45f48c7fa096668f49a814a301ecae51ee0e4dbd173f16fb814acdad2443ec6c", kill_on_drop: false }`
[INFO] [stderr] warning: panic message is not a string literal
[INFO] [stderr]    --> src/version.rs:216:13
[INFO] [stderr]     |
[INFO] [stderr] 216 |             format!("'{}' incorrectly considered a valid parse", version)
[INFO] [stderr]     |             ^^^^^^^^^^^^^^^^^^^^^^^^^^^^^^^^^^^^^^^^^^^^^^^^^^^^^^^^^^^^^
[INFO] [stderr]     |
[INFO] [stderr]     = note: this usage of `assert!()` is deprecated; it will be a hard error in Rust 2021
[INFO] [stderr]     = note: for more information, see <https://doc.rust-lang.org/nightly/edition-guide/rust-2021/panic-macro-consistency.html>
[INFO] [stderr]     = note: the `assert!()` macro supports formatting, so there's no need for the `format!()` macro here
[INFO] [stderr]     = note: `#[warn(non_fmt_panics)]` on by default
[INFO] [stderr] help: remove the `format!(..)` macro call
[INFO] [stderr]     |
[INFO] [stderr] 216 -             format!("'{}' incorrectly considered a valid parse", version)
[INFO] [stderr] 216 +             "'{}' incorrectly considered a valid parse", version
[INFO] [stderr]     |
[INFO] [stderr] 
[INFO] [stderr] warning: panic message is not a string literal
[INFO] [stderr]    --> src/version.rs:228:13
[INFO] [stderr]     |
[INFO] [stderr] 228 |             format!("'{}' incorrectly considered a valid parse", version)
[INFO] [stderr]     |             ^^^^^^^^^^^^^^^^^^^^^^^^^^^^^^^^^^^^^^^^^^^^^^^^^^^^^^^^^^^^^
[INFO] [stderr]     |
[INFO] [stderr]     = note: this usage of `assert!()` is deprecated; it will be a hard error in Rust 2021
[INFO] [stderr]     = note: for more information, see <https://doc.rust-lang.org/nightly/edition-guide/rust-2021/panic-macro-consistency.html>
[INFO] [stderr]     = note: the `assert!()` macro supports formatting, so there's no need for the `format!()` macro here
[INFO] [stderr] help: remove the `format!(..)` macro call
[INFO] [stderr]     |
[INFO] [stderr] 228 -             format!("'{}' incorrectly considered a valid parse", version)
[INFO] [stderr] 228 +             "'{}' incorrectly considered a valid parse", version
[INFO] [stderr]     |
[INFO] [stderr] 
[INFO] [stderr] warning: panic message is not a string literal
[INFO] [stderr]    --> src/version.rs:240:13
[INFO] [stderr]     |
[INFO] [stderr] 240 |             format!("'{}' incorrectly considered a valid parse", version)
[INFO] [stderr]     |             ^^^^^^^^^^^^^^^^^^^^^^^^^^^^^^^^^^^^^^^^^^^^^^^^^^^^^^^^^^^^^
[INFO] [stderr]     |
[INFO] [stderr]     = note: this usage of `assert!()` is deprecated; it will be a hard error in Rust 2021
[INFO] [stderr]     = note: for more information, see <https://doc.rust-lang.org/nightly/edition-guide/rust-2021/panic-macro-consistency.html>
[INFO] [stderr]     = note: the `assert!()` macro supports formatting, so there's no need for the `format!()` macro here
[INFO] [stderr] help: remove the `format!(..)` macro call
[INFO] [stderr]     |
[INFO] [stderr] 240 -             format!("'{}' incorrectly considered a valid parse", version)
[INFO] [stderr] 240 +             "'{}' incorrectly considered a valid parse", version
[INFO] [stderr]     |
[INFO] [stderr] 
[INFO] [stderr] warning: panic message is not a string literal
[INFO] [stderr]    --> src/version.rs:252:13
[INFO] [stderr]     |
[INFO] [stderr] 252 |             format!("'{}' incorrectly considered a valid parse", version)
[INFO] [stderr]     |             ^^^^^^^^^^^^^^^^^^^^^^^^^^^^^^^^^^^^^^^^^^^^^^^^^^^^^^^^^^^^^
[INFO] [stderr]     |
[INFO] [stderr]     = note: this usage of `assert!()` is deprecated; it will be a hard error in Rust 2021
[INFO] [stderr]     = note: for more information, see <https://doc.rust-lang.org/nightly/edition-guide/rust-2021/panic-macro-consistency.html>
[INFO] [stderr]     = note: the `assert!()` macro supports formatting, so there's no need for the `format!()` macro here
[INFO] [stderr] help: remove the `format!(..)` macro call
[INFO] [stderr]     |
[INFO] [stderr] 252 -             format!("'{}' incorrectly considered a valid parse", version)
[INFO] [stderr] 252 +             "'{}' incorrectly considered a valid parse", version
[INFO] [stderr]     |
[INFO] [stderr] 
[INFO] [stderr] warning: panic message is not a string literal
[INFO] [stdout] 
[INFO] [stderr]    --> src/version.rs:264:13
[INFO] [stdout] running 168 tests
[INFO] [stderr]     |
[INFO] [stderr] 264 |             format!("'{}' incorrectly considered a valid parse", version)
[INFO] [stderr]     |             ^^^^^^^^^^^^^^^^^^^^^^^^^^^^^^^^^^^^^^^^^^^^^^^^^^^^^^^^^^^^^
[INFO] [stderr]     |
[INFO] [stderr]     = note: this usage of `assert!()` is deprecated; it will be a hard error in Rust 2021
[INFO] [stderr]     = note: for more information, see <https://doc.rust-lang.org/nightly/edition-guide/rust-2021/panic-macro-consistency.html>
[INFO] [stderr]     = note: the `assert!()` macro supports formatting, so there's no need for the `format!()` macro here
[INFO] [stderr] help: remove the `format!(..)` macro call
[INFO] [stderr]     |
[INFO] [stderr] 264 -             format!("'{}' incorrectly considered a valid parse", version)
[INFO] [stderr] 264 +             "'{}' incorrectly considered a valid parse", version
[INFO] [stderr]     |
[INFO] [stderr] 
[INFO] [stderr] warning: `semver-parser` (lib test) generated 5 warnings (run `cargo fix --lib -p semver-parser --tests` to apply 5 suggestions)
[INFO] [stderr]     Finished `test` profile [unoptimized + debuginfo] target(s) in 0.02s
[INFO] [stderr]      Running unittests src/lib.rs (/opt/rustwide/target/debug/deps/semver_parser-8053ab9e8eaffd82)
[INFO] [stdout] test lexer::tests::components ... ok
[INFO] [stdout] test lexer::tests::empty ... ok
[INFO] [stdout] test lexer::tests::is_wildcard ... ok
[INFO] [stdout] test lexer::tests::simple_tokens ... ok
[INFO] [stdout] test range::tests::caret_all ... ok
[INFO] [stdout] test range::tests::caret_major ... ok
[INFO] [stdout] test range::tests::caret_major_0 ... ok
[INFO] [stdout] test lexer::tests::whitespace ... ok
[INFO] [stdout] test lexer::tests::numeric_all_numbers ... ok
[INFO] [stdout] test range::tests::caret_major_0_minor ... ok
[INFO] [stdout] test range::tests::caret_major_0_minor_0 ... ok
[INFO] [stdout] test range::tests::caret_major_0_minor_0_patch ... ok
[INFO] [stdout] test range::tests::caret_major_0_minor_0_xrange ... ok
[INFO] [stdout] test range::tests::caret_major_0_minor_0_pre ... ok
[INFO] [stdout] test range::tests::caret_major_0_minor_patch ... ok
[INFO] [stdout] test range::tests::caret_major_0_minor_xrange ... ok
[INFO] [stdout] test range::tests::caret_major_0_xrange ... ok
[INFO] [stdout] test range::tests::caret_major_minor ... ok
[INFO] [stdout] test range::tests::caret_major_minor_patch ... ok
[INFO] [stdout] test range::tests::caret_major_minor_patch_pre ... ok
[INFO] [stdout] test range::tests::caret_major_minor_xrange ... ok
[INFO] [stdout] test range::tests::caret_major_xrange ... ok
[INFO] [stdout] test range::tests::caret_space ... ok
[INFO] [stdout] test range::tests::comparator_with_pre ... ok
[INFO] [stdout] test range::tests::digits ... ok
[INFO] [stdout] test range::tests::digits_2 ... ok
[INFO] [stdout] test range::tests::digits_3 ... ok
[INFO] [stdout] test range::tests::digits_4 ... ok
[INFO] [stdout] test range::tests::digits_5 ... ok
[INFO] [stdout] test range::tests::eq_all ... ok
[INFO] [stdout] test range::tests::eq_major ... ok
[INFO] [stdout] test range::tests::empty ... ok
[INFO] [stdout] test range::tests::eq_major_minor ... ok
[INFO] [stdout] test range::tests::eq_major_minor_patch ... ok
[INFO] [stdout] test range::tests::eq_major_minor_star ... ok
[INFO] [stdout] test range::tests::eq_major_star ... ok
[INFO] [stdout] test range::tests::eq_two_spaces ... ok
[INFO] [stdout] test range::tests::gt_all ... ok
[INFO] [stdout] test range::tests::gt_major ... ok
[INFO] [stdout] test range::tests::gt_major_minor ... ok
[INFO] [stdout] test range::tests::eq_space ... ok
[INFO] [stdout] test range::tests::gt_major_minor_patch ... ok
[INFO] [stdout] test range::tests::gt_major_minor_star ... ok
[INFO] [stdout] test range::tests::gt_major_star ... ok
[INFO] [stdout] test range::tests::gt_space ... ok
[INFO] [stdout] test range::tests::gt_two_spaces ... ok
[INFO] [stdout] test range::tests::gte_all ... ok
[INFO] [stdout] test range::tests::gte_major ... ok
[INFO] [stdout] test range::tests::gte_major_minor ... ok
[INFO] [stdout] test range::tests::gte_major_minor_patch ... ok
[INFO] [stdout] test range::tests::gte_major_minor_star ... ok
[INFO] [stdout] test range::tests::gte_major_star ... ok
[INFO] [stdout] test range::tests::gte_space ... ok
[INFO] [stdout] test range::tests::gte_star ... ok
[INFO] [stdout] test range::tests::gte_tab ... ok
[INFO] [stdout] test range::tests::gte_two_spaces ... ok
[INFO] [stdout] test range::tests::hyphen_all_to_all ... ok
[INFO] [stdout] test range::tests::hyphen_all_to_something ... ok
[INFO] [stdout] test range::tests::hyphen_major ... ok
[INFO] [stdout] test range::tests::hyphen_major_minor_patch ... ok
[INFO] [stdout] test range::tests::hyphen_major_minor_x ... ok
[INFO] [stdout] test range::tests::hyphen_major_x ... ok
[INFO] [stdout] test range::tests::hyphen_spacing ... ok
[INFO] [stdout] test range::tests::hyphen_with_pre ... ok
[INFO] [stdout] test range::tests::hyphen_xrange_minor_only1 ... ok
[INFO] [stdout] test range::tests::hyphen_xrange_minor_only2 ... ok
[INFO] [stdout] test range::tests::lt_all ... ok
[INFO] [stdout] test range::tests::lt_major ... ok
[INFO] [stdout] test range::tests::lt_major_minor ... ok
[INFO] [stdout] test range::tests::lt_major_minor_patch ... ok
[INFO] [stdout] test range::tests::lt_major_minor_star ... ok
[INFO] [stdout] test range::tests::lt_major_star ... ok
[INFO] [stdout] test range::tests::lt_space ... ok
[INFO] [stdout] test range::tests::lt_two_spaces ... ok
[INFO] [stdout] test range::tests::lte_all ... ok
[INFO] [stdout] test range::tests::lte_major ... ok
[INFO] [stdout] test range::tests::lte_major_minor ... ok
[INFO] [stdout] test range::tests::hyphen_to_all ... ok
[INFO] [stdout] test range::tests::lte_major_minor_patch ... ok
[INFO] [stdout] test range::tests::lte_major_minor_star ... ok
[INFO] [stdout] test range::tests::lte_major_star ... ok
[INFO] [stdout] test range::tests::lte_space ... ok
[INFO] [stdout] test range::tests::lte_two_spaces ... ok
[INFO] [stdout] test range::tests::major ... ok
[INFO] [stdout] test range::tests::major_0_minor_0_patch ... ok
[INFO] [stdout] test range::tests::major_0_minor_patch ... ok
[INFO] [stdout] test range::tests::major_minor ... ok
[INFO] [stdout] test range::tests::major_minor_patch ... ok
[INFO] [stdout] test range::tests::node_major_minor_patch ... ok
[INFO] [stdout] test range::tests::tilde_major ... ok
[INFO] [stdout] test range::tests::tilde_major_0 ... ok
[INFO] [stdout] test range::tests::tilde_all ... ok
[INFO] [stdout] test range::tests::tilde_major_0_minor_patch ... ok
[INFO] [stdout] test range::tests::tilde_major_2 ... ok
[INFO] [stdout] test range::tests::tilde_major_minor_patch ... ok
[INFO] [stdout] test range::tests::tilde_major_minor ... ok
[INFO] [stdout] test range::tests::tilde_major_minor_patch_2 ... ok
[INFO] [stdout] test range::tests::tilde_major_minor_patch_pre ... ok
[INFO] [stdout] test range::tests::xrange_major_x ... ok
[INFO] [stdout] test range::tests::tilde_major_xrange ... ok
[INFO] [stdout] test range::tests::tilde_major_minor_xrange ... ok
[INFO] [stdout] test range::tests::tilde_space ... ok
[INFO] [stdout] test range::tests::two_comparators_1 ... ok
[INFO] [stdout] test range::tests::tilde_major_minor_2 ... ok
[INFO] [stdout] test range::tests::two_comparators_2 ... ok
[INFO] [stdout] test range::tests::xrange_major_minor_star ... ok
[INFO] [stdout] test range::tests::xrange_major_minor_x ... ok
[INFO] [stdout] test range::tests::xrange_major_star ... ok
[INFO] [stdout] test range::tests::xrange_major_star_star ... ok
[INFO] [stdout] test range::tests::xrange_major_minor_xx ... ok
[INFO] [stdout] test range::tests::xrange_major_x_x ... ok
[INFO] [stdout] test range::tests::xrange_major_xx ... ok
[INFO] [stdout] test range::tests::xrange_major_xx_xx ... ok
[INFO] [stdout] test range::tests::xrange_minor_only ... ok
[INFO] [stdout] test range::tests::xrange_star ... ok
[INFO] [stdout] test range::tests::xrange_x ... ok
[INFO] [stdout] test range::tests::xrange_with_pre ... ok
[INFO] [stdout] test range::tests::xrange_xx ... ok
[INFO] [stdout] test range_set::tests::caret_range ... ok
[INFO] [stdout] test range_set::tests::err_hyphen_no_2nd_version ... ok
[INFO] [stdout] test range_set::tests::err_hyphen_with_gt ... ok
[INFO] [stdout] test range_set::tests::err_leading_0_major ... ok
[INFO] [stdout] test range_set::tests::err_leading_0_patch ... ok
[INFO] [stdout] test range_set::tests::err_only_gt ... ok
[INFO] [stdout] test range_set::tests::err_no_pre_hyphen ... ok
[INFO] [stdout] test range_set::tests::err_leading_0_minor ... ok
[INFO] [stdout] test range_set::tests::err_only_lt ... ok
[INFO] [stdout] test range_set::tests::err_only_eq ... ok
[INFO] [stdout] test range_set::tests::err_only_lte ... ok
[INFO] [stdout] test range_set::tests::err_only_caret ... ok
[INFO] [stdout] test range_set::tests::one_range ... ok
[INFO] [stdout] test range_set::tests::node_one_range ... ok
[INFO] [stdout] test range_set::tests::one_range_cargo ... ok
[INFO] [stdout] test range_set::tests::err_only_gte ... ok
[INFO] [stdout] test range_set::tests::see_issue_88 ... ok
[INFO] [stdout] test range_set::tests::two_empty_ranges ... ok
[INFO] [stdout] test range_set::tests::two_ranges ... ok
[INFO] [stdout] test range_set::tests::one_range_with_space ... ok
[INFO] [stdout] test range_set::tests::err_only_tilde ... ok
[INFO] [stdout] test range_set::tests::two_ranges_with_two_comparators ... ok
[INFO] [stdout] test range_set::tests::two_xranges ... ok
[INFO] [stdout] test range_set::tests::two_ranges_with_space ... ok
[INFO] [stdout] test version::tests::parse_basic_build ... ok
[INFO] [stdout] test version::tests::parse_basic_prerelease ... ok
[INFO] [stdout] test version::tests::parse_blank ... ok
[INFO] [stdout] test version::tests::parse_build_alphanumeric ... ok
[INFO] [stdout] test version::tests::parse_complex_metadata_01 ... ok
[INFO] [stdout] test version::tests::parse_empty ... ok
[INFO] [stdout] test version::tests::parse_basic_version ... ok
[INFO] [stdout] test version::tests::parse_empty_pre ... ok
[INFO] [stdout] test version::tests::parse_letters ... ok
[INFO] [stdout] test version::tests::parse_metadata_overflow ... ok
[INFO] [stdout] test version::tests::parse_complex_metadata_02 ... ok
[INFO] [stdout] test version::tests::parse_no_major_leading_zeroes ... ok
[INFO] [stdout] test version::tests::parse_no_minor_leading_zeroes ... ok
[INFO] [stdout] test version::tests::parse_no_minor_patch ... ok
[INFO] [stdout] test version::tests::parse_no_major_overflow ... ok
[INFO] [stdout] test version::tests::parse_no_patch_leading_zeroes ... ok
[INFO] [stdout] test version::tests::parse_no_minor_overflow ... ok
[INFO] [stdout] test version::tests::parse_no_patch_overflow ... ok
[INFO] [stdout] test version::tests::parse_prerelease_zero ... ok
[INFO] [stdout] test version::tests::parse_regression_01 ... ok
[INFO] [stdout] test version::tests::parse_prerelease_alphanumeric ... ok
[INFO] [stdout] test version::tests::parse_no_patch ... ok
[INFO] [stdout] test version::tests::parse_regression_02 ... ok
[INFO] [stdout] test version::tests::parse_trims_input ... ok
[INFO] [stdout] test version::tests::parse_with_letters ... ok
[INFO] [stdout] test version::tests::parse_pre_and_build ... ok
[INFO] [stdout] 
[INFO] [stdout] test result: ok. 168 passed; 0 failed; 0 ignored; 0 measured; 0 filtered out; finished in 0.03s
[INFO] [stdout] 
[INFO] [stderr]      Running unittests src/main.rs (/opt/rustwide/target/debug/deps/semver_parser-e0b8ec1d81144d48)
[INFO] [stdout] 
[INFO] [stdout] running 0 tests
[INFO] [stdout] 
[INFO] [stdout] test result: ok. 0 passed; 0 failed; 0 ignored; 0 measured; 0 filtered out; finished in 0.00s
[INFO] [stdout] 
[INFO] [stderr]      Running tests/genpest.rs (/opt/rustwide/target/debug/deps/genpest-f85316bc840e095e)
[INFO] [stdout] 
[INFO] [stdout] running 1 test
[INFO] [stderr] error: 'rustfmt' is not installed for the toolchain 'nightly-2024-10-28-x86_64-unknown-linux-gnu'.
[INFO] [stderr] To install, run `rustup component add --toolchain nightly-2024-10-28-x86_64-unknown-linux-gnu rustfmt`
[INFO] [stdout] test generated_code_is_fresh ... FAILED
[INFO] [stdout] 
[INFO] [stdout] failures:
[INFO] [stdout] 
[INFO] [stdout] ---- generated_code_is_fresh stdout ----
[INFO] [stdout] Generated code in 17.183139ms
[INFO] [stdout] Reformatting (this will take couple of minutes)
[INFO] [stdout] thread 'generated_code_is_fresh' panicked at tests/genpest.rs:86:5:
[INFO] [stdout] assertion failed: output.status.success()
[INFO] [stdout] stack backtrace:
[INFO] [stdout]    0:     0x570cc71ac14a - std::backtrace_rs::backtrace::libunwind::trace::h207520d6e9873551
[INFO] [stdout]                                at /rustc/df4ca44d3fbc9301ee17f30f4d474e6ae4b05252/library/std/src/../../backtrace/src/backtrace/libunwind.rs:116:5
[INFO] [stdout]    1:     0x570cc71ac14a - std::backtrace_rs::backtrace::trace_unsynchronized::h2ed7433f370e3eca
[INFO] [stdout]                                at /rustc/df4ca44d3fbc9301ee17f30f4d474e6ae4b05252/library/std/src/../../backtrace/src/backtrace/mod.rs:66:5
[INFO] [stdout]    2:     0x570cc71ac14a - std::sys::backtrace::_print_fmt::h916fac51166b18d7
[INFO] [stdout]                                at /rustc/df4ca44d3fbc9301ee17f30f4d474e6ae4b05252/library/std/src/sys/backtrace.rs:66:9
[INFO] [stdout]    3:     0x570cc71ac14a - <std::sys::backtrace::BacktraceLock::print::DisplayBacktrace as core::fmt::Display>::fmt::ha0a4c9b8ce3802e6
[INFO] [stdout]                                at /rustc/df4ca44d3fbc9301ee17f30f4d474e6ae4b05252/library/std/src/sys/backtrace.rs:39:26
[INFO] [stdout]    4:     0x570cc71d4343 - core::fmt::rt::Argument::fmt::h4cfc8587d52b3eb5
[INFO] [stdout]                                at /rustc/df4ca44d3fbc9301ee17f30f4d474e6ae4b05252/library/core/src/fmt/rt.rs:177:76
[INFO] [stdout]    5:     0x570cc71d4343 - core::fmt::write::h522cc39e5b36ae9f
[INFO] [stdout]                                at /rustc/df4ca44d3fbc9301ee17f30f4d474e6ae4b05252/library/core/src/fmt/mod.rs:1190:21
[INFO] [stdout]    6:     0x570cc71a8863 - std::io::Write::write_fmt::h7d3c26752da97734
[INFO] [stdout]                                at /rustc/df4ca44d3fbc9301ee17f30f4d474e6ae4b05252/library/std/src/io/mod.rs:1839:15
[INFO] [stdout]    7:     0x570cc71abf92 - std::sys::backtrace::BacktraceLock::print::h4b9e00b29e9c0942
[INFO] [stdout]                                at /rustc/df4ca44d3fbc9301ee17f30f4d474e6ae4b05252/library/std/src/sys/backtrace.rs:42:9
[INFO] [stdout]    8:     0x570cc71ad5da - std::panicking::default_hook::{{closure}}::hb59b88280d0324d9
[INFO] [stdout]                                at /rustc/df4ca44d3fbc9301ee17f30f4d474e6ae4b05252/library/std/src/panicking.rs:268:22
[INFO] [stdout]    9:     0x570cc71ad3e4 - std::panicking::default_hook::he1dd496665be4a29
[INFO] [stdout]                                at /rustc/df4ca44d3fbc9301ee17f30f4d474e6ae4b05252/library/std/src/panicking.rs:292:9
[INFO] [stdout]   10:     0x570cc7176379 - <alloc::boxed::Box<F,A> as core::ops::function::Fn<Args>>::call::h4ff71de18744e1dc
[INFO] [stdout]                                at /rustc/df4ca44d3fbc9301ee17f30f4d474e6ae4b05252/library/alloc/src/boxed.rs:2468:9
[INFO] [stdout]   11:     0x570cc7176379 - test::test_main::{{closure}}::hcf7c055ce117aa81
[INFO] [stdout]                                at /rustc/df4ca44d3fbc9301ee17f30f4d474e6ae4b05252/library/test/src/lib.rs:133:21
[INFO] [stdout]   12:     0x570cc71adcd8 - <alloc::boxed::Box<F,A> as core::ops::function::Fn<Args>>::call::h1d66c6bbd60c9692
[INFO] [stdout]                                at /rustc/df4ca44d3fbc9301ee17f30f4d474e6ae4b05252/library/alloc/src/boxed.rs:2468:9
[INFO] [stdout]   13:     0x570cc71adcd8 - std::panicking::rust_panic_with_hook::h2ff17fe8f26dfcf8
[INFO] [stdout]                                at /rustc/df4ca44d3fbc9301ee17f30f4d474e6ae4b05252/library/std/src/panicking.rs:809:13
[INFO] [stdout]   14:     0x570cc71ada66 - std::panicking::begin_panic_handler::{{closure}}::h4fad77951c07e101
[INFO] [stdout]                                at /rustc/df4ca44d3fbc9301ee17f30f4d474e6ae4b05252/library/std/src/panicking.rs:667:13
[INFO] [stdout]   15:     0x570cc71ac629 - std::sys::backtrace::__rust_end_short_backtrace::hb1a25b3da5d0ea08
[INFO] [stdout]                                at /rustc/df4ca44d3fbc9301ee17f30f4d474e6ae4b05252/library/std/src/sys/backtrace.rs:170:18
[INFO] [stdout]   16:     0x570cc71ad72c - rust_begin_unwind
[INFO] [stdout]                                at /rustc/df4ca44d3fbc9301ee17f30f4d474e6ae4b05252/library/std/src/panicking.rs:665:5
[INFO] [stdout]   17:     0x570cc71d2680 - core::panicking::panic_fmt::ha9db07b529f9b256
[INFO] [stdout]                                at /rustc/df4ca44d3fbc9301ee17f30f4d474e6ae4b05252/library/core/src/panicking.rs:75:14
[INFO] [stdout]   18:     0x570cc71d270c - core::panicking::panic::h993086813d94accc
[INFO] [stdout]                                at /rustc/df4ca44d3fbc9301ee17f30f4d474e6ae4b05252/library/core/src/panicking.rs:152:5
[INFO] [stdout]   19:     0x570cc6fce25a - genpest::reformat::ha46e1fb814f92183
[INFO] [stdout]                                at /opt/rustwide/workdir/tests/genpest.rs:86:5
[INFO] [stdout]   20:     0x570cc6fcee7f - genpest::generated_code_is_fresh::hf13a954a553dd745
[INFO] [stdout]                                at /opt/rustwide/workdir/tests/genpest.rs:62:20
[INFO] [stdout]   21:     0x570cc6fce4b7 - genpest::generated_code_is_fresh::{{closure}}::h16a7b4697f470bf2
[INFO] [stdout]                                at /opt/rustwide/workdir/tests/genpest.rs:21:29
[INFO] [stdout]   22:     0x570cc6fc9106 - core::ops::function::FnOnce::call_once::h27245f23aebb2542
[INFO] [stdout]                                at /rustc/df4ca44d3fbc9301ee17f30f4d474e6ae4b05252/library/core/src/ops/function.rs:250:5
[INFO] [stdout]   23:     0x570cc717ac4b - core::ops::function::FnOnce::call_once::h22c3ba5715e93f05
[INFO] [stdout]                                at /rustc/df4ca44d3fbc9301ee17f30f4d474e6ae4b05252/library/core/src/ops/function.rs:250:5
[INFO] [stdout]   24:     0x570cc717ac4b - test::__rust_begin_short_backtrace::h8e82d8113d0da17f
[INFO] [stdout]                                at /rustc/df4ca44d3fbc9301ee17f30f4d474e6ae4b05252/library/test/src/lib.rs:621:18
[INFO] [stdout]   25:     0x570cc717a5c7 - test::run_test_in_process::{{closure}}::h33235f4f20b7b7c7
[INFO] [stdout]                                at /rustc/df4ca44d3fbc9301ee17f30f4d474e6ae4b05252/library/test/src/lib.rs:644:60
[INFO] [stdout]   26:     0x570cc717a5c7 - <core::panic::unwind_safe::AssertUnwindSafe<F> as core::ops::function::FnOnce<()>>::call_once::hb5043206310c586f
[INFO] [stdout]                                at /rustc/df4ca44d3fbc9301ee17f30f4d474e6ae4b05252/library/core/src/panic/unwind_safe.rs:272:9
[INFO] [stdout]   27:     0x570cc717a5c7 - std::panicking::try::do_call::h9ad4731a60ab23e2
[INFO] [stdout]                                at /rustc/df4ca44d3fbc9301ee17f30f4d474e6ae4b05252/library/std/src/panicking.rs:557:40
[INFO] [stdout]   28:     0x570cc717a5c7 - std::panicking::try::h3824d23db772a716
[INFO] [stdout]                                at /rustc/df4ca44d3fbc9301ee17f30f4d474e6ae4b05252/library/std/src/panicking.rs:520:19
[INFO] [stdout]   29:     0x570cc717a5c7 - std::panic::catch_unwind::h5afd514605fde46b
[INFO] [stdout]                                at /rustc/df4ca44d3fbc9301ee17f30f4d474e6ae4b05252/library/std/src/panic.rs:358:14
[INFO] [stdout]   30:     0x570cc717a5c7 - test::run_test_in_process::h0d5cbfa7067d1720
[INFO] [stdout]                                at /rustc/df4ca44d3fbc9301ee17f30f4d474e6ae4b05252/library/test/src/lib.rs:644:27
[INFO] [stdout]   31:     0x570cc717a5c7 - test::run_test::{{closure}}::h708eb8872708115d
[INFO] [stdout]                                at /rustc/df4ca44d3fbc9301ee17f30f4d474e6ae4b05252/library/test/src/lib.rs:565:43
[INFO] [stdout]   32:     0x570cc713dce4 - test::run_test::{{closure}}::h392c51cee94713ab
[INFO] [stdout]                                at /rustc/df4ca44d3fbc9301ee17f30f4d474e6ae4b05252/library/test/src/lib.rs:595:41
[INFO] [stdout]   33:     0x570cc713dce4 - std::sys::backtrace::__rust_begin_short_backtrace::h2f40290710935a8b
[INFO] [stdout]                                at /rustc/df4ca44d3fbc9301ee17f30f4d474e6ae4b05252/library/std/src/sys/backtrace.rs:154:18
[INFO] [stdout]   34:     0x570cc714148e - std::thread::Builder::spawn_unchecked_::{{closure}}::{{closure}}::h3fd968d89053a903
[INFO] [stdout]                                at /rustc/df4ca44d3fbc9301ee17f30f4d474e6ae4b05252/library/std/src/thread/mod.rs:541:17
[INFO] [stdout]   35:     0x570cc714148e - <core::panic::unwind_safe::AssertUnwindSafe<F> as core::ops::function::FnOnce<()>>::call_once::h743f637ba4229880
[INFO] [stdout]                                at /rustc/df4ca44d3fbc9301ee17f30f4d474e6ae4b05252/library/core/src/panic/unwind_safe.rs:272:9
[INFO] [stdout]   36:     0x570cc714148e - std::panicking::try::do_call::h07440897322525a6
[INFO] [stdout]                                at /rustc/df4ca44d3fbc9301ee17f30f4d474e6ae4b05252/library/std/src/panicking.rs:557:40
[INFO] [stdout]   37:     0x570cc714148e - std::panicking::try::he5a2e00188156637
[INFO] [stdout]                                at /rustc/df4ca44d3fbc9301ee17f30f4d474e6ae4b05252/library/std/src/panicking.rs:520:19
[INFO] [stdout]   38:     0x570cc714148e - std::panic::catch_unwind::hbaf3cae49b3c6433
[INFO] [stdout]                                at /rustc/df4ca44d3fbc9301ee17f30f4d474e6ae4b05252/library/std/src/panic.rs:358:14
[INFO] [stdout]   39:     0x570cc714148e - std::thread::Builder::spawn_unchecked_::{{closure}}::h8e141ea224820bce
[INFO] [stdout]                                at /rustc/df4ca44d3fbc9301ee17f30f4d474e6ae4b05252/library/std/src/thread/mod.rs:540:30
[INFO] [stdout]   40:     0x570cc714148e - core::ops::function::FnOnce::call_once{{vtable.shim}}::h90d312fedd7b8ea8
[INFO] [stdout]                                at /rustc/df4ca44d3fbc9301ee17f30f4d474e6ae4b05252/library/core/src/ops/function.rs:250:5
[INFO] [stdout]   41:     0x570cc71b1d0b - <alloc::boxed::Box<F,A> as core::ops::function::FnOnce<Args>>::call_once::h69aa08ddb6adb8b6
[INFO] [stdout]                                at /rustc/df4ca44d3fbc9301ee17f30f4d474e6ae4b05252/library/alloc/src/boxed.rs:2454:9
[INFO] [stdout]   42:     0x570cc71b1d0b - <alloc::boxed::Box<F,A> as core::ops::function::FnOnce<Args>>::call_once::h5aa36efdb79c806f
[INFO] [stdout]                                at /rustc/df4ca44d3fbc9301ee17f30f4d474e6ae4b05252/library/alloc/src/boxed.rs:2454:9
[INFO] [stdout]   43:     0x570cc71b1d0b - std::sys::pal::unix::thread::Thread::new::thread_start::h6cd80a1b4be5158d
[INFO] [stdout]                                at /rustc/df4ca44d3fbc9301ee17f30f4d474e6ae4b05252/library/std/src/sys/pal/unix/thread.rs:105:17
[INFO] [stdout]   44:     0x7b68bf5adac3 - <unknown>
[INFO] [stdout]   45:     0x7b68bf63ea04 - clone
[INFO] [stdout]   46:                0x0 - <unknown>
[INFO] [stdout] 
[INFO] [stdout] 
[INFO] [stdout] failures:
[INFO] [stdout]     generated_code_is_fresh
[INFO] [stdout] 
[INFO] [stdout] test result: FAILED. 0 passed; 1 failed; 0 ignored; 0 measured; 0 filtered out; finished in 1.48s
[INFO] [stdout] 
[INFO] [stderr] error: test failed, to rerun pass `--test genpest`
[INFO] running `Command { std: "docker" "inspect" "45f48c7fa096668f49a814a301ecae51ee0e4dbd173f16fb814acdad2443ec6c", kill_on_drop: false }`
[INFO] running `Command { std: "docker" "rm" "-f" "45f48c7fa096668f49a814a301ecae51ee0e4dbd173f16fb814acdad2443ec6c", kill_on_drop: false }`
[INFO] [stdout] 45f48c7fa096668f49a814a301ecae51ee0e4dbd173f16fb814acdad2443ec6c
