[INFO] fetching crate sefar 0.1.4...
[INFO] testing sefar-0.1.4 against nightly-2024-10-28+rustflags=-Zrandomize-layout for randomize-layout
[INFO] extracting crate sefar 0.1.4 into /workspace/builds/worker-2-tc2/source
[INFO] validating manifest of crates.io crate sefar 0.1.4 on toolchain nightly-2024-10-28
[INFO] running `Command { std: CARGO_HOME="/workspace/cargo-home" RUSTUP_HOME="/workspace/rustup-home" "/workspace/cargo-home/bin/cargo" "+nightly-2024-10-28" "metadata" "--manifest-path" "Cargo.toml" "--no-deps", kill_on_drop: false }`
[INFO] started tweaking crates.io crate sefar 0.1.4
[INFO] finished tweaking crates.io crate sefar 0.1.4
[INFO] tweaked toml for crates.io crate sefar 0.1.4 written to /workspace/builds/worker-2-tc2/source/Cargo.toml
[INFO] crate crates.io crate sefar 0.1.4 already has a lockfile, it will not be regenerated
[INFO] running `Command { std: CARGO_HOME="/workspace/cargo-home" RUSTUP_HOME="/workspace/rustup-home" "/workspace/cargo-home/bin/cargo" "+nightly-2024-10-28" "fetch" "--manifest-path" "Cargo.toml", kill_on_drop: false }`
[INFO] running `Command { std: "docker" "create" "-v" "/var/lib/crater-agent-workspace/builds/worker-2-tc2/target:/opt/rustwide/target:rw,Z" "-v" "/var/lib/crater-agent-workspace/builds/worker-2-tc2/source:/opt/rustwide/workdir:ro,Z" "-v" "/var/lib/crater-agent-workspace/cargo-home:/opt/rustwide/cargo-home:ro,Z" "-v" "/var/lib/crater-agent-workspace/rustup-home:/opt/rustwide/rustup-home:ro,Z" "-e" "SOURCE_DIR=/opt/rustwide/workdir" "-e" "CARGO_TARGET_DIR=/opt/rustwide/target" "-e" "CARGO_HOME=/opt/rustwide/cargo-home" "-e" "RUSTUP_HOME=/opt/rustwide/rustup-home" "-w" "/opt/rustwide/workdir" "-m" "1610612736" "--user" "0:0" "--network" "none" "ghcr.io/rust-lang/crates-build-env/linux@sha256:4a844ea9eb2546a2d2c7022eacef16ef2e8229c7fbb2c7d4d55a9ceca922f72d" "/opt/rustwide/cargo-home/bin/cargo" "+nightly-2024-10-28" "metadata" "--no-deps" "--format-version=1", kill_on_drop: false }`
[INFO] [stdout] 260ce28ce18b15673b4bcfed68bc0faff403e84cda5d573bf2c085c06bb58a13
[INFO] running `Command { std: "docker" "start" "-a" "260ce28ce18b15673b4bcfed68bc0faff403e84cda5d573bf2c085c06bb58a13", kill_on_drop: false }`
[INFO] running `Command { std: "docker" "inspect" "260ce28ce18b15673b4bcfed68bc0faff403e84cda5d573bf2c085c06bb58a13", kill_on_drop: false }`
[INFO] running `Command { std: "docker" "rm" "-f" "260ce28ce18b15673b4bcfed68bc0faff403e84cda5d573bf2c085c06bb58a13", kill_on_drop: false }`
[INFO] [stdout] 260ce28ce18b15673b4bcfed68bc0faff403e84cda5d573bf2c085c06bb58a13
[INFO] running `Command { std: "docker" "create" "-v" "/var/lib/crater-agent-workspace/builds/worker-2-tc2/target:/opt/rustwide/target:rw,Z" "-v" "/var/lib/crater-agent-workspace/builds/worker-2-tc2/source:/opt/rustwide/workdir:ro,Z" "-v" "/var/lib/crater-agent-workspace/cargo-home:/opt/rustwide/cargo-home:ro,Z" "-v" "/var/lib/crater-agent-workspace/rustup-home:/opt/rustwide/rustup-home:ro,Z" "-e" "SOURCE_DIR=/opt/rustwide/workdir" "-e" "CARGO_TARGET_DIR=/opt/rustwide/target" "-e" "CARGO_INCREMENTAL=0" "-e" "RUST_BACKTRACE=full" "-e" "RUSTFLAGS=--cap-lints=forbid -Zrandomize-layout" "-e" "RUSTDOCFLAGS=--cap-lints=forbid" "-e" "CARGO_HOME=/opt/rustwide/cargo-home" "-e" "RUSTUP_HOME=/opt/rustwide/rustup-home" "-w" "/opt/rustwide/workdir" "-m" "1610612736" "--user" "0:0" "--network" "none" "ghcr.io/rust-lang/crates-build-env/linux@sha256:4a844ea9eb2546a2d2c7022eacef16ef2e8229c7fbb2c7d4d55a9ceca922f72d" "/opt/rustwide/cargo-home/bin/cargo" "+nightly-2024-10-28" "build" "--frozen" "--message-format=json", kill_on_drop: false }`
[INFO] [stdout] 18dec9f45f1397680b0eda086a97b9d88ca3238dfed1f8d6a43bc1fa98f178dd
[INFO] running `Command { std: "docker" "start" "-a" "18dec9f45f1397680b0eda086a97b9d88ca3238dfed1f8d6a43bc1fa98f178dd", kill_on_drop: false }`
[INFO] [stderr]    Compiling proc-macro2 v1.0.81
[INFO] [stderr]    Compiling libc v0.2.154
[INFO] [stderr]    Compiling unicode-ident v1.0.12
[INFO] [stderr]    Compiling crossbeam-utils v0.8.19
[INFO] [stderr]    Compiling autocfg v1.2.0
[INFO] [stderr]    Compiling libm v0.2.8
[INFO] [stderr]    Compiling serde v1.0.200
[INFO] [stderr]    Compiling rayon-core v1.12.1
[INFO] [stderr]    Compiling ppv-lite86 v0.2.17
[INFO] [stderr]    Compiling memchr v2.7.2
[INFO] [stderr]    Compiling either v1.11.0
[INFO] [stderr]    Compiling ryu v1.0.17
[INFO] [stderr]    Compiling num-traits v0.2.18
[INFO] [stderr]    Compiling csv-core v0.1.11
[INFO] [stderr]    Compiling crossbeam-epoch v0.9.18
[INFO] [stderr]    Compiling quote v1.0.36
[INFO] [stderr]    Compiling getrandom v0.2.14
[INFO] [stderr]    Compiling syn v2.0.60
[INFO] [stderr]    Compiling crossbeam-deque v0.8.5
[INFO] [stderr]    Compiling rand_core v0.6.4
[INFO] [stderr]    Compiling rand_chacha v0.3.1
[INFO] [stderr]    Compiling rand v0.8.5
[INFO] [stderr]    Compiling rayon v1.10.0
[INFO] [stderr]    Compiling rand_distr v0.4.3
[INFO] [stderr]    Compiling serde_derive v1.0.200
[INFO] [stderr]    Compiling csv v1.3.0
[INFO] [stderr]    Compiling sefar v0.1.4 (/opt/rustwide/workdir)
[INFO] [stderr]     Finished `dev` profile [unoptimized + debuginfo] target(s) in 7.34s
[INFO] running `Command { std: "docker" "inspect" "18dec9f45f1397680b0eda086a97b9d88ca3238dfed1f8d6a43bc1fa98f178dd", kill_on_drop: false }`
[INFO] running `Command { std: "docker" "rm" "-f" "18dec9f45f1397680b0eda086a97b9d88ca3238dfed1f8d6a43bc1fa98f178dd", kill_on_drop: false }`
[INFO] [stdout] 18dec9f45f1397680b0eda086a97b9d88ca3238dfed1f8d6a43bc1fa98f178dd
[INFO] running `Command { std: "docker" "create" "-v" "/var/lib/crater-agent-workspace/builds/worker-2-tc2/target:/opt/rustwide/target:rw,Z" "-v" "/var/lib/crater-agent-workspace/builds/worker-2-tc2/source:/opt/rustwide/workdir:ro,Z" "-v" "/var/lib/crater-agent-workspace/cargo-home:/opt/rustwide/cargo-home:ro,Z" "-v" "/var/lib/crater-agent-workspace/rustup-home:/opt/rustwide/rustup-home:ro,Z" "-e" "SOURCE_DIR=/opt/rustwide/workdir" "-e" "CARGO_TARGET_DIR=/opt/rustwide/target" "-e" "CARGO_INCREMENTAL=0" "-e" "RUST_BACKTRACE=full" "-e" "RUSTFLAGS=--cap-lints=forbid -Zrandomize-layout" "-e" "RUSTDOCFLAGS=--cap-lints=forbid" "-e" "CARGO_HOME=/opt/rustwide/cargo-home" "-e" "RUSTUP_HOME=/opt/rustwide/rustup-home" "-w" "/opt/rustwide/workdir" "-m" "1610612736" "--user" "0:0" "--network" "none" "ghcr.io/rust-lang/crates-build-env/linux@sha256:4a844ea9eb2546a2d2c7022eacef16ef2e8229c7fbb2c7d4d55a9ceca922f72d" "/opt/rustwide/cargo-home/bin/cargo" "+nightly-2024-10-28" "test" "--frozen" "--no-run" "--message-format=json", kill_on_drop: false }`
[INFO] [stdout] f0fee7f767105fefab11659a4bc5f582ece947904dcc7b1ce411a608d534a9bc
[INFO] running `Command { std: "docker" "start" "-a" "f0fee7f767105fefab11659a4bc5f582ece947904dcc7b1ce411a608d534a9bc", kill_on_drop: false }`
[INFO] [stderr]    Compiling sefar v0.1.4 (/opt/rustwide/workdir)
[INFO] [stderr]     Finished `test` profile [unoptimized + debuginfo] target(s) in 0.33s
[INFO] running `Command { std: "docker" "inspect" "f0fee7f767105fefab11659a4bc5f582ece947904dcc7b1ce411a608d534a9bc", kill_on_drop: false }`
[INFO] running `Command { std: "docker" "rm" "-f" "f0fee7f767105fefab11659a4bc5f582ece947904dcc7b1ce411a608d534a9bc", kill_on_drop: false }`
[INFO] [stdout] f0fee7f767105fefab11659a4bc5f582ece947904dcc7b1ce411a608d534a9bc
[INFO] running `Command { std: "docker" "create" "-v" "/var/lib/crater-agent-workspace/builds/worker-2-tc2/target:/opt/rustwide/target:rw,Z" "-v" "/var/lib/crater-agent-workspace/builds/worker-2-tc2/source:/opt/rustwide/workdir:ro,Z" "-v" "/var/lib/crater-agent-workspace/cargo-home:/opt/rustwide/cargo-home:ro,Z" "-v" "/var/lib/crater-agent-workspace/rustup-home:/opt/rustwide/rustup-home:ro,Z" "-e" "SOURCE_DIR=/opt/rustwide/workdir" "-e" "CARGO_TARGET_DIR=/opt/rustwide/target" "-e" "CARGO_INCREMENTAL=0" "-e" "RUST_BACKTRACE=full" "-e" "RUSTFLAGS=--cap-lints=forbid -Zrandomize-layout" "-e" "RUSTDOCFLAGS=--cap-lints=forbid" "-e" "CARGO_HOME=/opt/rustwide/cargo-home" "-e" "RUSTUP_HOME=/opt/rustwide/rustup-home" "-w" "/opt/rustwide/workdir" "-m" "1610612736" "--user" "0:0" "--network" "none" "ghcr.io/rust-lang/crates-build-env/linux@sha256:4a844ea9eb2546a2d2c7022eacef16ef2e8229c7fbb2c7d4d55a9ceca922f72d" "/opt/rustwide/cargo-home/bin/cargo" "+nightly-2024-10-28" "test" "--frozen", kill_on_drop: false }`
[INFO] [stdout] 9ac13ccf553954be714501476a48575d4cbd4495466cad873f72b385092a8cc7
[INFO] running `Command { std: "docker" "start" "-a" "9ac13ccf553954be714501476a48575d4cbd4495466cad873f72b385092a8cc7", kill_on_drop: false }`
[INFO] [stderr]     Finished `test` profile [unoptimized + debuginfo] target(s) in 0.02s
[INFO] [stderr]      Running unittests src/lib.rs (/opt/rustwide/target/debug/deps/sefar-7c194b9d7a40c111)
[INFO] [stdout] 
[INFO] [stdout] running 7 tests
[INFO] [stdout] test algos::eo::eo_params_tests::eoparams_unwrap_or_default_test_1 ... ok
[INFO] [stdout] test algos::eo::eo_params_tests::eoparams_unwrap_or_default_test_2 ... ok
[INFO] [stdout] test algos::eo::eo_params_tests::test_default_fn ... ok
[INFO] [stdout] test algos::eo::eo_params_tests::test_ub_slice ... ok
[INFO] [stdout] test core::genome::genome_tests::cmp_genome_test1 ... ok
[INFO] [stdout] test tests::pso_f1_test1 ... ok
[INFO] [stdout] test tests::eo_f1_test1 ... ok
[INFO] [stdout] 
[INFO] [stdout] test result: ok. 7 passed; 0 failed; 0 ignored; 0 measured; 0 filtered out; finished in 0.01s
[INFO] [stdout] 
[INFO] [stderr]    Doc-tests sefar
[INFO] [stdout] 
[INFO] [stdout] running 3 tests
[INFO] [stdout] test src/algos/pso.rs - algos::pso::PSOparams<'a>::default (line 231) ... FAILED
[INFO] [stdout] test src/algos/eo.rs - algos::eo::EOparams<'a>::default (line 357) ... FAILED
[INFO] [stdout] test src/algos/go.rs - algos::go::GOparams<'a>::default (line 487) ... ok
[INFO] [stdout] 
[INFO] [stdout] failures:
[INFO] [stdout] 
[INFO] [stdout] ---- src/algos/pso.rs - algos::pso::PSOparams<'a>::default (line 231) stdout ----
[INFO] [stdout] error[E0433]: failed to resolve: could not find `sequential_algos` in `sefar`
[INFO] [stdout]  --> src/algos/pso.rs:234:12
[INFO] [stdout]   |
[INFO] [stdout] 6 | use sefar::sequential_algos::pso::*;
[INFO] [stdout]   |            ^^^^^^^^^^^^^^^^ could not find `sequential_algos` in `sefar`
[INFO] [stdout] 
[INFO] [stdout] error[E0422]: cannot find struct, variant or union type `PSOparams` in this scope
[INFO] [stdout]  --> src/algos/pso.rs:236:2
[INFO] [stdout]   |
[INFO] [stdout] 8 |  PSOparams{
[INFO] [stdout]   |  ^^^^^^^^^ not found in this scope
[INFO] [stdout]   |
[INFO] [stdout] help: consider importing this struct
[INFO] [stdout]   |
[INFO] [stdout] 3 + use sefar::algos::pso::PSOparams;
[INFO] [stdout]   |
[INFO] [stdout] 
[INFO] [stdout] error: aborting due to 2 previous errors
[INFO] [stdout] 
[INFO] [stdout] Some errors have detailed explanations: E0422, E0433.
[INFO] [stdout] For more information about an error, try `rustc --explain E0422`.
[INFO] [stdout] Couldn't compile the test.
[INFO] [stdout] ---- src/algos/eo.rs - algos::eo::EOparams<'a>::default (line 357) stdout ----
[INFO] [stdout] error[E0433]: failed to resolve: could not find `sequential_algos` in `sefar`
[INFO] [stdout]  --> src/algos/eo.rs:360:12
[INFO] [stdout]   |
[INFO] [stdout] 6 | use sefar::sequential_algos::eo::*;
[INFO] [stdout]   |            ^^^^^^^^^^^^^^^^ could not find `sequential_algos` in `sefar`
[INFO] [stdout] 
[INFO] [stdout] error[E0422]: cannot find struct, variant or union type `EOparams` in this scope
[INFO] [stdout]  --> src/algos/eo.rs:362:2
[INFO] [stdout]   |
[INFO] [stdout] 8 |  EOparams{
[INFO] [stdout]   |  ^^^^^^^^ not found in this scope
[INFO] [stdout]   |
[INFO] [stdout] help: consider importing this struct
[INFO] [stdout]   |
[INFO] [stdout] 3 + use sefar::algos::eo::EOparams;
[INFO] [stdout]   |
[INFO] [stdout] 
[INFO] [stdout] error: aborting due to 2 previous errors
[INFO] [stdout] 
[INFO] [stdout] Some errors have detailed explanations: E0422, E0433.
[INFO] [stdout] For more information about an error, try `rustc --explain E0422`.
[INFO] [stdout] Couldn't compile the test.
[INFO] [stdout] 
[INFO] [stdout] failures:
[INFO] [stdout]     src/algos/eo.rs - algos::eo::EOparams<'a>::default (line 357)
[INFO] [stdout]     src/algos/pso.rs - algos::pso::PSOparams<'a>::default (line 231)
[INFO] [stdout] 
[INFO] [stdout] test result: FAILED. 1 passed; 2 failed; 0 ignored; 0 measured; 0 filtered out; finished in 0.07s
[INFO] [stdout] 
[INFO] [stderr] error: doctest failed, to rerun pass `--doc`
[INFO] running `Command { std: "docker" "inspect" "9ac13ccf553954be714501476a48575d4cbd4495466cad873f72b385092a8cc7", kill_on_drop: false }`
[INFO] running `Command { std: "docker" "rm" "-f" "9ac13ccf553954be714501476a48575d4cbd4495466cad873f72b385092a8cc7", kill_on_drop: false }`
[INFO] [stdout] 9ac13ccf553954be714501476a48575d4cbd4495466cad873f72b385092a8cc7
