[INFO] fetching crate seedwing-policy-engine 0.1.0-alpha.2...
[INFO] testing seedwing-policy-engine-0.1.0-alpha.2 against nightly-2024-10-28 for randomize-layout
[INFO] extracting crate seedwing-policy-engine 0.1.0-alpha.2 into /workspace/builds/worker-1-tc1/source
[INFO] validating manifest of crates.io crate seedwing-policy-engine 0.1.0-alpha.2 on toolchain nightly-2024-10-28
[INFO] running `Command { std: CARGO_HOME="/workspace/cargo-home" RUSTUP_HOME="/workspace/rustup-home" "/workspace/cargo-home/bin/cargo" "+nightly-2024-10-28" "metadata" "--manifest-path" "Cargo.toml" "--no-deps", kill_on_drop: false }`
[INFO] started tweaking crates.io crate seedwing-policy-engine 0.1.0-alpha.2
[INFO] finished tweaking crates.io crate seedwing-policy-engine 0.1.0-alpha.2
[INFO] tweaked toml for crates.io crate seedwing-policy-engine 0.1.0-alpha.2 written to /workspace/builds/worker-1-tc1/source/Cargo.toml
[INFO] running `Command { std: CARGO_HOME="/workspace/cargo-home" RUSTUP_HOME="/workspace/rustup-home" "/workspace/cargo-home/bin/cargo" "+nightly-2024-10-28" "generate-lockfile" "--manifest-path" "Cargo.toml", kill_on_drop: false }`
[INFO] [stderr]     Updating crates.io index
[INFO] [stderr]      Locking 361 packages to latest compatible versions
[INFO] [stderr]       Adding ariadne v0.1.5 (available: v0.5.0)
[INFO] [stderr]       Adding base64 v0.21.7 (available: v0.22.1)
[INFO] [stderr]       Adding chumsky v0.8.0 (available: v0.9.3)
[INFO] [stderr]       Adding cidr v0.2.3 (available: v0.3.0)
[INFO] [stderr]       Adding criterion v0.4.0 (available: v0.5.1)
[INFO] [stderr]       Adding indexmap v1.9.3 (available: v2.6.0)
[INFO] [stderr]       Adding picky v7.0.0-rc.5 (available: v7.0.0-rc.9)
[INFO] [stderr]       Adding signature v2.0.0 (available: v2.2.0)
[INFO] [stderr]       Adding sigstore v0.6.0 (available: v0.10.0)
[INFO] [stderr]       Adding x509-parser v0.14.0 (available: v0.16.0)
[INFO] running `Command { std: CARGO_HOME="/workspace/cargo-home" RUSTUP_HOME="/workspace/rustup-home" "/workspace/cargo-home/bin/cargo" "+nightly-2024-10-28" "fetch" "--manifest-path" "Cargo.toml", kill_on_drop: false }`
[INFO] [stderr]  Downloading crates ...
[INFO] [stderr]   Downloaded tough v0.12.5
[INFO] [stderr]   Downloaded ariadne v0.1.5
[INFO] [stderr]   Downloaded ed25519-dalek-fiat v0.1.0
[INFO] [stderr]   Downloaded pkcs5 v0.5.0
[INFO] [stderr]   Downloaded http-auth v0.1.10
[INFO] [stderr]   Downloaded chumsky v0.8.0
[INFO] [stderr]   Downloaded cached v0.40.0
[INFO] [stderr]   Downloaded p256 v0.12.0
[INFO] [stderr]   Downloaded picky-asn1-x509 v0.9.0
[INFO] [stderr]   Downloaded picky v7.0.0-rc.5
[INFO] [stderr]   Downloaded openidconnect v2.5.1
[INFO] [stderr]   Downloaded sigstore v0.6.0
[INFO] [stderr]   Downloaded p384 v0.12.0
[INFO] [stderr]   Downloaded oci-distribution v0.9.4
[INFO] [stderr]   Downloaded p384 v0.11.2
[INFO] [stderr]   Downloaded open v3.2.0
[INFO] [stderr]   Downloaded primeorder v0.12.1
[INFO] [stderr]   Downloaded olpc-cjson v0.1.4
[INFO] [stderr]   Downloaded cached_proc_macro v0.15.0
[INFO] [stderr]   Downloaded picky-asn1 v0.7.2
[INFO] running `Command { std: "docker" "create" "-v" "/var/lib/crater-agent-workspace/builds/worker-1-tc1/target:/opt/rustwide/target:rw,Z" "-v" "/var/lib/crater-agent-workspace/builds/worker-1-tc1/source:/opt/rustwide/workdir:ro,Z" "-v" "/var/lib/crater-agent-workspace/cargo-home:/opt/rustwide/cargo-home:ro,Z" "-v" "/var/lib/crater-agent-workspace/rustup-home:/opt/rustwide/rustup-home:ro,Z" "-e" "SOURCE_DIR=/opt/rustwide/workdir" "-e" "CARGO_TARGET_DIR=/opt/rustwide/target" "-e" "CARGO_HOME=/opt/rustwide/cargo-home" "-e" "RUSTUP_HOME=/opt/rustwide/rustup-home" "-w" "/opt/rustwide/workdir" "-m" "1610612736" "--user" "0:0" "--network" "none" "ghcr.io/rust-lang/crates-build-env/linux@sha256:4a844ea9eb2546a2d2c7022eacef16ef2e8229c7fbb2c7d4d55a9ceca922f72d" "/opt/rustwide/cargo-home/bin/cargo" "+nightly-2024-10-28" "metadata" "--no-deps" "--format-version=1", kill_on_drop: false }`
[INFO] [stdout] 23d1d17cabe2b62b5f9a63e222c955024bc3f6304226661fc1bf0322106f0d8f
[INFO] running `Command { std: "docker" "start" "-a" "23d1d17cabe2b62b5f9a63e222c955024bc3f6304226661fc1bf0322106f0d8f", kill_on_drop: false }`
[INFO] running `Command { std: "docker" "inspect" "23d1d17cabe2b62b5f9a63e222c955024bc3f6304226661fc1bf0322106f0d8f", kill_on_drop: false }`
[INFO] running `Command { std: "docker" "rm" "-f" "23d1d17cabe2b62b5f9a63e222c955024bc3f6304226661fc1bf0322106f0d8f", kill_on_drop: false }`
[INFO] [stdout] 23d1d17cabe2b62b5f9a63e222c955024bc3f6304226661fc1bf0322106f0d8f
[INFO] running `Command { std: "docker" "create" "-v" "/var/lib/crater-agent-workspace/builds/worker-1-tc1/target:/opt/rustwide/target:rw,Z" "-v" "/var/lib/crater-agent-workspace/builds/worker-1-tc1/source:/opt/rustwide/workdir:ro,Z" "-v" "/var/lib/crater-agent-workspace/cargo-home:/opt/rustwide/cargo-home:ro,Z" "-v" "/var/lib/crater-agent-workspace/rustup-home:/opt/rustwide/rustup-home:ro,Z" "-e" "SOURCE_DIR=/opt/rustwide/workdir" "-e" "CARGO_TARGET_DIR=/opt/rustwide/target" "-e" "CARGO_INCREMENTAL=0" "-e" "RUST_BACKTRACE=full" "-e" "RUSTFLAGS=--cap-lints=forbid" "-e" "RUSTDOCFLAGS=--cap-lints=forbid" "-e" "CARGO_HOME=/opt/rustwide/cargo-home" "-e" "RUSTUP_HOME=/opt/rustwide/rustup-home" "-w" "/opt/rustwide/workdir" "-m" "1610612736" "--user" "0:0" "--network" "none" "ghcr.io/rust-lang/crates-build-env/linux@sha256:4a844ea9eb2546a2d2c7022eacef16ef2e8229c7fbb2c7d4d55a9ceca922f72d" "/opt/rustwide/cargo-home/bin/cargo" "+nightly-2024-10-28" "build" "--frozen" "--message-format=json", kill_on_drop: false }`
[INFO] [stdout] 979041ad3bdd9e1a44988c43ad841dcca7dc7a1a6545f4be2674ee16a45c8f41
[INFO] running `Command { std: "docker" "start" "-a" "979041ad3bdd9e1a44988c43ad841dcca7dc7a1a6545f4be2674ee16a45c8f41", kill_on_drop: false }`
[INFO] [stderr]    Compiling proc-macro2 v1.0.89
[INFO] [stderr]    Compiling libc v0.2.161
[INFO] [stderr]    Compiling typenum v1.17.0
[INFO] [stderr]    Compiling subtle v2.6.1
[INFO] [stderr]    Compiling generic-array v0.14.7
[INFO] [stderr]    Compiling const-oid v0.9.6
[INFO] [stderr]    Compiling serde v1.0.214
[INFO] [stderr]    Compiling memchr v2.7.4
[INFO] [stderr]    Compiling base64ct v1.6.0
[INFO] [stderr]    Compiling cpufeatures v0.2.14
[INFO] [stderr]    Compiling once_cell v1.20.2
[INFO] [stderr]    Compiling libm v0.2.11
[INFO] [stderr]    Compiling num-traits v0.2.19
[INFO] [stderr]    Compiling syn v1.0.109
[INFO] [stderr]    Compiling itoa v1.0.11
[INFO] [stderr]    Compiling smallvec v1.13.2
[INFO] [stderr]    Compiling shlex v1.3.0
[INFO] [stderr]    Compiling pem-rfc7468 v0.6.0
[INFO] [stderr]    Compiling cc v1.1.31
[INFO] [stderr]    Compiling pin-project-lite v0.2.15
[INFO] [stderr]    Compiling quote v1.0.37
[INFO] [stderr]    Compiling syn v2.0.86
[INFO] [stderr]    Compiling lock_api v0.4.12
[INFO] [stderr]    Compiling parking_lot_core v0.9.10
[INFO] [stderr]    Compiling slab v0.4.9
[INFO] [stderr]    Compiling futures-core v0.3.31
[INFO] [stderr]    Compiling pkg-config v0.3.31
[INFO] [stderr]    Compiling bytes v1.8.0
[INFO] [stderr]    Compiling block-buffer v0.10.4
[INFO] [stderr]    Compiling getrandom v0.2.15
[INFO] [stderr]    Compiling rand_core v0.6.4
[INFO] [stderr]    Compiling block-padding v0.3.3
[INFO] [stderr]    Compiling futures-sink v0.3.31
[INFO] [stderr]    Compiling inout v0.1.3
[INFO] [stderr]    Compiling crypto-common v0.1.6
[INFO] [stderr]    Compiling password-hash v0.4.2
[INFO] [stderr]    Compiling openssl-sys v0.9.104
[INFO] [stderr]    Compiling digest v0.10.7
[INFO] [stderr]    Compiling byteorder v1.5.0
[INFO] [stderr]    Compiling futures-io v0.3.31
[INFO] [stderr]    Compiling hmac v0.12.1
[INFO] [stderr]    Compiling sha2 v0.10.8
[INFO] [stderr]    Compiling pbkdf2 v0.11.0
[INFO] [stderr]    Compiling parking_lot v0.12.3
[INFO] [stderr]    Compiling futures-channel v0.3.31
[INFO] [stderr]    Compiling socket2 v0.5.7
[INFO] [stderr]    Compiling signal-hook-registry v1.4.2
[INFO] [stderr]    Compiling mio v1.0.2
[INFO] [stderr]    Compiling log v0.4.22
[INFO] [stderr]    Compiling futures-task v0.3.31
[INFO] [stderr]    Compiling bitflags v2.6.0
[INFO] [stderr]    Compiling thiserror v1.0.66
[INFO] [stderr]    Compiling ff v0.12.1
[INFO] [stderr]    Compiling num-integer v0.1.46
[INFO] [stderr]    Compiling base16ct v0.1.1
[INFO] [stderr]    Compiling openssl v0.10.68
[INFO] [stderr]    Compiling tinyvec v1.8.0
[INFO] [stderr]    Compiling group v0.12.1
[INFO] [stderr]    Compiling hkdf v0.12.4
[INFO] [stderr]    Compiling http v0.2.12
[INFO] [stderr]    Compiling tracing-core v0.1.32
[INFO] [stderr]    Compiling serde_json v1.0.132
[INFO] [stderr]    Compiling base64 v0.13.1
[INFO] [stderr]    Compiling ryu v1.0.18
[INFO] [stderr]    Compiling spin v0.9.8
[INFO] [stderr]    Compiling hashbrown v0.15.0
[INFO] [stderr]    Compiling native-tls v0.2.12
[INFO] [stderr]    Compiling httparse v1.9.5
[INFO] [stderr]    Compiling unicode-normalization v0.1.24
[INFO] [stderr]    Compiling lazy_static v1.5.0
[INFO] [stderr]    Compiling ident_case v1.0.1
[INFO] [stderr]    Compiling strsim v0.10.0
[INFO] [stderr]    Compiling unicase v2.8.0
[INFO] [stderr]    Compiling indexmap v2.6.0
[INFO] [stderr]    Compiling mime_guess v2.0.5
[INFO] [stderr]    Compiling http-body v0.4.6
[INFO] [stderr]    Compiling darling_core v0.13.4
[INFO] [stderr]    Compiling tower-service v0.3.3
[INFO] [stderr]    Compiling unicode-bidi v0.3.17
[INFO] [stderr]    Compiling signature v1.6.4
[INFO] [stderr]    Compiling crypto-bigint v0.3.2
[INFO] [stderr]    Compiling pem-rfc7468 v0.3.1
[INFO] [stderr]    Compiling num-bigint-dig v0.8.4
[INFO] [stderr]    Compiling unicode-xid v0.2.6
[INFO] [stderr]    Compiling const-oid v0.7.1
[INFO] [stderr]    Compiling nom v7.1.3
[INFO] [stderr]    Compiling idna v0.5.0
[INFO] [stderr]    Compiling synstructure v0.12.6
[INFO] [stderr]    Compiling der v0.5.1
[INFO] [stderr]    Compiling time-macros v0.2.18
[INFO] [stderr]    Compiling num-iter v0.1.45
[INFO] [stderr]    Compiling ring v0.16.20
[INFO] [stderr]    Compiling aho-corasick v1.1.3
[INFO] [stderr]    Compiling encoding_rs v0.8.35
[INFO] [stderr]    Compiling regex-syntax v0.8.5
[INFO] [stderr]    Compiling ipnet v2.10.1
[INFO] [stderr]    Compiling tiny-keccak v2.0.2
[INFO] [stderr]    Compiling asn1-rs-impl v0.1.0
[INFO] [stderr]    Compiling zeroize_derive v1.4.2
[INFO] [stderr]    Compiling serde_derive v1.0.214
[INFO] [stderr]    Compiling zerocopy-derive v0.7.35
[INFO] [stderr]    Compiling futures-macro v0.3.31
[INFO] [stderr]    Compiling tokio-macros v2.4.0
[INFO] [stderr]    Compiling zeroize v1.8.1
[INFO] [stderr]    Compiling cipher v0.4.4
[INFO] [stderr]    Compiling salsa20 v0.10.2
[INFO] [stderr]    Compiling der v0.6.1
[INFO] [stderr]    Compiling scrypt v0.10.0
[INFO] [stderr]    Compiling aes v0.8.4
[INFO] [stderr]    Compiling cbc v0.1.2
[INFO] [stderr]    Compiling futures-util v0.3.31
[INFO] [stderr]    Compiling tokio v1.41.0
[INFO] [stderr]    Compiling zerocopy v0.7.35
[INFO] [stderr]    Compiling crypto-bigint v0.4.9
[INFO] [stderr]    Compiling spki v0.6.0
[INFO] [stderr]    Compiling pkcs5 v0.5.0
[INFO] [stderr]    Compiling ppv-lite86 v0.2.20
[INFO] [stderr]    Compiling thiserror-impl v1.0.66
[INFO] [stderr]    Compiling openssl-macros v0.1.1
[INFO] [stderr]    Compiling pkcs8 v0.9.0
[INFO] [stderr]    Compiling rand_chacha v0.3.1
[INFO] [stderr]    Compiling sec1 v0.3.0
[INFO] [stderr]    Compiling tracing-attributes v0.1.27
[INFO] [stderr]    Compiling elliptic-curve v0.12.3
[INFO] [stderr]    Compiling rand v0.8.5
[INFO] [stderr]    Compiling rfc6979 v0.3.1
[INFO] [stderr]    Compiling darling_macro v0.13.4
[INFO] [stderr]    Compiling regex-automata v0.4.8
[INFO] [stderr]    Compiling darling v0.13.4
[INFO] [stderr]    Compiling time v0.3.36
[INFO] [stderr]    Compiling displaydoc v0.2.5
[INFO] [stderr]    Compiling asn1-rs-derive v0.4.0
[INFO] [stderr]    Compiling tracing v0.1.40
[INFO] [stderr]    Compiling rusticata-macros v4.1.0
[INFO] [stderr]    Compiling spki v0.5.4
[INFO] [stderr]    Compiling signature v2.0.0
[INFO] [stderr]    Compiling iana-time-zone v0.1.61
[INFO] [stderr]    Compiling spin v0.5.2
[INFO] [stderr]    Compiling opaque-debug v0.3.1
[INFO] [stderr]    Compiling untrusted v0.7.1
[INFO] [stderr]    Compiling doc-comment v0.3.3
[INFO] [stderr]    Compiling rustix v0.38.38
[INFO] [stderr]    Compiling asn1-rs v0.5.2
[INFO] [stderr]    Compiling ecdsa v0.15.1
[INFO] [stderr]    Compiling tokio-util v0.7.12
[INFO] [stderr]    Compiling h2 v0.3.26
[INFO] [stderr]    Compiling tokio-native-tls v0.3.1
[INFO] [stderr]    Compiling serde_bytes v0.11.15
[INFO] [stderr]    Compiling serde_urlencoded v0.7.1
[INFO] [stderr]    Compiling oid v0.2.1
[INFO] [stderr]    Compiling url v2.5.2
[INFO] [stderr]    Compiling picky-asn1 v0.8.0
[INFO] [stderr]    Compiling chrono v0.4.38
[INFO] [stderr]    Compiling pkcs8 v0.8.0
[INFO] [stderr]    Compiling futures-executor v0.3.31
[INFO] [stderr]    Compiling primeorder v0.12.1
[INFO] [stderr]    Compiling num-bigint v0.4.6
[INFO] [stderr]    Compiling digest v0.9.0
[INFO] [stderr]    Compiling linux-raw-sys v0.4.14
[INFO] [stderr]    Compiling oid-registry v0.6.1
[INFO] [stderr]    Compiling snafu-derive v0.7.5
[INFO] [stderr]    Compiling futures v0.3.31
[INFO] [stderr]    Compiling const-random-macro v0.1.16
[INFO] [stderr]    Compiling pkcs1 v0.3.3
[INFO] [stderr]    Compiling picky-asn1-der v0.4.1
[INFO] [stderr]    Compiling olpc-cjson v0.1.4
[INFO] [stderr]    Compiling picky-asn1 v0.7.2
[INFO] [stderr]    Compiling serde_plain v1.0.2
[INFO] [stderr]    Compiling serde_path_to_error v0.1.16
[INFO] [stderr]    Compiling serde_with_macros v1.5.2
[INFO] [stderr]    Compiling ecdsa v0.14.8
[INFO] [stderr]    Compiling universal-hash v0.5.1
[INFO] [stderr]    Compiling ordered-float v2.10.1
[INFO] [stderr]    Compiling block-buffer v0.9.0
[INFO] [stderr]    Compiling bstr v1.10.0
[INFO] [stderr]    Compiling hyper v0.14.31
[INFO] [stderr]    Compiling path-dedot v3.1.1
[INFO] [stderr]    Compiling fastrand v2.1.1
[INFO] [stderr]    Compiling hashbrown v0.12.3
[INFO] [stderr]    Compiling cached_proc_macro_types v0.1.1
[INFO] [stderr]    Compiling same-file v1.0.6
[INFO] [stderr]    Compiling either v1.13.0
[INFO] [stderr]    Compiling keccak v0.1.5
[INFO] [stderr]    Compiling snafu v0.7.5
[INFO] [stderr]    Compiling walkdir v2.5.0
[INFO] [stderr]    Compiling itertools v0.10.5
[INFO] [stderr]    Compiling sha3 v0.10.8
[INFO] [stderr]    Compiling cached_proc_macro v0.15.0
[INFO] [stderr]    Compiling globset v0.4.15
[INFO] [stderr]    Compiling serde_with v1.14.0
[INFO] [stderr]    Compiling tempfile v3.13.0
[INFO] [stderr]    Compiling path-absolutize v3.1.1
[INFO] [stderr]    Compiling serde-value v0.7.0
[INFO] [stderr]    Compiling picky-asn1-x509 v0.9.0
[INFO] [stderr]    Compiling sha2 v0.9.9
[INFO] [stderr]    Compiling poly1305 v0.8.0
[INFO] [stderr]    Compiling der-parser v8.2.0
[INFO] [stderr]    Compiling rsa v0.6.1
[INFO] [stderr]    Compiling const-random v0.1.18
[INFO] [stderr]    Compiling curve25519-dalek-fiat v0.1.0
[INFO] [stderr]    Compiling p256 v0.12.0
[INFO] [stderr]    Compiling p384 v0.12.0
[INFO] [stderr]    Compiling jwt v0.16.0
[INFO] [stderr]    Compiling regex v1.11.1
[INFO] [stderr]    Compiling ed25519 v1.5.3
[INFO] [stderr]    Compiling pkcs1 v0.4.1
[INFO] [stderr]    Compiling async-trait v0.1.83
[INFO] [stderr]    Compiling pem v1.1.1
[INFO] [stderr]    Compiling md-5 v0.10.6
[INFO] [stderr]    Compiling sha-1 v0.10.1
[INFO] [stderr]    Compiling hyper-tls v0.5.0
[INFO] [stderr]    Compiling aead v0.5.2
[INFO] [stderr]    Compiling http-auth v0.1.10
[INFO] [stderr]    Compiling instant v0.1.13
[INFO] [stderr]    Compiling reqwest v0.11.27
[INFO] [stderr]    Compiling indexmap v1.9.3
[INFO] [stderr]    Compiling hex v0.4.3
[INFO] [stderr]    Compiling pathdiff v0.2.2
[INFO] [stderr]    Compiling data-encoding v2.6.0
[INFO] [stderr]    Compiling async_once v0.2.6
[INFO] [stderr]    Compiling dyn-clone v1.0.17
[INFO] [stderr]    Compiling open v3.2.0
[INFO] [stderr]    Compiling picky v7.0.0-rc.5
[INFO] [stderr]    Compiling xsalsa20poly1305 v0.9.1
[INFO] [stderr]    Compiling rsa v0.7.2
[INFO] [stderr]    Compiling ed25519-dalek-fiat v0.1.0
[INFO] [stderr]    Compiling cached v0.40.0
[INFO] [stderr]    Compiling x509-parser v0.14.0
[INFO] [stderr]    Compiling ahash v0.3.8
[INFO] [stderr]    Compiling p384 v0.11.2
[INFO] [stderr]    Compiling p256 v0.11.1
[INFO] [stderr]    Compiling yansi v0.5.1
[INFO] [stderr]    Compiling ariadne v0.1.5
[INFO] [stderr]    Compiling chumsky v0.8.0
[INFO] [stderr]    Compiling cidr v0.2.3
[INFO] [stderr]    Compiling oauth2 v4.4.2
[INFO] [stderr]    Compiling oci-distribution v0.9.4
[INFO] [stderr]    Compiling tough v0.12.5
[INFO] [stderr]    Compiling openidconnect v2.5.1
[INFO] [stderr]    Compiling sigstore v0.6.0
[INFO] [stderr]    Compiling seedwing-policy-engine v0.1.0-alpha.2 (/opt/rustwide/workdir)
[INFO] [stderr]     Finished `dev` profile [unoptimized + debuginfo] target(s) in 31.54s
[INFO] running `Command { std: "docker" "inspect" "979041ad3bdd9e1a44988c43ad841dcca7dc7a1a6545f4be2674ee16a45c8f41", kill_on_drop: false }`
[INFO] running `Command { std: "docker" "rm" "-f" "979041ad3bdd9e1a44988c43ad841dcca7dc7a1a6545f4be2674ee16a45c8f41", kill_on_drop: false }`
[INFO] [stdout] 979041ad3bdd9e1a44988c43ad841dcca7dc7a1a6545f4be2674ee16a45c8f41
[INFO] running `Command { std: "docker" "create" "-v" "/var/lib/crater-agent-workspace/builds/worker-1-tc1/target:/opt/rustwide/target:rw,Z" "-v" "/var/lib/crater-agent-workspace/builds/worker-1-tc1/source:/opt/rustwide/workdir:ro,Z" "-v" "/var/lib/crater-agent-workspace/cargo-home:/opt/rustwide/cargo-home:ro,Z" "-v" "/var/lib/crater-agent-workspace/rustup-home:/opt/rustwide/rustup-home:ro,Z" "-e" "SOURCE_DIR=/opt/rustwide/workdir" "-e" "CARGO_TARGET_DIR=/opt/rustwide/target" "-e" "CARGO_INCREMENTAL=0" "-e" "RUST_BACKTRACE=full" "-e" "RUSTFLAGS=--cap-lints=forbid" "-e" "RUSTDOCFLAGS=--cap-lints=forbid" "-e" "CARGO_HOME=/opt/rustwide/cargo-home" "-e" "RUSTUP_HOME=/opt/rustwide/rustup-home" "-w" "/opt/rustwide/workdir" "-m" "1610612736" "--user" "0:0" "--network" "none" "ghcr.io/rust-lang/crates-build-env/linux@sha256:4a844ea9eb2546a2d2c7022eacef16ef2e8229c7fbb2c7d4d55a9ceca922f72d" "/opt/rustwide/cargo-home/bin/cargo" "+nightly-2024-10-28" "test" "--frozen" "--no-run" "--message-format=json", kill_on_drop: false }`
[INFO] [stdout] 588c074f95c68a301843be0b684b50dd4200ec35cbf14b5c5fccdfeb3f5219fd
[INFO] running `Command { std: "docker" "start" "-a" "588c074f95c68a301843be0b684b50dd4200ec35cbf14b5c5fccdfeb3f5219fd", kill_on_drop: false }`
[INFO] [stderr]    Compiling half v2.4.1
[INFO] [stderr]    Compiling ciborium-io v0.2.2
[INFO] [stderr]    Compiling os_str_bytes v6.6.1
[INFO] [stderr]    Compiling plotters-backend v0.3.7
[INFO] [stderr]    Compiling cast v0.3.0
[INFO] [stderr]    Compiling textwrap v0.16.1
[INFO] [stderr]    Compiling rayon v1.10.0
[INFO] [stderr]    Compiling tinytemplate v1.2.1
[INFO] [stderr]    Compiling actix-macros v0.2.4
[INFO] [stderr]    Compiling criterion-plot v0.5.0
[INFO] [stderr]    Compiling ciborium-ll v0.2.2
[INFO] [stderr]    Compiling plotters-svg v0.3.7
[INFO] [stderr]    Compiling clap_lex v0.2.4
[INFO] [stderr]    Compiling atty v0.2.14
[INFO] [stderr]    Compiling clap v3.2.25
[INFO] [stderr]    Compiling ciborium v0.2.2
[INFO] [stderr]    Compiling plotters v0.3.7
[INFO] [stderr]    Compiling oorandom v11.1.4
[INFO] [stderr]    Compiling anes v0.1.6
[INFO] [stderr]    Compiling actix-rt v2.10.0
[INFO] [stderr]    Compiling criterion v0.4.0
[INFO] [stderr]    Compiling seedwing-policy-engine v0.1.0-alpha.2 (/opt/rustwide/workdir)
[INFO] [stderr]     Finished `test` profile [unoptimized + debuginfo] target(s) in 10.45s
[INFO] running `Command { std: "docker" "inspect" "588c074f95c68a301843be0b684b50dd4200ec35cbf14b5c5fccdfeb3f5219fd", kill_on_drop: false }`
[INFO] running `Command { std: "docker" "rm" "-f" "588c074f95c68a301843be0b684b50dd4200ec35cbf14b5c5fccdfeb3f5219fd", kill_on_drop: false }`
[INFO] [stdout] 588c074f95c68a301843be0b684b50dd4200ec35cbf14b5c5fccdfeb3f5219fd
[INFO] running `Command { std: "docker" "create" "-v" "/var/lib/crater-agent-workspace/builds/worker-1-tc1/target:/opt/rustwide/target:rw,Z" "-v" "/var/lib/crater-agent-workspace/builds/worker-1-tc1/source:/opt/rustwide/workdir:ro,Z" "-v" "/var/lib/crater-agent-workspace/cargo-home:/opt/rustwide/cargo-home:ro,Z" "-v" "/var/lib/crater-agent-workspace/rustup-home:/opt/rustwide/rustup-home:ro,Z" "-e" "SOURCE_DIR=/opt/rustwide/workdir" "-e" "CARGO_TARGET_DIR=/opt/rustwide/target" "-e" "CARGO_INCREMENTAL=0" "-e" "RUST_BACKTRACE=full" "-e" "RUSTFLAGS=--cap-lints=forbid" "-e" "RUSTDOCFLAGS=--cap-lints=forbid" "-e" "CARGO_HOME=/opt/rustwide/cargo-home" "-e" "RUSTUP_HOME=/opt/rustwide/rustup-home" "-w" "/opt/rustwide/workdir" "-m" "1610612736" "--user" "0:0" "--network" "none" "ghcr.io/rust-lang/crates-build-env/linux@sha256:4a844ea9eb2546a2d2c7022eacef16ef2e8229c7fbb2c7d4d55a9ceca922f72d" "/opt/rustwide/cargo-home/bin/cargo" "+nightly-2024-10-28" "test" "--frozen", kill_on_drop: false }`
[INFO] [stdout] 79b2fd55279b66165788d7dc0f78a629f98b1f4b0e79706ba69969728ba67d2d
[INFO] running `Command { std: "docker" "start" "-a" "79b2fd55279b66165788d7dc0f78a629f98b1f4b0e79706ba69969728ba67d2d", kill_on_drop: false }`
[INFO] [stderr]     Finished `test` profile [unoptimized + debuginfo] target(s) in 0.26s
[INFO] [stderr]      Running unittests src/lib.rs (/opt/rustwide/target/debug/deps/seedwing_policy_engine-d0b136bac0264214)
[INFO] [stdout] 
[INFO] [stdout] running 81 tests
[INFO] [stdout] test core::json::test::call_parseable ... ok
[INFO] [stdout] test core::lang::not::test::call_not_matching ... ok
[INFO] [stdout] test core::lang::and::test::call_matching_both_arms ... ok
[INFO] [stdout] test core::lang::and::test::call_matching_only_left_arm ... ok
[INFO] [stdout] test core::lang::not::test::call_matching ... ok
[INFO] [stdout] test core::lang::and::test::call_matching_no_arms ... ok
[INFO] [stdout] test core::lang::and::test::call_matching_only_right_arm ... ok
[INFO] [stdout] test core::json::test::call_nonparseable ... ok
[INFO] [stdout] test core::list::all::test::call_matching_homogenous_type ... ok
[INFO] [stdout] test core::list::all::test::call_nonmatching_homogenous_literal ... ok
[INFO] [stdout] test core::list::all::test::call_matching_empty ... ok
[INFO] [stdout] test core::list::all::test::call_matching_homogenous_literal ... ok
[INFO] [stdout] test core::list::all::test::call_nonmatching_homogenous_type ... ok
[INFO] [stdout] test core::list::any::test::call_matching_heterogenous_literal ... ok
[INFO] [stdout] test core::list::any::test::call_matching_heterogenous_type ... ok
[INFO] [stdout] test core::list::any::test::call_matching_homogenous_literal ... ok
[INFO] [stdout] test core::list::head::test::call_matching_homogenous_literal_default ... ok
[INFO] [stdout] test core::list::any::test::call_matching_homogenous_type ... ok
[INFO] [stdout] test core::list::any::test::call_nested ... ok
[INFO] [stdout] test core::list::any::test::call_nonmatching_empty ... ok
[INFO] [stdout] test core::list::any::test::call_nonmatching_homogenous_literal ... ok
[INFO] [stdout] test core::list::any::test::call_nonmatching_heterogenous_literal ... ok
[INFO] [stdout] test core::list::any::test::call_nonmatching_homogenous_type ... ok
[INFO] [stdout] test core::list::head::test::call_matching_homogenous_literal ... ok
[INFO] [stdout] test core::list::head::test::call_matching_homogenous_literal_empty ... ok
[INFO] [stdout] test core::list::none::test::call_matching_empty ... ok
[INFO] [stdout] test core::list::head::test::call_matching_homogenous_literal_less ... ok
[INFO] [stdout] test core::list::head::test::call_matching_homogenous_literal_no_main ... ok
[INFO] [stdout] test core::list::head::test::call_matching_homogenous_literal_zero ... ok
[INFO] [stdout] test core::list::none::test::call_matching_heterogenous_literal ... ok
[INFO] [stdout] test core::list::none::test::call_matching_homogenous_type ... ok
[INFO] [stdout] test core::list::none::test::call_matching_homogenous_literal ... ok
[INFO] [stdout] test core::list::none::test::call_nonmatching_heterogenous_type ... ok
[INFO] [stdout] test core::list::none::test::call_nonmatching_homogenous_literal ... ok
[INFO] [stdout] test core::list::none::test::call_nonmatching_homogenous_type ... ok
[INFO] [stdout] test core::list::some::test::call_matching_heterogenous_type ... ok
[INFO] [stdout] test core::list::some::test::call_matching_heterogenous_literal ... ok
[INFO] [stdout] test core::list::some::test::call_matching_homogenous_literal ... ok
[INFO] [stdout] test core::list::some::test::call_matching_homogenous_type ... ok
[INFO] [stdout] test core::list::some::test::call_matching_homogenous_type_more_than_necessary ... ok
[INFO] [stdout] test core::list::some::test::call_nonmatching_heterogenous_literal ... ok
[INFO] [stdout] test core::list::some::test::call_nonmatching_empty ... ok
[INFO] [stdout] test core::list::some::test::call_nonmatching_homogenous_literal ... ok
[INFO] [stdout] test core::list::some::test::call_nonmatching_homogenous_type ... ok
[INFO] [stdout] test core::list::tail::test::call_matching_homogenous_default ... ok
[INFO] [stdout] test core::list::tail::test::call_matching_homogenous_literal ... ok
[INFO] [stdout] test core::list::tail::test::call_matching_homogenous_literal_less ... ok
[INFO] [stdout] test core::list::tail::test::call_matching_homogenous_literal_no_main ... ok
[INFO] [stdout] test core::list::tail::test::call_matching_homogenous_literal_empty ... ok
[INFO] [stdout] test core::list::tail::test::call_matching_homogenous_literal_zero ... ok
[INFO] [stdout] test core::net::test::test_invalid_input ... ok
[INFO] [stdout] test core::net::test::test_invalid_matcher ... ok
[INFO] [stdout] test core::string::length::test::call_matching_length ... ok
[INFO] [stdout] test core::string::length::test::call_non_matching_length ... ok
[INFO] [stdout] test lang::parser::expr::test::parse_decimal_literal ... ok
[INFO] [stdout] test lang::parser::literal::test::parse_boolean ... ok
[INFO] [stdout] test lang::parser::ty::test::list_trailing_comma ... ok
[INFO] [stdout] test lang::parser::ty::test::parse_collections ... ok
[INFO] [stdout] test lang::parser::ty::test::parse_compilation_unit ... ok
[INFO] [stdout] test lang::parser::ty::test::parse_function_transform ... ok
[INFO] [stdout] test lang::parser::ty::test::parse_identifiers_including_specials ... ok
[INFO] [stdout] test lang::parser::ty::test::parse_nested_obj_ty ... ok
[INFO] [stdout] test lang::parser::ty::test::parse_parentheses ... ok
[INFO] [stdout] test core::string::length::test::call_non_matching_not_a_string ... ok
[INFO] [stdout] test lang::parser::ty::test::parse_simple_obj_ty ... ok
[INFO] [stdout] test core::string::regexp::test::call_matching_with_valid_param ... ok
[INFO] [stdout] test lang::parser::ty::test::parse_ty_defn ... ok
[INFO] [stdout] test core::net::test::test_cidr_match ... ok
[INFO] [stdout] test lang::parser::ty::test::parse_ty_name ... ok
[INFO] [stdout] test lang::parser::ty::test::parse_ty_defn_with_traversal ... ok
[INFO] [stdout] test lang::parser::ty::test::parse_postfix_and_logicals ... ok
[INFO] [stdout] test core::net::test::test_exact_match ... ok
[INFO] [stdout] test core::string::regexp::test::call_nonmatching_with_invalid_param ... ok
[INFO] [stdout] test core::string::regexp::test::call_nonmatching_with_valid_param ... ok
[INFO] [stdout] test runtime::test::link_test_data ... ok
[INFO] [stdout] test lang::builder::test::basic_smoke_test ... ok
[INFO] [stdout] test runtime::test::evaluate_matches ... ok
[INFO] [stdout] test runtime::test::ephemeral_sources ... ok
[INFO] [stdout] test runtime::test::evaluate_parameterized_types ... ok
[INFO] [stdout] test runtime::test::evaluate_parameterized_literals ... ok
[INFO] [stdout] test runtime::test::evaluate_function ... FAILED
[INFO] [stdout] 
[INFO] [stdout] failures:
[INFO] [stdout] 
[INFO] [stdout] ---- runtime::test::evaluate_function stdout ----
[INFO] [stdout] ---> Ok(())
[INFO] [stdout] thread 'runtime::test::evaluate_function' panicked at src/runtime/mod.rs:239:9:
[INFO] [stdout] assertion failed: result.unwrap().satisfied()
[INFO] [stdout] stack backtrace:
[INFO] [stdout]    0:     0x5c254c8bb4da - std::backtrace_rs::backtrace::libunwind::trace::h207520d6e9873551
[INFO] [stdout]                                at /rustc/df4ca44d3fbc9301ee17f30f4d474e6ae4b05252/library/std/src/../../backtrace/src/backtrace/libunwind.rs:116:5
[INFO] [stdout]    1:     0x5c254c8bb4da - std::backtrace_rs::backtrace::trace_unsynchronized::h2ed7433f370e3eca
[INFO] [stdout]                                at /rustc/df4ca44d3fbc9301ee17f30f4d474e6ae4b05252/library/std/src/../../backtrace/src/backtrace/mod.rs:66:5
[INFO] [stdout]    2:     0x5c254c8bb4da - std::sys::backtrace::_print_fmt::h916fac51166b18d7
[INFO] [stdout]                                at /rustc/df4ca44d3fbc9301ee17f30f4d474e6ae4b05252/library/std/src/sys/backtrace.rs:66:9
[INFO] [stdout]    3:     0x5c254c8bb4da - <std::sys::backtrace::BacktraceLock::print::DisplayBacktrace as core::fmt::Display>::fmt::ha0a4c9b8ce3802e6
[INFO] [stdout]                                at /rustc/df4ca44d3fbc9301ee17f30f4d474e6ae4b05252/library/std/src/sys/backtrace.rs:39:26
[INFO] [stdout]    4:     0x5c254c8e7573 - core::fmt::rt::Argument::fmt::h4cfc8587d52b3eb5
[INFO] [stdout]                                at /rustc/df4ca44d3fbc9301ee17f30f4d474e6ae4b05252/library/core/src/fmt/rt.rs:177:76
[INFO] [stdout]    5:     0x5c254c8e7573 - core::fmt::write::h522cc39e5b36ae9f
[INFO] [stdout]                                at /rustc/df4ca44d3fbc9301ee17f30f4d474e6ae4b05252/library/core/src/fmt/mod.rs:1190:21
[INFO] [stdout]    6:     0x5c254c8b72f3 - std::io::Write::write_fmt::h7d3c26752da97734
[INFO] [stdout]                                at /rustc/df4ca44d3fbc9301ee17f30f4d474e6ae4b05252/library/std/src/io/mod.rs:1839:15
[INFO] [stdout]    7:     0x5c254c8bb322 - std::sys::backtrace::BacktraceLock::print::h4b9e00b29e9c0942
[INFO] [stdout]                                at /rustc/df4ca44d3fbc9301ee17f30f4d474e6ae4b05252/library/std/src/sys/backtrace.rs:42:9
[INFO] [stdout]    8:     0x5c254c8bc96a - std::panicking::default_hook::{{closure}}::hb59b88280d0324d9
[INFO] [stdout]                                at /rustc/df4ca44d3fbc9301ee17f30f4d474e6ae4b05252/library/std/src/panicking.rs:268:22
[INFO] [stdout]    9:     0x5c254c8bc774 - std::panicking::default_hook::he1dd496665be4a29
[INFO] [stdout]                                at /rustc/df4ca44d3fbc9301ee17f30f4d474e6ae4b05252/library/std/src/panicking.rs:292:9
[INFO] [stdout]   10:     0x5c254bfd1de9 - <alloc::boxed::Box<F,A> as core::ops::function::Fn<Args>>::call::h4ff71de18744e1dc
[INFO] [stdout]                                at /rustc/df4ca44d3fbc9301ee17f30f4d474e6ae4b05252/library/alloc/src/boxed.rs:2468:9
[INFO] [stdout]   11:     0x5c254bfd1de9 - test::test_main::{{closure}}::hcf7c055ce117aa81
[INFO] [stdout]                                at /rustc/df4ca44d3fbc9301ee17f30f4d474e6ae4b05252/library/test/src/lib.rs:133:21
[INFO] [stdout]   12:     0x5c254c8bd068 - <alloc::boxed::Box<F,A> as core::ops::function::Fn<Args>>::call::h1d66c6bbd60c9692
[INFO] [stdout]                                at /rustc/df4ca44d3fbc9301ee17f30f4d474e6ae4b05252/library/alloc/src/boxed.rs:2468:9
[INFO] [stdout]   13:     0x5c254c8bd068 - std::panicking::rust_panic_with_hook::h2ff17fe8f26dfcf8
[INFO] [stdout]                                at /rustc/df4ca44d3fbc9301ee17f30f4d474e6ae4b05252/library/std/src/panicking.rs:809:13
[INFO] [stdout]   14:     0x5c254c8bcdf6 - std::panicking::begin_panic_handler::{{closure}}::h4fad77951c07e101
[INFO] [stdout]                                at /rustc/df4ca44d3fbc9301ee17f30f4d474e6ae4b05252/library/std/src/panicking.rs:667:13
[INFO] [stdout]   15:     0x5c254c8bb9b9 - std::sys::backtrace::__rust_end_short_backtrace::hb1a25b3da5d0ea08
[INFO] [stdout]                                at /rustc/df4ca44d3fbc9301ee17f30f4d474e6ae4b05252/library/std/src/sys/backtrace.rs:170:18
[INFO] [stdout]   16:     0x5c254c8bcabc - rust_begin_unwind
[INFO] [stdout]                                at /rustc/df4ca44d3fbc9301ee17f30f4d474e6ae4b05252/library/std/src/panicking.rs:665:5
[INFO] [stdout]   17:     0x5c254c8e4eb0 - core::panicking::panic_fmt::ha9db07b529f9b256
[INFO] [stdout]                                at /rustc/df4ca44d3fbc9301ee17f30f4d474e6ae4b05252/library/core/src/panicking.rs:75:14
[INFO] [stdout]   18:     0x5c254c8e4f3c - core::panicking::panic::h993086813d94accc
[INFO] [stdout]                                at /rustc/df4ca44d3fbc9301ee17f30f4d474e6ae4b05252/library/core/src/panicking.rs:152:5
[INFO] [stdout]   19:     0x5c254bdf8457 - seedwing_policy_engine::runtime::test::evaluate_function::{{closure}}::ha8824dc55a9bcbb7
[INFO] [stdout]                                at /opt/rustwide/workdir/src/runtime/mod.rs:239:9
[INFO] [stdout]   20:     0x5c254be7bace - <tokio::task::local::RunUntil<T> as core::future::future::Future>::poll::{{closure}}::h4836576be0bcc0af
[INFO] [stdout]                                at /opt/rustwide/cargo-home/registry/src/index.crates.io-6f17d22bba15001f/tokio-1.41.0/src/task/local.rs:1041:42
[INFO] [stdout]   21:     0x5c254be62630 - tokio::task::local::LocalSet::with::{{closure}}::h84faba95702f93d4
[INFO] [stdout]                                at /opt/rustwide/cargo-home/registry/src/index.crates.io-6f17d22bba15001f/tokio-1.41.0/src/task/local.rs:793:13
[INFO] [stdout]   22:     0x5c254bc41c40 - std::thread::local::LocalKey<T>::try_with::hab8efcf4c7b7dac9
[INFO] [stdout]                                at /rustc/df4ca44d3fbc9301ee17f30f4d474e6ae4b05252/library/std/src/thread/local.rs:283:12
[INFO] [stdout]   23:     0x5c254bc192ba - std::thread::local::LocalKey<T>::with::hca17e2f0e78f5317
[INFO] [stdout]                                at /rustc/df4ca44d3fbc9301ee17f30f4d474e6ae4b05252/library/std/src/thread/local.rs:260:9
[INFO] [stdout]   24:     0x5c254be60d56 - tokio::task::local::LocalSet::with::ha2d6d227a16efe93
[INFO] [stdout]                                at /opt/rustwide/cargo-home/registry/src/index.crates.io-6f17d22bba15001f/tokio-1.41.0/src/task/local.rs:791:9
[INFO] [stdout]   25:     0x5c254be79ee5 - <tokio::task::local::RunUntil<T> as core::future::future::Future>::poll::h8154565380065811
[INFO] [stdout]                                at /opt/rustwide/cargo-home/registry/src/index.crates.io-6f17d22bba15001f/tokio-1.41.0/src/task/local.rs:1031:9
[INFO] [stdout]   26:     0x5c254be69545 - tokio::task::local::LocalSet::run_until::{{closure}}::h6dfa94ddbfefb262
[INFO] [stdout]                                at /opt/rustwide/cargo-home/registry/src/index.crates.io-6f17d22bba15001f/tokio-1.41.0/src/task/local.rs:689:19
[INFO] [stdout]   27:     0x5c254bd9e5bd - <core::pin::Pin<P> as core::future::future::Future>::poll::h8eaf2763ea643c4e
[INFO] [stdout]                                at /rustc/df4ca44d3fbc9301ee17f30f4d474e6ae4b05252/library/core/src/future/future.rs:123:9
[INFO] [stdout]   28:     0x5c254bc120df - tokio::runtime::scheduler::current_thread::CoreGuard::block_on::{{closure}}::{{closure}}::{{closure}}::h3165ed6a88b9d87e
[INFO] [stdout]                                at /opt/rustwide/cargo-home/registry/src/index.crates.io-6f17d22bba15001f/tokio-1.41.0/src/runtime/scheduler/current_thread/mod.rs:729:57
[INFO] [stdout]   29:     0x5c254bc086f5 - tokio::runtime::coop::with_budget::hcffe3aafa424609b
[INFO] [stdout]                                at /opt/rustwide/cargo-home/registry/src/index.crates.io-6f17d22bba15001f/tokio-1.41.0/src/runtime/coop.rs:107:5
[INFO] [stdout]   30:     0x5c254bc086f5 - tokio::runtime::coop::budget::hf15acb4fb4895fd1
[INFO] [stdout]                                at /opt/rustwide/cargo-home/registry/src/index.crates.io-6f17d22bba15001f/tokio-1.41.0/src/runtime/coop.rs:73:5
[INFO] [stdout]   31:     0x5c254bc086f5 - tokio::runtime::scheduler::current_thread::CoreGuard::block_on::{{closure}}::{{closure}}::h49d935f810c20fba
[INFO] [stdout]                                at /opt/rustwide/cargo-home/registry/src/index.crates.io-6f17d22bba15001f/tokio-1.41.0/src/runtime/scheduler/current_thread/mod.rs:729:25
[INFO] [stdout]   32:     0x5c254bb6e4c0 - tokio::runtime::scheduler::current_thread::Context::enter::h075a914ff759a224
[INFO] [stdout]                                at /opt/rustwide/cargo-home/registry/src/index.crates.io-6f17d22bba15001f/tokio-1.41.0/src/runtime/scheduler/current_thread/mod.rs:428:19
[INFO] [stdout]   33:     0x5c254bbce00e - tokio::runtime::scheduler::current_thread::CoreGuard::block_on::{{closure}}::h1547de9b694fadda
[INFO] [stdout]                                at /opt/rustwide/cargo-home/registry/src/index.crates.io-6f17d22bba15001f/tokio-1.41.0/src/runtime/scheduler/current_thread/mod.rs:728:36
[INFO] [stdout]   34:     0x5c254bbc65a4 - tokio::runtime::scheduler::current_thread::CoreGuard::enter::{{closure}}::h5e6d6736ad54a419
[INFO] [stdout]                                at /opt/rustwide/cargo-home/registry/src/index.crates.io-6f17d22bba15001f/tokio-1.41.0/src/runtime/scheduler/current_thread/mod.rs:807:68
[INFO] [stdout]   35:     0x5c254bf83ecb - tokio::runtime::context::scoped::Scoped<T>::set::hc6bb8eab6c40f5fd
[INFO] [stdout]                                at /opt/rustwide/cargo-home/registry/src/index.crates.io-6f17d22bba15001f/tokio-1.41.0/src/runtime/context/scoped.rs:40:9
[INFO] [stdout]   36:     0x5c254bddae29 - tokio::runtime::context::set_scheduler::{{closure}}::h73e0ded2ede5b941
[INFO] [stdout]                                at /opt/rustwide/cargo-home/registry/src/index.crates.io-6f17d22bba15001f/tokio-1.41.0/src/runtime/context.rs:180:26
[INFO] [stdout]   37:     0x5c254bc33a5d - std::thread::local::LocalKey<T>::try_with::h74a0852314e73fb3
[INFO] [stdout]                                at /rustc/df4ca44d3fbc9301ee17f30f4d474e6ae4b05252/library/std/src/thread/local.rs:283:12
[INFO] [stdout]   38:     0x5c254bc1982a - std::thread::local::LocalKey<T>::with::hd741fac3adf5ed79
[INFO] [stdout]                                at /rustc/df4ca44d3fbc9301ee17f30f4d474e6ae4b05252/library/std/src/thread/local.rs:260:9
[INFO] [stdout]   39:     0x5c254bdd899d - tokio::runtime::context::set_scheduler::h38f8f0837879f1ec
[INFO] [stdout]                                at /opt/rustwide/cargo-home/registry/src/index.crates.io-6f17d22bba15001f/tokio-1.41.0/src/runtime/context.rs:180:9
[INFO] [stdout]   40:     0x5c254bbb4a50 - tokio::runtime::scheduler::current_thread::CoreGuard::enter::h5609b7c8eb29468e
[INFO] [stdout]                                at /opt/rustwide/cargo-home/registry/src/index.crates.io-6f17d22bba15001f/tokio-1.41.0/src/runtime/scheduler/current_thread/mod.rs:807:27
[INFO] [stdout]   41:     0x5c254bbc9723 - tokio::runtime::scheduler::current_thread::CoreGuard::block_on::hee88284000e5c896
[INFO] [stdout]                                at /opt/rustwide/cargo-home/registry/src/index.crates.io-6f17d22bba15001f/tokio-1.41.0/src/runtime/scheduler/current_thread/mod.rs:716:19
[INFO] [stdout]   42:     0x5c254bb5feff - tokio::runtime::scheduler::current_thread::CurrentThread::block_on::{{closure}}::hba9329c880cd26ee
[INFO] [stdout]                                at /opt/rustwide/cargo-home/registry/src/index.crates.io-6f17d22bba15001f/tokio-1.41.0/src/runtime/scheduler/current_thread/mod.rs:196:28
[INFO] [stdout]   43:     0x5c254be16836 - tokio::runtime::context::runtime::enter_runtime::heeb190b2c79db92a
[INFO] [stdout]                                at /opt/rustwide/cargo-home/registry/src/index.crates.io-6f17d22bba15001f/tokio-1.41.0/src/runtime/context/runtime.rs:65:16
[INFO] [stdout]   44:     0x5c254bb448c6 - tokio::runtime::scheduler::current_thread::CurrentThread::block_on::h880333357870446c
[INFO] [stdout]                                at /opt/rustwide/cargo-home/registry/src/index.crates.io-6f17d22bba15001f/tokio-1.41.0/src/runtime/scheduler/current_thread/mod.rs:184:9
[INFO] [stdout]   45:     0x5c254bdb4318 - tokio::runtime::runtime::Runtime::block_on_inner::h2a0a576439104e29
[INFO] [stdout]                                at /opt/rustwide/cargo-home/registry/src/index.crates.io-6f17d22bba15001f/tokio-1.41.0/src/runtime/runtime.rs:368:47
[INFO] [stdout]   46:     0x5c254bdc38af - tokio::runtime::runtime::Runtime::block_on::hd25e17e4900a8d20
[INFO] [stdout]                                at /opt/rustwide/cargo-home/registry/src/index.crates.io-6f17d22bba15001f/tokio-1.41.0/src/runtime/runtime.rs:342:13
[INFO] [stdout]   47:     0x5c254be652e3 - tokio::task::local::LocalSet::block_on::had438354d437c835
[INFO] [stdout]                                at /opt/rustwide/cargo-home/registry/src/index.crates.io-6f17d22bba15001f/tokio-1.41.0/src/task/local.rs:646:9
[INFO] [stdout]   48:     0x5c254bf0d20a - actix_rt::runtime::Runtime::block_on::hbf8bd68475c7f05d
[INFO] [stdout]                                at /opt/rustwide/cargo-home/registry/src/index.crates.io-6f17d22bba15001f/actix-rt-2.10.0/src/runtime.rs:138:9
[INFO] [stdout]   49:     0x5c254be32aaa - actix_rt::system::SystemRunner::block_on::haac1a762e78491a4
[INFO] [stdout]                                at /opt/rustwide/cargo-home/registry/src/index.crates.io-6f17d22bba15001f/actix-rt-2.10.0/src/system.rs:244:9
[INFO] [stdout]   50:     0x5c254bdf7828 - seedwing_policy_engine::runtime::test::evaluate_function::h87e289202012b433
[INFO] [stdout]                                at /opt/rustwide/workdir/src/runtime/mod.rs:193:5
[INFO] [stdout]   51:     0x5c254bdf77d7 - seedwing_policy_engine::runtime::test::evaluate_function::{{closure}}::h8621da4c008d5533
[INFO] [stdout]                                at /opt/rustwide/workdir/src/runtime/mod.rs:194:33
[INFO] [stdout]   52:     0x5c254be37646 - core::ops::function::FnOnce::call_once::h342219f10828caca
[INFO] [stdout]                                at /rustc/df4ca44d3fbc9301ee17f30f4d474e6ae4b05252/library/core/src/ops/function.rs:250:5
[INFO] [stdout]   53:     0x5c254bfd66bb - core::ops::function::FnOnce::call_once::h22c3ba5715e93f05
[INFO] [stdout]                                at /rustc/df4ca44d3fbc9301ee17f30f4d474e6ae4b05252/library/core/src/ops/function.rs:250:5
[INFO] [stdout]   54:     0x5c254bfd66bb - test::__rust_begin_short_backtrace::h8e82d8113d0da17f
[INFO] [stdout]                                at /rustc/df4ca44d3fbc9301ee17f30f4d474e6ae4b05252/library/test/src/lib.rs:621:18
[INFO] [stdout]   55:     0x5c254bfd6037 - test::run_test_in_process::{{closure}}::h33235f4f20b7b7c7
[INFO] [stdout]                                at /rustc/df4ca44d3fbc9301ee17f30f4d474e6ae4b05252/library/test/src/lib.rs:644:60
[INFO] [stdout]   56:     0x5c254bfd6037 - <core::panic::unwind_safe::AssertUnwindSafe<F> as core::ops::function::FnOnce<()>>::call_once::hb5043206310c586f
[INFO] [stdout]                                at /rustc/df4ca44d3fbc9301ee17f30f4d474e6ae4b05252/library/core/src/panic/unwind_safe.rs:272:9
[INFO] [stdout]   57:     0x5c254bfd6037 - std::panicking::try::do_call::h9ad4731a60ab23e2
[INFO] [stdout]                                at /rustc/df4ca44d3fbc9301ee17f30f4d474e6ae4b05252/library/std/src/panicking.rs:557:40
[INFO] [stdout]   58:     0x5c254bfd6037 - std::panicking::try::h3824d23db772a716
[INFO] [stdout]                                at /rustc/df4ca44d3fbc9301ee17f30f4d474e6ae4b05252/library/std/src/panicking.rs:520:19
[INFO] [stdout]   59:     0x5c254bfd6037 - std::panic::catch_unwind::h5afd514605fde46b
[INFO] [stdout]                                at /rustc/df4ca44d3fbc9301ee17f30f4d474e6ae4b05252/library/std/src/panic.rs:358:14
[INFO] [stdout]   60:     0x5c254bfd6037 - test::run_test_in_process::h0d5cbfa7067d1720
[INFO] [stdout]                                at /rustc/df4ca44d3fbc9301ee17f30f4d474e6ae4b05252/library/test/src/lib.rs:644:27
[INFO] [stdout]   61:     0x5c254bfd6037 - test::run_test::{{closure}}::h708eb8872708115d
[INFO] [stdout]                                at /rustc/df4ca44d3fbc9301ee17f30f4d474e6ae4b05252/library/test/src/lib.rs:565:43
[INFO] [stdout]   62:     0x5c254bf99754 - test::run_test::{{closure}}::h392c51cee94713ab
[INFO] [stdout]                                at /rustc/df4ca44d3fbc9301ee17f30f4d474e6ae4b05252/library/test/src/lib.rs:595:41
[INFO] [stdout]   63:     0x5c254bf99754 - std::sys::backtrace::__rust_begin_short_backtrace::h2f40290710935a8b
[INFO] [stdout]                                at /rustc/df4ca44d3fbc9301ee17f30f4d474e6ae4b05252/library/std/src/sys/backtrace.rs:154:18
[INFO] [stdout]   64:     0x5c254bf9cefe - std::thread::Builder::spawn_unchecked_::{{closure}}::{{closure}}::h3fd968d89053a903
[INFO] [stdout]                                at /rustc/df4ca44d3fbc9301ee17f30f4d474e6ae4b05252/library/std/src/thread/mod.rs:541:17
[INFO] [stdout]   65:     0x5c254bf9cefe - <core::panic::unwind_safe::AssertUnwindSafe<F> as core::ops::function::FnOnce<()>>::call_once::h743f637ba4229880
[INFO] [stdout]                                at /rustc/df4ca44d3fbc9301ee17f30f4d474e6ae4b05252/library/core/src/panic/unwind_safe.rs:272:9
[INFO] [stdout]   66:     0x5c254bf9cefe - std::panicking::try::do_call::h07440897322525a6
[INFO] [stdout]                                at /rustc/df4ca44d3fbc9301ee17f30f4d474e6ae4b05252/library/std/src/panicking.rs:557:40
[INFO] [stdout]   67:     0x5c254bf9cefe - std::panicking::try::he5a2e00188156637
[INFO] [stdout]                                at /rustc/df4ca44d3fbc9301ee17f30f4d474e6ae4b05252/library/std/src/panicking.rs:520:19
[INFO] [stdout]   68:     0x5c254bf9cefe - std::panic::catch_unwind::hbaf3cae49b3c6433
[INFO] [stdout]                                at /rustc/df4ca44d3fbc9301ee17f30f4d474e6ae4b05252/library/std/src/panic.rs:358:14
[INFO] [stdout]   69:     0x5c254bf9cefe - std::thread::Builder::spawn_unchecked_::{{closure}}::h8e141ea224820bce
[INFO] [stdout]                                at /rustc/df4ca44d3fbc9301ee17f30f4d474e6ae4b05252/library/std/src/thread/mod.rs:540:30
[INFO] [stdout]   70:     0x5c254bf9cefe - core::ops::function::FnOnce::call_once{{vtable.shim}}::h90d312fedd7b8ea8
[INFO] [stdout]                                at /rustc/df4ca44d3fbc9301ee17f30f4d474e6ae4b05252/library/core/src/ops/function.rs:250:5
[INFO] [stdout]   71:     0x5c254c8c1beb - <alloc::boxed::Box<F,A> as core::ops::function::FnOnce<Args>>::call_once::h69aa08ddb6adb8b6
[INFO] [stdout]                                at /rustc/df4ca44d3fbc9301ee17f30f4d474e6ae4b05252/library/alloc/src/boxed.rs:2454:9
[INFO] [stdout]   72:     0x5c254c8c1beb - <alloc::boxed::Box<F,A> as core::ops::function::FnOnce<Args>>::call_once::h5aa36efdb79c806f
[INFO] [stdout]                                at /rustc/df4ca44d3fbc9301ee17f30f4d474e6ae4b05252/library/alloc/src/boxed.rs:2454:9
[INFO] [stdout]   73:     0x5c254c8c1beb - std::sys::pal::unix::thread::Thread::new::thread_start::h6cd80a1b4be5158d
[INFO] [stdout]                                at /rustc/df4ca44d3fbc9301ee17f30f4d474e6ae4b05252/library/std/src/sys/pal/unix/thread.rs:105:17
[INFO] [stdout]   74:     0x735d87cefac3 - <unknown>
[INFO] [stdout]   75:     0x735d87d80a04 - clone
[INFO] [stdout]   76:                0x0 - <unknown>
[INFO] [stdout] 
[INFO] [stdout] 
[INFO] [stdout] failures:
[INFO] [stdout]     runtime::test::evaluate_function
[INFO] [stdout] 
[INFO] [stdout] test result: FAILED. 80 passed; 1 failed; 0 ignored; 0 measured; 0 filtered out; finished in 0.71s
[INFO] [stdout] 
[INFO] [stderr] error: test failed, to rerun pass `--lib`
[INFO] running `Command { std: "docker" "inspect" "79b2fd55279b66165788d7dc0f78a629f98b1f4b0e79706ba69969728ba67d2d", kill_on_drop: false }`
[INFO] running `Command { std: "docker" "rm" "-f" "79b2fd55279b66165788d7dc0f78a629f98b1f4b0e79706ba69969728ba67d2d", kill_on_drop: false }`
[INFO] [stdout] 79b2fd55279b66165788d7dc0f78a629f98b1f4b0e79706ba69969728ba67d2d
