[INFO] fetching crate secure-reliable-transport 0.2.1...
[INFO] testing secure-reliable-transport-0.2.1 against nightly-2024-10-28+rustflags=-Zrandomize-layout for randomize-layout
[INFO] extracting crate secure-reliable-transport 0.2.1 into /workspace/builds/worker-5-tc2/source
[INFO] validating manifest of crates.io crate secure-reliable-transport 0.2.1 on toolchain nightly-2024-10-28
[INFO] running `Command { std: CARGO_HOME="/workspace/cargo-home" RUSTUP_HOME="/workspace/rustup-home" "/workspace/cargo-home/bin/cargo" "+nightly-2024-10-28" "metadata" "--manifest-path" "Cargo.toml" "--no-deps", kill_on_drop: false }`
[INFO] started tweaking crates.io crate secure-reliable-transport 0.2.1
[INFO] finished tweaking crates.io crate secure-reliable-transport 0.2.1
[INFO] tweaked toml for crates.io crate secure-reliable-transport 0.2.1 written to /workspace/builds/worker-5-tc2/source/Cargo.toml
[INFO] crate crates.io crate secure-reliable-transport 0.2.1 already has a lockfile, it will not be regenerated
[INFO] running `Command { std: CARGO_HOME="/workspace/cargo-home" RUSTUP_HOME="/workspace/rustup-home" "/workspace/cargo-home/bin/cargo" "+nightly-2024-10-28" "fetch" "--manifest-path" "Cargo.toml", kill_on_drop: false }`
[INFO] running `Command { std: "docker" "create" "-v" "/var/lib/crater-agent-workspace/builds/worker-5-tc2/target:/opt/rustwide/target:rw,Z" "-v" "/var/lib/crater-agent-workspace/builds/worker-5-tc2/source:/opt/rustwide/workdir:ro,Z" "-v" "/var/lib/crater-agent-workspace/cargo-home:/opt/rustwide/cargo-home:ro,Z" "-v" "/var/lib/crater-agent-workspace/rustup-home:/opt/rustwide/rustup-home:ro,Z" "-e" "SOURCE_DIR=/opt/rustwide/workdir" "-e" "CARGO_TARGET_DIR=/opt/rustwide/target" "-e" "CARGO_HOME=/opt/rustwide/cargo-home" "-e" "RUSTUP_HOME=/opt/rustwide/rustup-home" "-w" "/opt/rustwide/workdir" "-m" "1610612736" "--user" "0:0" "--network" "none" "ghcr.io/rust-lang/crates-build-env/linux@sha256:4a844ea9eb2546a2d2c7022eacef16ef2e8229c7fbb2c7d4d55a9ceca922f72d" "/opt/rustwide/cargo-home/bin/cargo" "+nightly-2024-10-28" "metadata" "--no-deps" "--format-version=1", kill_on_drop: false }`
[INFO] [stdout] aaace2c575e9833c63b12542297230463ea5634f8c91ca98a21fcdbeaf362faa
[INFO] running `Command { std: "docker" "start" "-a" "aaace2c575e9833c63b12542297230463ea5634f8c91ca98a21fcdbeaf362faa", kill_on_drop: false }`
[INFO] running `Command { std: "docker" "inspect" "aaace2c575e9833c63b12542297230463ea5634f8c91ca98a21fcdbeaf362faa", kill_on_drop: false }`
[INFO] running `Command { std: "docker" "rm" "-f" "aaace2c575e9833c63b12542297230463ea5634f8c91ca98a21fcdbeaf362faa", kill_on_drop: false }`
[INFO] [stdout] aaace2c575e9833c63b12542297230463ea5634f8c91ca98a21fcdbeaf362faa
[INFO] running `Command { std: "docker" "create" "-v" "/var/lib/crater-agent-workspace/builds/worker-5-tc2/target:/opt/rustwide/target:rw,Z" "-v" "/var/lib/crater-agent-workspace/builds/worker-5-tc2/source:/opt/rustwide/workdir:ro,Z" "-v" "/var/lib/crater-agent-workspace/cargo-home:/opt/rustwide/cargo-home:ro,Z" "-v" "/var/lib/crater-agent-workspace/rustup-home:/opt/rustwide/rustup-home:ro,Z" "-e" "SOURCE_DIR=/opt/rustwide/workdir" "-e" "CARGO_TARGET_DIR=/opt/rustwide/target" "-e" "CARGO_INCREMENTAL=0" "-e" "RUST_BACKTRACE=full" "-e" "RUSTFLAGS=--cap-lints=forbid -Zrandomize-layout" "-e" "RUSTDOCFLAGS=--cap-lints=forbid" "-e" "CARGO_HOME=/opt/rustwide/cargo-home" "-e" "RUSTUP_HOME=/opt/rustwide/rustup-home" "-w" "/opt/rustwide/workdir" "-m" "1610612736" "--user" "0:0" "--network" "none" "ghcr.io/rust-lang/crates-build-env/linux@sha256:4a844ea9eb2546a2d2c7022eacef16ef2e8229c7fbb2c7d4d55a9ceca922f72d" "/opt/rustwide/cargo-home/bin/cargo" "+nightly-2024-10-28" "build" "--frozen" "--message-format=json", kill_on_drop: false }`
[INFO] [stdout] 40e9d14d48a5f557df9cfc2d9fa0b7f9c1b17a063e64b3bcf52637cd55e4d3bd
[INFO] running `Command { std: "docker" "start" "-a" "40e9d14d48a5f557df9cfc2d9fa0b7f9c1b17a063e64b3bcf52637cd55e4d3bd", kill_on_drop: false }`
[INFO] [stderr]    Compiling proc-macro2 v1.0.17
[INFO] [stderr]    Compiling unicode-xid v0.2.0
[INFO] [stderr]    Compiling libc v0.2.71
[INFO] [stderr]    Compiling syn v1.0.27
[INFO] [stderr]    Compiling cfg-if v0.1.10
[INFO] [stderr]    Compiling memchr v2.3.3
[INFO] [stderr]    Compiling log v0.4.8
[INFO] [stderr]    Compiling slab v0.4.2
[INFO] [stderr]    Compiling futures-core v0.3.5
[INFO] [stderr]    Compiling getrandom v0.1.14
[INFO] [stderr]    Compiling proc-macro-nested v0.1.4
[INFO] [stderr]    Compiling futures-sink v0.3.5
[INFO] [stderr]    Compiling once_cell v1.4.0
[INFO] [stderr]    Compiling proc-macro-hack v0.5.16
[INFO] [stderr]    Compiling autocfg v1.0.0
[INFO] [stderr]    Compiling matches v0.1.8
[INFO] [stderr]    Compiling smallvec v1.4.0
[INFO] [stderr]    Compiling futures-io v0.3.5
[INFO] [stderr]    Compiling bitflags v1.2.1
[INFO] [stderr]    Compiling pin-utils v0.1.0
[INFO] [stderr]    Compiling futures-channel v0.3.5
[INFO] [stderr]    Compiling futures-task v0.3.5
[INFO] [stderr]    Compiling unicode-bidi v0.3.4
[INFO] [stderr]    Compiling quick-error v1.2.3
[INFO] [stderr]    Compiling pin-project-lite v0.1.5
[INFO] [stderr]    Compiling unicode-normalization v0.1.12
[INFO] [stderr]    Compiling lazy_static v1.4.0
[INFO] [stderr]    Compiling ppv-lite86 v0.2.8
[INFO] [stderr]    Compiling fnv v1.0.7
[INFO] [stderr]    Compiling bytes v0.5.4
[INFO] [stderr]    Compiling anyhow v1.0.31
[INFO] [stderr]    Compiling unicode-width v0.1.7
[INFO] [stderr]    Compiling humantime v1.3.0
[INFO] [stderr]    Compiling percent-encoding v2.1.0
[INFO] [stderr]    Compiling textwrap v0.11.0
[INFO] [stderr]    Compiling num-traits v0.2.11
[INFO] [stderr]    Compiling clap v2.33.1
[INFO] [stderr]    Compiling env_logger v0.7.1
[INFO] [stderr]    Compiling quote v1.0.6
[INFO] [stderr]    Compiling net2 v0.2.34
[INFO] [stderr]    Compiling iovec v0.1.4
[INFO] [stderr]    Compiling idna v0.2.0
[INFO] [stderr]    Compiling rand_core v0.5.1
[INFO] [stderr]    Compiling mio v0.6.22
[INFO] [stderr]    Compiling rand_chacha v0.2.2
[INFO] [stderr]    Compiling rand v0.7.3
[INFO] [stderr]    Compiling url v2.1.0
[INFO] [stderr]    Compiling streaming-stats v0.2.3
[INFO] [stderr]    Compiling pin-project-internal v0.4.17
[INFO] [stderr]    Compiling futures-macro v0.3.5
[INFO] [stderr]    Compiling tokio-macros v0.2.5
[INFO] [stderr]    Compiling tokio v0.2.21
[INFO] [stderr]    Compiling pin-project v0.4.17
[INFO] [stderr]    Compiling futures-util v0.3.5
[INFO] [stderr]    Compiling tokio-util v0.2.0
[INFO] [stderr]    Compiling futures-executor v0.3.5
[INFO] [stderr]    Compiling futures v0.3.5
[INFO] [stderr]    Compiling secure-reliable-transport v0.2.1 (/opt/rustwide/workdir)
[INFO] [stdout] warning: unused imports: `CipherType` and `SrtKeyMessage`
[INFO] [stdout]   --> src/packet.rs:15:21
[INFO] [stdout]    |
[INFO] [stdout] 15 |     AckControlInfo, CipherType, ControlPacket, ControlTypes, HandshakeControlInfo, HandshakeVSInfo,
[INFO] [stdout]    |                     ^^^^^^^^^^
[INFO] [stdout] 16 |     ShakeType, SocketType, SrtControlPacket, SrtHandshake, SrtKeyMessage, SrtShakeFlags,
[INFO] [stdout]    |                                                            ^^^^^^^^^^^^^
[INFO] [stdout]    |
[INFO] [stdout]    = note: `#[warn(unused_imports)]` on by default
[INFO] [stdout] 
[INFO] [stdout] 
[INFO] [stdout] warning: fields `timestamp` and `from` are never read
[INFO] [stdout]   --> src/pending_connection/listen.rs:33:5
[INFO] [stdout]    |
[INFO] [stdout] 32 | pub struct ConclusionWaitState {
[INFO] [stdout]    |            ------------------- fields in this struct
[INFO] [stdout] 33 |     timestamp: TimeStamp,
[INFO] [stdout]    |     ^^^^^^^^^
[INFO] [stdout] 34 |     from: (SocketAddr, SocketID),
[INFO] [stdout]    |     ^^^^
[INFO] [stdout]    |
[INFO] [stdout]    = note: `ConclusionWaitState` has a derived impl for the trait `Clone`, but this is intentionally ignored during dead code analysis
[INFO] [stdout]    = note: `#[warn(dead_code)]` on by default
[INFO] [stdout] 
[INFO] [stdout] 
[INFO] [stderr]     Finished `dev` profile [unoptimized + debuginfo] target(s) in 12.19s
[INFO] running `Command { std: "docker" "inspect" "40e9d14d48a5f557df9cfc2d9fa0b7f9c1b17a063e64b3bcf52637cd55e4d3bd", kill_on_drop: false }`
[INFO] running `Command { std: "docker" "rm" "-f" "40e9d14d48a5f557df9cfc2d9fa0b7f9c1b17a063e64b3bcf52637cd55e4d3bd", kill_on_drop: false }`
[INFO] [stdout] 40e9d14d48a5f557df9cfc2d9fa0b7f9c1b17a063e64b3bcf52637cd55e4d3bd
[INFO] running `Command { std: "docker" "create" "-v" "/var/lib/crater-agent-workspace/builds/worker-5-tc2/target:/opt/rustwide/target:rw,Z" "-v" "/var/lib/crater-agent-workspace/builds/worker-5-tc2/source:/opt/rustwide/workdir:ro,Z" "-v" "/var/lib/crater-agent-workspace/cargo-home:/opt/rustwide/cargo-home:ro,Z" "-v" "/var/lib/crater-agent-workspace/rustup-home:/opt/rustwide/rustup-home:ro,Z" "-e" "SOURCE_DIR=/opt/rustwide/workdir" "-e" "CARGO_TARGET_DIR=/opt/rustwide/target" "-e" "CARGO_INCREMENTAL=0" "-e" "RUST_BACKTRACE=full" "-e" "RUSTFLAGS=--cap-lints=forbid -Zrandomize-layout" "-e" "RUSTDOCFLAGS=--cap-lints=forbid" "-e" "CARGO_HOME=/opt/rustwide/cargo-home" "-e" "RUSTUP_HOME=/opt/rustwide/rustup-home" "-w" "/opt/rustwide/workdir" "-m" "1610612736" "--user" "0:0" "--network" "none" "ghcr.io/rust-lang/crates-build-env/linux@sha256:4a844ea9eb2546a2d2c7022eacef16ef2e8229c7fbb2c7d4d55a9ceca922f72d" "/opt/rustwide/cargo-home/bin/cargo" "+nightly-2024-10-28" "test" "--frozen" "--no-run" "--message-format=json", kill_on_drop: false }`
[INFO] [stdout] ca7d340d9e214284caab5542fcd52414d9994e243d4458bff080e143167be838
[INFO] running `Command { std: "docker" "start" "-a" "ca7d340d9e214284caab5542fcd52414d9994e243d4458bff080e143167be838", kill_on_drop: false }`
[INFO] [stderr]    Compiling autocfg v0.1.7
[INFO] [stderr]    Compiling rand_core v0.4.2
[INFO] [stderr]    Compiling byteorder v1.3.4
[INFO] [stderr]    Compiling remove_dir_all v0.5.2
[INFO] [stderr]    Compiling wait-timeout v0.2.0
[INFO] [stderr]    Compiling bit-vec v0.6.2
[INFO] [stderr]    Compiling regex-syntax v0.6.17
[INFO] [stderr]    Compiling hex v0.4.2
[INFO] [stderr]    Compiling rand_distr v0.2.2
[INFO] [stdout] warning: unused imports: `CipherType` and `SrtKeyMessage`
[INFO] [stdout]   --> src/packet.rs:15:21
[INFO] [stdout]    |
[INFO] [stdout] 15 |     AckControlInfo, CipherType, ControlPacket, ControlTypes, HandshakeControlInfo, HandshakeVSInfo,
[INFO] [stdout]    |                     ^^^^^^^^^^
[INFO] [stdout] 16 |     ShakeType, SocketType, SrtControlPacket, SrtHandshake, SrtKeyMessage, SrtShakeFlags,
[INFO] [stdout]    |                                                            ^^^^^^^^^^^^^
[INFO] [stdout]    |
[INFO] [stdout]    = note: `#[warn(unused_imports)]` on by default
[INFO] [stdout] 
[INFO] [stdout] 
[INFO] [stdout] warning: fields `timestamp` and `from` are never read
[INFO] [stdout]   --> src/pending_connection/listen.rs:33:5
[INFO] [stdout]    |
[INFO] [stdout] 32 | pub struct ConclusionWaitState {
[INFO] [stdout]    |            ------------------- fields in this struct
[INFO] [stdout] 33 |     timestamp: TimeStamp,
[INFO] [stdout]    |     ^^^^^^^^^
[INFO] [stdout] 34 |     from: (SocketAddr, SocketID),
[INFO] [stdout]    |     ^^^^
[INFO] [stdout]    |
[INFO] [stdout]    = note: `ConclusionWaitState` has a derived impl for the trait `Clone`, but this is intentionally ignored during dead code analysis
[INFO] [stdout]    = note: `#[warn(dead_code)]` on by default
[INFO] [stdout] 
[INFO] [stdout] 
[INFO] [stderr]    Compiling tempfile v3.1.0
[INFO] [stderr]    Compiling rand_core v0.3.1
[INFO] [stderr]    Compiling rand_os v0.1.3
[INFO] [stderr]    Compiling rand_jitter v0.1.4
[INFO] [stderr]    Compiling rand_isaac v0.1.1
[INFO] [stderr]    Compiling rand_xorshift v0.1.1
[INFO] [stderr]    Compiling rand_hc v0.1.0
[INFO] [stderr]    Compiling bit-set v0.5.2
[INFO] [stderr]    Compiling rusty-fork v0.2.2
[INFO] [stderr]    Compiling rand_chacha v0.1.1
[INFO] [stderr]    Compiling rand_pcg v0.1.2
[INFO] [stderr]    Compiling rand v0.6.5
[INFO] [stderr]    Compiling proptest v0.9.6
[INFO] [stderr]    Compiling secure-reliable-transport v0.2.1 (/opt/rustwide/workdir)
[INFO] [stdout] warning: unused imports: `CipherType` and `SrtKeyMessage`
[INFO] [stdout]   --> src/packet.rs:15:21
[INFO] [stdout]    |
[INFO] [stdout] 15 |     AckControlInfo, CipherType, ControlPacket, ControlTypes, HandshakeControlInfo, HandshakeVSInfo,
[INFO] [stdout]    |                     ^^^^^^^^^^
[INFO] [stdout] 16 |     ShakeType, SocketType, SrtControlPacket, SrtHandshake, SrtKeyMessage, SrtShakeFlags,
[INFO] [stdout]    |                                                            ^^^^^^^^^^^^^
[INFO] [stdout]    |
[INFO] [stdout]    = note: `#[warn(unused_imports)]` on by default
[INFO] [stdout] 
[INFO] [stdout] 
[INFO] [stdout] warning: fields `timestamp` and `from` are never read
[INFO] [stdout]   --> src/pending_connection/listen.rs:33:5
[INFO] [stdout]    |
[INFO] [stdout] 32 | pub struct ConclusionWaitState {
[INFO] [stdout]    |            ------------------- fields in this struct
[INFO] [stdout] 33 |     timestamp: TimeStamp,
[INFO] [stdout]    |     ^^^^^^^^^
[INFO] [stdout] 34 |     from: (SocketAddr, SocketID),
[INFO] [stdout]    |     ^^^^
[INFO] [stdout]    |
[INFO] [stdout]    = note: `ConclusionWaitState` has a derived impl for the trait `Clone`, but this is intentionally ignored during dead code analysis
[INFO] [stdout]    = note: `#[warn(dead_code)]` on by default
[INFO] [stdout] 
[INFO] [stdout] 
[INFO] [stderr]     Finished `test` profile [unoptimized + debuginfo] target(s) in 8.60s
[INFO] running `Command { std: "docker" "inspect" "ca7d340d9e214284caab5542fcd52414d9994e243d4458bff080e143167be838", kill_on_drop: false }`
[INFO] running `Command { std: "docker" "rm" "-f" "ca7d340d9e214284caab5542fcd52414d9994e243d4458bff080e143167be838", kill_on_drop: false }`
[INFO] [stdout] ca7d340d9e214284caab5542fcd52414d9994e243d4458bff080e143167be838
[INFO] running `Command { std: "docker" "create" "-v" "/var/lib/crater-agent-workspace/builds/worker-5-tc2/target:/opt/rustwide/target:rw,Z" "-v" "/var/lib/crater-agent-workspace/builds/worker-5-tc2/source:/opt/rustwide/workdir:ro,Z" "-v" "/var/lib/crater-agent-workspace/cargo-home:/opt/rustwide/cargo-home:ro,Z" "-v" "/var/lib/crater-agent-workspace/rustup-home:/opt/rustwide/rustup-home:ro,Z" "-e" "SOURCE_DIR=/opt/rustwide/workdir" "-e" "CARGO_TARGET_DIR=/opt/rustwide/target" "-e" "CARGO_INCREMENTAL=0" "-e" "RUST_BACKTRACE=full" "-e" "RUSTFLAGS=--cap-lints=forbid -Zrandomize-layout" "-e" "RUSTDOCFLAGS=--cap-lints=forbid" "-e" "CARGO_HOME=/opt/rustwide/cargo-home" "-e" "RUSTUP_HOME=/opt/rustwide/rustup-home" "-w" "/opt/rustwide/workdir" "-m" "1610612736" "--user" "0:0" "--network" "none" "ghcr.io/rust-lang/crates-build-env/linux@sha256:4a844ea9eb2546a2d2c7022eacef16ef2e8229c7fbb2c7d4d55a9ceca922f72d" "/opt/rustwide/cargo-home/bin/cargo" "+nightly-2024-10-28" "test" "--frozen", kill_on_drop: false }`
[INFO] [stdout] 8dd97678e42dafcb8d7ca4463ac0ea01629c3f03a2b811aee9a06c8ff057442b
[INFO] running `Command { std: "docker" "start" "-a" "8dd97678e42dafcb8d7ca4463ac0ea01629c3f03a2b811aee9a06c8ff057442b", kill_on_drop: false }`
[INFO] [stderr] warning: unused imports: `CipherType` and `SrtKeyMessage`
[INFO] [stderr]   --> src/packet.rs:15:21
[INFO] [stderr]    |
[INFO] [stderr] 15 |     AckControlInfo, CipherType, ControlPacket, ControlTypes, HandshakeControlInfo, HandshakeVSInfo,
[INFO] [stderr]    |                     ^^^^^^^^^^
[INFO] [stderr] 16 |     ShakeType, SocketType, SrtControlPacket, SrtHandshake, SrtKeyMessage, SrtShakeFlags,
[INFO] [stderr]    |                                                            ^^^^^^^^^^^^^
[INFO] [stderr]    |
[INFO] [stderr]    = note: `#[warn(unused_imports)]` on by default
[INFO] [stderr] 
[INFO] [stderr] warning: fields `timestamp` and `from` are never read
[INFO] [stderr]   --> src/pending_connection/listen.rs:33:5
[INFO] [stderr]    |
[INFO] [stderr] 32 | pub struct ConclusionWaitState {
[INFO] [stderr]    |            ------------------- fields in this struct
[INFO] [stderr] 33 |     timestamp: TimeStamp,
[INFO] [stderr]    |     ^^^^^^^^^
[INFO] [stderr] 34 |     from: (SocketAddr, SocketID),
[INFO] [stderr]    |     ^^^^
[INFO] [stderr]    |
[INFO] [stderr]    = note: `ConclusionWaitState` has a derived impl for the trait `Clone`, but this is intentionally ignored during dead code analysis
[INFO] [stderr]    = note: `#[warn(dead_code)]` on by default
[INFO] [stderr] 
[INFO] [stderr] warning: `secure-reliable-transport` (lib) generated 2 warnings (run `cargo fix --lib -p secure-reliable-transport` to apply 1 suggestion)
[INFO] [stderr] warning: `secure-reliable-transport` (lib test) generated 2 warnings (2 duplicates)
[INFO] [stderr]     Finished `test` profile [unoptimized + debuginfo] target(s) in 0.06s
[INFO] [stderr]      Running unittests src/lib.rs (/opt/rustwide/target/debug/deps/srt-406e9e5192fe2fe7)
[INFO] [stdout] 
[INFO] [stdout] running 34 tests
[INFO] [stdout] test loss_compression::test::loss_compression_test ... ok
[INFO] [stdout] test modular_num::tests::new ... ok
[INFO] [stdout] test packet::control::srt::tests::deser_ser_shake ... ok
[INFO] [stdout] test modular_num::tests::mod_num_addition ... ok
[INFO] [stdout] test modular_num::tests::mod_num_cmp ... ok
[INFO] [stdout] test modular_num::tests::mod_num_subtraction ... ok
[INFO] [stdout] test packet::control::test::ack_ser_des_test ... ok
[INFO] [stdout] test packet::control::test::ack2_ser_des_test ... ok
[INFO] [stdout] test modular_num::tests::max ... ok
[INFO] [stdout] test packet::control::test::raw_handshake_srt ... ok
[INFO] [stdout] test packet::control::test::raw_srt_packet_test ... ok
[INFO] [stdout] test pending_connection::listen::test::send_data_packet ... ok
[INFO] [stdout] test pending_connection::listen::test::send_ack2 ... ok
[INFO] [stdout] test pending_connection::listen::test::send_induction_twice ... ok
[INFO] [stdout] test packet::control::test::short_ack ... ok
[INFO] [stdout] test protocol::receiver::buffer::test::not_ready_empty ... ok
[INFO] [stdout] test pending_connection::listen::test::send_wrong_handshake ... ok
[INFO] [stdout] test protocol::receiver::buffer::test::ready_multi ... ok
[INFO] [stdout] test packet::control::test::handshake_ser_des_test ... ok
[INFO] [stdout] test protocol::receiver::buffer::test::not_ready_no_more ... ok
[INFO] [stdout] test packet::control::test::raw_handshake_crypto ... ok
[INFO] [stdout] test protocol::receiver::buffer::test::not_ready_middle ... ok
[INFO] [stdout] test protocol::receiver::buffer::test::not_ready_none ... ok
[INFO] [stdout] test protocol::receiver::buffer::test::ready_single ... ok
[INFO] [stdout] test protocol::timebase::timestamp_roundtrip ... ok
[INFO] [stdout] test protocol::timebase::adjust ... ok
[INFO] [stdout] test srt_version::test::test_parse ... ok
[INFO] [stdout] test srt_version::test::test_display_debug ... ok
[INFO] [stdout] test protocol::timestamp::subtract_timestamp ... ok
[INFO] [stdout] test protocol::timebase::timestamp_from ... ok
[INFO] [stdout] test packet::control::test::raw_handshake_crypto_pt2 ... ok
[INFO] [stdout] test loss_compression::test::invalid_ordering - should panic ... ok
[INFO] [stdout] test loss_compression::test::unterminated_loop - should panic ... ok
[INFO] [stdout] test protocol::receiver::time::synchronized_remote_clock::synchronize ... ok
[INFO] [stderr]      Running unittests src/bin/stransmit-rs.rs (/opt/rustwide/target/debug/deps/stransmit_rs-137ced6f08d78db2)
[INFO] [stdout] 
[INFO] [stdout] test result: ok. 34 passed; 0 failed; 0 ignored; 0 measured; 0 filtered out; finished in 0.12s
[INFO] [stdout] 
[INFO] [stdout] 
[INFO] [stdout] running 0 tests
[INFO] [stdout] 
[INFO] [stdout] test result: ok. 0 passed; 0 failed; 0 ignored; 0 measured; 0 filtered out; finished in 0.00s
[INFO] [stdout] 
[INFO] [stderr]      Running tests/bidirectional.rs (/opt/rustwide/target/debug/deps/bidirectional-f846d35281d45f1c)
[INFO] [stdout] 
[INFO] [stdout] running 1 test
[INFO] [stdout] test bidirectional ... ok
[INFO] [stdout] 
[INFO] [stdout] test result: ok. 1 passed; 0 failed; 0 ignored; 0 measured; 0 filtered out; finished in 0.00s
[INFO] [stdout] 
[INFO] [stderr]      Running tests/crypto.rs (/opt/rustwide/target/debug/deps/crypto-ce80fc5786f2d847)
[INFO] [stdout] 
[INFO] [stdout] running 1 test
[INFO] [stdout] test crypto_exchange ... ignored
[INFO] [stdout] 
[INFO] [stdout] test result: ok. 0 passed; 0 failed; 1 ignored; 0 measured; 0 filtered out; finished in 0.00s
[INFO] [stdout] 
[INFO] [stderr]      Running tests/invalid_packets.rs (/opt/rustwide/target/debug/deps/invalid_packets-822944c2c3b91128)
[INFO] [stdout] 
[INFO] [stdout] running 1 test
[INFO] [stdout] test invalid_packets ... ok
[INFO] [stdout] 
[INFO] [stdout] test result: ok. 1 passed; 0 failed; 0 ignored; 0 measured; 0 filtered out; finished in 0.15s
[INFO] [stdout] 
[INFO] [stderr]      Running tests/keepalive.rs (/opt/rustwide/target/debug/deps/keepalive-4384aaef4714afc5)
[INFO] [stdout] 
[INFO] [stdout] running 1 test
[INFO] [stdout] test keepalive ... ok
[INFO] [stdout] 
[INFO] [stdout] test result: ok. 1 passed; 0 failed; 0 ignored; 0 measured; 0 filtered out; finished in 10.06s
[INFO] [stdout] 
[INFO] [stderr]      Running tests/latency_exchange.rs (/opt/rustwide/target/debug/deps/latency_exchange-fe5c4affea81264e)
[INFO] [stdout] 
[INFO] [stdout] running 1 test
[INFO] [stdout] test latency_exchange ... ok
[INFO] [stdout] 
[INFO] [stdout] test result: ok. 1 passed; 0 failed; 0 ignored; 0 measured; 0 filtered out; finished in 2.01s
[INFO] [stdout] 
[INFO] [stderr]      Running tests/lossy.rs (/opt/rustwide/target/debug/deps/lossy-bb69ea5b27560f87)
[INFO] [stdout] 
[INFO] [stdout] running 1 test
[INFO] [stderr]      Running tests/lossy_connect.rs (/opt/rustwide/target/debug/deps/lossy_connect-f2c98f25e48cc583)
[INFO] [stdout] test lossy ... ok
[INFO] [stdout] 
[INFO] [stdout] test result: ok. 1 passed; 0 failed; 0 ignored; 0 measured; 0 filtered out; finished in 9.02s
[INFO] [stdout] 
[INFO] [stdout] 
[INFO] [stdout] running 1 test
[INFO] [stdout] test connect ... ok
[INFO] [stdout] 
[INFO] [stdout] test result: ok. 1 passed; 0 failed; 0 ignored; 0 measured; 0 filtered out; finished in 4.75s
[INFO] [stdout] 
[INFO] [stderr]      Running tests/message_splitting.rs (/opt/rustwide/target/debug/deps/message_splitting-47dd3b1932dbc139)
[INFO] [stdout] 
[INFO] [stdout] running 1 test
[INFO] [stdout] test message_splitting ... ok
[INFO] [stdout] 
[INFO] [stdout] test result: ok. 1 passed; 0 failed; 0 ignored; 0 measured; 0 filtered out; finished in 0.00s
[INFO] [stdout] 
[INFO] [stderr]      Running tests/multiplexer.rs (/opt/rustwide/target/debug/deps/multiplexer-c904b6e5ceca72e4)
[INFO] [stdout] 
[INFO] [stdout] running 1 test
[INFO] [stdout] test multiplexer ... ok
[INFO] [stdout] 
[INFO] [stdout] test result: ok. 1 passed; 0 failed; 0 ignored; 0 measured; 0 filtered out; finished in 0.07s
[INFO] [stdout] 
[INFO] [stderr]      Running tests/no_timeout.rs (/opt/rustwide/target/debug/deps/no_timeout-7767bd68b32a4f4d)
[INFO] [stdout] 
[INFO] [stdout] running 1 test
[INFO] [stdout] test receiver_timeout ... ok
[INFO] [stdout] 
[INFO] [stdout] test result: ok. 1 passed; 0 failed; 0 ignored; 0 measured; 0 filtered out; finished in 29.05s
[INFO] [stdout] 
[INFO] [stderr]      Running tests/not_enough_latency.rs (/opt/rustwide/target/debug/deps/not_enough_latency-fe80d0c8bf363447)
[INFO] [stdout] 
[INFO] [stdout] running 1 test
[INFO] [stdout] test not_enough_latency ... ok
[INFO] [stdout] 
[INFO] [stdout] test result: ok. 1 passed; 0 failed; 0 ignored; 0 measured; 0 filtered out; finished in 0.00s
[INFO] [stdout] 
[INFO] [stderr]      Running tests/rendezvous.rs (/opt/rustwide/target/debug/deps/rendezvous-50c70b47635b1900)
[INFO] [stdout] 
[INFO] [stdout] running 1 test
[INFO] [stdout] test rendezvous ... ok
[INFO] [stdout] 
[INFO] [stdout] test result: ok. 1 passed; 0 failed; 0 ignored; 0 measured; 0 filtered out; finished in 0.00s
[INFO] [stdout] 
[INFO] [stderr]      Running tests/simple.rs (/opt/rustwide/target/debug/deps/simple-f1222f8b4ff17d69)
[INFO] [stdout] 
[INFO] [stdout] running 1 test
[INFO] [stdout] test main ... ok
[INFO] [stdout] 
[INFO] [stdout] test result: ok. 1 passed; 0 failed; 0 ignored; 0 measured; 0 filtered out; finished in 0.06s
[INFO] [stdout] 
[INFO] [stderr]      Running tests/single_packet_tsbpd.rs (/opt/rustwide/target/debug/deps/single_packet_tsbpd-8816cef550ae1571)
[INFO] [stdout] 
[INFO] [stdout] running 1 test
[INFO] [stdout] test single_packet_tsbpd ... ok
[INFO] [stdout] 
[INFO] [stdout] test result: ok. 1 passed; 0 failed; 0 ignored; 0 measured; 0 filtered out; finished in 5.00s
[INFO] [stdout] 
[INFO] [stderr]      Running tests/stransmit_cmdline.rs (/opt/rustwide/target/debug/deps/stransmit_cmdline-e8b53decf879282b)
[INFO] [stdout] 
[INFO] [stdout] running 17 tests
[INFO] [stdout] test stransmit_rs_ui::local_port_srt_listen ... ok
[INFO] [stdout] test stransmit_rs_ui::local_port_udp_recv ... ok
[INFO] [stdout] test stransmit_rs_ui::multiplex_parameter ... ok
[INFO] [stdout] test stransmit_rs_ui::no_args ... ok
[INFO] [stdout] test stransmit_rs_ui::rendezvous_no_host ... ok
[INFO] [stdout] test stransmit_rs_ui::multiplex_connect ... ok
[INFO] [stdout] test stransmit_rs_ui::multiplex_recv ... ok
[INFO] [stdout] test stransmit_rs_ui::udp_recv_as_second ... ok
[INFO] [stdout] test stransmit_rs_ui::udp_send_as_first ... ok
[INFO] [stdout] test stransmit_rs_snd_rcv::latency ... ok
[INFO] [stdout] test stransmit_rs_snd_rcv::basic ... ok
[INFO] [stdout] test stransmit_rs_snd_rcv::sender_as_listener ... ok
[INFO] [stdout] test stransmit_rs_snd_rcv::rendezvous ... ok
[INFO] [stdout] test stransmit_rs_snd_rcv::multiplex ... ok
[INFO] [stdout] test stransmit_rs_snd_rcv::sender_as_listener_srt_local_port ... ok
[INFO] [stdout] test stransmit_rs_snd_rcv::stransmit_rs_rendezvous_udp_local_port ... ok
[INFO] [stdout] test stransmit_rs_snd_rcv::udp_to_udp ... ok
[INFO] [stderr]      Running tests/stransmit_interop.rs (/opt/rustwide/target/debug/deps/stransmit_interop-152bda51813e2a48)
[INFO] [stdout] 
[INFO] [stdout] test result: ok. 17 passed; 0 failed; 0 ignored; 0 measured; 0 filtered out; finished in 9.91s
[INFO] [stdout] 
[INFO] [stdout] 
[INFO] [stdout] running 3 tests
[INFO] [stdout] test stransmit_rendezvous ... ignored
[INFO] [stdout] test stransmit_server ... FAILED
[INFO] [stdout] test stransmit_client ... FAILED
[INFO] [stdout] 
[INFO] [stdout] failures:
[INFO] [stdout] 
[INFO] [stdout] ---- stransmit_server stdout ----
[INFO] [stdout] Error: No such file or directory (os error 2)
[INFO] [stdout] 
[INFO] [stdout] ---- stransmit_client stdout ----
[INFO] [stdout] Error: No such file or directory (os error 2)
[INFO] [stdout] 
[INFO] [stdout] 
[INFO] [stdout] failures:
[INFO] [stdout]     stransmit_client
[INFO] [stdout]     stransmit_server
[INFO] [stdout] 
[INFO] [stdout] test result: FAILED. 0 passed; 2 failed; 1 ignored; 0 measured; 0 filtered out; finished in 0.00s
[INFO] [stdout] 
[INFO] [stderr] error: test failed, to rerun pass `--test stransmit_interop`
[INFO] running `Command { std: "docker" "inspect" "8dd97678e42dafcb8d7ca4463ac0ea01629c3f03a2b811aee9a06c8ff057442b", kill_on_drop: false }`
[INFO] running `Command { std: "docker" "rm" "-f" "8dd97678e42dafcb8d7ca4463ac0ea01629c3f03a2b811aee9a06c8ff057442b", kill_on_drop: false }`
[INFO] [stdout] 8dd97678e42dafcb8d7ca4463ac0ea01629c3f03a2b811aee9a06c8ff057442b
