[INFO] fetching crate scrapyard 0.3.1...
[INFO] testing scrapyard-0.3.1 against nightly-2024-10-28+rustflags=-Zrandomize-layout for randomize-layout
[INFO] extracting crate scrapyard 0.3.1 into /workspace/builds/worker-5-tc2/source
[INFO] validating manifest of crates.io crate scrapyard 0.3.1 on toolchain nightly-2024-10-28
[INFO] running `Command { std: CARGO_HOME="/workspace/cargo-home" RUSTUP_HOME="/workspace/rustup-home" "/workspace/cargo-home/bin/cargo" "+nightly-2024-10-28" "metadata" "--manifest-path" "Cargo.toml" "--no-deps", kill_on_drop: false }`
[INFO] started tweaking crates.io crate scrapyard 0.3.1
[INFO] finished tweaking crates.io crate scrapyard 0.3.1
[INFO] tweaked toml for crates.io crate scrapyard 0.3.1 written to /workspace/builds/worker-5-tc2/source/Cargo.toml
[INFO] running `Command { std: CARGO_HOME="/workspace/cargo-home" RUSTUP_HOME="/workspace/rustup-home" "/workspace/cargo-home/bin/cargo" "+nightly-2024-10-28" "generate-lockfile" "--manifest-path" "Cargo.toml", kill_on_drop: false }`
[INFO] [stderr]     Updating crates.io index
[INFO] [stderr]      Locking 168 packages to latest compatible versions
[INFO] [stderr]       Adding reqwest v0.11.27 (available: v0.12.9)
[INFO] [stderr]       Adding serde-inline-default v0.1.1 (available: v0.2.2)
[INFO] [stderr]       Adding serde_default v0.1.0 (available: v0.2.0)
[INFO] running `Command { std: CARGO_HOME="/workspace/cargo-home" RUSTUP_HOME="/workspace/rustup-home" "/workspace/cargo-home/bin/cargo" "+nightly-2024-10-28" "fetch" "--manifest-path" "Cargo.toml", kill_on_drop: false }`
[INFO] running `Command { std: "docker" "create" "-v" "/var/lib/crater-agent-workspace/builds/worker-5-tc2/target:/opt/rustwide/target:rw,Z" "-v" "/var/lib/crater-agent-workspace/builds/worker-5-tc2/source:/opt/rustwide/workdir:ro,Z" "-v" "/var/lib/crater-agent-workspace/cargo-home:/opt/rustwide/cargo-home:ro,Z" "-v" "/var/lib/crater-agent-workspace/rustup-home:/opt/rustwide/rustup-home:ro,Z" "-e" "SOURCE_DIR=/opt/rustwide/workdir" "-e" "CARGO_TARGET_DIR=/opt/rustwide/target" "-e" "CARGO_HOME=/opt/rustwide/cargo-home" "-e" "RUSTUP_HOME=/opt/rustwide/rustup-home" "-w" "/opt/rustwide/workdir" "-m" "1610612736" "--user" "0:0" "--network" "none" "ghcr.io/rust-lang/crates-build-env/linux@sha256:4a844ea9eb2546a2d2c7022eacef16ef2e8229c7fbb2c7d4d55a9ceca922f72d" "/opt/rustwide/cargo-home/bin/cargo" "+nightly-2024-10-28" "metadata" "--no-deps" "--format-version=1", kill_on_drop: false }`
[INFO] [stdout] 730b67d3edbf2f40b75fcf033d31e4f5e5d6cd306a3e48d07d1d4c41967a4e37
[INFO] running `Command { std: "docker" "start" "-a" "730b67d3edbf2f40b75fcf033d31e4f5e5d6cd306a3e48d07d1d4c41967a4e37", kill_on_drop: false }`
[INFO] running `Command { std: "docker" "inspect" "730b67d3edbf2f40b75fcf033d31e4f5e5d6cd306a3e48d07d1d4c41967a4e37", kill_on_drop: false }`
[INFO] running `Command { std: "docker" "rm" "-f" "730b67d3edbf2f40b75fcf033d31e4f5e5d6cd306a3e48d07d1d4c41967a4e37", kill_on_drop: false }`
[INFO] [stdout] 730b67d3edbf2f40b75fcf033d31e4f5e5d6cd306a3e48d07d1d4c41967a4e37
[INFO] running `Command { std: "docker" "create" "-v" "/var/lib/crater-agent-workspace/builds/worker-5-tc2/target:/opt/rustwide/target:rw,Z" "-v" "/var/lib/crater-agent-workspace/builds/worker-5-tc2/source:/opt/rustwide/workdir:ro,Z" "-v" "/var/lib/crater-agent-workspace/cargo-home:/opt/rustwide/cargo-home:ro,Z" "-v" "/var/lib/crater-agent-workspace/rustup-home:/opt/rustwide/rustup-home:ro,Z" "-e" "SOURCE_DIR=/opt/rustwide/workdir" "-e" "CARGO_TARGET_DIR=/opt/rustwide/target" "-e" "CARGO_INCREMENTAL=0" "-e" "RUST_BACKTRACE=full" "-e" "RUSTFLAGS=--cap-lints=forbid -Zrandomize-layout" "-e" "RUSTDOCFLAGS=--cap-lints=forbid" "-e" "CARGO_HOME=/opt/rustwide/cargo-home" "-e" "RUSTUP_HOME=/opt/rustwide/rustup-home" "-w" "/opt/rustwide/workdir" "-m" "1610612736" "--user" "0:0" "--network" "none" "ghcr.io/rust-lang/crates-build-env/linux@sha256:4a844ea9eb2546a2d2c7022eacef16ef2e8229c7fbb2c7d4d55a9ceca922f72d" "/opt/rustwide/cargo-home/bin/cargo" "+nightly-2024-10-28" "build" "--frozen" "--message-format=json", kill_on_drop: false }`
[INFO] [stdout] 17e504805cc0ec2199f55197fe40b84564f1d9db3283308ccc0b1f792bdbb45e
[INFO] running `Command { std: "docker" "start" "-a" "17e504805cc0ec2199f55197fe40b84564f1d9db3283308ccc0b1f792bdbb45e", kill_on_drop: false }`
[INFO] [stderr]    Compiling fnv v1.0.7
[INFO] [stderr]    Compiling vcpkg v0.2.15
[INFO] [stderr]    Compiling pkg-config v0.3.31
[INFO] [stderr]    Compiling bytes v1.8.0
[INFO] [stderr]    Compiling strsim v0.11.1
[INFO] [stderr]    Compiling syn v1.0.109
[INFO] [stderr]    Compiling futures-core v0.3.31
[INFO] [stderr]    Compiling slab v0.4.9
[INFO] [stderr]    Compiling num-traits v0.2.19
[INFO] [stderr]    Compiling foreign-types-shared v0.1.1
[INFO] [stderr]    Compiling openssl v0.10.68
[INFO] [stderr]    Compiling tracing-core v0.1.32
[INFO] [stderr]    Compiling futures-task v0.3.31
[INFO] [stderr]    Compiling pin-utils v0.1.0
[INFO] [stderr]    Compiling syn v2.0.86
[INFO] [stderr]    Compiling mio v1.0.2
[INFO] [stderr]    Compiling signal-hook-registry v1.4.2
[INFO] [stderr]    Compiling socket2 v0.5.7
[INFO] [stderr]    Compiling foreign-types v0.3.2
[INFO] [stderr]    Compiling httparse v1.9.5
[INFO] [stderr]    Compiling hashbrown v0.15.0
[INFO] [stderr]    Compiling native-tls v0.2.12
[INFO] [stderr]    Compiling bitflags v2.6.0
[INFO] [stderr]    Compiling futures-sink v0.3.31
[INFO] [stderr]    Compiling equivalent v1.0.1
[INFO] [stderr]    Compiling futures-util v0.3.31
[INFO] [stderr]    Compiling encoding_rs v0.8.35
[INFO] [stderr]    Compiling openssl-probe v0.1.5
[INFO] [stderr]    Compiling http v0.2.12
[INFO] [stderr]    Compiling tracing v0.1.40
[INFO] [stderr]    Compiling try-lock v0.2.5
[INFO] [stderr]    Compiling iana-time-zone v0.1.61
[INFO] [stderr]    Compiling want v0.3.1
[INFO] [stderr]    Compiling unicode-normalization v0.1.24
[INFO] [stderr]    Compiling futures-channel v0.3.31
[INFO] [stderr]    Compiling httpdate v1.0.3
[INFO] [stderr]    Compiling indexmap v2.6.0
[INFO] [stderr]    Compiling tower-service v0.3.3
[INFO] [stderr]    Compiling option-ext v0.2.0
[INFO] [stderr]    Compiling never v0.1.0
[INFO] [stderr]    Compiling base64 v0.21.7
[INFO] [stderr]    Compiling scrapyard v0.3.1 (/opt/rustwide/workdir)
[INFO] [stderr]    Compiling dirs-sys v0.4.1
[INFO] [stderr]    Compiling sync_wrapper v0.1.2
[INFO] [stderr]    Compiling ipnet v2.10.1
[INFO] [stderr]    Compiling mime v0.3.17
[INFO] [stderr]    Compiling openssl-sys v0.9.104
[INFO] [stderr]    Compiling subprocess v0.2.9
[INFO] [stderr]    Compiling dirs v5.0.1
[INFO] [stderr]    Compiling chrono v0.4.38
[INFO] [stderr]    Compiling rustls-pemfile v1.0.4
[INFO] [stderr]    Compiling idna v0.5.0
[INFO] [stderr]    Compiling http-body v0.4.6
[INFO] [stderr]    Compiling quick-xml v0.36.2
[INFO] [stderr]    Compiling url v2.5.2
[INFO] [stderr]    Compiling diligent-date-parser v0.1.4
[INFO] [stderr]    Compiling darling_core v0.13.4
[INFO] [stderr]    Compiling darling_core v0.20.10
[INFO] [stderr]    Compiling serde-inline-default v0.1.1
[INFO] [stderr]    Compiling tokio-macros v2.4.0
[INFO] [stderr]    Compiling openssl-macros v0.1.1
[INFO] [stderr]    Compiling serde_derive v1.0.214
[INFO] [stderr]    Compiling async-recursion v1.1.1
[INFO] [stderr]    Compiling async-trait v0.1.83
[INFO] [stderr]    Compiling tokio v1.41.0
[INFO] [stderr]    Compiling darling_macro v0.13.4
[INFO] [stderr]    Compiling darling v0.13.4
[INFO] [stderr]    Compiling darling_macro v0.20.10
[INFO] [stderr]    Compiling serde_default v0.1.0
[INFO] [stderr]    Compiling darling v0.20.10
[INFO] [stderr]    Compiling derive_builder_core v0.20.2
[INFO] [stderr]    Compiling derive_builder_macro v0.20.2
[INFO] [stderr]    Compiling derive_builder v0.20.2
[INFO] [stderr]    Compiling atom_syndication v0.12.4
[INFO] [stderr]    Compiling serde v1.0.214
[INFO] [stderr]    Compiling rss v2.0.9
[INFO] [stderr]    Compiling tokio-util v0.7.12
[INFO] [stderr]    Compiling tokio-native-tls v0.3.1
[INFO] [stderr]    Compiling serde_urlencoded v0.7.1
[INFO] [stderr]    Compiling serde_json v1.0.132
[INFO] [stderr]    Compiling h2 v0.3.26
[INFO] [stderr]    Compiling hyper v0.14.31
[INFO] [stderr]    Compiling hyper-tls v0.5.0
[INFO] [stderr]    Compiling reqwest v0.11.27
[INFO] [stdout] warning: creating a shared reference to mutable static is discouraged
[INFO] [stdout]   --> src/locks.rs:17:16
[INFO] [stdout]    |
[INFO] [stdout] 17 |             if $locks.0.get().is_none() {
[INFO] [stdout]    |                ^^^^^^^^ shared reference to mutable static
[INFO] [stdout]    |
[INFO] [stdout]   ::: src/options/feeds.rs:74:37
[INFO] [stdout]    |
[INFO] [stdout] 74 |                         let _lock = take_lock!(LOCKS, feed.label.clone());
[INFO] [stdout]    |                                     ------------------------------------- in this macro invocation
[INFO] [stdout]    |
[INFO] [stdout]    = note: for more information, see <https://doc.rust-lang.org/nightly/edition-guide/rust-2024/static-mut-references.html>
[INFO] [stdout]    = note: shared references to mutable statics are dangerous; it's undefined behavior if the static is mutated or if a mutable reference is created for it while the shared reference lives
[INFO] [stdout]    = note: `#[warn(static_mut_refs)]` on by default
[INFO] [stdout]    = note: this warning originates in the macro `take_lock` (in Nightly builds, run with -Z macro-backtrace for more info)
[INFO] [stdout] 
[INFO] [stdout] 
[INFO] [stdout] warning: creating a shared reference to mutable static is discouraged
[INFO] [stdout]   --> src/locks.rs:18:17
[INFO] [stdout]    |
[INFO] [stdout] 18 |                 $locks.0.set(std::collections::HashMap::default()).unwrap();
[INFO] [stdout]    |                 ^^^^^^^^ shared reference to mutable static
[INFO] [stdout]    |
[INFO] [stdout]   ::: src/options/feeds.rs:74:37
[INFO] [stdout]    |
[INFO] [stdout] 74 |                         let _lock = take_lock!(LOCKS, feed.label.clone());
[INFO] [stdout]    |                                     ------------------------------------- in this macro invocation
[INFO] [stdout]    |
[INFO] [stdout]    = note: for more information, see <https://doc.rust-lang.org/nightly/edition-guide/rust-2024/static-mut-references.html>
[INFO] [stdout]    = note: shared references to mutable statics are dangerous; it's undefined behavior if the static is mutated or if a mutable reference is created for it while the shared reference lives
[INFO] [stdout]    = note: this warning originates in the macro `take_lock` (in Nightly builds, run with -Z macro-backtrace for more info)
[INFO] [stdout] 
[INFO] [stdout] 
[INFO] [stdout] warning: creating a mutable reference to mutable static is discouraged
[INFO] [stdout]   --> src/locks.rs:20:13
[INFO] [stdout]    |
[INFO] [stdout] 20 | /             $locks
[INFO] [stdout] 21 | |                 .0
[INFO] [stdout]    | |__________________^ mutable reference to mutable static
[INFO] [stdout]    |
[INFO] [stdout]   ::: src/options/feeds.rs:74:37
[INFO] [stdout]    |
[INFO] [stdout] 74 |                           let _lock = take_lock!(LOCKS, feed.label.clone());
[INFO] [stdout]    |                                       ------------------------------------- in this macro invocation
[INFO] [stdout]    |
[INFO] [stdout]    = note: for more information, see <https://doc.rust-lang.org/nightly/edition-guide/rust-2024/static-mut-references.html>
[INFO] [stdout]    = note: mutable references to mutable statics are dangerous; it's undefined behavior if any other pointer to the static is used or if any other reference is created for the static while the mutable reference lives
[INFO] [stdout]    = note: this warning originates in the macro `take_lock` (in Nightly builds, run with -Z macro-backtrace for more info)
[INFO] [stdout] 
[INFO] [stdout] 
[INFO] [stderr]     Finished `dev` profile [unoptimized + debuginfo] target(s) in 17.69s
[INFO] running `Command { std: "docker" "inspect" "17e504805cc0ec2199f55197fe40b84564f1d9db3283308ccc0b1f792bdbb45e", kill_on_drop: false }`
[INFO] running `Command { std: "docker" "rm" "-f" "17e504805cc0ec2199f55197fe40b84564f1d9db3283308ccc0b1f792bdbb45e", kill_on_drop: false }`
[INFO] [stdout] 17e504805cc0ec2199f55197fe40b84564f1d9db3283308ccc0b1f792bdbb45e
[INFO] running `Command { std: "docker" "create" "-v" "/var/lib/crater-agent-workspace/builds/worker-5-tc2/target:/opt/rustwide/target:rw,Z" "-v" "/var/lib/crater-agent-workspace/builds/worker-5-tc2/source:/opt/rustwide/workdir:ro,Z" "-v" "/var/lib/crater-agent-workspace/cargo-home:/opt/rustwide/cargo-home:ro,Z" "-v" "/var/lib/crater-agent-workspace/rustup-home:/opt/rustwide/rustup-home:ro,Z" "-e" "SOURCE_DIR=/opt/rustwide/workdir" "-e" "CARGO_TARGET_DIR=/opt/rustwide/target" "-e" "CARGO_INCREMENTAL=0" "-e" "RUST_BACKTRACE=full" "-e" "RUSTFLAGS=--cap-lints=forbid -Zrandomize-layout" "-e" "RUSTDOCFLAGS=--cap-lints=forbid" "-e" "CARGO_HOME=/opt/rustwide/cargo-home" "-e" "RUSTUP_HOME=/opt/rustwide/rustup-home" "-w" "/opt/rustwide/workdir" "-m" "1610612736" "--user" "0:0" "--network" "none" "ghcr.io/rust-lang/crates-build-env/linux@sha256:4a844ea9eb2546a2d2c7022eacef16ef2e8229c7fbb2c7d4d55a9ceca922f72d" "/opt/rustwide/cargo-home/bin/cargo" "+nightly-2024-10-28" "test" "--frozen" "--no-run" "--message-format=json", kill_on_drop: false }`
[INFO] [stdout] 4df86c69a66d5331afd63fb4050bc5f439a865a73d979dd72f6f700c5f4be261
[INFO] running `Command { std: "docker" "start" "-a" "4df86c69a66d5331afd63fb4050bc5f439a865a73d979dd72f6f700c5f4be261", kill_on_drop: false }`
[INFO] [stdout] warning: creating a shared reference to mutable static is discouraged
[INFO] [stdout]   --> src/locks.rs:17:16
[INFO] [stdout]    |
[INFO] [stdout] 17 |             if $locks.0.get().is_none() {
[INFO] [stdout]    |                ^^^^^^^^ shared reference to mutable static
[INFO] [stdout]    |
[INFO] [stdout]   ::: src/options/feeds.rs:74:37
[INFO] [stdout]    |
[INFO] [stdout] 74 |                         let _lock = take_lock!(LOCKS, feed.label.clone());
[INFO] [stdout]    |                                     ------------------------------------- in this macro invocation
[INFO] [stdout]    |
[INFO] [stdout]    = note: for more information, see <https://doc.rust-lang.org/nightly/edition-guide/rust-2024/static-mut-references.html>
[INFO] [stdout]    = note: shared references to mutable statics are dangerous; it's undefined behavior if the static is mutated or if a mutable reference is created for it while the shared reference lives
[INFO] [stdout]    = note: `#[warn(static_mut_refs)]` on by default
[INFO] [stdout]    = note: this warning originates in the macro `take_lock` (in Nightly builds, run with -Z macro-backtrace for more info)
[INFO] [stdout] 
[INFO] [stdout] 
[INFO] [stdout] warning: creating a shared reference to mutable static is discouraged
[INFO] [stdout]   --> src/locks.rs:18:17
[INFO] [stdout]    |
[INFO] [stdout] 18 |                 $locks.0.set(std::collections::HashMap::default()).unwrap();
[INFO] [stdout]    |                 ^^^^^^^^ shared reference to mutable static
[INFO] [stdout]    |
[INFO] [stdout]   ::: src/options/feeds.rs:74:37
[INFO] [stdout]    |
[INFO] [stdout] 74 |                         let _lock = take_lock!(LOCKS, feed.label.clone());
[INFO] [stdout]    |                                     ------------------------------------- in this macro invocation
[INFO] [stdout]    |
[INFO] [stdout]    = note: for more information, see <https://doc.rust-lang.org/nightly/edition-guide/rust-2024/static-mut-references.html>
[INFO] [stdout]    = note: shared references to mutable statics are dangerous; it's undefined behavior if the static is mutated or if a mutable reference is created for it while the shared reference lives
[INFO] [stdout]    = note: this warning originates in the macro `take_lock` (in Nightly builds, run with -Z macro-backtrace for more info)
[INFO] [stdout] 
[INFO] [stdout] 
[INFO] [stdout] warning: creating a mutable reference to mutable static is discouraged
[INFO] [stdout]   --> src/locks.rs:20:13
[INFO] [stdout]    |
[INFO] [stdout] 20 | /             $locks
[INFO] [stdout] 21 | |                 .0
[INFO] [stdout]    | |__________________^ mutable reference to mutable static
[INFO] [stdout]    |
[INFO] [stdout]   ::: src/options/feeds.rs:74:37
[INFO] [stdout]    |
[INFO] [stdout] 74 |                           let _lock = take_lock!(LOCKS, feed.label.clone());
[INFO] [stdout]    |                                       ------------------------------------- in this macro invocation
[INFO] [stdout]    |
[INFO] [stdout]    = note: for more information, see <https://doc.rust-lang.org/nightly/edition-guide/rust-2024/static-mut-references.html>
[INFO] [stdout]    = note: mutable references to mutable statics are dangerous; it's undefined behavior if any other pointer to the static is used or if any other reference is created for the static while the mutable reference lives
[INFO] [stdout]    = note: this warning originates in the macro `take_lock` (in Nightly builds, run with -Z macro-backtrace for more info)
[INFO] [stdout] 
[INFO] [stdout] 
[INFO] [stderr]    Compiling scrapyard v0.3.1 (/opt/rustwide/workdir)
[INFO] [stdout] warning: creating a shared reference to mutable static is discouraged
[INFO] [stdout]   --> src/locks.rs:17:16
[INFO] [stdout]    |
[INFO] [stdout] 17 |             if $locks.0.get().is_none() {
[INFO] [stdout]    |                ^^^^^^^^ shared reference to mutable static
[INFO] [stdout]    |
[INFO] [stdout]   ::: src/options/feeds.rs:74:37
[INFO] [stdout]    |
[INFO] [stdout] 74 |                         let _lock = take_lock!(LOCKS, feed.label.clone());
[INFO] [stdout]    |                                     ------------------------------------- in this macro invocation
[INFO] [stdout]    |
[INFO] [stdout]    = note: for more information, see <https://doc.rust-lang.org/nightly/edition-guide/rust-2024/static-mut-references.html>
[INFO] [stdout]    = note: shared references to mutable statics are dangerous; it's undefined behavior if the static is mutated or if a mutable reference is created for it while the shared reference lives
[INFO] [stdout]    = note: `#[warn(static_mut_refs)]` on by default
[INFO] [stdout]    = note: this warning originates in the macro `take_lock` (in Nightly builds, run with -Z macro-backtrace for more info)
[INFO] [stdout] 
[INFO] [stdout] 
[INFO] [stdout] warning: creating a shared reference to mutable static is discouraged
[INFO] [stdout]   --> src/locks.rs:18:17
[INFO] [stdout]    |
[INFO] [stdout] 18 |                 $locks.0.set(std::collections::HashMap::default()).unwrap();
[INFO] [stdout]    |                 ^^^^^^^^ shared reference to mutable static
[INFO] [stdout]    |
[INFO] [stdout]   ::: src/options/feeds.rs:74:37
[INFO] [stdout]    |
[INFO] [stdout] 74 |                         let _lock = take_lock!(LOCKS, feed.label.clone());
[INFO] [stdout]    |                                     ------------------------------------- in this macro invocation
[INFO] [stdout]    |
[INFO] [stdout]    = note: for more information, see <https://doc.rust-lang.org/nightly/edition-guide/rust-2024/static-mut-references.html>
[INFO] [stdout]    = note: shared references to mutable statics are dangerous; it's undefined behavior if the static is mutated or if a mutable reference is created for it while the shared reference lives
[INFO] [stdout]    = note: this warning originates in the macro `take_lock` (in Nightly builds, run with -Z macro-backtrace for more info)
[INFO] [stdout] 
[INFO] [stdout] 
[INFO] [stdout] warning: creating a mutable reference to mutable static is discouraged
[INFO] [stdout]   --> src/locks.rs:20:13
[INFO] [stdout]    |
[INFO] [stdout] 20 | /             $locks
[INFO] [stdout] 21 | |                 .0
[INFO] [stdout]    | |__________________^ mutable reference to mutable static
[INFO] [stdout]    |
[INFO] [stdout]   ::: src/options/feeds.rs:74:37
[INFO] [stdout]    |
[INFO] [stdout] 74 |                           let _lock = take_lock!(LOCKS, feed.label.clone());
[INFO] [stdout]    |                                       ------------------------------------- in this macro invocation
[INFO] [stdout]    |
[INFO] [stdout]    = note: for more information, see <https://doc.rust-lang.org/nightly/edition-guide/rust-2024/static-mut-references.html>
[INFO] [stdout]    = note: mutable references to mutable statics are dangerous; it's undefined behavior if any other pointer to the static is used or if any other reference is created for the static while the mutable reference lives
[INFO] [stdout]    = note: this warning originates in the macro `take_lock` (in Nightly builds, run with -Z macro-backtrace for more info)
[INFO] [stdout] 
[INFO] [stdout] 
[INFO] [stderr]     Finished `test` profile [unoptimized + debuginfo] target(s) in 1.36s
[INFO] running `Command { std: "docker" "inspect" "4df86c69a66d5331afd63fb4050bc5f439a865a73d979dd72f6f700c5f4be261", kill_on_drop: false }`
[INFO] running `Command { std: "docker" "rm" "-f" "4df86c69a66d5331afd63fb4050bc5f439a865a73d979dd72f6f700c5f4be261", kill_on_drop: false }`
[INFO] [stdout] 4df86c69a66d5331afd63fb4050bc5f439a865a73d979dd72f6f700c5f4be261
[INFO] running `Command { std: "docker" "create" "-v" "/var/lib/crater-agent-workspace/builds/worker-5-tc2/target:/opt/rustwide/target:rw,Z" "-v" "/var/lib/crater-agent-workspace/builds/worker-5-tc2/source:/opt/rustwide/workdir:ro,Z" "-v" "/var/lib/crater-agent-workspace/cargo-home:/opt/rustwide/cargo-home:ro,Z" "-v" "/var/lib/crater-agent-workspace/rustup-home:/opt/rustwide/rustup-home:ro,Z" "-e" "SOURCE_DIR=/opt/rustwide/workdir" "-e" "CARGO_TARGET_DIR=/opt/rustwide/target" "-e" "CARGO_INCREMENTAL=0" "-e" "RUST_BACKTRACE=full" "-e" "RUSTFLAGS=--cap-lints=forbid -Zrandomize-layout" "-e" "RUSTDOCFLAGS=--cap-lints=forbid" "-e" "CARGO_HOME=/opt/rustwide/cargo-home" "-e" "RUSTUP_HOME=/opt/rustwide/rustup-home" "-w" "/opt/rustwide/workdir" "-m" "1610612736" "--user" "0:0" "--network" "none" "ghcr.io/rust-lang/crates-build-env/linux@sha256:4a844ea9eb2546a2d2c7022eacef16ef2e8229c7fbb2c7d4d55a9ceca922f72d" "/opt/rustwide/cargo-home/bin/cargo" "+nightly-2024-10-28" "test" "--frozen", kill_on_drop: false }`
[INFO] [stdout] 760ff19112b5d32196576bc07073afa225fae2b116c54a84a13b3c1604b57fb7
[INFO] running `Command { std: "docker" "start" "-a" "760ff19112b5d32196576bc07073afa225fae2b116c54a84a13b3c1604b57fb7", kill_on_drop: false }`
[INFO] [stderr] warning: creating a shared reference to mutable static is discouraged
[INFO] [stderr]   --> src/locks.rs:17:16
[INFO] [stderr]    |
[INFO] [stderr] 17 |             if $locks.0.get().is_none() {
[INFO] [stderr]    |                ^^^^^^^^ shared reference to mutable static
[INFO] [stderr]    |
[INFO] [stderr]   ::: src/options/feeds.rs:74:37
[INFO] [stderr]    |
[INFO] [stderr] 74 |                         let _lock = take_lock!(LOCKS, feed.label.clone());
[INFO] [stderr]    |                                     ------------------------------------- in this macro invocation
[INFO] [stderr]    |
[INFO] [stderr]    = note: for more information, see <https://doc.rust-lang.org/nightly/edition-guide/rust-2024/static-mut-references.html>
[INFO] [stderr]    = note: shared references to mutable statics are dangerous; it's undefined behavior if the static is mutated or if a mutable reference is created for it while the shared reference lives
[INFO] [stderr]    = note: `#[warn(static_mut_refs)]` on by default
[INFO] [stderr]    = note: this warning originates in the macro `take_lock` (in Nightly builds, run with -Z macro-backtrace for more info)
[INFO] [stderr] 
[INFO] [stderr] warning: creating a shared reference to mutable static is discouraged
[INFO] [stderr]   --> src/locks.rs:18:17
[INFO] [stderr]    |
[INFO] [stderr] 18 |                 $locks.0.set(std::collections::HashMap::default()).unwrap();
[INFO] [stderr]    |                 ^^^^^^^^ shared reference to mutable static
[INFO] [stderr]    |
[INFO] [stderr]   ::: src/options/feeds.rs:74:37
[INFO] [stderr]    |
[INFO] [stderr] 74 |                         let _lock = take_lock!(LOCKS, feed.label.clone());
[INFO] [stderr]    |                                     ------------------------------------- in this macro invocation
[INFO] [stderr]    |
[INFO] [stderr]    = note: for more information, see <https://doc.rust-lang.org/nightly/edition-guide/rust-2024/static-mut-references.html>
[INFO] [stderr]    = note: shared references to mutable statics are dangerous; it's undefined behavior if the static is mutated or if a mutable reference is created for it while the shared reference lives
[INFO] [stderr]    = note: this warning originates in the macro `take_lock` (in Nightly builds, run with -Z macro-backtrace for more info)
[INFO] [stderr] 
[INFO] [stderr] warning: creating a mutable reference to mutable static is discouraged
[INFO] [stderr]   --> src/locks.rs:20:13
[INFO] [stderr]    |
[INFO] [stderr] 20 | /             $locks
[INFO] [stderr] 21 | |                 .0
[INFO] [stderr]    | |__________________^ mutable reference to mutable static
[INFO] [stderr]    |
[INFO] [stderr]   ::: src/options/feeds.rs:74:37
[INFO] [stderr]    |
[INFO] [stderr] 74 |                           let _lock = take_lock!(LOCKS, feed.label.clone());
[INFO] [stderr]    |                                       ------------------------------------- in this macro invocation
[INFO] [stderr]    |
[INFO] [stderr]    = note: for more information, see <https://doc.rust-lang.org/nightly/edition-guide/rust-2024/static-mut-references.html>
[INFO] [stderr]    = note: mutable references to mutable statics are dangerous; it's undefined behavior if any other pointer to the static is used or if any other reference is created for the static while the mutable reference lives
[INFO] [stderr]    = note: this warning originates in the macro `take_lock` (in Nightly builds, run with -Z macro-backtrace for more info)
[INFO] [stderr] 
[INFO] [stderr] warning: `scrapyard` (lib) generated 3 warnings
[INFO] [stderr] warning: `scrapyard` (lib test) generated 3 warnings (3 duplicates)
[INFO] [stderr]     Finished `test` profile [unoptimized + debuginfo] target(s) in 0.14s
[INFO] [stderr]      Running unittests src/lib.rs (/opt/rustwide/target/debug/deps/scrapyard-097130894c0f94a3)
[INFO] [stdout] 
[INFO] [stdout] running 0 tests
[INFO] [stdout] 
[INFO] [stdout] test result: ok. 0 passed; 0 failed; 0 ignored; 0 measured; 0 filtered out; finished in 0.00s
[INFO] [stdout] 
[INFO] [stderr]    Doc-tests scrapyard
[INFO] [stdout] 
[INFO] [stdout] running 2 tests
[INFO] [stdout] test src/lib.rs - (line 42) ... FAILED
[INFO] [stdout] test src/lib.rs - (line 7) ... FAILED
[INFO] [stdout] 
[INFO] [stdout] failures:
[INFO] [stdout] 
[INFO] [stdout] ---- src/lib.rs - (line 42) stdout ----
[INFO] [stdout] error[E0433]: failed to resolve: use of undeclared type `PathBuf`
[INFO] [stdout]  --> src/lib.rs:44:19
[INFO] [stdout]   |
[INFO] [stdout] 5 | let config_path = PathBuf::from("/my/special/path");
[INFO] [stdout]   |                   ^^^^^^^ use of undeclared type `PathBuf`
[INFO] [stdout]   |
[INFO] [stdout] help: consider importing this struct
[INFO] [stdout]   |
[INFO] [stdout] 2 + use std::path::PathBuf;
[INFO] [stdout]   |
[INFO] [stdout] 
[INFO] [stdout] error[E0728]: `await` is only allowed inside `async` functions and blocks
[INFO] [stdout]  --> src/lib.rs:45:36
[INFO] [stdout]   |
[INFO] [stdout] 4 | fn main() { #[allow(non_snake_case)] fn _doctest_main_src_lib_rs_42_0() {
[INFO] [stdout]   |                                      ---------------------------------- this is not `async`
[INFO] [stdout] 5 | let config_path = PathBuf::from("/my/special/path");
[INFO] [stdout] 6 | scrapyard::init(Some(config_path)).await;
[INFO] [stdout]   |                                    ^^^^^ only allowed inside `async` functions and blocks
[INFO] [stdout] 
[INFO] [stdout] error: aborting due to 2 previous errors
[INFO] [stdout] 
[INFO] [stdout] Some errors have detailed explanations: E0433, E0728.
[INFO] [stdout] For more information about an error, try `rustc --explain E0433`.
[INFO] [stdout] Couldn't compile the test.
[INFO] [stdout] ---- src/lib.rs - (line 7) stdout ----
[INFO] [stdout] error: The default runtime flavor is `multi_thread`, but the `rt-multi-thread` feature is disabled.
[INFO] [stdout]  --> src/lib.rs:9:1
[INFO] [stdout]   |
[INFO] [stdout] 4 | #[tokio::main]
[INFO] [stdout]   | ^^^^^^^^^^^^^^
[INFO] [stdout]   |
[INFO] [stdout]   = note: this error originates in the attribute macro `tokio::main` (in Nightly builds, run with -Z macro-backtrace for more info)
[INFO] [stdout] 
[INFO] [stdout] error[E0433]: failed to resolve: use of undeclared type `PathBuf`
[INFO] [stdout]   --> src/lib.rs:16:22
[INFO] [stdout]    |
[INFO] [stdout] 11 |     let feeds_path = PathBuf::from("feeds.json");
[INFO] [stdout]    |                      ^^^^^^^ use of undeclared type `PathBuf`
[INFO] [stdout]    |
[INFO] [stdout] help: consider importing this struct
[INFO] [stdout]    |
[INFO] [stdout] 2  + use std::path::PathBuf;
[INFO] [stdout]    |
[INFO] [stdout] 
[INFO] [stdout] error[E0433]: failed to resolve: use of undeclared type `Feeds`
[INFO] [stdout]   --> src/lib.rs:17:17
[INFO] [stdout]    |
[INFO] [stdout] 12 |     let feeds = Feeds::load_json(&feeds_path).await
[INFO] [stdout]    |                 ^^^^^ use of undeclared type `Feeds`
[INFO] [stdout]    |
[INFO] [stdout] help: consider importing this struct
[INFO] [stdout]    |
[INFO] [stdout] 2  + use scrapyard::Feeds;
[INFO] [stdout]    |
[INFO] [stdout] 
[INFO] [stdout] error[E0433]: failed to resolve: use of undeclared type `Feeds`
[INFO] [stdout]   --> src/lib.rs:19:23
[INFO] [stdout]    |
[INFO] [stdout] 14 |         let default = Feeds::default();
[INFO] [stdout]    |                       ^^^^^ use of undeclared type `Feeds`
[INFO] [stdout]    |
[INFO] [stdout] help: consider importing this struct
[INFO] [stdout]    |
[INFO] [stdout] 2  + use scrapyard::Feeds;
[INFO] [stdout]    |
[INFO] [stdout] 
[INFO] [stdout] error[E0433]: failed to resolve: use of undeclared type `HttpServer`
[INFO] [stdout]   --> src/lib.rs:29:5
[INFO] [stdout]    |
[INFO] [stdout] 24 |     HttpServer::new(|| {})
[INFO] [stdout]    |     ^^^^^^^^^^ use of undeclared type `HttpServer`
[INFO] [stdout] 
[INFO] [stdout] error: aborting due to 5 previous errors
[INFO] [stdout] 
[INFO] [stdout] For more information about this error, try `rustc --explain E0433`.
[INFO] [stdout] Couldn't compile the test.
[INFO] [stdout] 
[INFO] [stdout] failures:
[INFO] [stdout]     src/lib.rs - (line 42)
[INFO] [stdout]     src/lib.rs - (line 7)
[INFO] [stdout] 
[INFO] [stdout] test result: FAILED. 0 passed; 2 failed; 0 ignored; 0 measured; 0 filtered out; finished in 0.09s
[INFO] [stdout] 
[INFO] [stderr] error: doctest failed, to rerun pass `--doc`
[INFO] running `Command { std: "docker" "inspect" "760ff19112b5d32196576bc07073afa225fae2b116c54a84a13b3c1604b57fb7", kill_on_drop: false }`
[INFO] running `Command { std: "docker" "rm" "-f" "760ff19112b5d32196576bc07073afa225fae2b116c54a84a13b3c1604b57fb7", kill_on_drop: false }`
[INFO] [stdout] 760ff19112b5d32196576bc07073afa225fae2b116c54a84a13b3c1604b57fb7
