[INFO] fetching crate scoped_thread_local 1.0.0...
[INFO] testing scoped_thread_local-1.0.0 against nightly-2024-10-28 for randomize-layout
[INFO] extracting crate scoped_thread_local 1.0.0 into /workspace/builds/worker-3-tc1/source
[INFO] validating manifest of crates.io crate scoped_thread_local 1.0.0 on toolchain nightly-2024-10-28
[INFO] running `Command { std: CARGO_HOME="/workspace/cargo-home" RUSTUP_HOME="/workspace/rustup-home" "/workspace/cargo-home/bin/cargo" "+nightly-2024-10-28" "metadata" "--manifest-path" "Cargo.toml" "--no-deps", kill_on_drop: false }`
[INFO] started tweaking crates.io crate scoped_thread_local 1.0.0
[INFO] finished tweaking crates.io crate scoped_thread_local 1.0.0
[INFO] tweaked toml for crates.io crate scoped_thread_local 1.0.0 written to /workspace/builds/worker-3-tc1/source/Cargo.toml
[INFO] crate crates.io crate scoped_thread_local 1.0.0 already has a lockfile, it will not be regenerated
[INFO] running `Command { std: CARGO_HOME="/workspace/cargo-home" RUSTUP_HOME="/workspace/rustup-home" "/workspace/cargo-home/bin/cargo" "+nightly-2024-10-28" "fetch" "--manifest-path" "Cargo.toml", kill_on_drop: false }`
[INFO] running `Command { std: "docker" "create" "-v" "/var/lib/crater-agent-workspace/builds/worker-3-tc1/target:/opt/rustwide/target:rw,Z" "-v" "/var/lib/crater-agent-workspace/builds/worker-3-tc1/source:/opt/rustwide/workdir:ro,Z" "-v" "/var/lib/crater-agent-workspace/cargo-home:/opt/rustwide/cargo-home:ro,Z" "-v" "/var/lib/crater-agent-workspace/rustup-home:/opt/rustwide/rustup-home:ro,Z" "-e" "SOURCE_DIR=/opt/rustwide/workdir" "-e" "CARGO_TARGET_DIR=/opt/rustwide/target" "-e" "CARGO_HOME=/opt/rustwide/cargo-home" "-e" "RUSTUP_HOME=/opt/rustwide/rustup-home" "-w" "/opt/rustwide/workdir" "-m" "1610612736" "--user" "0:0" "--network" "none" "ghcr.io/rust-lang/crates-build-env/linux@sha256:4a844ea9eb2546a2d2c7022eacef16ef2e8229c7fbb2c7d4d55a9ceca922f72d" "/opt/rustwide/cargo-home/bin/cargo" "+nightly-2024-10-28" "metadata" "--no-deps" "--format-version=1", kill_on_drop: false }`
[INFO] [stdout] 4de3335a51aca198fc6951a1ace8de9863d4348358f156e46d75f72e784f4c75
[INFO] running `Command { std: "docker" "start" "-a" "4de3335a51aca198fc6951a1ace8de9863d4348358f156e46d75f72e784f4c75", kill_on_drop: false }`
[INFO] running `Command { std: "docker" "inspect" "4de3335a51aca198fc6951a1ace8de9863d4348358f156e46d75f72e784f4c75", kill_on_drop: false }`
[INFO] running `Command { std: "docker" "rm" "-f" "4de3335a51aca198fc6951a1ace8de9863d4348358f156e46d75f72e784f4c75", kill_on_drop: false }`
[INFO] [stdout] 4de3335a51aca198fc6951a1ace8de9863d4348358f156e46d75f72e784f4c75
[INFO] running `Command { std: "docker" "create" "-v" "/var/lib/crater-agent-workspace/builds/worker-3-tc1/target:/opt/rustwide/target:rw,Z" "-v" "/var/lib/crater-agent-workspace/builds/worker-3-tc1/source:/opt/rustwide/workdir:ro,Z" "-v" "/var/lib/crater-agent-workspace/cargo-home:/opt/rustwide/cargo-home:ro,Z" "-v" "/var/lib/crater-agent-workspace/rustup-home:/opt/rustwide/rustup-home:ro,Z" "-e" "SOURCE_DIR=/opt/rustwide/workdir" "-e" "CARGO_TARGET_DIR=/opt/rustwide/target" "-e" "CARGO_INCREMENTAL=0" "-e" "RUST_BACKTRACE=full" "-e" "RUSTFLAGS=--cap-lints=forbid" "-e" "RUSTDOCFLAGS=--cap-lints=forbid" "-e" "CARGO_HOME=/opt/rustwide/cargo-home" "-e" "RUSTUP_HOME=/opt/rustwide/rustup-home" "-w" "/opt/rustwide/workdir" "-m" "1610612736" "--user" "0:0" "--network" "none" "ghcr.io/rust-lang/crates-build-env/linux@sha256:4a844ea9eb2546a2d2c7022eacef16ef2e8229c7fbb2c7d4d55a9ceca922f72d" "/opt/rustwide/cargo-home/bin/cargo" "+nightly-2024-10-28" "build" "--frozen" "--message-format=json", kill_on_drop: false }`
[INFO] [stdout] 5282a8723e1d74e2f6d0f00b94c8ac3a4da65a518097288c2c42b539fcbc7389
[INFO] running `Command { std: "docker" "start" "-a" "5282a8723e1d74e2f6d0f00b94c8ac3a4da65a518097288c2c42b539fcbc7389", kill_on_drop: false }`
[INFO] [stderr]    Compiling scoped_thread_local v1.0.0 (/opt/rustwide/workdir)
[INFO] [stderr]     Finished `dev` profile [unoptimized + debuginfo] target(s) in 0.04s
[INFO] running `Command { std: "docker" "inspect" "5282a8723e1d74e2f6d0f00b94c8ac3a4da65a518097288c2c42b539fcbc7389", kill_on_drop: false }`
[INFO] running `Command { std: "docker" "rm" "-f" "5282a8723e1d74e2f6d0f00b94c8ac3a4da65a518097288c2c42b539fcbc7389", kill_on_drop: false }`
[INFO] [stdout] 5282a8723e1d74e2f6d0f00b94c8ac3a4da65a518097288c2c42b539fcbc7389
[INFO] running `Command { std: "docker" "create" "-v" "/var/lib/crater-agent-workspace/builds/worker-3-tc1/target:/opt/rustwide/target:rw,Z" "-v" "/var/lib/crater-agent-workspace/builds/worker-3-tc1/source:/opt/rustwide/workdir:ro,Z" "-v" "/var/lib/crater-agent-workspace/cargo-home:/opt/rustwide/cargo-home:ro,Z" "-v" "/var/lib/crater-agent-workspace/rustup-home:/opt/rustwide/rustup-home:ro,Z" "-e" "SOURCE_DIR=/opt/rustwide/workdir" "-e" "CARGO_TARGET_DIR=/opt/rustwide/target" "-e" "CARGO_INCREMENTAL=0" "-e" "RUST_BACKTRACE=full" "-e" "RUSTFLAGS=--cap-lints=forbid" "-e" "RUSTDOCFLAGS=--cap-lints=forbid" "-e" "CARGO_HOME=/opt/rustwide/cargo-home" "-e" "RUSTUP_HOME=/opt/rustwide/rustup-home" "-w" "/opt/rustwide/workdir" "-m" "1610612736" "--user" "0:0" "--network" "none" "ghcr.io/rust-lang/crates-build-env/linux@sha256:4a844ea9eb2546a2d2c7022eacef16ef2e8229c7fbb2c7d4d55a9ceca922f72d" "/opt/rustwide/cargo-home/bin/cargo" "+nightly-2024-10-28" "test" "--frozen" "--no-run" "--message-format=json", kill_on_drop: false }`
[INFO] [stdout] b31f35c9e8d643238adcc607f521665965bcb784011b900dc696370252c143a2
[INFO] running `Command { std: "docker" "start" "-a" "b31f35c9e8d643238adcc607f521665965bcb784011b900dc696370252c143a2", kill_on_drop: false }`
[INFO] [stderr]    Compiling scoped_thread_local v1.0.0 (/opt/rustwide/workdir)
[INFO] [stdout] warning: elided lifetime has a name
[INFO] [stdout]   --> examples/example.rs:20:34
[INFO] [stdout]    |
[INFO] [stdout] 20 |     pub static EXAMPLE: Container<&i32, Vec<i32>, 271>
[INFO] [stdout]    |                                  ^ this elided lifetime gets resolved as `'static`
[INFO] [stdout]    |
[INFO] [stdout]    = note: `#[warn(elided_named_lifetimes)]` on by default
[INFO] [stdout] help: consider specifying it explicitly
[INFO] [stdout]    |
[INFO] [stdout] 20 |     pub static EXAMPLE: Container<'static, &i32, Vec<i32>, 271>
[INFO] [stdout]    |                                   ++++++++
[INFO] [stdout] 
[INFO] [stdout] 
[INFO] [stdout] warning: elided lifetime has a name
[INFO] [stdout]   --> examples/example.rs:20:35
[INFO] [stdout]    |
[INFO] [stdout] 20 |     pub static EXAMPLE: Container<&i32, Vec<i32>, 271>
[INFO] [stdout]    |                                   ^ this elided lifetime gets resolved as `'static`
[INFO] [stdout]    |
[INFO] [stdout] help: consider specifying it explicitly
[INFO] [stdout]    |
[INFO] [stdout] 20 |     pub static EXAMPLE: Container<&'static i32, Vec<i32>, 271>
[INFO] [stdout]    |                                    +++++++
[INFO] [stdout] 
[INFO] [stdout] 
[INFO] [stderr]     Finished `test` profile [unoptimized + debuginfo] target(s) in 0.14s
[INFO] running `Command { std: "docker" "inspect" "b31f35c9e8d643238adcc607f521665965bcb784011b900dc696370252c143a2", kill_on_drop: false }`
[INFO] running `Command { std: "docker" "rm" "-f" "b31f35c9e8d643238adcc607f521665965bcb784011b900dc696370252c143a2", kill_on_drop: false }`
[INFO] [stdout] b31f35c9e8d643238adcc607f521665965bcb784011b900dc696370252c143a2
[INFO] running `Command { std: "docker" "create" "-v" "/var/lib/crater-agent-workspace/builds/worker-3-tc1/target:/opt/rustwide/target:rw,Z" "-v" "/var/lib/crater-agent-workspace/builds/worker-3-tc1/source:/opt/rustwide/workdir:ro,Z" "-v" "/var/lib/crater-agent-workspace/cargo-home:/opt/rustwide/cargo-home:ro,Z" "-v" "/var/lib/crater-agent-workspace/rustup-home:/opt/rustwide/rustup-home:ro,Z" "-e" "SOURCE_DIR=/opt/rustwide/workdir" "-e" "CARGO_TARGET_DIR=/opt/rustwide/target" "-e" "CARGO_INCREMENTAL=0" "-e" "RUST_BACKTRACE=full" "-e" "RUSTFLAGS=--cap-lints=forbid" "-e" "RUSTDOCFLAGS=--cap-lints=forbid" "-e" "CARGO_HOME=/opt/rustwide/cargo-home" "-e" "RUSTUP_HOME=/opt/rustwide/rustup-home" "-w" "/opt/rustwide/workdir" "-m" "1610612736" "--user" "0:0" "--network" "none" "ghcr.io/rust-lang/crates-build-env/linux@sha256:4a844ea9eb2546a2d2c7022eacef16ef2e8229c7fbb2c7d4d55a9ceca922f72d" "/opt/rustwide/cargo-home/bin/cargo" "+nightly-2024-10-28" "test" "--frozen", kill_on_drop: false }`
[INFO] [stdout] 091a6795f8bc37207b336c6eddecea9597d97e63e99ebf0de71203c310866069
[INFO] running `Command { std: "docker" "start" "-a" "091a6795f8bc37207b336c6eddecea9597d97e63e99ebf0de71203c310866069", kill_on_drop: false }`
[INFO] [stderr] warning: elided lifetime has a name
[INFO] [stderr]   --> examples/example.rs:20:34
[INFO] [stderr]    |
[INFO] [stderr] 20 |     pub static EXAMPLE: Container<&i32, Vec<i32>, 271>
[INFO] [stderr]    |                                  ^ this elided lifetime gets resolved as `'static`
[INFO] [stderr]    |
[INFO] [stderr]    = note: `#[warn(elided_named_lifetimes)]` on by default
[INFO] [stderr] help: consider specifying it explicitly
[INFO] [stderr]    |
[INFO] [stderr] 20 |     pub static EXAMPLE: Container<'static, &i32, Vec<i32>, 271>
[INFO] [stderr]    |                                   ++++++++
[INFO] [stderr] 
[INFO] [stderr] warning: elided lifetime has a name
[INFO] [stderr]   --> examples/example.rs:20:35
[INFO] [stderr]    |
[INFO] [stderr] 20 |     pub static EXAMPLE: Container<&i32, Vec<i32>, 271>
[INFO] [stderr]    |                                   ^ this elided lifetime gets resolved as `'static`
[INFO] [stderr]    |
[INFO] [stderr] help: consider specifying it explicitly
[INFO] [stderr]    |
[INFO] [stderr] 20 |     pub static EXAMPLE: Container<&'static i32, Vec<i32>, 271>
[INFO] [stderr]    |                                    +++++++
[INFO] [stderr] 
[INFO] [stderr] warning: `scoped_thread_local` (example "example") generated 2 warnings (run `cargo fix --example "example"` to apply 2 suggestions)
[INFO] [stderr]     Finished `test` profile [unoptimized + debuginfo] target(s) in 0.00s
[INFO] [stderr]      Running unittests src/lib.rs (/opt/rustwide/target/debug/deps/scoped_thread_local-20fa1b504f20b6cf)
[INFO] [stdout] 
[INFO] [stdout] running 0 tests
[INFO] [stdout] 
[INFO] [stdout] test result: ok. 0 passed; 0 failed; 0 ignored; 0 measured; 0 filtered out; finished in 0.00s
[INFO] [stdout] 
[INFO] [stderr]    Doc-tests scoped_thread_local
[INFO] [stdout] 
[INFO] [stdout] running 1 test
[INFO] [stdout] test src/lib.rs - (line 20) ... FAILED
[INFO] [stdout] 
[INFO] [stdout] failures:
[INFO] [stdout] 
[INFO] [stdout] ---- src/lib.rs - (line 20) stdout ----
[INFO] [stdout] error[E0433]: failed to resolve: could not find `scoped_thread_local` in the crate root
[INFO] [stdout]   --> src/lib.rs:28:8
[INFO] [stdout]    |
[INFO] [stdout] 10 | crate::scoped_thread_local!(
[INFO] [stdout]    |        ^^^^^^^^^^^^^^^^^^^ could not find `scoped_thread_local` in the crate root
[INFO] [stdout] 
[INFO] [stdout] error[E0425]: cannot find value `EXAMPLE` in this scope
[INFO] [stdout]   --> src/lib.rs:36:5
[INFO] [stdout]    |
[INFO] [stdout] 18 |     EXAMPLE.set(
[INFO] [stdout]    |     ^^^^^^^ not found in this scope
[INFO] [stdout] 
[INFO] [stdout] error[E0425]: cannot find value `EXAMPLE` in this scope
[INFO] [stdout]   --> src/lib.rs:42:13
[INFO] [stdout]    |
[INFO] [stdout] 24 |             EXAMPLE.with(|inner| {
[INFO] [stdout]    |             ^^^^^^^ not found in this scope
[INFO] [stdout] 
[INFO] [stdout] error: aborting due to 3 previous errors
[INFO] [stdout] 
[INFO] [stdout] Some errors have detailed explanations: E0425, E0433.
[INFO] [stdout] For more information about an error, try `rustc --explain E0425`.
[INFO] [stdout] Couldn't compile the test.
[INFO] [stdout] 
[INFO] [stdout] failures:
[INFO] [stdout]     src/lib.rs - (line 20)
[INFO] [stdout] 
[INFO] [stdout] test result: FAILED. 0 passed; 1 failed; 0 ignored; 0 measured; 0 filtered out; finished in 0.04s
[INFO] [stdout] 
[INFO] [stderr] error: doctest failed, to rerun pass `--doc`
[INFO] running `Command { std: "docker" "inspect" "091a6795f8bc37207b336c6eddecea9597d97e63e99ebf0de71203c310866069", kill_on_drop: false }`
[INFO] running `Command { std: "docker" "rm" "-f" "091a6795f8bc37207b336c6eddecea9597d97e63e99ebf0de71203c310866069", kill_on_drop: false }`
[INFO] [stdout] 091a6795f8bc37207b336c6eddecea9597d97e63e99ebf0de71203c310866069
