[INFO] fetching crate schwab_api 0.0.3-alpha.1...
[INFO] testing schwab_api-0.0.3-alpha.1 against nightly-2024-10-28 for randomize-layout
[INFO] extracting crate schwab_api 0.0.3-alpha.1 into /workspace/builds/worker-4-tc1/source
[INFO] validating manifest of crates.io crate schwab_api 0.0.3-alpha.1 on toolchain nightly-2024-10-28
[INFO] running `Command { std: CARGO_HOME="/workspace/cargo-home" RUSTUP_HOME="/workspace/rustup-home" "/workspace/cargo-home/bin/cargo" "+nightly-2024-10-28" "metadata" "--manifest-path" "Cargo.toml" "--no-deps", kill_on_drop: false }`
[INFO] started tweaking crates.io crate schwab_api 0.0.3-alpha.1
[INFO] finished tweaking crates.io crate schwab_api 0.0.3-alpha.1
[INFO] tweaked toml for crates.io crate schwab_api 0.0.3-alpha.1 written to /workspace/builds/worker-4-tc1/source/Cargo.toml
[INFO] running `Command { std: CARGO_HOME="/workspace/cargo-home" RUSTUP_HOME="/workspace/rustup-home" "/workspace/cargo-home/bin/cargo" "+nightly-2024-10-28" "generate-lockfile" "--manifest-path" "Cargo.toml", kill_on_drop: false }`
[INFO] [stderr]     Updating crates.io index
[INFO] [stderr]      Locking 260 packages to latest compatible versions
[INFO] [stderr]       Adding float-cmp v0.9.0 (available: v0.10.0)
[INFO] [stderr]       Adding governor v0.6.3 (available: v0.7.0)
[INFO] [stderr]       Adding oauth2 v5.0.0-alpha.4 (available: v5.0.0-rc.1)
[INFO] running `Command { std: CARGO_HOME="/workspace/cargo-home" RUSTUP_HOME="/workspace/rustup-home" "/workspace/cargo-home/bin/cargo" "+nightly-2024-10-28" "fetch" "--manifest-path" "Cargo.toml", kill_on_drop: false }`
[INFO] [stderr]  Downloading crates ...
[INFO] [stderr]   Downloaded nonzero_ext v0.3.0
[INFO] [stderr]   Downloaded governor v0.6.3
[INFO] [stderr]   Downloaded axum-server v0.7.1
[INFO] [stderr]   Downloaded spinning_top v0.3.0
[INFO] [stderr]   Downloaded oauth2 v5.0.0-alpha.4
[INFO] running `Command { std: "docker" "create" "-v" "/var/lib/crater-agent-workspace/builds/worker-4-tc1/target:/opt/rustwide/target:rw,Z" "-v" "/var/lib/crater-agent-workspace/builds/worker-4-tc1/source:/opt/rustwide/workdir:ro,Z" "-v" "/var/lib/crater-agent-workspace/cargo-home:/opt/rustwide/cargo-home:ro,Z" "-v" "/var/lib/crater-agent-workspace/rustup-home:/opt/rustwide/rustup-home:ro,Z" "-e" "SOURCE_DIR=/opt/rustwide/workdir" "-e" "CARGO_TARGET_DIR=/opt/rustwide/target" "-e" "CARGO_HOME=/opt/rustwide/cargo-home" "-e" "RUSTUP_HOME=/opt/rustwide/rustup-home" "-w" "/opt/rustwide/workdir" "-m" "1610612736" "--user" "0:0" "--network" "none" "ghcr.io/rust-lang/crates-build-env/linux@sha256:4a844ea9eb2546a2d2c7022eacef16ef2e8229c7fbb2c7d4d55a9ceca922f72d" "/opt/rustwide/cargo-home/bin/cargo" "+nightly-2024-10-28" "metadata" "--no-deps" "--format-version=1", kill_on_drop: false }`
[INFO] [stdout] fdf9aab6cc833c9c2e24962416507f16f46d392c5ba52d3f79b765ee2f2729a8
[INFO] running `Command { std: "docker" "start" "-a" "fdf9aab6cc833c9c2e24962416507f16f46d392c5ba52d3f79b765ee2f2729a8", kill_on_drop: false }`
[INFO] running `Command { std: "docker" "inspect" "fdf9aab6cc833c9c2e24962416507f16f46d392c5ba52d3f79b765ee2f2729a8", kill_on_drop: false }`
[INFO] running `Command { std: "docker" "rm" "-f" "fdf9aab6cc833c9c2e24962416507f16f46d392c5ba52d3f79b765ee2f2729a8", kill_on_drop: false }`
[INFO] [stdout] fdf9aab6cc833c9c2e24962416507f16f46d392c5ba52d3f79b765ee2f2729a8
[INFO] running `Command { std: "docker" "create" "-v" "/var/lib/crater-agent-workspace/builds/worker-4-tc1/target:/opt/rustwide/target:rw,Z" "-v" "/var/lib/crater-agent-workspace/builds/worker-4-tc1/source:/opt/rustwide/workdir:ro,Z" "-v" "/var/lib/crater-agent-workspace/cargo-home:/opt/rustwide/cargo-home:ro,Z" "-v" "/var/lib/crater-agent-workspace/rustup-home:/opt/rustwide/rustup-home:ro,Z" "-e" "SOURCE_DIR=/opt/rustwide/workdir" "-e" "CARGO_TARGET_DIR=/opt/rustwide/target" "-e" "CARGO_INCREMENTAL=0" "-e" "RUST_BACKTRACE=full" "-e" "RUSTFLAGS=--cap-lints=forbid" "-e" "RUSTDOCFLAGS=--cap-lints=forbid" "-e" "CARGO_HOME=/opt/rustwide/cargo-home" "-e" "RUSTUP_HOME=/opt/rustwide/rustup-home" "-w" "/opt/rustwide/workdir" "-m" "1610612736" "--user" "0:0" "--network" "none" "ghcr.io/rust-lang/crates-build-env/linux@sha256:4a844ea9eb2546a2d2c7022eacef16ef2e8229c7fbb2c7d4d55a9ceca922f72d" "/opt/rustwide/cargo-home/bin/cargo" "+nightly-2024-10-28" "build" "--frozen" "--message-format=json", kill_on_drop: false }`
[INFO] [stdout] aa8d405fdffa324d31297f35f4d010eede1bffc6578533087db7457c700a3d29
[INFO] running `Command { std: "docker" "start" "-a" "aa8d405fdffa324d31297f35f4d010eede1bffc6578533087db7457c700a3d29", kill_on_drop: false }`
[INFO] [stderr]    Compiling proc-macro2 v1.0.89
[INFO] [stderr]    Compiling unicode-ident v1.0.13
[INFO] [stderr]    Compiling libc v0.2.161
[INFO] [stderr]    Compiling autocfg v1.4.0
[INFO] [stderr]    Compiling once_cell v1.20.2
[INFO] [stderr]    Compiling pin-project-lite v0.2.15
[INFO] [stderr]    Compiling cfg-if v1.0.0
[INFO] [stderr]    Compiling futures-core v0.3.31
[INFO] [stderr]    Compiling fnv v1.0.7
[INFO] [stderr]    Compiling shlex v1.3.0
[INFO] [stderr]    Compiling futures-sink v0.3.31
[INFO] [stderr]    Compiling bytes v1.8.0
[INFO] [stderr]    Compiling memchr v2.7.4
[INFO] [stderr]    Compiling futures-task v0.3.31
[INFO] [stderr]    Compiling futures-io v0.3.31
[INFO] [stderr]    Compiling pin-utils v0.1.0
[INFO] [stderr]    Compiling itoa v1.0.11
[INFO] [stderr]    Compiling log v0.4.22
[INFO] [stderr]    Compiling smallvec v1.13.2
[INFO] [stderr]    Compiling pkg-config v0.3.31
[INFO] [stderr]    Compiling serde v1.0.214
[INFO] [stderr]    Compiling vcpkg v0.2.15
[INFO] [stderr]    Compiling cc v1.1.31
[INFO] [stderr]    Compiling futures-channel v0.3.31
[INFO] [stderr]    Compiling tracing-core v0.1.32
[INFO] [stderr]    Compiling httparse v1.9.5
[INFO] [stderr]    Compiling hashbrown v0.15.0
[INFO] [stderr]    Compiling tower-service v0.3.3
[INFO] [stderr]    Compiling equivalent v1.0.1
[INFO] [stderr]    Compiling try-lock v0.2.5
[INFO] [stderr]    Compiling bitflags v2.6.0
[INFO] [stderr]    Compiling rustls-pki-types v1.10.0
[INFO] [stderr]    Compiling atomic-waker v1.1.2
[INFO] [stderr]    Compiling want v0.3.1
[INFO] [stderr]    Compiling spin v0.9.8
[INFO] [stderr]    Compiling slab v0.4.9
[INFO] [stderr]    Compiling strsim v0.11.1
[INFO] [stderr]    Compiling http v1.1.0
[INFO] [stderr]    Compiling untrusted v0.9.0
[INFO] [stderr]    Compiling tracing v0.1.40
[INFO] [stderr]    Compiling typenum v1.17.0
[INFO] [stderr]    Compiling version_check v0.9.5
[INFO] [stderr]    Compiling quote v1.0.37
[INFO] [stderr]    Compiling indexmap v2.6.0
[INFO] [stderr]    Compiling crossbeam-utils v0.8.20
[INFO] [stderr]    Compiling ident_case v1.0.1
[INFO] [stderr]    Compiling httpdate v1.0.3
[INFO] [stderr]    Compiling rustls v0.23.16
[INFO] [stderr]    Compiling foreign-types-shared v0.1.1
[INFO] [stderr]    Compiling openssl v0.10.68
[INFO] [stderr]    Compiling foreign-types v0.3.2
[INFO] [stderr]    Compiling lock_api v0.4.12
[INFO] [stderr]    Compiling zeroize v1.8.1
[INFO] [stderr]    Compiling byteorder v1.5.0
[INFO] [stderr]    Compiling syn v2.0.86
[INFO] [stderr]    Compiling native-tls v0.2.12
[INFO] [stderr]    Compiling generic-array v0.14.7
[INFO] [stderr]    Compiling subtle v2.6.1
[INFO] [stderr]    Compiling percent-encoding v2.3.1
[INFO] [stderr]    Compiling tinyvec_macros v0.1.1
[INFO] [stderr]    Compiling num-traits v0.2.19
[INFO] [stderr]    Compiling openssl-probe v0.1.5
[INFO] [stderr]    Compiling tinyvec v1.8.0
[INFO] [stderr]    Compiling tower-layer v0.3.3
[INFO] [stderr]    Compiling scopeguard v1.2.0
[INFO] [stderr]    Compiling mio v1.0.2
[INFO] [stderr]    Compiling socket2 v0.5.7
[INFO] [stderr]    Compiling getrandom v0.2.15
[INFO] [stderr]    Compiling form_urlencoded v1.2.1
[INFO] [stderr]    Compiling parking_lot_core v0.9.10
[INFO] [stderr]    Compiling ryu v1.0.18
[INFO] [stderr]    Compiling serde_json v1.0.132
[INFO] [stderr]    Compiling http-body v1.0.1
[INFO] [stderr]    Compiling rand_core v0.6.4
[INFO] [stderr]    Compiling sync_wrapper v1.0.1
[INFO] [stderr]    Compiling mime v0.3.17
[INFO] [stderr]    Compiling rustversion v1.0.18
[INFO] [stderr]    Compiling unicode-bidi v0.3.17
[INFO] [stderr]    Compiling webpki-roots v0.26.6
[INFO] [stderr]    Compiling concurrent-queue v2.5.0
[INFO] [stderr]    Compiling rustls-pemfile v2.2.0
[INFO] [stderr]    Compiling iana-time-zone v0.1.61
[INFO] [stderr]    Compiling parking v2.2.1
[INFO] [stderr]    Compiling thiserror v1.0.66
[INFO] [stderr]    Compiling openssl-sys v0.9.104
[INFO] [stderr]    Compiling ring v0.17.8
[INFO] [stderr]    Compiling portable-atomic v1.9.0
[INFO] [stderr]    Compiling event-listener v5.3.1
[INFO] [stderr]    Compiling raw-cpuid v11.2.0
[INFO] [stderr]    Compiling is-docker v0.2.0
[INFO] [stderr]    Compiling encoding_rs v0.8.35
[INFO] [stderr]    Compiling option-ext v0.2.0
[INFO] [stderr]    Compiling unicode-normalization v0.1.24
[INFO] [stderr]    Compiling hashbrown v0.14.5
[INFO] [stderr]    Compiling cpufeatures v0.2.14
[INFO] [stderr]    Compiling base64 v0.22.1
[INFO] [stderr]    Compiling sync_wrapper v0.1.2
[INFO] [stderr]    Compiling ipnet v2.10.1
[INFO] [stderr]    Compiling event-listener-strategy v0.5.2
[INFO] [stderr]    Compiling dirs-sys v0.4.1
[INFO] [stderr]    Compiling is-wsl v0.4.0
[INFO] [stderr]    Compiling parking_lot v0.12.3
[INFO] [stderr]    Compiling spinning_top v0.3.0
[INFO] [stderr]    Compiling pathdiff v0.2.2
[INFO] [stderr]    Compiling futures-timer v3.0.3
[INFO] [stderr]    Compiling matchit v0.7.3
[INFO] [stderr]    Compiling arc-swap v1.7.1
[INFO] [stderr]    Compiling no-std-compat v0.4.1
[INFO] [stderr]    Compiling idna v0.5.0
[INFO] [stderr]    Compiling block-buffer v0.10.4
[INFO] [stderr]    Compiling crypto-common v0.1.6
[INFO] [stderr]    Compiling nonzero_ext v0.3.0
[INFO] [stderr]    Compiling open v5.3.0
[INFO] [stderr]    Compiling digest v0.10.7
[INFO] [stderr]    Compiling dashmap v5.5.3
[INFO] [stderr]    Compiling dirs v5.0.1
[INFO] [stderr]    Compiling async-channel v2.3.1
[INFO] [stderr]    Compiling urlencoding v2.1.3
[INFO] [stderr]    Compiling sha2 v0.10.8
[INFO] [stderr]    Compiling quanta v0.12.3
[INFO] [stderr]    Compiling darling_core v0.20.10
[INFO] [stderr]    Compiling futures-macro v0.3.31
[INFO] [stderr]    Compiling tokio-macros v2.4.0
[INFO] [stderr]    Compiling serde_derive v1.0.214
[INFO] [stderr]    Compiling zerocopy-derive v0.7.35
[INFO] [stderr]    Compiling openssl-macros v0.1.1
[INFO] [stderr]    Compiling pin-project-internal v1.1.7
[INFO] [stderr]    Compiling async-trait v0.1.83
[INFO] [stderr]    Compiling thiserror-impl v1.0.66
[INFO] [stderr]    Compiling axum-macros v0.4.2
[INFO] [stderr]    Compiling serde_repr v0.1.19
[INFO] [stderr]    Compiling tokio v1.41.0
[INFO] [stderr]    Compiling zerocopy v0.7.35
[INFO] [stderr]    Compiling futures-util v0.3.31
[INFO] [stderr]    Compiling pin-project v1.1.7
[INFO] [stderr]    Compiling rustls-webpki v0.102.8
[INFO] [stderr]    Compiling darling_macro v0.20.10
[INFO] [stderr]    Compiling darling v0.20.10
[INFO] [stderr]    Compiling ppv-lite86 v0.2.20
[INFO] [stderr]    Compiling derive_builder_core v0.20.2
[INFO] [stderr]    Compiling serde_with_macros v3.11.0
[INFO] [stderr]    Compiling rand_chacha v0.3.1
[INFO] [stderr]    Compiling rand v0.8.5
[INFO] [stderr]    Compiling derive_builder_macro v0.20.2
[INFO] [stderr]    Compiling derive_builder v0.20.2
[INFO] [stderr]    Compiling http-body-util v0.1.2
[INFO] [stderr]    Compiling futures-executor v0.3.31
[INFO] [stderr]    Compiling tower v0.4.13
[INFO] [stderr]    Compiling futures v0.3.31
[INFO] [stderr]    Compiling governor v0.6.3
[INFO] [stderr]    Compiling axum-core v0.4.5
[INFO] [stderr]    Compiling tokio-util v0.7.12
[INFO] [stderr]    Compiling tokio-native-tls v0.3.1
[INFO] [stderr]    Compiling tower v0.5.1
[INFO] [stderr]    Compiling tokio-rustls v0.26.0
[INFO] [stderr]    Compiling serde_urlencoded v0.7.1
[INFO] [stderr]    Compiling url v2.5.2
[INFO] [stderr]    Compiling chrono v0.4.38
[INFO] [stderr]    Compiling serde_path_to_error v0.1.16
[INFO] [stderr]    Compiling h2 v0.4.6
[INFO] [stderr]    Compiling serde_with v3.11.0
[INFO] [stderr]    Compiling hyper v1.5.0
[INFO] [stderr]    Compiling hyper-util v0.1.10
[INFO] [stderr]    Compiling hyper-tls v0.6.0
[INFO] [stderr]    Compiling hyper-rustls v0.27.3
[INFO] [stderr]    Compiling axum v0.7.7
[INFO] [stderr]    Compiling axum-server v0.7.1
[INFO] [stderr]    Compiling reqwest v0.12.9
[INFO] [stderr]    Compiling oauth2 v5.0.0-alpha.4
[INFO] [stderr]    Compiling schwab_api v0.0.3-alpha.1 (/opt/rustwide/workdir)
[INFO] [stderr]     Finished `dev` profile [unoptimized + debuginfo] target(s) in 34.99s
[INFO] running `Command { std: "docker" "inspect" "aa8d405fdffa324d31297f35f4d010eede1bffc6578533087db7457c700a3d29", kill_on_drop: false }`
[INFO] running `Command { std: "docker" "rm" "-f" "aa8d405fdffa324d31297f35f4d010eede1bffc6578533087db7457c700a3d29", kill_on_drop: false }`
[INFO] [stdout] aa8d405fdffa324d31297f35f4d010eede1bffc6578533087db7457c700a3d29
[INFO] running `Command { std: "docker" "create" "-v" "/var/lib/crater-agent-workspace/builds/worker-4-tc1/target:/opt/rustwide/target:rw,Z" "-v" "/var/lib/crater-agent-workspace/builds/worker-4-tc1/source:/opt/rustwide/workdir:ro,Z" "-v" "/var/lib/crater-agent-workspace/cargo-home:/opt/rustwide/cargo-home:ro,Z" "-v" "/var/lib/crater-agent-workspace/rustup-home:/opt/rustwide/rustup-home:ro,Z" "-e" "SOURCE_DIR=/opt/rustwide/workdir" "-e" "CARGO_TARGET_DIR=/opt/rustwide/target" "-e" "CARGO_INCREMENTAL=0" "-e" "RUST_BACKTRACE=full" "-e" "RUSTFLAGS=--cap-lints=forbid" "-e" "RUSTDOCFLAGS=--cap-lints=forbid" "-e" "CARGO_HOME=/opt/rustwide/cargo-home" "-e" "RUSTUP_HOME=/opt/rustwide/rustup-home" "-w" "/opt/rustwide/workdir" "-m" "1610612736" "--user" "0:0" "--network" "none" "ghcr.io/rust-lang/crates-build-env/linux@sha256:4a844ea9eb2546a2d2c7022eacef16ef2e8229c7fbb2c7d4d55a9ceca922f72d" "/opt/rustwide/cargo-home/bin/cargo" "+nightly-2024-10-28" "test" "--frozen" "--no-run" "--message-format=json", kill_on_drop: false }`
[INFO] [stdout] b67a683332a33e65f7f0295e4fe77eaedaf265060bcb0779c1ebd932166b9b9d
[INFO] running `Command { std: "docker" "start" "-a" "b67a683332a33e65f7f0295e4fe77eaedaf265060bcb0779c1ebd932166b9b9d", kill_on_drop: false }`
[INFO] [stderr]    Compiling tokio v1.41.0
[INFO] [stderr]    Compiling aho-corasick v1.1.3
[INFO] [stderr]    Compiling regex-syntax v0.8.5
[INFO] [stderr]    Compiling lazy_static v1.5.0
[INFO] [stderr]    Compiling assert-json-diff v2.0.2
[INFO] [stderr]    Compiling diff v0.1.13
[INFO] [stderr]    Compiling yansi v1.0.1
[INFO] [stderr]    Compiling similar v2.6.0
[INFO] [stderr]    Compiling float-cmp v0.9.0
[INFO] [stderr]    Compiling serde_test v1.0.177
[INFO] [stderr]    Compiling colored v2.1.0
[INFO] [stderr]    Compiling pretty_assertions v1.4.1
[INFO] [stderr]    Compiling regex-automata v0.4.8
[INFO] [stderr]    Compiling regex v1.11.1
[INFO] [stderr]    Compiling tokio-util v0.7.12
[INFO] [stderr]    Compiling tokio-rustls v0.26.0
[INFO] [stderr]    Compiling tokio-native-tls v0.3.1
[INFO] [stderr]    Compiling tower v0.5.1
[INFO] [stderr]    Compiling h2 v0.4.6
[INFO] [stderr]    Compiling hyper v1.5.0
[INFO] [stderr]    Compiling hyper-util v0.1.10
[INFO] [stderr]    Compiling hyper-rustls v0.27.3
[INFO] [stderr]    Compiling hyper-tls v0.6.0
[INFO] [stderr]    Compiling axum v0.7.7
[INFO] [stderr]    Compiling axum-server v0.7.1
[INFO] [stderr]    Compiling mockito v1.5.0
[INFO] [stderr]    Compiling reqwest v0.12.9
[INFO] [stderr]    Compiling oauth2 v5.0.0-alpha.4
[INFO] [stderr]    Compiling schwab_api v0.0.3-alpha.1 (/opt/rustwide/workdir)
[INFO] [stderr]     Finished `test` profile [unoptimized + debuginfo] target(s) in 38.27s
[INFO] running `Command { std: "docker" "inspect" "b67a683332a33e65f7f0295e4fe77eaedaf265060bcb0779c1ebd932166b9b9d", kill_on_drop: false }`
[INFO] running `Command { std: "docker" "rm" "-f" "b67a683332a33e65f7f0295e4fe77eaedaf265060bcb0779c1ebd932166b9b9d", kill_on_drop: false }`
[INFO] [stdout] b67a683332a33e65f7f0295e4fe77eaedaf265060bcb0779c1ebd932166b9b9d
[INFO] running `Command { std: "docker" "create" "-v" "/var/lib/crater-agent-workspace/builds/worker-4-tc1/target:/opt/rustwide/target:rw,Z" "-v" "/var/lib/crater-agent-workspace/builds/worker-4-tc1/source:/opt/rustwide/workdir:ro,Z" "-v" "/var/lib/crater-agent-workspace/cargo-home:/opt/rustwide/cargo-home:ro,Z" "-v" "/var/lib/crater-agent-workspace/rustup-home:/opt/rustwide/rustup-home:ro,Z" "-e" "SOURCE_DIR=/opt/rustwide/workdir" "-e" "CARGO_TARGET_DIR=/opt/rustwide/target" "-e" "CARGO_INCREMENTAL=0" "-e" "RUST_BACKTRACE=full" "-e" "RUSTFLAGS=--cap-lints=forbid" "-e" "RUSTDOCFLAGS=--cap-lints=forbid" "-e" "CARGO_HOME=/opt/rustwide/cargo-home" "-e" "RUSTUP_HOME=/opt/rustwide/rustup-home" "-w" "/opt/rustwide/workdir" "-m" "1610612736" "--user" "0:0" "--network" "none" "ghcr.io/rust-lang/crates-build-env/linux@sha256:4a844ea9eb2546a2d2c7022eacef16ef2e8229c7fbb2c7d4d55a9ceca922f72d" "/opt/rustwide/cargo-home/bin/cargo" "+nightly-2024-10-28" "test" "--frozen", kill_on_drop: false }`
[INFO] [stdout] c67e31610a08b2df58d4a083d009e285a700fe749b6c20881d77d73d89dafff9
[INFO] running `Command { std: "docker" "start" "-a" "c67e31610a08b2df58d4a083d009e285a700fe749b6c20881d77d73d89dafff9", kill_on_drop: false }`
[INFO] [stderr]     Finished `test` profile [unoptimized + debuginfo] target(s) in 0.25s
[INFO] [stderr]      Running unittests src/lib.rs (/opt/rustwide/target/debug/deps/schwab_api-7be46eff74e73998)
[INFO] [stdout] 
[INFO] [stdout] running 116 tests
[INFO] [stdout] test api::endpoints::tests::test_endpoint_account ... ok
[INFO] [stdout] test api::endpoints::tests::test_endpoint_instrument ... ok
[INFO] [stdout] test api::endpoints::tests::test_endpoint_option_chain ... ok
[INFO] [stdout] test api::endpoints::tests::test_endpoint_market_hour ... ok
[INFO] [stdout] test api::endpoints::tests::test_endpoint_order ... ok
[INFO] [stdout] test api::endpoints::tests::test_endpoint_mover ... ok
[INFO] [stdout] test api::endpoints::tests::test_endpoint_option_expiration_chain ... ok
[INFO] [stdout] test api::endpoints::tests::test_endpoint_price_history ... ok
[INFO] [stdout] test api::endpoints::tests::test_endpoint_quote ... ok
[INFO] [stdout] test api::endpoints::tests::test_endpoint_transaction ... ok
[INFO] [stdout] test api::endpoints::tests::test_endpoint_user_preference ... ok
[INFO] [stdout] test api::tests::test_get_account ... ignored, Without the "test_online" feature enabled, to activate it, corresponding SCHWAB_SECRET and SCHWAB_SECRET need to be provided in the environment.
[INFO] [stdout] test api::tests::test_get_account_numbers ... ignored, Without the "test_online" feature enabled, to activate it, corresponding SCHWAB_SECRET and SCHWAB_SECRET need to be provided in the environment.
[INFO] [stdout] test api::tests::test_get_account_order ... ignored, Without the "test_online" feature enabled, to activate it, corresponding SCHWAB_SECRET and SCHWAB_SECRET need to be provided in the environment.
[INFO] [stdout] test api::tests::test_get_account_orders ... ignored, Without the "test_online" feature enabled, to activate it, corresponding SCHWAB_SECRET and SCHWAB_SECRET need to be provided in the environment.
[INFO] [stdout] test api::tests::test_get_account_transaction ... ignored, Without the "test_online" feature enabled, to activate it, corresponding SCHWAB_SECRET and SCHWAB_SECRET need to be provided in the environment.
[INFO] [stdout] test api::tests::test_get_account_transactions ... ignored, Without the "test_online" feature enabled, to activate it, corresponding SCHWAB_SECRET and SCHWAB_SECRET need to be provided in the environment.
[INFO] [stdout] test api::tests::test_get_accounts ... ignored, Without the "test_online" feature enabled, to activate it, corresponding SCHWAB_SECRET and SCHWAB_SECRET need to be provided in the environment.
[INFO] [stdout] test api::tests::test_get_accounts_orders ... ignored, Without the "test_online" feature enabled, to activate it, corresponding SCHWAB_SECRET and SCHWAB_SECRET need to be provided in the environment.
[INFO] [stdout] test api::tests::test_get_instrument ... ignored, Without the "test_online" feature enabled, to activate it, corresponding SCHWAB_SECRET and SCHWAB_SECRET need to be provided in the environment.
[INFO] [stdout] test api::tests::test_get_instruments ... ignored, Without the "test_online" feature enabled, to activate it, corresponding SCHWAB_SECRET and SCHWAB_SECRET need to be provided in the environment.
[INFO] [stdout] test api::tests::test_get_market ... ignored, Without the "test_online" feature enabled, to activate it, corresponding SCHWAB_SECRET and SCHWAB_SECRET need to be provided in the environment.
[INFO] [stdout] test api::tests::test_get_markets ... ignored, Without the "test_online" feature enabled, to activate it, corresponding SCHWAB_SECRET and SCHWAB_SECRET need to be provided in the environment.
[INFO] [stdout] test api::tests::test_get_movers ... ignored, Without the "test_online" feature enabled, to activate it, corresponding SCHWAB_SECRET and SCHWAB_SECRET need to be provided in the environment.
[INFO] [stdout] test api::tests::test_get_option_chains ... ignored, Without the "test_online" feature enabled, to activate it, corresponding SCHWAB_SECRET and SCHWAB_SECRET need to be provided in the environment.
[INFO] [stdout] test api::tests::test_get_option_expiration_chain ... ignored, Without the "test_online" feature enabled, to activate it, corresponding SCHWAB_SECRET and SCHWAB_SECRET need to be provided in the environment.
[INFO] [stdout] test api::tests::test_get_price_history ... ignored, Without the "test_online" feature enabled, to activate it, corresponding SCHWAB_SECRET and SCHWAB_SECRET need to be provided in the environment.
[INFO] [stdout] test api::tests::test_get_quote ... ignored, Without the "test_online" feature enabled, to activate it, corresponding SCHWAB_SECRET and SCHWAB_SECRET need to be provided in the environment.
[INFO] [stdout] test api::tests::test_get_quotes ... ignored, Without the "test_online" feature enabled, to activate it, corresponding SCHWAB_SECRET and SCHWAB_SECRET need to be provided in the environment.
[INFO] [stdout] test api::tests::test_get_user_preference ... ignored, Without the "test_online" feature enabled, to activate it, corresponding SCHWAB_SECRET and SCHWAB_SECRET need to be provided in the environment.
[INFO] [stdout] test api::tests::test_post_accounts_preview_order ... ignored, Without the "test_online" feature enabled, to activate it, corresponding SCHWAB_SECRET and SCHWAB_SECRET need to be provided in the environment.
[INFO] [stdout] test api::tests::test_post_put_delete_account_order ... ignored, Without the "test_online" feature enabled, to activate it, corresponding SCHWAB_SECRET and SCHWAB_SECRET need to be provided in the environment.
[INFO] [stdout] test api::market_data::tests::test_get_instruments_request ... ok
[INFO] [stdout] test api::market_data::tests::test_get_option_expiration_chain_request ... ok
[INFO] [stdout] test api::trader::tests::test_delete_account_order_request ... ok
[INFO] [stdout] test api::market_data::tests::test_get_market_request ... ok
[INFO] [stdout] test api::trader::tests::test_get_accounts_orders_request ... ok
[INFO] [stdout] test api::trader::tests::test_get_account_request ... ok
[INFO] [stdout] test api::trader::tests::test_get_account_transaction_request ... ok
[INFO] [stdout] test api::market_data::tests::test_get_instrument_request ... ok
[INFO] [stdout] test api::trader::tests::test_get_account_transactions_request ... ok
[INFO] [stdout] test api::trader::tests::test_post_account_order_request ... ok
[INFO] [stdout] test model::market_data::candle_list::tests::test_de ... ok
[INFO] [stdout] test api::trader::tests::test_get_accounts_request ... ok
[INFO] [stdout] test api::trader::tests::test_post_account_preview_order_request ... ok
[INFO] [stdout] test model::market_data::error_response::tests::test_de ... ok
[INFO] [stdout] test model::market_data::expiration_chain::tests::test_de ... ok
[INFO] [stdout] test model::market_data::expiration_chain::tests::test_de_real ... ok
[INFO] [stdout] test model::market_data::instrument::tests::test_de ... ok
[INFO] [stdout] test model::market_data::instrument::tests::test_de_real ... ok
[INFO] [stdout] test model::market_data::market::tests::test_de ... ok
[INFO] [stdout] test api::trader::tests::test_get_user_preference_request ... ok
[INFO] [stdout] test model::market_data::mover::tests::test_de ... ok
[INFO] [stdout] test model::market_data::mover::tests::test_de_real ... ok
[INFO] [stdout] test model::market_data::market::tests::test_de_real ... ok
[INFO] [stdout] test model::market_data::option_chain::tests::test_de ... ok
[INFO] [stdout] test model::market_data::quote_response::equity::tests::test_de ... ok
[INFO] [stdout] test model::market_data::quote_response::forex::tests::test_de ... ok
[INFO] [stdout] test model::market_data::quote_response::future::tests::test_de ... ok
[INFO] [stdout] test model::market_data::quote_response::index::tests::test_de ... ok
[INFO] [stdout] test model::market_data::quote_response::mutual_fund::tests::test_de ... ok
[INFO] [stdout] test model::market_data::quote_response::option::tests::test_de ... ok
[INFO] [stdout] test model::market_data::quote_response::quote_error::tests::test_de ... ok
[INFO] [stdout] test model::market_data::quote_response::tests::test_de ... ok
[INFO] [stdout] test model::market_data::quote_response::tests::test_de_real ... ok
[INFO] [stdout] test model::trader::account_number::tests::test_de ... ok
[INFO] [stdout] test model::trader::accounts::tests::test_de_account ... ok
[INFO] [stdout] test model::trader::accounts::tests::test_de_accounts ... ok
[INFO] [stdout] test model::trader::accounts::tests::test_de_accounts2 ... ok
[INFO] [stdout] test model::trader::order::tests::test_de_order ... ok
[INFO] [stdout] test model::trader::order::tests::test_de_order_real ... ok
[INFO] [stdout] test model::trader::order::tests::test_de_orders ... ok
[INFO] [stdout] test model::trader::order::tests::test_de_orders_real ... ok
[INFO] [stdout] test model::trader::order_request::tests::test_de ... ok
[INFO] [stdout] test model::trader::order_request::tests::test_limit ... ok
[INFO] [stdout] test model::trader::order_request::tests::test_market ... ok
[INFO] [stdout] test model::trader::order_request::tests::test_one_cancels_another ... ok
[INFO] [stdout] test model::trader::order_request::tests::test_one_triggers_a_one_cancels_another ... ok
[INFO] [stdout] test model::trader::order_request::tests::test_one_triggers_another ... ok
[INFO] [stdout] test api::trader::tests::test_put_account_order_request ... ok
[INFO] [stdout] test model::trader::order_request::tests::test_sell_trailing_stop ... ok
[INFO] [stdout] test model::trader::order_request::tests::test_vertical_call_spread ... ok
[INFO] [stdout] test model::trader::preview_order::tests::test_de ... ok
[INFO] [stdout] test model::trader::service_error::tests::test_de_real ... ok
[INFO] [stdout] test model::trader::service_error::tests::test_de_real2 ... ok
[INFO] [stdout] test model::trader::transactions::tests::test_de ... ok
[INFO] [stdout] test model::trader::service_error::tests::test_de ... ok
[INFO] [stdout] test model::trader::transactions::tests::test_de_real2 ... ok
[INFO] [stdout] test model::trader::user_preference::tests::test_de ... ok
[INFO] [stdout] test model::trader::user_preference::tests::test_de_real ... ok
[INFO] [stdout] test token::auth::tests::test_auth_auto ... ignored, Testing manually for browser verification. Should be --nocapture
[INFO] [stdout] test token::auth::tests::test_auth_manually ... ignored, Testing manually for browser verification. Should be --nocapture
[INFO] [stdout] test model::trader::transactions::tests::test_de_real ... ok
[INFO] [stdout] test token::auth::tests::test_get_auth_code_with_local_server ... ignored, If the test is performed manually on Linux, it may fail for HTTPS.
[INFO] [stdout] test token::auth::tests::test_uri_to_auth_code ... ok
[INFO] [stdout] test token::local_server::tests::test_local_server ... ok
[INFO] [stdout] test token::tests::test_load_token ... ok
[INFO] [stdout] test model::market_data::candle_list::tests::test_de_real ... ok
[INFO] [stdout] test token::tests::test_token_checker_new ... ignored, Testing manually for browser verification. Should be --nocapture
[INFO] [stdout] test token::tests::test_token_checker_new_with_auth_manually ... ignored, Testing manually for browser verification. Should be --nocapture
[INFO] [stdout] test token::tests::test_token_expire_in ... ok
[INFO] [stdout] test api::market_data::tests::test_get_price_history_request ... ok
[INFO] [stdout] test api::trader::tests::test_get_account_orders_request ... ok
[INFO] [stdout] test token::auth::tests::test_get_auth_code_url ... ok
[INFO] [stdout] test model::market_data::candle_list::tests::test_de_real2 ... ok
[INFO] [stdout] test token::tests::test_save_token ... FAILED
[INFO] [stdout] test api::trader::tests::test_get_account_numbers_request ... ok
[INFO] [stdout] test api::market_data::tests::test_get_movers_request ... ok
[INFO] [stdout] test api::market_data::tests::test_get_quote_request ... ok
[INFO] [stdout] test api::market_data::tests::test_get_quotes_request ... ok
[INFO] [stdout] test api::trader::tests::test_get_account_order_request ... ok
[INFO] [stdout] test api::market_data::tests::test_get_markets_request ... ok
[INFO] [stdout] test api::market_data::tests::test_get_quote_request_error ... ok
[INFO] [stdout] test api::market_data::tests::test_get_options_chains_request ... ok
[INFO] [stdout] test api::market_data::tests::test_get_quotes_request_real ... ok
[INFO] [stdout] test model::market_data::option_chain::tests::test_de_real ... ok
[INFO] [stdout] 
[INFO] [stdout] failures:
[INFO] [stdout] 
[INFO] [stdout] ---- token::tests::test_save_token stdout ----
[INFO] [stdout] thread 'token::tests::test_save_token' panicked at src/token.rs:240:46:
[INFO] [stdout] called `Result::unwrap()` on an `Err` value: Os { code: 30, kind: ReadOnlyFilesystem, message: "Read-only file system" }
[INFO] [stdout] stack backtrace:
[INFO] [stdout]    0:     0x60b3e31e83ea - std::backtrace_rs::backtrace::libunwind::trace::h207520d6e9873551
[INFO] [stdout]                                at /rustc/df4ca44d3fbc9301ee17f30f4d474e6ae4b05252/library/std/src/../../backtrace/src/backtrace/libunwind.rs:116:5
[INFO] [stdout]    1:     0x60b3e31e83ea - std::backtrace_rs::backtrace::trace_unsynchronized::h2ed7433f370e3eca
[INFO] [stdout]                                at /rustc/df4ca44d3fbc9301ee17f30f4d474e6ae4b05252/library/std/src/../../backtrace/src/backtrace/mod.rs:66:5
[INFO] [stdout]    2:     0x60b3e31e83ea - std::sys::backtrace::_print_fmt::h916fac51166b18d7
[INFO] [stdout]                                at /rustc/df4ca44d3fbc9301ee17f30f4d474e6ae4b05252/library/std/src/sys/backtrace.rs:66:9
[INFO] [stdout]    3:     0x60b3e31e83ea - <std::sys::backtrace::BacktraceLock::print::DisplayBacktrace as core::fmt::Display>::fmt::ha0a4c9b8ce3802e6
[INFO] [stdout]                                at /rustc/df4ca44d3fbc9301ee17f30f4d474e6ae4b05252/library/std/src/sys/backtrace.rs:39:26
[INFO] [stdout]    4:     0x60b3e32152f3 - core::fmt::rt::Argument::fmt::h4cfc8587d52b3eb5
[INFO] [stdout]                                at /rustc/df4ca44d3fbc9301ee17f30f4d474e6ae4b05252/library/core/src/fmt/rt.rs:177:76
[INFO] [stdout]    5:     0x60b3e32152f3 - core::fmt::write::h522cc39e5b36ae9f
[INFO] [stdout]                                at /rustc/df4ca44d3fbc9301ee17f30f4d474e6ae4b05252/library/core/src/fmt/mod.rs:1190:21
[INFO] [stdout]    6:     0x60b3e31e3903 - std::io::Write::write_fmt::h7d3c26752da97734
[INFO] [stdout]                                at /rustc/df4ca44d3fbc9301ee17f30f4d474e6ae4b05252/library/std/src/io/mod.rs:1839:15
[INFO] [stdout]    7:     0x60b3e31e8232 - std::sys::backtrace::BacktraceLock::print::h4b9e00b29e9c0942
[INFO] [stdout]                                at /rustc/df4ca44d3fbc9301ee17f30f4d474e6ae4b05252/library/std/src/sys/backtrace.rs:42:9
[INFO] [stdout]    8:     0x60b3e31e98fa - std::panicking::default_hook::{{closure}}::hb59b88280d0324d9
[INFO] [stdout]                                at /rustc/df4ca44d3fbc9301ee17f30f4d474e6ae4b05252/library/std/src/panicking.rs:268:22
[INFO] [stdout]    9:     0x60b3e31e9704 - std::panicking::default_hook::he1dd496665be4a29
[INFO] [stdout]                                at /rustc/df4ca44d3fbc9301ee17f30f4d474e6ae4b05252/library/std/src/panicking.rs:292:9
[INFO] [stdout]   10:     0x60b3e25dcc19 - <alloc::boxed::Box<F,A> as core::ops::function::Fn<Args>>::call::h4ff71de18744e1dc
[INFO] [stdout]                                at /rustc/df4ca44d3fbc9301ee17f30f4d474e6ae4b05252/library/alloc/src/boxed.rs:2468:9
[INFO] [stdout]   11:     0x60b3e25dcc19 - test::test_main::{{closure}}::hcf7c055ce117aa81
[INFO] [stdout]                                at /rustc/df4ca44d3fbc9301ee17f30f4d474e6ae4b05252/library/test/src/lib.rs:133:21
[INFO] [stdout]   12:     0x60b3e31e9ff8 - <alloc::boxed::Box<F,A> as core::ops::function::Fn<Args>>::call::h1d66c6bbd60c9692
[INFO] [stdout]                                at /rustc/df4ca44d3fbc9301ee17f30f4d474e6ae4b05252/library/alloc/src/boxed.rs:2468:9
[INFO] [stdout]   13:     0x60b3e31e9ff8 - std::panicking::rust_panic_with_hook::h2ff17fe8f26dfcf8
[INFO] [stdout]                                at /rustc/df4ca44d3fbc9301ee17f30f4d474e6ae4b05252/library/std/src/panicking.rs:809:13
[INFO] [stdout]   14:     0x60b3e31e9dba - std::panicking::begin_panic_handler::{{closure}}::h4fad77951c07e101
[INFO] [stdout]                                at /rustc/df4ca44d3fbc9301ee17f30f4d474e6ae4b05252/library/std/src/panicking.rs:674:13
[INFO] [stdout]   15:     0x60b3e31e88c9 - std::sys::backtrace::__rust_end_short_backtrace::hb1a25b3da5d0ea08
[INFO] [stdout]                                at /rustc/df4ca44d3fbc9301ee17f30f4d474e6ae4b05252/library/std/src/sys/backtrace.rs:170:18
[INFO] [stdout]   16:     0x60b3e31e9a4c - rust_begin_unwind
[INFO] [stdout]                                at /rustc/df4ca44d3fbc9301ee17f30f4d474e6ae4b05252/library/std/src/panicking.rs:665:5
[INFO] [stdout]   17:     0x60b3e3212c30 - core::panicking::panic_fmt::ha9db07b529f9b256
[INFO] [stdout]                                at /rustc/df4ca44d3fbc9301ee17f30f4d474e6ae4b05252/library/core/src/panicking.rs:75:14
[INFO] [stdout]   18:     0x60b3e3213116 - core::result::unwrap_failed::h5e8218e4d4338b8a
[INFO] [stdout]                                at /rustc/df4ca44d3fbc9301ee17f30f4d474e6ae4b05252/library/core/src/result.rs:1698:5
[INFO] [stdout]   19:     0x60b3e2249973 - core::result::Result<T,E>::unwrap::h6063b6202834c4b6
[INFO] [stdout]                                at /rustc/df4ca44d3fbc9301ee17f30f4d474e6ae4b05252/library/core/src/result.rs:1103:23
[INFO] [stdout]   20:     0x60b3e2249973 - schwab_api::token::tests::test_save_token::h7ae20878a6136aea
[INFO] [stdout]                                at /opt/rustwide/workdir/src/token.rs:240:9
[INFO] [stdout]   21:     0x60b3e2249597 - schwab_api::token::tests::test_save_token::{{closure}}::h9dbf0f61e931cdf1
[INFO] [stdout]                                at /opt/rustwide/workdir/src/token.rs:233:25
[INFO] [stdout]   22:     0x60b3e22c6d26 - core::ops::function::FnOnce::call_once::h29f55081147b892b
[INFO] [stdout]                                at /rustc/df4ca44d3fbc9301ee17f30f4d474e6ae4b05252/library/core/src/ops/function.rs:250:5
[INFO] [stdout]   23:     0x60b3e25e14eb - core::ops::function::FnOnce::call_once::h22c3ba5715e93f05
[INFO] [stdout]                                at /rustc/df4ca44d3fbc9301ee17f30f4d474e6ae4b05252/library/core/src/ops/function.rs:250:5
[INFO] [stdout]   24:     0x60b3e25e14eb - test::__rust_begin_short_backtrace::h8e82d8113d0da17f
[INFO] [stdout]                                at /rustc/df4ca44d3fbc9301ee17f30f4d474e6ae4b05252/library/test/src/lib.rs:621:18
[INFO] [stdout]   25:     0x60b3e25e0e67 - test::run_test_in_process::{{closure}}::h33235f4f20b7b7c7
[INFO] [stdout]                                at /rustc/df4ca44d3fbc9301ee17f30f4d474e6ae4b05252/library/test/src/lib.rs:644:60
[INFO] [stdout]   26:     0x60b3e25e0e67 - <core::panic::unwind_safe::AssertUnwindSafe<F> as core::ops::function::FnOnce<()>>::call_once::hb5043206310c586f
[INFO] [stdout]                                at /rustc/df4ca44d3fbc9301ee17f30f4d474e6ae4b05252/library/core/src/panic/unwind_safe.rs:272:9
[INFO] [stdout]   27:     0x60b3e25e0e67 - std::panicking::try::do_call::h9ad4731a60ab23e2
[INFO] [stdout]                                at /rustc/df4ca44d3fbc9301ee17f30f4d474e6ae4b05252/library/std/src/panicking.rs:557:40
[INFO] [stdout]   28:     0x60b3e25e0e67 - std::panicking::try::h3824d23db772a716
[INFO] [stdout]                                at /rustc/df4ca44d3fbc9301ee17f30f4d474e6ae4b05252/library/std/src/panicking.rs:520:19
[INFO] [stdout]   29:     0x60b3e25e0e67 - std::panic::catch_unwind::h5afd514605fde46b
[INFO] [stdout]                                at /rustc/df4ca44d3fbc9301ee17f30f4d474e6ae4b05252/library/std/src/panic.rs:358:14
[INFO] [stdout]   30:     0x60b3e25e0e67 - test::run_test_in_process::h0d5cbfa7067d1720
[INFO] [stdout]                                at /rustc/df4ca44d3fbc9301ee17f30f4d474e6ae4b05252/library/test/src/lib.rs:644:27
[INFO] [stdout]   31:     0x60b3e25e0e67 - test::run_test::{{closure}}::h708eb8872708115d
[INFO] [stdout]                                at /rustc/df4ca44d3fbc9301ee17f30f4d474e6ae4b05252/library/test/src/lib.rs:565:43
[INFO] [stdout]   32:     0x60b3e25a4584 - test::run_test::{{closure}}::h392c51cee94713ab
[INFO] [stdout]                                at /rustc/df4ca44d3fbc9301ee17f30f4d474e6ae4b05252/library/test/src/lib.rs:595:41
[INFO] [stdout]   33:     0x60b3e25a4584 - std::sys::backtrace::__rust_begin_short_backtrace::h2f40290710935a8b
[INFO] [stdout]                                at /rustc/df4ca44d3fbc9301ee17f30f4d474e6ae4b05252/library/std/src/sys/backtrace.rs:154:18
[INFO] [stdout]   34:     0x60b3e25a7d2e - std::thread::Builder::spawn_unchecked_::{{closure}}::{{closure}}::h3fd968d89053a903
[INFO] [stdout]                                at /rustc/df4ca44d3fbc9301ee17f30f4d474e6ae4b05252/library/std/src/thread/mod.rs:541:17
[INFO] [stdout]   35:     0x60b3e25a7d2e - <core::panic::unwind_safe::AssertUnwindSafe<F> as core::ops::function::FnOnce<()>>::call_once::h743f637ba4229880
[INFO] [stdout]                                at /rustc/df4ca44d3fbc9301ee17f30f4d474e6ae4b05252/library/core/src/panic/unwind_safe.rs:272:9
[INFO] [stdout]   36:     0x60b3e25a7d2e - std::panicking::try::do_call::h07440897322525a6
[INFO] [stdout]                                at /rustc/df4ca44d3fbc9301ee17f30f4d474e6ae4b05252/library/std/src/panicking.rs:557:40
[INFO] [stdout]   37:     0x60b3e25a7d2e - std::panicking::try::he5a2e00188156637
[INFO] [stdout]                                at /rustc/df4ca44d3fbc9301ee17f30f4d474e6ae4b05252/library/std/src/panicking.rs:520:19
[INFO] [stdout]   38:     0x60b3e25a7d2e - std::panic::catch_unwind::hbaf3cae49b3c6433
[INFO] [stdout]                                at /rustc/df4ca44d3fbc9301ee17f30f4d474e6ae4b05252/library/std/src/panic.rs:358:14
[INFO] [stdout]   39:     0x60b3e25a7d2e - std::thread::Builder::spawn_unchecked_::{{closure}}::h8e141ea224820bce
[INFO] [stdout]                                at /rustc/df4ca44d3fbc9301ee17f30f4d474e6ae4b05252/library/std/src/thread/mod.rs:540:30
[INFO] [stdout]   40:     0x60b3e25a7d2e - core::ops::function::FnOnce::call_once{{vtable.shim}}::h90d312fedd7b8ea8
[INFO] [stdout]                                at /rustc/df4ca44d3fbc9301ee17f30f4d474e6ae4b05252/library/core/src/ops/function.rs:250:5
[INFO] [stdout]   41:     0x60b3e31eefdb - <alloc::boxed::Box<F,A> as core::ops::function::FnOnce<Args>>::call_once::h69aa08ddb6adb8b6
[INFO] [stdout]                                at /rustc/df4ca44d3fbc9301ee17f30f4d474e6ae4b05252/library/alloc/src/boxed.rs:2454:9
[INFO] [stdout]   42:     0x60b3e31eefdb - <alloc::boxed::Box<F,A> as core::ops::function::FnOnce<Args>>::call_once::h5aa36efdb79c806f
[INFO] [stdout]                                at /rustc/df4ca44d3fbc9301ee17f30f4d474e6ae4b05252/library/alloc/src/boxed.rs:2454:9
[INFO] [stdout]   43:     0x60b3e31eefdb - std::sys::pal::unix::thread::Thread::new::thread_start::h6cd80a1b4be5158d
[INFO] [stdout]                                at /rustc/df4ca44d3fbc9301ee17f30f4d474e6ae4b05252/library/std/src/sys/pal/unix/thread.rs:105:17
[INFO] [stdout]   44:     0x73525d447ac3 - <unknown>
[INFO] [stdout]   45:     0x73525d4d8a04 - clone
[INFO] [stdout]   46:                0x0 - <unknown>
[INFO] [stdout] 
[INFO] [stdout] 
[INFO] [stdout] failures:
[INFO] [stdout]     token::tests::test_save_token
[INFO] [stdout] 
[INFO] [stdout] test result: FAILED. 89 passed; 1 failed; 26 ignored; 0 measured; 0 filtered out; finished in 1.18s
[INFO] [stdout] 
[INFO] [stderr] error: test failed, to rerun pass `--lib`
[INFO] running `Command { std: "docker" "inspect" "c67e31610a08b2df58d4a083d009e285a700fe749b6c20881d77d73d89dafff9", kill_on_drop: false }`
[INFO] running `Command { std: "docker" "rm" "-f" "c67e31610a08b2df58d4a083d009e285a700fe749b6c20881d77d73d89dafff9", kill_on_drop: false }`
[INFO] [stdout] c67e31610a08b2df58d4a083d009e285a700fe749b6c20881d77d73d89dafff9
