[INFO] fetching crate schema_registry_converter_sf 4.1.0...
[INFO] testing schema_registry_converter_sf-4.1.0 against nightly-2024-10-28+rustflags=-Zrandomize-layout for randomize-layout
[INFO] extracting crate schema_registry_converter_sf 4.1.0 into /workspace/builds/worker-2-tc2/source
[INFO] validating manifest of crates.io crate schema_registry_converter_sf 4.1.0 on toolchain nightly-2024-10-28
[INFO] running `Command { std: CARGO_HOME="/workspace/cargo-home" RUSTUP_HOME="/workspace/rustup-home" "/workspace/cargo-home/bin/cargo" "+nightly-2024-10-28" "metadata" "--manifest-path" "Cargo.toml" "--no-deps", kill_on_drop: false }`
[INFO] started tweaking crates.io crate schema_registry_converter_sf 4.1.0
[INFO] finished tweaking crates.io crate schema_registry_converter_sf 4.1.0
[INFO] tweaked toml for crates.io crate schema_registry_converter_sf 4.1.0 written to /workspace/builds/worker-2-tc2/source/Cargo.toml
[INFO] running `Command { std: CARGO_HOME="/workspace/cargo-home" RUSTUP_HOME="/workspace/rustup-home" "/workspace/cargo-home/bin/cargo" "+nightly-2024-10-28" "generate-lockfile" "--manifest-path" "Cargo.toml", kill_on_drop: false }`
[INFO] [stderr]     Updating crates.io index
[INFO] [stderr]      Locking 257 packages to latest compatible versions
[INFO] running `Command { std: CARGO_HOME="/workspace/cargo-home" RUSTUP_HOME="/workspace/rustup-home" "/workspace/cargo-home/bin/cargo" "+nightly-2024-10-28" "fetch" "--manifest-path" "Cargo.toml", kill_on_drop: false }`
[INFO] running `Command { std: "docker" "create" "-v" "/var/lib/crater-agent-workspace/builds/worker-2-tc2/target:/opt/rustwide/target:rw,Z" "-v" "/var/lib/crater-agent-workspace/builds/worker-2-tc2/source:/opt/rustwide/workdir:ro,Z" "-v" "/var/lib/crater-agent-workspace/cargo-home:/opt/rustwide/cargo-home:ro,Z" "-v" "/var/lib/crater-agent-workspace/rustup-home:/opt/rustwide/rustup-home:ro,Z" "-e" "SOURCE_DIR=/opt/rustwide/workdir" "-e" "CARGO_TARGET_DIR=/opt/rustwide/target" "-e" "CARGO_HOME=/opt/rustwide/cargo-home" "-e" "RUSTUP_HOME=/opt/rustwide/rustup-home" "-w" "/opt/rustwide/workdir" "-m" "1610612736" "--user" "0:0" "--network" "none" "ghcr.io/rust-lang/crates-build-env/linux@sha256:4a844ea9eb2546a2d2c7022eacef16ef2e8229c7fbb2c7d4d55a9ceca922f72d" "/opt/rustwide/cargo-home/bin/cargo" "+nightly-2024-10-28" "metadata" "--no-deps" "--format-version=1", kill_on_drop: false }`
[INFO] [stdout] e54f91f5d64f3b6057e548f7853caddd3589c053a6a9d8814ab93456c708e2ea
[INFO] running `Command { std: "docker" "start" "-a" "e54f91f5d64f3b6057e548f7853caddd3589c053a6a9d8814ab93456c708e2ea", kill_on_drop: false }`
[INFO] running `Command { std: "docker" "inspect" "e54f91f5d64f3b6057e548f7853caddd3589c053a6a9d8814ab93456c708e2ea", kill_on_drop: false }`
[INFO] running `Command { std: "docker" "rm" "-f" "e54f91f5d64f3b6057e548f7853caddd3589c053a6a9d8814ab93456c708e2ea", kill_on_drop: false }`
[INFO] [stdout] e54f91f5d64f3b6057e548f7853caddd3589c053a6a9d8814ab93456c708e2ea
[INFO] running `Command { std: "docker" "create" "-v" "/var/lib/crater-agent-workspace/builds/worker-2-tc2/target:/opt/rustwide/target:rw,Z" "-v" "/var/lib/crater-agent-workspace/builds/worker-2-tc2/source:/opt/rustwide/workdir:ro,Z" "-v" "/var/lib/crater-agent-workspace/cargo-home:/opt/rustwide/cargo-home:ro,Z" "-v" "/var/lib/crater-agent-workspace/rustup-home:/opt/rustwide/rustup-home:ro,Z" "-e" "SOURCE_DIR=/opt/rustwide/workdir" "-e" "CARGO_TARGET_DIR=/opt/rustwide/target" "-e" "CARGO_INCREMENTAL=0" "-e" "RUST_BACKTRACE=full" "-e" "RUSTFLAGS=--cap-lints=forbid -Zrandomize-layout" "-e" "RUSTDOCFLAGS=--cap-lints=forbid" "-e" "CARGO_HOME=/opt/rustwide/cargo-home" "-e" "RUSTUP_HOME=/opt/rustwide/rustup-home" "-w" "/opt/rustwide/workdir" "-m" "1610612736" "--user" "0:0" "--network" "none" "ghcr.io/rust-lang/crates-build-env/linux@sha256:4a844ea9eb2546a2d2c7022eacef16ef2e8229c7fbb2c7d4d55a9ceca922f72d" "/opt/rustwide/cargo-home/bin/cargo" "+nightly-2024-10-28" "build" "--frozen" "--message-format=json", kill_on_drop: false }`
[INFO] [stdout] db63463ca046972395c65d9ba304b1920938c975504fe96f1a8f6c5576c3f604
[INFO] running `Command { std: "docker" "start" "-a" "db63463ca046972395c65d9ba304b1920938c975504fe96f1a8f6c5576c3f604", kill_on_drop: false }`
[INFO] [stderr]    Compiling shlex v1.3.0
[INFO] [stderr]    Compiling vcpkg v0.2.15
[INFO] [stderr]    Compiling futures-core v0.3.31
[INFO] [stderr]    Compiling libc v0.2.161
[INFO] [stderr]    Compiling pkg-config v0.3.31
[INFO] [stderr]    Compiling futures-sink v0.3.31
[INFO] [stderr]    Compiling syn v2.0.86
[INFO] [stderr]    Compiling http v1.1.0
[INFO] [stderr]    Compiling foreign-types-shared v0.1.1
[INFO] [stderr]    Compiling cc v1.1.31
[INFO] [stderr]    Compiling futures-channel v0.3.31
[INFO] [stderr]    Compiling openssl v0.10.68
[INFO] [stderr]    Compiling smallvec v1.13.2
[INFO] [stderr]    Compiling foreign-types v0.3.2
[INFO] [stderr]    Compiling native-tls v0.2.12
[INFO] [stderr]    Compiling serde v1.0.214
[INFO] [stderr]    Compiling bitflags v2.6.0
[INFO] [stderr]    Compiling openssl-probe v0.1.5
[INFO] [stderr]    Compiling log v0.4.22
[INFO] [stderr]    Compiling unicode-normalization v0.1.24
[INFO] [stderr]    Compiling lock_api v0.4.12
[INFO] [stderr]    Compiling parking_lot_core v0.9.10
[INFO] [stderr]    Compiling scopeguard v1.2.0
[INFO] [stderr]    Compiling rustls-pki-types v1.10.0
[INFO] [stderr]    Compiling mio v1.0.2
[INFO] [stderr]    Compiling socket2 v0.5.7
[INFO] [stderr]    Compiling http-body v1.0.1
[INFO] [stderr]    Compiling idna v0.5.0
[INFO] [stderr]    Compiling openssl-sys v0.9.104
[INFO] [stderr]    Compiling tokio v1.41.0
[INFO] [stderr]    Compiling url v2.5.2
[INFO] [stderr]    Compiling rustls-pemfile v2.2.0
[INFO] [stderr]    Compiling sync_wrapper v1.0.1
[INFO] [stderr]    Compiling hashbrown v0.14.5
[INFO] [stderr]    Compiling base64 v0.22.1
[INFO] [stderr]    Compiling byteorder v1.5.0
[INFO] [stderr]    Compiling dashmap v6.1.0
[INFO] [stderr]    Compiling futures-macro v0.3.31
[INFO] [stderr]    Compiling openssl-macros v0.1.1
[INFO] [stderr]    Compiling serde_derive v1.0.214
[INFO] [stderr]    Compiling futures-util v0.3.31
[INFO] [stderr]    Compiling hyper v1.5.0
[INFO] [stderr]    Compiling http-body-util v0.1.2
[INFO] [stderr]    Compiling futures-executor v0.3.31
[INFO] [stderr]    Compiling tokio-native-tls v0.3.1
[INFO] [stderr]    Compiling futures v0.3.31
[INFO] [stderr]    Compiling hyper-util v0.1.10
[INFO] [stderr]    Compiling hyper-tls v0.6.0
[INFO] [stderr]    Compiling serde_json v1.0.132
[INFO] [stderr]    Compiling serde_urlencoded v0.7.1
[INFO] [stderr]    Compiling reqwest v0.12.9
[INFO] [stderr]    Compiling schema_registry_converter_sf v4.1.0 (/opt/rustwide/workdir)
[INFO] [stdout] warning: method `url` is never used
[INFO] [stdout]   --> src/async_impl/schema_registry.rs:67:19
[INFO] [stdout]    |
[INFO] [stdout] 44 | impl SrSettings {
[INFO] [stdout]    | --------------- method in this implementation
[INFO] [stdout] ...
[INFO] [stdout] 67 |     pub(crate) fn url(&self) -> &str {
[INFO] [stdout]    |                   ^^^
[INFO] [stdout]    |
[INFO] [stdout]    = note: `#[warn(dead_code)]` on by default
[INFO] [stdout] 
[INFO] [stdout] 
[INFO] [stderr]     Finished `dev` profile [unoptimized + debuginfo] target(s) in 20.98s
[INFO] running `Command { std: "docker" "inspect" "db63463ca046972395c65d9ba304b1920938c975504fe96f1a8f6c5576c3f604", kill_on_drop: false }`
[INFO] running `Command { std: "docker" "rm" "-f" "db63463ca046972395c65d9ba304b1920938c975504fe96f1a8f6c5576c3f604", kill_on_drop: false }`
[INFO] [stdout] db63463ca046972395c65d9ba304b1920938c975504fe96f1a8f6c5576c3f604
[INFO] running `Command { std: "docker" "create" "-v" "/var/lib/crater-agent-workspace/builds/worker-2-tc2/target:/opt/rustwide/target:rw,Z" "-v" "/var/lib/crater-agent-workspace/builds/worker-2-tc2/source:/opt/rustwide/workdir:ro,Z" "-v" "/var/lib/crater-agent-workspace/cargo-home:/opt/rustwide/cargo-home:ro,Z" "-v" "/var/lib/crater-agent-workspace/rustup-home:/opt/rustwide/rustup-home:ro,Z" "-e" "SOURCE_DIR=/opt/rustwide/workdir" "-e" "CARGO_TARGET_DIR=/opt/rustwide/target" "-e" "CARGO_INCREMENTAL=0" "-e" "RUST_BACKTRACE=full" "-e" "RUSTFLAGS=--cap-lints=forbid -Zrandomize-layout" "-e" "RUSTDOCFLAGS=--cap-lints=forbid" "-e" "CARGO_HOME=/opt/rustwide/cargo-home" "-e" "RUSTUP_HOME=/opt/rustwide/rustup-home" "-w" "/opt/rustwide/workdir" "-m" "1610612736" "--user" "0:0" "--network" "none" "ghcr.io/rust-lang/crates-build-env/linux@sha256:4a844ea9eb2546a2d2c7022eacef16ef2e8229c7fbb2c7d4d55a9ceca922f72d" "/opt/rustwide/cargo-home/bin/cargo" "+nightly-2024-10-28" "test" "--frozen" "--no-run" "--message-format=json", kill_on_drop: false }`
[INFO] [stdout] db765c10e4e677b12c6b4db2ffc84b9223c32267b282fdbcb70bb0809456e2bb
[INFO] running `Command { std: "docker" "start" "-a" "db765c10e4e677b12c6b4db2ffc84b9223c32267b282fdbcb70bb0809456e2bb", kill_on_drop: false }`
[INFO] [stderr]    Compiling futures-channel v0.3.31
[INFO] [stderr]    Compiling tokio-macros v2.4.0
[INFO] [stderr]    Compiling parking_lot v0.12.3
[INFO] [stderr]    Compiling atomic-waker v1.1.2
[INFO] [stderr]    Compiling winnow v0.5.40
[INFO] [stderr]    Compiling syn v1.0.109
[INFO] [stderr]    Compiling toml_datetime v0.6.8
[INFO] [stderr]    Compiling zerocopy-derive v0.7.35
[INFO] [stderr]    Compiling libz-sys v1.1.20
[INFO] [stderr]    Compiling futures-util v0.3.31
[INFO] [stderr]    Compiling getrandom v0.2.15
[INFO] [stderr]    Compiling cmake v0.1.51
[INFO] [stderr]    Compiling rand_core v0.6.4
[INFO] [stderr]    Compiling regex-syntax v0.8.5
[INFO] [stderr]    Compiling tokio v1.41.0
[INFO] [stderr]    Compiling sync_wrapper v1.0.1
[INFO] [stderr]    Compiling rdkafka-sys v4.7.0+2.3.0
[INFO] [stderr]    Compiling colored v2.1.0
[INFO] [stderr]    Compiling zerocopy v0.7.35
[INFO] [stderr]    Compiling assert-json-diff v2.0.2
[INFO] [stderr]    Compiling ppv-lite86 v0.2.20
[INFO] [stderr]    Compiling rand_chacha v0.3.1
[INFO] [stderr]    Compiling similar v2.6.0
[INFO] [stderr]    Compiling toml_edit v0.19.15
[INFO] [stderr]    Compiling regex-automata v0.4.8
[INFO] [stderr]    Compiling http-body-util v0.1.2
[INFO] [stderr]    Compiling futures-executor v0.3.31
[INFO] [stderr]    Compiling rand v0.8.5
[INFO] [stderr]    Compiling futures v0.3.31
[INFO] [stderr]    Compiling proc-macro-crate v1.3.1
[INFO] [stderr]    Compiling tokio-util v0.7.12
[INFO] [stderr]    Compiling tokio-native-tls v0.3.1
[INFO] [stderr]    Compiling h2 v0.4.6
[INFO] [stderr]    Compiling num_enum_derive v0.5.11
[INFO] [stderr]    Compiling regex v1.11.1
[INFO] [stderr]    Compiling num_enum v0.5.11
[INFO] [stderr]    Compiling hyper v1.5.0
[INFO] [stderr]    Compiling hyper-util v0.1.10
[INFO] [stderr]    Compiling hyper-tls v0.6.0
[INFO] [stderr]    Compiling mockito v1.5.0
[INFO] [stderr]    Compiling reqwest v0.12.9
[INFO] [stderr]    Compiling schema_registry_converter_sf v4.1.0 (/opt/rustwide/workdir)
[INFO] [stdout] warning: method `url` is never used
[INFO] [stdout]   --> src/async_impl/schema_registry.rs:67:19
[INFO] [stdout]    |
[INFO] [stdout] 44 | impl SrSettings {
[INFO] [stdout]    | --------------- method in this implementation
[INFO] [stdout] ...
[INFO] [stdout] 67 |     pub(crate) fn url(&self) -> &str {
[INFO] [stdout]    |                   ^^^
[INFO] [stdout]    |
[INFO] [stdout]    = note: `#[warn(dead_code)]` on by default
[INFO] [stdout] 
[INFO] [stdout] 
[INFO] [stderr]    Compiling rdkafka v0.36.2
[INFO] [stdout] warning: method `url` is never used
[INFO] [stdout]   --> src/async_impl/schema_registry.rs:67:19
[INFO] [stdout]    |
[INFO] [stdout] 44 | impl SrSettings {
[INFO] [stdout]    | --------------- method in this implementation
[INFO] [stdout] ...
[INFO] [stdout] 67 |     pub(crate) fn url(&self) -> &str {
[INFO] [stdout]    |                   ^^^
[INFO] [stdout]    |
[INFO] [stdout]    = note: `#[warn(dead_code)]` on by default
[INFO] [stdout] 
[INFO] [stdout] 
[INFO] [stderr]     Finished `test` profile [unoptimized + debuginfo] target(s) in 35.65s
[INFO] running `Command { std: "docker" "inspect" "db765c10e4e677b12c6b4db2ffc84b9223c32267b282fdbcb70bb0809456e2bb", kill_on_drop: false }`
[INFO] running `Command { std: "docker" "rm" "-f" "db765c10e4e677b12c6b4db2ffc84b9223c32267b282fdbcb70bb0809456e2bb", kill_on_drop: false }`
[INFO] [stdout] db765c10e4e677b12c6b4db2ffc84b9223c32267b282fdbcb70bb0809456e2bb
[INFO] running `Command { std: "docker" "create" "-v" "/var/lib/crater-agent-workspace/builds/worker-2-tc2/target:/opt/rustwide/target:rw,Z" "-v" "/var/lib/crater-agent-workspace/builds/worker-2-tc2/source:/opt/rustwide/workdir:ro,Z" "-v" "/var/lib/crater-agent-workspace/cargo-home:/opt/rustwide/cargo-home:ro,Z" "-v" "/var/lib/crater-agent-workspace/rustup-home:/opt/rustwide/rustup-home:ro,Z" "-e" "SOURCE_DIR=/opt/rustwide/workdir" "-e" "CARGO_TARGET_DIR=/opt/rustwide/target" "-e" "CARGO_INCREMENTAL=0" "-e" "RUST_BACKTRACE=full" "-e" "RUSTFLAGS=--cap-lints=forbid -Zrandomize-layout" "-e" "RUSTDOCFLAGS=--cap-lints=forbid" "-e" "CARGO_HOME=/opt/rustwide/cargo-home" "-e" "RUSTUP_HOME=/opt/rustwide/rustup-home" "-w" "/opt/rustwide/workdir" "-m" "1610612736" "--user" "0:0" "--network" "none" "ghcr.io/rust-lang/crates-build-env/linux@sha256:4a844ea9eb2546a2d2c7022eacef16ef2e8229c7fbb2c7d4d55a9ceca922f72d" "/opt/rustwide/cargo-home/bin/cargo" "+nightly-2024-10-28" "test" "--frozen", kill_on_drop: false }`
[INFO] [stdout] f09ae449456d5d155aca8fb8dc9517e2482e86db5ff3c117abb9dbc88ff32f8d
[INFO] running `Command { std: "docker" "start" "-a" "f09ae449456d5d155aca8fb8dc9517e2482e86db5ff3c117abb9dbc88ff32f8d", kill_on_drop: false }`
[INFO] [stderr] warning: method `url` is never used
[INFO] [stderr]   --> src/async_impl/schema_registry.rs:67:19
[INFO] [stderr]    |
[INFO] [stderr] 44 | impl SrSettings {
[INFO] [stderr]    | --------------- method in this implementation
[INFO] [stderr] ...
[INFO] [stderr] 67 |     pub(crate) fn url(&self) -> &str {
[INFO] [stderr]    |                   ^^^
[INFO] [stderr]    |
[INFO] [stderr]    = note: `#[warn(dead_code)]` on by default
[INFO] [stderr] 
[INFO] [stderr] warning: `schema_registry_converter_sf` (lib) generated 1 warning
[INFO] [stderr] warning: `schema_registry_converter_sf` (lib test) generated 1 warning (1 duplicate)
[INFO] [stderr]     Finished `test` profile [unoptimized + debuginfo] target(s) in 0.25s
[INFO] [stderr]      Running unittests src/lib.rs (/opt/rustwide/target/debug/deps/schema_registry_converter_sf-c6dbaa7c5ef9ded7)
[INFO] [stdout] 
[INFO] [stdout] running 18 tests
[INFO] [stdout] test schema_registry_common::test::display_authorization_basic ... ok
[INFO] [stdout] test error::tests::display_error_no_cause ... ok
[INFO] [stdout] test error::tests::display_error_with_cause ... ok
[INFO] [stdout] test schema_registry_common::test::display_authorization_token ... ok
[INFO] [stdout] test schema_registry_common::test::display_byte_result_invalid ... ok
[INFO] [stdout] test schema_registry_common::test::display_byte_result_valid ... ok
[INFO] [stdout] test schema_registry_common::test::display_record_name_strategy ... ok
[INFO] [stdout] test schema_registry_common::test::display_schema_type_other ... ok
[INFO] [stdout] test schema_registry_common::test::display_topic_name_strategy ... ok
[INFO] [stdout] test schema_registry_common::test::display_topic_record_name_strategy ... ok
[INFO] [stdout] test schema_registry_common::test::error_when_name_mandatory ... ok
[INFO] [stdout] test schema_registry_common::test::get_bytes_result_valid ... ok
[INFO] [stdout] test schema_registry_common::test::registered_schema_get_fields ... ok
[INFO] [stdout] test schema_registry_common::test::get_bytes_result_invalid ... ok
[INFO] [stdout] test schema_registry_common::test::get_bytes_result_null ... ok
[INFO] [stdout] test async_impl::schema_registry::tests::put_correct_url_as_second_check_header_set ... ok
[INFO] [stdout] test async_impl::schema_registry::tests::basic_authorization ... ok
[INFO] [stdout] test async_impl::schema_registry::tests::test_get_schema_by_id_and_type ... ok
[INFO] [stdout] 
[INFO] [stdout] test result: ok. 18 passed; 0 failed; 0 ignored; 0 measured; 0 filtered out; finished in 0.16s
[INFO] [stdout] 
[INFO] [stderr]    Doc-tests schema_registry_converter_sf
[INFO] [stdout] 
[INFO] [stdout] running 2 tests
[INFO] [stdout] test src/async_impl/schema_registry.rs - async_impl::schema_registry::SrSettings (line 40) ... FAILED
[INFO] [stdout] test src/async_impl/schema_registry.rs - async_impl::schema_registry::SrSettingsBuilder (line 73) ... FAILED
[INFO] [stdout] 
[INFO] [stdout] failures:
[INFO] [stdout] 
[INFO] [stdout] ---- src/async_impl/schema_registry.rs - async_impl::schema_registry::SrSettings (line 40) stdout ----
[INFO] [stdout] error[E0433]: failed to resolve: use of undeclared crate or module `schema_registry_converter`
[INFO] [stdout]  --> src/async_impl/schema_registry.rs:41:5
[INFO] [stdout]   |
[INFO] [stdout] 3 | use schema_registry_converter::async_impl::schema_registry::SrSettings;
[INFO] [stdout]   |     ^^^^^^^^^^^^^^^^^^^^^^^^^ use of undeclared crate or module `schema_registry_converter`
[INFO] [stdout]   |
[INFO] [stdout] help: there is a crate or module with a similar name
[INFO] [stdout]   |
[INFO] [stdout] 3 | use schema_registry_converter_sf::async_impl::schema_registry::SrSettings;
[INFO] [stdout]   |     ~~~~~~~~~~~~~~~~~~~~~~~~~~~~
[INFO] [stdout] 
[INFO] [stdout] error: aborting due to 1 previous error
[INFO] [stdout] 
[INFO] [stdout] For more information about this error, try `rustc --explain E0433`.
[INFO] [stdout] Couldn't compile the test.
[INFO] [stdout] ---- src/async_impl/schema_registry.rs - async_impl::schema_registry::SrSettingsBuilder (line 73) stdout ----
[INFO] [stdout] error[E0433]: failed to resolve: use of undeclared crate or module `schema_registry_converter`
[INFO] [stdout]  --> src/async_impl/schema_registry.rs:74:5
[INFO] [stdout]   |
[INFO] [stdout] 3 | use schema_registry_converter::async_impl::schema_registry::{SrSettings};
[INFO] [stdout]   |     ^^^^^^^^^^^^^^^^^^^^^^^^^ use of undeclared crate or module `schema_registry_converter`
[INFO] [stdout]   |
[INFO] [stdout] help: there is a crate or module with a similar name
[INFO] [stdout]   |
[INFO] [stdout] 3 | use schema_registry_converter_sf::async_impl::schema_registry::{SrSettings};
[INFO] [stdout]   |     ~~~~~~~~~~~~~~~~~~~~~~~~~~~~
[INFO] [stdout] 
[INFO] [stdout] error: aborting due to 1 previous error
[INFO] [stdout] 
[INFO] [stdout] For more information about this error, try `rustc --explain E0433`.
[INFO] [stdout] Couldn't compile the test.
[INFO] [stdout] 
[INFO] [stdout] failures:
[INFO] [stdout]     src/async_impl/schema_registry.rs - async_impl::schema_registry::SrSettings (line 40)
[INFO] [stdout]     src/async_impl/schema_registry.rs - async_impl::schema_registry::SrSettingsBuilder (line 73)
[INFO] [stdout] 
[INFO] [stdout] test result: FAILED. 0 passed; 2 failed; 0 ignored; 0 measured; 0 filtered out; finished in 0.07s
[INFO] [stdout] 
[INFO] [stderr] error: doctest failed, to rerun pass `--doc`
[INFO] running `Command { std: "docker" "inspect" "f09ae449456d5d155aca8fb8dc9517e2482e86db5ff3c117abb9dbc88ff32f8d", kill_on_drop: false }`
[INFO] running `Command { std: "docker" "rm" "-f" "f09ae449456d5d155aca8fb8dc9517e2482e86db5ff3c117abb9dbc88ff32f8d", kill_on_drop: false }`
[INFO] [stdout] f09ae449456d5d155aca8fb8dc9517e2482e86db5ff3c117abb9dbc88ff32f8d
