[INFO] fetching crate sbse 0.0.3...
[INFO] testing sbse-0.0.3 against nightly-2024-10-28+rustflags=-Zrandomize-layout for randomize-layout
[INFO] extracting crate sbse 0.0.3 into /workspace/builds/worker-3-tc2/source
[INFO] validating manifest of crates.io crate sbse 0.0.3 on toolchain nightly-2024-10-28
[INFO] running `Command { std: CARGO_HOME="/workspace/cargo-home" RUSTUP_HOME="/workspace/rustup-home" "/workspace/cargo-home/bin/cargo" "+nightly-2024-10-28" "metadata" "--manifest-path" "Cargo.toml" "--no-deps", kill_on_drop: false }`
[INFO] started tweaking crates.io crate sbse 0.0.3
[INFO] finished tweaking crates.io crate sbse 0.0.3
[INFO] tweaked toml for crates.io crate sbse 0.0.3 written to /workspace/builds/worker-3-tc2/source/Cargo.toml
[INFO] running `Command { std: CARGO_HOME="/workspace/cargo-home" RUSTUP_HOME="/workspace/rustup-home" "/workspace/cargo-home/bin/cargo" "+nightly-2024-10-28" "generate-lockfile" "--manifest-path" "Cargo.toml", kill_on_drop: false }`
[INFO] [stderr]     Updating crates.io index
[INFO] [stderr]      Locking 27 packages to latest compatible versions
[INFO] running `Command { std: CARGO_HOME="/workspace/cargo-home" RUSTUP_HOME="/workspace/rustup-home" "/workspace/cargo-home/bin/cargo" "+nightly-2024-10-28" "fetch" "--manifest-path" "Cargo.toml", kill_on_drop: false }`
[INFO] running `Command { std: "docker" "create" "-v" "/var/lib/crater-agent-workspace/builds/worker-3-tc2/target:/opt/rustwide/target:rw,Z" "-v" "/var/lib/crater-agent-workspace/builds/worker-3-tc2/source:/opt/rustwide/workdir:ro,Z" "-v" "/var/lib/crater-agent-workspace/cargo-home:/opt/rustwide/cargo-home:ro,Z" "-v" "/var/lib/crater-agent-workspace/rustup-home:/opt/rustwide/rustup-home:ro,Z" "-e" "SOURCE_DIR=/opt/rustwide/workdir" "-e" "CARGO_TARGET_DIR=/opt/rustwide/target" "-e" "CARGO_HOME=/opt/rustwide/cargo-home" "-e" "RUSTUP_HOME=/opt/rustwide/rustup-home" "-w" "/opt/rustwide/workdir" "-m" "1610612736" "--user" "0:0" "--network" "none" "ghcr.io/rust-lang/crates-build-env/linux@sha256:4a844ea9eb2546a2d2c7022eacef16ef2e8229c7fbb2c7d4d55a9ceca922f72d" "/opt/rustwide/cargo-home/bin/cargo" "+nightly-2024-10-28" "metadata" "--no-deps" "--format-version=1", kill_on_drop: false }`
[INFO] [stdout] edb71031399028b9dec4649e6e58361e07179e103d809217c9a95f9895dfae92
[INFO] running `Command { std: "docker" "start" "-a" "edb71031399028b9dec4649e6e58361e07179e103d809217c9a95f9895dfae92", kill_on_drop: false }`
[INFO] running `Command { std: "docker" "inspect" "edb71031399028b9dec4649e6e58361e07179e103d809217c9a95f9895dfae92", kill_on_drop: false }`
[INFO] running `Command { std: "docker" "rm" "-f" "edb71031399028b9dec4649e6e58361e07179e103d809217c9a95f9895dfae92", kill_on_drop: false }`
[INFO] [stdout] edb71031399028b9dec4649e6e58361e07179e103d809217c9a95f9895dfae92
[INFO] running `Command { std: "docker" "create" "-v" "/var/lib/crater-agent-workspace/builds/worker-3-tc2/target:/opt/rustwide/target:rw,Z" "-v" "/var/lib/crater-agent-workspace/builds/worker-3-tc2/source:/opt/rustwide/workdir:ro,Z" "-v" "/var/lib/crater-agent-workspace/cargo-home:/opt/rustwide/cargo-home:ro,Z" "-v" "/var/lib/crater-agent-workspace/rustup-home:/opt/rustwide/rustup-home:ro,Z" "-e" "SOURCE_DIR=/opt/rustwide/workdir" "-e" "CARGO_TARGET_DIR=/opt/rustwide/target" "-e" "CARGO_INCREMENTAL=0" "-e" "RUST_BACKTRACE=full" "-e" "RUSTFLAGS=--cap-lints=forbid -Zrandomize-layout" "-e" "RUSTDOCFLAGS=--cap-lints=forbid" "-e" "CARGO_HOME=/opt/rustwide/cargo-home" "-e" "RUSTUP_HOME=/opt/rustwide/rustup-home" "-w" "/opt/rustwide/workdir" "-m" "1610612736" "--user" "0:0" "--network" "none" "ghcr.io/rust-lang/crates-build-env/linux@sha256:4a844ea9eb2546a2d2c7022eacef16ef2e8229c7fbb2c7d4d55a9ceca922f72d" "/opt/rustwide/cargo-home/bin/cargo" "+nightly-2024-10-28" "build" "--frozen" "--message-format=json", kill_on_drop: false }`
[INFO] [stdout] 50fa27d7e8cc16d0e69687ba543be624c825bdd1207dba2b997a81591e1e844c
[INFO] running `Command { std: "docker" "start" "-a" "50fa27d7e8cc16d0e69687ba543be624c825bdd1207dba2b997a81591e1e844c", kill_on_drop: false }`
[INFO] [stderr]    Compiling byteorder v1.5.0
[INFO] [stderr]    Compiling sbse v0.0.3 (/opt/rustwide/workdir)
[INFO] [stderr]    Compiling syn v2.0.86
[INFO] [stderr]    Compiling colored v2.1.0
[INFO] [stderr]    Compiling getrandom v0.2.15
[INFO] [stderr]    Compiling rand_core v0.6.4
[INFO] [stderr]    Compiling zerocopy-derive v0.7.35
[INFO] [stderr]    Compiling zerocopy v0.7.35
[INFO] [stderr]    Compiling ppv-lite86 v0.2.20
[INFO] [stderr]    Compiling rand_chacha v0.3.1
[INFO] [stderr]    Compiling rand v0.8.5
[INFO] [stderr]    Compiling c_a_l v0.1.4
[INFO] [stderr]     Finished `dev` profile [unoptimized + debuginfo] target(s) in 3.07s
[INFO] running `Command { std: "docker" "inspect" "50fa27d7e8cc16d0e69687ba543be624c825bdd1207dba2b997a81591e1e844c", kill_on_drop: false }`
[INFO] running `Command { std: "docker" "rm" "-f" "50fa27d7e8cc16d0e69687ba543be624c825bdd1207dba2b997a81591e1e844c", kill_on_drop: false }`
[INFO] [stdout] 50fa27d7e8cc16d0e69687ba543be624c825bdd1207dba2b997a81591e1e844c
[INFO] running `Command { std: "docker" "create" "-v" "/var/lib/crater-agent-workspace/builds/worker-3-tc2/target:/opt/rustwide/target:rw,Z" "-v" "/var/lib/crater-agent-workspace/builds/worker-3-tc2/source:/opt/rustwide/workdir:ro,Z" "-v" "/var/lib/crater-agent-workspace/cargo-home:/opt/rustwide/cargo-home:ro,Z" "-v" "/var/lib/crater-agent-workspace/rustup-home:/opt/rustwide/rustup-home:ro,Z" "-e" "SOURCE_DIR=/opt/rustwide/workdir" "-e" "CARGO_TARGET_DIR=/opt/rustwide/target" "-e" "CARGO_INCREMENTAL=0" "-e" "RUST_BACKTRACE=full" "-e" "RUSTFLAGS=--cap-lints=forbid -Zrandomize-layout" "-e" "RUSTDOCFLAGS=--cap-lints=forbid" "-e" "CARGO_HOME=/opt/rustwide/cargo-home" "-e" "RUSTUP_HOME=/opt/rustwide/rustup-home" "-w" "/opt/rustwide/workdir" "-m" "1610612736" "--user" "0:0" "--network" "none" "ghcr.io/rust-lang/crates-build-env/linux@sha256:4a844ea9eb2546a2d2c7022eacef16ef2e8229c7fbb2c7d4d55a9ceca922f72d" "/opt/rustwide/cargo-home/bin/cargo" "+nightly-2024-10-28" "test" "--frozen" "--no-run" "--message-format=json", kill_on_drop: false }`
[INFO] [stdout] 76e677f4242e586572d1184478a937deaf9b47b98fa92beb9cfbb882d90edf6b
[INFO] running `Command { std: "docker" "start" "-a" "76e677f4242e586572d1184478a937deaf9b47b98fa92beb9cfbb882d90edf6b", kill_on_drop: false }`
[INFO] [stderr]    Compiling sbse v0.0.3 (/opt/rustwide/workdir)
[INFO] [stderr]     Finished `test` profile [unoptimized + debuginfo] target(s) in 0.09s
[INFO] running `Command { std: "docker" "inspect" "76e677f4242e586572d1184478a937deaf9b47b98fa92beb9cfbb882d90edf6b", kill_on_drop: false }`
[INFO] running `Command { std: "docker" "rm" "-f" "76e677f4242e586572d1184478a937deaf9b47b98fa92beb9cfbb882d90edf6b", kill_on_drop: false }`
[INFO] [stdout] 76e677f4242e586572d1184478a937deaf9b47b98fa92beb9cfbb882d90edf6b
[INFO] running `Command { std: "docker" "create" "-v" "/var/lib/crater-agent-workspace/builds/worker-3-tc2/target:/opt/rustwide/target:rw,Z" "-v" "/var/lib/crater-agent-workspace/builds/worker-3-tc2/source:/opt/rustwide/workdir:ro,Z" "-v" "/var/lib/crater-agent-workspace/cargo-home:/opt/rustwide/cargo-home:ro,Z" "-v" "/var/lib/crater-agent-workspace/rustup-home:/opt/rustwide/rustup-home:ro,Z" "-e" "SOURCE_DIR=/opt/rustwide/workdir" "-e" "CARGO_TARGET_DIR=/opt/rustwide/target" "-e" "CARGO_INCREMENTAL=0" "-e" "RUST_BACKTRACE=full" "-e" "RUSTFLAGS=--cap-lints=forbid -Zrandomize-layout" "-e" "RUSTDOCFLAGS=--cap-lints=forbid" "-e" "CARGO_HOME=/opt/rustwide/cargo-home" "-e" "RUSTUP_HOME=/opt/rustwide/rustup-home" "-w" "/opt/rustwide/workdir" "-m" "1610612736" "--user" "0:0" "--network" "none" "ghcr.io/rust-lang/crates-build-env/linux@sha256:4a844ea9eb2546a2d2c7022eacef16ef2e8229c7fbb2c7d4d55a9ceca922f72d" "/opt/rustwide/cargo-home/bin/cargo" "+nightly-2024-10-28" "test" "--frozen", kill_on_drop: false }`
[INFO] [stdout] 27b2c336c60da88006f1328ea57bd95b080fa432f81e42dcdded8d2639c8a0b3
[INFO] running `Command { std: "docker" "start" "-a" "27b2c336c60da88006f1328ea57bd95b080fa432f81e42dcdded8d2639c8a0b3", kill_on_drop: false }`
[INFO] [stderr]     Finished `test` profile [unoptimized + debuginfo] target(s) in 0.02s
[INFO] [stderr]      Running unittests src/lib.rs (/opt/rustwide/target/debug/deps/sbse-cf3de35de412436d)
[INFO] [stdout] 
[INFO] [stdout] running 0 tests
[INFO] [stdout] 
[INFO] [stdout] test result: ok. 0 passed; 0 failed; 0 ignored; 0 measured; 0 filtered out; finished in 0.00s
[INFO] [stdout] 
[INFO] [stderr]    Doc-tests sbse
[INFO] [stdout] 
[INFO] [stdout] running 1 test
[INFO] [stdout] test src/lib.rs - fatal (line 12) ... FAILED
[INFO] [stdout] 
[INFO] [stdout] failures:
[INFO] [stdout] 
[INFO] [stdout] ---- src/lib.rs - fatal (line 12) stdout ----
[INFO] [stdout] error: unexpected token: `...`
[INFO] [stdout]  --> src/lib.rs:15:10
[INFO] [stdout]   |
[INFO] [stdout] 5 |     _ => ...
[INFO] [stdout]   |          ^^^
[INFO] [stdout]   |
[INFO] [stdout] help: use `..` for an exclusive range
[INFO] [stdout]   |
[INFO] [stdout] 5 |     _ => ..
[INFO] [stdout]   |          ~~
[INFO] [stdout] help: or `..=` for an inclusive range
[INFO] [stdout]   |
[INFO] [stdout] 5 |     _ => ..=
[INFO] [stdout]   |          ~~~
[INFO] [stdout] 
[INFO] [stdout] error[E0586]: inclusive range with no end
[INFO] [stdout]  --> src/lib.rs:15:10
[INFO] [stdout]   |
[INFO] [stdout] 5 |     _ => ...
[INFO] [stdout]   |          ^^^
[INFO] [stdout]   |
[INFO] [stdout]   = note: inclusive ranges must be bounded at the end (`..=b` or `a..=b`)
[INFO] [stdout] help: use `..` instead
[INFO] [stdout]   |
[INFO] [stdout] 5 -     _ => ...
[INFO] [stdout] 5 +     _ => ..
[INFO] [stdout]   |
[INFO] [stdout] 
[INFO] [stdout] error: cannot find macro `fatal` in this scope
[INFO] [stdout]  --> src/lib.rs:14:15
[INFO] [stdout]   |
[INFO] [stdout] 4 |     Err(e) => fatal!([-255], "this is a fatal error: {e}"),
[INFO] [stdout]   |               ^^^^^
[INFO] [stdout]   |
[INFO] [stdout] help: consider importing one of these macros
[INFO] [stdout]   |
[INFO] [stdout] 2 + use c_a_l::fatal;
[INFO] [stdout]   |
[INFO] [stdout] 2 + use sbse::fatal;
[INFO] [stdout]   |
[INFO] [stdout] 
[INFO] [stdout] error[E0425]: cannot find value `x` in this scope
[INFO] [stdout]  --> src/lib.rs:13:7
[INFO] [stdout]   |
[INFO] [stdout] 3 | match x {
[INFO] [stdout]   |       ^ not found in this scope
[INFO] [stdout] 
[INFO] [stdout] error: aborting due to 4 previous errors
[INFO] [stdout] 
[INFO] [stdout] Some errors have detailed explanations: E0425, E0586.
[INFO] [stdout] For more information about an error, try `rustc --explain E0425`.
[INFO] [stdout] Couldn't compile the test.
[INFO] [stdout] 
[INFO] [stdout] failures:
[INFO] [stdout]     src/lib.rs - fatal (line 12)
[INFO] [stdout] 
[INFO] [stdout] test result: FAILED. 0 passed; 1 failed; 0 ignored; 0 measured; 0 filtered out; finished in 0.04s
[INFO] [stdout] 
[INFO] [stderr] error: doctest failed, to rerun pass `--doc`
[INFO] running `Command { std: "docker" "inspect" "27b2c336c60da88006f1328ea57bd95b080fa432f81e42dcdded8d2639c8a0b3", kill_on_drop: false }`
[INFO] running `Command { std: "docker" "rm" "-f" "27b2c336c60da88006f1328ea57bd95b080fa432f81e42dcdded8d2639c8a0b3", kill_on_drop: false }`
[INFO] [stdout] 27b2c336c60da88006f1328ea57bd95b080fa432f81e42dcdded8d2639c8a0b3
