[INFO] fetching crate sarsh 0.0.0...
[INFO] testing sarsh-0.0.0 against nightly-2024-10-28+rustflags=-Zrandomize-layout for randomize-layout
[INFO] extracting crate sarsh 0.0.0 into /workspace/builds/worker-5-tc2/source
[INFO] validating manifest of crates.io crate sarsh 0.0.0 on toolchain nightly-2024-10-28
[INFO] running `Command { std: CARGO_HOME="/workspace/cargo-home" RUSTUP_HOME="/workspace/rustup-home" "/workspace/cargo-home/bin/cargo" "+nightly-2024-10-28" "metadata" "--manifest-path" "Cargo.toml" "--no-deps", kill_on_drop: false }`
[INFO] started tweaking crates.io crate sarsh 0.0.0
[INFO] finished tweaking crates.io crate sarsh 0.0.0
[INFO] tweaked toml for crates.io crate sarsh 0.0.0 written to /workspace/builds/worker-5-tc2/source/Cargo.toml
[INFO] crate crates.io crate sarsh 0.0.0 already has a lockfile, it will not be regenerated
[INFO] running `Command { std: CARGO_HOME="/workspace/cargo-home" RUSTUP_HOME="/workspace/rustup-home" "/workspace/cargo-home/bin/cargo" "+nightly-2024-10-28" "fetch" "--manifest-path" "Cargo.toml", kill_on_drop: false }`
[INFO] running `Command { std: "docker" "create" "-v" "/var/lib/crater-agent-workspace/builds/worker-5-tc2/target:/opt/rustwide/target:rw,Z" "-v" "/var/lib/crater-agent-workspace/builds/worker-5-tc2/source:/opt/rustwide/workdir:ro,Z" "-v" "/var/lib/crater-agent-workspace/cargo-home:/opt/rustwide/cargo-home:ro,Z" "-v" "/var/lib/crater-agent-workspace/rustup-home:/opt/rustwide/rustup-home:ro,Z" "-e" "SOURCE_DIR=/opt/rustwide/workdir" "-e" "CARGO_TARGET_DIR=/opt/rustwide/target" "-e" "CARGO_HOME=/opt/rustwide/cargo-home" "-e" "RUSTUP_HOME=/opt/rustwide/rustup-home" "-w" "/opt/rustwide/workdir" "-m" "1610612736" "--user" "0:0" "--network" "none" "ghcr.io/rust-lang/crates-build-env/linux@sha256:4a844ea9eb2546a2d2c7022eacef16ef2e8229c7fbb2c7d4d55a9ceca922f72d" "/opt/rustwide/cargo-home/bin/cargo" "+nightly-2024-10-28" "metadata" "--no-deps" "--format-version=1", kill_on_drop: false }`
[INFO] [stdout] 536c2e90d50ea07506f0ff35af52a08e44aedea9894fad2d9522bd832c86a443
[INFO] running `Command { std: "docker" "start" "-a" "536c2e90d50ea07506f0ff35af52a08e44aedea9894fad2d9522bd832c86a443", kill_on_drop: false }`
[INFO] running `Command { std: "docker" "inspect" "536c2e90d50ea07506f0ff35af52a08e44aedea9894fad2d9522bd832c86a443", kill_on_drop: false }`
[INFO] running `Command { std: "docker" "rm" "-f" "536c2e90d50ea07506f0ff35af52a08e44aedea9894fad2d9522bd832c86a443", kill_on_drop: false }`
[INFO] [stdout] 536c2e90d50ea07506f0ff35af52a08e44aedea9894fad2d9522bd832c86a443
[INFO] running `Command { std: "docker" "create" "-v" "/var/lib/crater-agent-workspace/builds/worker-5-tc2/target:/opt/rustwide/target:rw,Z" "-v" "/var/lib/crater-agent-workspace/builds/worker-5-tc2/source:/opt/rustwide/workdir:ro,Z" "-v" "/var/lib/crater-agent-workspace/cargo-home:/opt/rustwide/cargo-home:ro,Z" "-v" "/var/lib/crater-agent-workspace/rustup-home:/opt/rustwide/rustup-home:ro,Z" "-e" "SOURCE_DIR=/opt/rustwide/workdir" "-e" "CARGO_TARGET_DIR=/opt/rustwide/target" "-e" "CARGO_INCREMENTAL=0" "-e" "RUST_BACKTRACE=full" "-e" "RUSTFLAGS=--cap-lints=forbid -Zrandomize-layout" "-e" "RUSTDOCFLAGS=--cap-lints=forbid" "-e" "CARGO_HOME=/opt/rustwide/cargo-home" "-e" "RUSTUP_HOME=/opt/rustwide/rustup-home" "-w" "/opt/rustwide/workdir" "-m" "1610612736" "--user" "0:0" "--network" "none" "ghcr.io/rust-lang/crates-build-env/linux@sha256:4a844ea9eb2546a2d2c7022eacef16ef2e8229c7fbb2c7d4d55a9ceca922f72d" "/opt/rustwide/cargo-home/bin/cargo" "+nightly-2024-10-28" "build" "--frozen" "--message-format=json", kill_on_drop: false }`
[INFO] [stdout] 7d19b7d0d123e9f9766b939a6d822317465b28007a4a9876a4929d3bcc9966a8
[INFO] running `Command { std: "docker" "start" "-a" "7d19b7d0d123e9f9766b939a6d822317465b28007a4a9876a4929d3bcc9966a8", kill_on_drop: false }`
[INFO] [stderr]    Compiling sarsh v0.0.0 (/opt/rustwide/workdir)
[INFO] [stdout] warning: unused import: `ast::parser::ir::*`
[INFO] [stdout]  --> src/main.rs:6:5
[INFO] [stdout]   |
[INFO] [stdout] 6 | use ast::parser::ir::*;
[INFO] [stdout]   |     ^^^^^^^^^^^^^^^^^^
[INFO] [stdout]   |
[INFO] [stdout]   = note: `#[warn(unused_imports)]` on by default
[INFO] [stdout] 
[INFO] [stdout] 
[INFO] [stdout] warning: fields `row` and `col` are never read
[INFO] [stdout]  --> src/ast/errors.rs:4:21
[INFO] [stdout]   |
[INFO] [stdout] 4 |     UnclosedQuote { row: usize, col: usize },
[INFO] [stdout]   |     -------------   ^^^         ^^^
[INFO] [stdout]   |     |
[INFO] [stdout]   |     fields in this variant
[INFO] [stdout]   |
[INFO] [stdout]   = note: `LexingError` has a derived impl for the trait `Debug`, but this is intentionally ignored during dead code analysis
[INFO] [stdout]   = note: `#[warn(dead_code)]` on by default
[INFO] [stdout] 
[INFO] [stdout] 
[INFO] [stdout] warning: fields `row` and `col` are never read
[INFO] [stdout]  --> src/ast/errors.rs:5:21
[INFO] [stdout]   |
[INFO] [stdout] 5 |     UnclosedBlock { row: usize, col: usize },
[INFO] [stdout]   |     -------------   ^^^         ^^^
[INFO] [stdout]   |     |
[INFO] [stdout]   |     fields in this variant
[INFO] [stdout]   |
[INFO] [stdout]   = note: `LexingError` has a derived impl for the trait `Debug`, but this is intentionally ignored during dead code analysis
[INFO] [stdout] 
[INFO] [stdout] 
[INFO] [stdout] warning: variant `InvalidVar` is never constructed
[INFO] [stdout]  --> src/ast/errors.rs:3:5
[INFO] [stdout]   |
[INFO] [stdout] 2 | pub enum LexingError {
[INFO] [stdout]   |          ----------- variant in this enum
[INFO] [stdout] 3 |     InvalidVar { row: usize, col: usize },
[INFO] [stdout]   |     ^^^^^^^^^^
[INFO] [stdout]   |
[INFO] [stdout]   = note: `LexingError` has a derived impl for the trait `Debug`, but this is intentionally ignored during dead code analysis
[INFO] [stdout] 
[INFO] [stdout] 
[INFO] [stdout] warning: function `print_symbols` is never used
[INFO] [stdout]   --> src/ast/tokens.rs:39:8
[INFO] [stdout]    |
[INFO] [stdout] 39 | pub fn print_symbols(symbols: &Symbols) {
[INFO] [stdout]    |        ^^^^^^^^^^^^^
[INFO] [stdout] 
[INFO] [stdout] 
[INFO] [stdout] warning: function `symbols_to_string` is never used
[INFO] [stdout]   --> src/ast/tokens.rs:43:8
[INFO] [stdout]    |
[INFO] [stdout] 43 | pub fn symbols_to_string(symbols: &Symbols) -> String {
[INFO] [stdout]    |        ^^^^^^^^^^^^^^^^^
[INFO] [stdout] 
[INFO] [stdout] 
[INFO] [stderr]     Finished `dev` profile [unoptimized + debuginfo] target(s) in 0.68s
[INFO] running `Command { std: "docker" "inspect" "7d19b7d0d123e9f9766b939a6d822317465b28007a4a9876a4929d3bcc9966a8", kill_on_drop: false }`
[INFO] running `Command { std: "docker" "rm" "-f" "7d19b7d0d123e9f9766b939a6d822317465b28007a4a9876a4929d3bcc9966a8", kill_on_drop: false }`
[INFO] [stdout] 7d19b7d0d123e9f9766b939a6d822317465b28007a4a9876a4929d3bcc9966a8
[INFO] running `Command { std: "docker" "create" "-v" "/var/lib/crater-agent-workspace/builds/worker-5-tc2/target:/opt/rustwide/target:rw,Z" "-v" "/var/lib/crater-agent-workspace/builds/worker-5-tc2/source:/opt/rustwide/workdir:ro,Z" "-v" "/var/lib/crater-agent-workspace/cargo-home:/opt/rustwide/cargo-home:ro,Z" "-v" "/var/lib/crater-agent-workspace/rustup-home:/opt/rustwide/rustup-home:ro,Z" "-e" "SOURCE_DIR=/opt/rustwide/workdir" "-e" "CARGO_TARGET_DIR=/opt/rustwide/target" "-e" "CARGO_INCREMENTAL=0" "-e" "RUST_BACKTRACE=full" "-e" "RUSTFLAGS=--cap-lints=forbid -Zrandomize-layout" "-e" "RUSTDOCFLAGS=--cap-lints=forbid" "-e" "CARGO_HOME=/opt/rustwide/cargo-home" "-e" "RUSTUP_HOME=/opt/rustwide/rustup-home" "-w" "/opt/rustwide/workdir" "-m" "1610612736" "--user" "0:0" "--network" "none" "ghcr.io/rust-lang/crates-build-env/linux@sha256:4a844ea9eb2546a2d2c7022eacef16ef2e8229c7fbb2c7d4d55a9ceca922f72d" "/opt/rustwide/cargo-home/bin/cargo" "+nightly-2024-10-28" "test" "--frozen" "--no-run" "--message-format=json", kill_on_drop: false }`
[INFO] [stdout] 87a4895e813054356430ed378ea573ebb3d58c3c66f4f8ac126c6e84378f3d75
[INFO] running `Command { std: "docker" "start" "-a" "87a4895e813054356430ed378ea573ebb3d58c3c66f4f8ac126c6e84378f3d75", kill_on_drop: false }`
[INFO] [stderr]    Compiling libc v0.2.140
[INFO] [stderr]    Compiling linked-hash-map v0.5.6
[INFO] [stderr]    Compiling lazy_static v1.4.0
[INFO] [stderr]    Compiling similar v2.2.1
[INFO] [stderr]    Compiling yaml-rust v0.4.5
[INFO] [stderr]    Compiling console v0.15.5
[INFO] [stderr]    Compiling insta v1.28.0
[INFO] [stderr]    Compiling sarsh v0.0.0 (/opt/rustwide/workdir)
[INFO] [stdout] warning: unused import: `ast::parser::ir::*`
[INFO] [stdout]  --> src/main.rs:6:5
[INFO] [stdout]   |
[INFO] [stdout] 6 | use ast::parser::ir::*;
[INFO] [stdout]   |     ^^^^^^^^^^^^^^^^^^
[INFO] [stdout]   |
[INFO] [stdout]   = note: `#[warn(unused_imports)]` on by default
[INFO] [stdout] 
[INFO] [stdout] 
[INFO] [stdout] warning: fields `row` and `col` are never read
[INFO] [stdout]  --> src/ast/errors.rs:4:21
[INFO] [stdout]   |
[INFO] [stdout] 4 |     UnclosedQuote { row: usize, col: usize },
[INFO] [stdout]   |     -------------   ^^^         ^^^
[INFO] [stdout]   |     |
[INFO] [stdout]   |     fields in this variant
[INFO] [stdout]   |
[INFO] [stdout]   = note: `LexingError` has a derived impl for the trait `Debug`, but this is intentionally ignored during dead code analysis
[INFO] [stdout]   = note: `#[warn(dead_code)]` on by default
[INFO] [stdout] 
[INFO] [stdout] 
[INFO] [stdout] warning: fields `row` and `col` are never read
[INFO] [stdout]  --> src/ast/errors.rs:5:21
[INFO] [stdout]   |
[INFO] [stdout] 5 |     UnclosedBlock { row: usize, col: usize },
[INFO] [stdout]   |     -------------   ^^^         ^^^
[INFO] [stdout]   |     |
[INFO] [stdout]   |     fields in this variant
[INFO] [stdout]   |
[INFO] [stdout]   = note: `LexingError` has a derived impl for the trait `Debug`, but this is intentionally ignored during dead code analysis
[INFO] [stdout] 
[INFO] [stdout] 
[INFO] [stdout] warning: variant `InvalidVar` is never constructed
[INFO] [stdout]  --> src/ast/errors.rs:3:5
[INFO] [stdout]   |
[INFO] [stdout] 2 | pub enum LexingError {
[INFO] [stdout]   |          ----------- variant in this enum
[INFO] [stdout] 3 |     InvalidVar { row: usize, col: usize },
[INFO] [stdout]   |     ^^^^^^^^^^
[INFO] [stdout]   |
[INFO] [stdout]   = note: `LexingError` has a derived impl for the trait `Debug`, but this is intentionally ignored during dead code analysis
[INFO] [stdout] 
[INFO] [stdout] 
[INFO] [stdout] warning: function `print_symbols` is never used
[INFO] [stdout]   --> src/ast/tokens.rs:39:8
[INFO] [stdout]    |
[INFO] [stdout] 39 | pub fn print_symbols(symbols: &Symbols) {
[INFO] [stdout]    |        ^^^^^^^^^^^^^
[INFO] [stdout] 
[INFO] [stdout] 
[INFO] [stderr]     Finished `test` profile [unoptimized + debuginfo] target(s) in 5.79s
[INFO] running `Command { std: "docker" "inspect" "87a4895e813054356430ed378ea573ebb3d58c3c66f4f8ac126c6e84378f3d75", kill_on_drop: false }`
[INFO] running `Command { std: "docker" "rm" "-f" "87a4895e813054356430ed378ea573ebb3d58c3c66f4f8ac126c6e84378f3d75", kill_on_drop: false }`
[INFO] [stdout] 87a4895e813054356430ed378ea573ebb3d58c3c66f4f8ac126c6e84378f3d75
[INFO] running `Command { std: "docker" "create" "-v" "/var/lib/crater-agent-workspace/builds/worker-5-tc2/target:/opt/rustwide/target:rw,Z" "-v" "/var/lib/crater-agent-workspace/builds/worker-5-tc2/source:/opt/rustwide/workdir:ro,Z" "-v" "/var/lib/crater-agent-workspace/cargo-home:/opt/rustwide/cargo-home:ro,Z" "-v" "/var/lib/crater-agent-workspace/rustup-home:/opt/rustwide/rustup-home:ro,Z" "-e" "SOURCE_DIR=/opt/rustwide/workdir" "-e" "CARGO_TARGET_DIR=/opt/rustwide/target" "-e" "CARGO_INCREMENTAL=0" "-e" "RUST_BACKTRACE=full" "-e" "RUSTFLAGS=--cap-lints=forbid -Zrandomize-layout" "-e" "RUSTDOCFLAGS=--cap-lints=forbid" "-e" "CARGO_HOME=/opt/rustwide/cargo-home" "-e" "RUSTUP_HOME=/opt/rustwide/rustup-home" "-w" "/opt/rustwide/workdir" "-m" "1610612736" "--user" "0:0" "--network" "none" "ghcr.io/rust-lang/crates-build-env/linux@sha256:4a844ea9eb2546a2d2c7022eacef16ef2e8229c7fbb2c7d4d55a9ceca922f72d" "/opt/rustwide/cargo-home/bin/cargo" "+nightly-2024-10-28" "test" "--frozen", kill_on_drop: false }`
[INFO] [stdout] 211df252af84fb859dfa479b14947414548214d135c8acb1358203aa67003623
[INFO] running `Command { std: "docker" "start" "-a" "211df252af84fb859dfa479b14947414548214d135c8acb1358203aa67003623", kill_on_drop: false }`
[INFO] [stderr] warning: unused import: `ast::parser::ir::*`
[INFO] [stderr]  --> src/main.rs:6:5
[INFO] [stderr]   |
[INFO] [stderr] 6 | use ast::parser::ir::*;
[INFO] [stderr]   |     ^^^^^^^^^^^^^^^^^^
[INFO] [stderr]   |
[INFO] [stderr]   = note: `#[warn(unused_imports)]` on by default
[INFO] [stderr] 
[INFO] [stderr] warning: fields `row` and `col` are never read
[INFO] [stderr]  --> src/ast/errors.rs:4:21
[INFO] [stderr]   |
[INFO] [stderr] 4 |     UnclosedQuote { row: usize, col: usize },
[INFO] [stderr]   |     -------------   ^^^         ^^^
[INFO] [stderr]   |     |
[INFO] [stderr]   |     fields in this variant
[INFO] [stderr]   |
[INFO] [stderr]   = note: `LexingError` has a derived impl for the trait `Debug`, but this is intentionally ignored during dead code analysis
[INFO] [stderr]   = note: `#[warn(dead_code)]` on by default
[INFO] [stderr] 
[INFO] [stderr] warning: fields `row` and `col` are never read
[INFO] [stderr]  --> src/ast/errors.rs:5:21
[INFO] [stderr]   |
[INFO] [stderr] 5 |     UnclosedBlock { row: usize, col: usize },
[INFO] [stderr]   |     -------------   ^^^         ^^^
[INFO] [stderr]   |     |
[INFO] [stderr]   |     fields in this variant
[INFO] [stderr]   |
[INFO] [stderr]   = note: `LexingError` has a derived impl for the trait `Debug`, but this is intentionally ignored during dead code analysis
[INFO] [stderr] 
[INFO] [stderr] warning: variant `InvalidVar` is never constructed
[INFO] [stderr]  --> src/ast/errors.rs:3:5
[INFO] [stderr]   |
[INFO] [stderr] 2 | pub enum LexingError {
[INFO] [stderr]   |          ----------- variant in this enum
[INFO] [stderr] 3 |     InvalidVar { row: usize, col: usize },
[INFO] [stderr]   |     ^^^^^^^^^^
[INFO] [stderr]   |
[INFO] [stderr]   = note: `LexingError` has a derived impl for the trait `Debug`, but this is intentionally ignored during dead code analysis
[INFO] [stderr] 
[INFO] [stderr] warning: function `print_symbols` is never used
[INFO] [stderr]   --> src/ast/tokens.rs:39:8
[INFO] [stderr]    |
[INFO] [stderr] 39 | pub fn print_symbols(symbols: &Symbols) {
[INFO] [stderr]    |        ^^^^^^^^^^^^^
[INFO] [stderr] 
[INFO] [stderr] warning: `sarsh` (bin "sarsh" test) generated 5 warnings (run `cargo fix --bin "sarsh" --tests` to apply 1 suggestion)
[INFO] [stderr]     Finished `test` profile [unoptimized + debuginfo] target(s) in 0.02s
[INFO] [stdout] 
[INFO] [stdout] running 3 tests
[INFO] [stderr]      Running unittests src/main.rs (/opt/rustwide/target/debug/deps/sarsh-deeeae082218c17d)
[INFO] [stdout] test ast::lexer::lexer_tests::it_trims_spaces ... ok
[INFO] [stdout] test ast::parser::parser_tests::it_can_parse_a_basic_script ... FAILED
[INFO] [stdout] test ast::lexer::lexer_tests::it_can_extract_symbols_from_a_file ... FAILED
[INFO] [stdout] 
[INFO] [stdout] failures:
[INFO] [stdout] 
[INFO] [stdout] ---- ast::parser::parser_tests::it_can_parse_a_basic_script stdout ----
[INFO] [stdout] ━━━━━━━━━━━━━━━━━━━━━━━━━━━━━━━ Snapshot Summary ━━━━━━━━━━━━━━━━━━━━━━━━━━━━━━━
[INFO] [stdout] Snapshot file: src/ast/parser/../../../tests/snapshots/sarsh__ast__parser__parser_tests__it_can_parse_a_basic_script.snap
[INFO] [stdout] Snapshot: it_can_parse_a_basic_script
[INFO] [stdout] Source: src/ast/parser/mod.rs:55
[INFO] [stdout] ────────────────────────────────────────────────────────────────────────────────
[INFO] [stdout] Expression: ast.to_string()
[INFO] [stdout] ────────────────────────────────────────────────────────────────────────────────
[INFO] [stdout] line number: beginning_token_index-> wnd_token_index InstructioType(name)
[INFO] [stdout] ────────────────────────────────────────────────────────────────────────────────
[INFO] [stdout] +new results
[INFO] [stdout] ────────────┬───────────────────────────────────────────────────────────────────
[INFO] [stdout]           0 │+3: 0->3 GlobalAssignement(GLOB)
[INFO] [stdout]           1 │+5: 8->20 Function(say (3))
[INFO] [stdout]           2 │+7: 8->11 LocalAssignement(_loc)
[INFO] [stdout]           3 │+10: 11->14 Command(echo)
[INFO] [stdout]           4 │+13: 14->19 Command(echo)
[INFO] [stdout]           5 │+15: 20->23 GlobalAssignement(USELESS_VAR)
[INFO] [stdout]           6 │+17: 23->26 Command(echo)
[INFO] [stdout]           7 │+18: 26->28 Command(say)
[INFO] [stdout] ────────────┴───────────────────────────────────────────────────────────────────
[INFO] [stdout] thread 'ast::parser::parser_tests::it_can_parse_a_basic_script' panicked at src/ast/parser/mod.rs:55:26:
[INFO] [stdout] called `Result::unwrap()` on an `Err` value: Os { code: 30, kind: ReadOnlyFilesystem, message: "Read-only file system" }
[INFO] [stdout] stack backtrace:
[INFO] [stdout]    0:     0x58aaa6545bea - std::backtrace_rs::backtrace::libunwind::trace::h207520d6e9873551
[INFO] [stdout]                                at /rustc/df4ca44d3fbc9301ee17f30f4d474e6ae4b05252/library/std/src/../../backtrace/src/backtrace/libunwind.rs:116:5
[INFO] [stdout]    1:     0x58aaa6545bea - std::backtrace_rs::backtrace::trace_unsynchronized::h2ed7433f370e3eca
[INFO] [stdout]                                at /rustc/df4ca44d3fbc9301ee17f30f4d474e6ae4b05252/library/std/src/../../backtrace/src/backtrace/mod.rs:66:5
[INFO] [stdout]    2:     0x58aaa6545bea - std::sys::backtrace::_print_fmt::h916fac51166b18d7
[INFO] [stdout]                                at /rustc/df4ca44d3fbc9301ee17f30f4d474e6ae4b05252/library/std/src/sys/backtrace.rs:66:9
[INFO] [stdout]    3:     0x58aaa6545bea - <std::sys::backtrace::BacktraceLock::print::DisplayBacktrace as core::fmt::Display>::fmt::ha0a4c9b8ce3802e6
[INFO] [stdout]                                at /rustc/df4ca44d3fbc9301ee17f30f4d474e6ae4b05252/library/std/src/sys/backtrace.rs:39:26
[INFO] [stdout]    4:     0x58aaa656ef23 - core::fmt::rt::Argument::fmt::h4cfc8587d52b3eb5
[INFO] [stdout]                                at /rustc/df4ca44d3fbc9301ee17f30f4d474e6ae4b05252/library/core/src/fmt/rt.rs:177:76
[INFO] [stdout]    5:     0x58aaa656ef23 - core::fmt::write::h522cc39e5b36ae9f
[INFO] [stdout]                                at /rustc/df4ca44d3fbc9301ee17f30f4d474e6ae4b05252/library/core/src/fmt/mod.rs:1190:21
[INFO] [stdout]    6:     0x58aaa6542023 - std::io::Write::write_fmt::h7d3c26752da97734
[INFO] [stdout]                                at /rustc/df4ca44d3fbc9301ee17f30f4d474e6ae4b05252/library/std/src/io/mod.rs:1839:15
[INFO] [stdout]    7:     0x58aaa6545a32 - std::sys::backtrace::BacktraceLock::print::h4b9e00b29e9c0942
[INFO] [stdout]                                at /rustc/df4ca44d3fbc9301ee17f30f4d474e6ae4b05252/library/std/src/sys/backtrace.rs:42:9
[INFO] [stdout]    8:     0x58aaa654707a - std::panicking::default_hook::{{closure}}::hb59b88280d0324d9
[INFO] [stdout]                                at /rustc/df4ca44d3fbc9301ee17f30f4d474e6ae4b05252/library/std/src/panicking.rs:268:22
[INFO] [stdout]    9:     0x58aaa6546e84 - std::panicking::default_hook::he1dd496665be4a29
[INFO] [stdout]                                at /rustc/df4ca44d3fbc9301ee17f30f4d474e6ae4b05252/library/std/src/panicking.rs:292:9
[INFO] [stdout]   10:     0x58aaa63d7829 - <alloc::boxed::Box<F,A> as core::ops::function::Fn<Args>>::call::h4ff71de18744e1dc
[INFO] [stdout]                                at /rustc/df4ca44d3fbc9301ee17f30f4d474e6ae4b05252/library/alloc/src/boxed.rs:2468:9
[INFO] [stdout]   11:     0x58aaa63d7829 - test::test_main::{{closure}}::hcf7c055ce117aa81
[INFO] [stdout]                                at /rustc/df4ca44d3fbc9301ee17f30f4d474e6ae4b05252/library/test/src/lib.rs:133:21
[INFO] [stdout]   12:     0x58aaa6547778 - <alloc::boxed::Box<F,A> as core::ops::function::Fn<Args>>::call::h1d66c6bbd60c9692
[INFO] [stdout]                                at /rustc/df4ca44d3fbc9301ee17f30f4d474e6ae4b05252/library/alloc/src/boxed.rs:2468:9
[INFO] [stdout]   13:     0x58aaa6547778 - std::panicking::rust_panic_with_hook::h2ff17fe8f26dfcf8
[INFO] [stdout]                                at /rustc/df4ca44d3fbc9301ee17f30f4d474e6ae4b05252/library/std/src/panicking.rs:809:13
[INFO] [stdout]   14:     0x58aaa654753a - std::panicking::begin_panic_handler::{{closure}}::h4fad77951c07e101
[INFO] [stdout]                                at /rustc/df4ca44d3fbc9301ee17f30f4d474e6ae4b05252/library/std/src/panicking.rs:674:13
[INFO] [stdout]   15:     0x58aaa65460c9 - std::sys::backtrace::__rust_end_short_backtrace::hb1a25b3da5d0ea08
[INFO] [stdout]                                at /rustc/df4ca44d3fbc9301ee17f30f4d474e6ae4b05252/library/std/src/sys/backtrace.rs:170:18
[INFO] [stdout]   16:     0x58aaa65471cc - rust_begin_unwind
[INFO] [stdout]                                at /rustc/df4ca44d3fbc9301ee17f30f4d474e6ae4b05252/library/std/src/panicking.rs:665:5
[INFO] [stdout]   17:     0x58aaa656ccf0 - core::panicking::panic_fmt::ha9db07b529f9b256
[INFO] [stdout]                                at /rustc/df4ca44d3fbc9301ee17f30f4d474e6ae4b05252/library/core/src/panicking.rs:75:14
[INFO] [stdout]   18:     0x58aaa656d136 - core::result::unwrap_failed::h5e8218e4d4338b8a
[INFO] [stdout]                                at /rustc/df4ca44d3fbc9301ee17f30f4d474e6ae4b05252/library/core/src/result.rs:1698:5
[INFO] [stdout]   19:     0x58aaa639a7ba - core::result::Result<T,E>::unwrap::hfba8cd760b84b0f2
[INFO] [stdout]                                at /rustc/df4ca44d3fbc9301ee17f30f4d474e6ae4b05252/library/core/src/result.rs:1103:23
[INFO] [stdout]   20:     0x58aaa639a7ba - sarsh::ast::parser::parser_tests::it_can_parse_a_basic_script::{{closure}}::h50ec393a05a72740
[INFO] [stdout]                                at /opt/rustwide/workdir/src/ast/parser/mod.rs:55:26
[INFO] [stdout]   21:     0x58aaa6397c3f - insta::settings::Settings::bind::h8eeae7a9baf20024
[INFO] [stdout]                                at /opt/rustwide/cargo-home/registry/src/index.crates.io-6f17d22bba15001f/insta-1.28.0/src/settings.rs:510:9
[INFO] [stdout]   22:     0x58aaa639a42b - sarsh::ast::parser::parser_tests::it_can_parse_a_basic_script::hde915250f4029019
[INFO] [stdout]                                at /opt/rustwide/workdir/src/ast/parser/mod.rs:55:9
[INFO] [stdout]   23:     0x58aaa639a0f7 - sarsh::ast::parser::parser_tests::it_can_parse_a_basic_script::{{closure}}::h8a6384e288aafa3a
[INFO] [stdout]                                at /opt/rustwide/workdir/src/ast/parser/mod.rs:44:37
[INFO] [stdout]   24:     0x58aaa6395b16 - core::ops::function::FnOnce::call_once::h84d7f60ed1089244
[INFO] [stdout]                                at /rustc/df4ca44d3fbc9301ee17f30f4d474e6ae4b05252/library/core/src/ops/function.rs:250:5
[INFO] [stdout]   25:     0x58aaa63dc0fb - core::ops::function::FnOnce::call_once::h22c3ba5715e93f05
[INFO] [stdout]                                at /rustc/df4ca44d3fbc9301ee17f30f4d474e6ae4b05252/library/core/src/ops/function.rs:250:5
[INFO] [stdout]   26:     0x58aaa63dc0fb - test::__rust_begin_short_backtrace::h8e82d8113d0da17f
[INFO] [stdout]                                at /rustc/df4ca44d3fbc9301ee17f30f4d474e6ae4b05252/library/test/src/lib.rs:621:18
[INFO] [stdout]   27:     0x58aaa63dba77 - test::run_test_in_process::{{closure}}::h33235f4f20b7b7c7
[INFO] [stdout]                                at /rustc/df4ca44d3fbc9301ee17f30f4d474e6ae4b05252/library/test/src/lib.rs:644:60
[INFO] [stdout]   28:     0x58aaa63dba77 - <core::panic::unwind_safe::AssertUnwindSafe<F> as core::ops::function::FnOnce<()>>::call_once::hb5043206310c586f
[INFO] [stdout]                                at /rustc/df4ca44d3fbc9301ee17f30f4d474e6ae4b05252/library/core/src/panic/unwind_safe.rs:272:9
[INFO] [stdout]   29:     0x58aaa63dba77 - std::panicking::try::do_call::h9ad4731a60ab23e2
[INFO] [stdout]                                at /rustc/df4ca44d3fbc9301ee17f30f4d474e6ae4b05252/library/std/src/panicking.rs:557:40
[INFO] [stdout]   30:     0x58aaa63dba77 - std::panicking::try::h3824d23db772a716
[INFO] [stdout]                                at /rustc/df4ca44d3fbc9301ee17f30f4d474e6ae4b05252/library/std/src/panicking.rs:520:19
[INFO] [stdout]   31:     0x58aaa63dba77 - std::panic::catch_unwind::h5afd514605fde46b
[INFO] [stdout]                                at /rustc/df4ca44d3fbc9301ee17f30f4d474e6ae4b05252/library/std/src/panic.rs:358:14
[INFO] [stdout]   32:     0x58aaa63dba77 - test::run_test_in_process::h0d5cbfa7067d1720
[INFO] [stdout]                                at /rustc/df4ca44d3fbc9301ee17f30f4d474e6ae4b05252/library/test/src/lib.rs:644:27
[INFO] [stdout]   33:     0x58aaa63dba77 - test::run_test::{{closure}}::h708eb8872708115d
[INFO] [stdout]                                at /rustc/df4ca44d3fbc9301ee17f30f4d474e6ae4b05252/library/test/src/lib.rs:565:43
[INFO] [stdout]   34:     0x58aaa639f194 - test::run_test::{{closure}}::h392c51cee94713ab
[INFO] [stdout]                                at /rustc/df4ca44d3fbc9301ee17f30f4d474e6ae4b05252/library/test/src/lib.rs:595:41
[INFO] [stdout]   35:     0x58aaa639f194 - std::sys::backtrace::__rust_begin_short_backtrace::h2f40290710935a8b
[INFO] [stdout]                                at /rustc/df4ca44d3fbc9301ee17f30f4d474e6ae4b05252/library/std/src/sys/backtrace.rs:154:18
[INFO] [stdout]   36:     0x58aaa63a293e - std::thread::Builder::spawn_unchecked_::{{closure}}::{{closure}}::h3fd968d89053a903
[INFO] [stdout]                                at /rustc/df4ca44d3fbc9301ee17f30f4d474e6ae4b05252/library/std/src/thread/mod.rs:541:17
[INFO] [stdout]   37:     0x58aaa63a293e - <core::panic::unwind_safe::AssertUnwindSafe<F> as core::ops::function::FnOnce<()>>::call_once::h743f637ba4229880
[INFO] [stdout]                                at /rustc/df4ca44d3fbc9301ee17f30f4d474e6ae4b05252/library/core/src/panic/unwind_safe.rs:272:9
[INFO] [stderr] error: test failed, to rerun pass `--bin sarsh`
[INFO] [stdout]   38:     0x58aaa63a293e - std::panicking::try::do_call::h07440897322525a6
[INFO] [stdout]                                at /rustc/df4ca44d3fbc9301ee17f30f4d474e6ae4b05252/library/std/src/panicking.rs:557:40
[INFO] [stdout]   39:     0x58aaa63a293e - std::panicking::try::he5a2e00188156637
[INFO] [stdout]                                at /rustc/df4ca44d3fbc9301ee17f30f4d474e6ae4b05252/library/std/src/panicking.rs:520:19
[INFO] [stdout]   40:     0x58aaa63a293e - std::panic::catch_unwind::hbaf3cae49b3c6433
[INFO] [stdout]                                at /rustc/df4ca44d3fbc9301ee17f30f4d474e6ae4b05252/library/std/src/panic.rs:358:14
[INFO] [stdout]   41:     0x58aaa63a293e - std::thread::Builder::spawn_unchecked_::{{closure}}::h8e141ea224820bce
[INFO] [stdout]                                at /rustc/df4ca44d3fbc9301ee17f30f4d474e6ae4b05252/library/std/src/thread/mod.rs:540:30
[INFO] [stdout]   42:     0x58aaa63a293e - core::ops::function::FnOnce::call_once{{vtable.shim}}::h90d312fedd7b8ea8
[INFO] [stdout]                                at /rustc/df4ca44d3fbc9301ee17f30f4d474e6ae4b05252/library/core/src/ops/function.rs:250:5
[INFO] [stdout]   43:     0x58aaa654b8bb - <alloc::boxed::Box<F,A> as core::ops::function::FnOnce<Args>>::call_once::h69aa08ddb6adb8b6
[INFO] [stdout]                                at /rustc/df4ca44d3fbc9301ee17f30f4d474e6ae4b05252/library/alloc/src/boxed.rs:2454:9
[INFO] [stdout]   44:     0x58aaa654b8bb - <alloc::boxed::Box<F,A> as core::ops::function::FnOnce<Args>>::call_once::h5aa36efdb79c806f
[INFO] [stdout]                                at /rustc/df4ca44d3fbc9301ee17f30f4d474e6ae4b05252/library/alloc/src/boxed.rs:2454:9
[INFO] [stdout]   45:     0x58aaa654b8bb - std::sys::pal::unix::thread::Thread::new::thread_start::h6cd80a1b4be5158d
[INFO] [stdout]                                at /rustc/df4ca44d3fbc9301ee17f30f4d474e6ae4b05252/library/std/src/sys/pal/unix/thread.rs:105:17
[INFO] [stdout]   46:     0x74253578cac3 - <unknown>
[INFO] [stdout]   47:     0x74253581da04 - clone
[INFO] [stdout]   48:                0x0 - <unknown>
[INFO] [stdout] 
[INFO] [stdout] ---- ast::lexer::lexer_tests::it_can_extract_symbols_from_a_file stdout ----
[INFO] [stdout] ━━━━━━━━━━━━━━━━━━━━━━━━━━━━━━━ Snapshot Summary ━━━━━━━━━━━━━━━━━━━━━━━━━━━━━━━
[INFO] [stdout] Snapshot file: src/ast/../../tests/snapshots/sarsh__ast__lexer__lexer_tests__it_can_extract_symbols_from_a_file.snap
[INFO] [stdout] Snapshot: it_can_extract_symbols_from_a_file
[INFO] [stdout] Source: src/ast/lexer.rs:359
[INFO] [stdout] ────────────────────────────────────────────────────────────────────────────────
[INFO] [stdout] Expression: symbols_to_string(&symbols)
[INFO] [stdout] ────────────────────────────────────────────────────────────────────────────────
[INFO] [stdout] line number: for each token in the line  TokenType(value), literal tokens like {} as displayed as is
[INFO] [stdout] ────────────────────────────────────────────────────────────────────────────────
[INFO] [stdout] +new results
[INFO] [stdout] ────────────┬───────────────────────────────────────────────────────────────────
[INFO] [stdout]           0 │+
[INFO] [stdout]           1 │+3: WORD(glob) = WORD(world)  
[INFO] [stdout]           2 │+5: WORD(function) WORD(say) ( ) {  
[INFO] [stdout]           3 │+6: WORD(_loc) = VAR(1:-hello)  
[INFO] [stdout]           4 │+8: WORD(_res) = VarOrWords([Var("_loc"), Word(" "), Var("glob")])  
[INFO] [stdout]           5 │+10: WORD(echo) VAR(_res) | WORD(cut) WORD(-d) WORD( ) WORD(-f1)  
[INFO] [stdout]           6 │+11: WORD(echo) WORD(single quoted string ${_loc} &> must not be expanded) & > WORD(/dev/null)  
[INFO] [stdout]           7 │+12: }  
[INFO] [stdout]           8 │+15: WORD(say) & > WORD(/dev/null)  
[INFO] [stdout]           9 │+17: WORD(res1) = SubCmd([WORD(say), WORD(hellow)])  
[INFO] [stdout]          10 │+18: WORD(res2) = SubCmd([WORD(echo), WORD(hello-world), |, WORD(cut), WORD(-d-), WORD(-f2)])  
[INFO] [stdout]          11 │+20: WORD(echo) VarOrWords([Word("should print hellow world: "), Var("res1"), Word(" "), Var("res2")])  
[INFO] [stdout]          12 │+21: WORD(echo) WORD(should print hello :) SubCmd([WORD(say)])  
[INFO] [stdout]          13 │+23: WORD(echo) VarOrWords([Word("should fail as trying to access a local variable of method say: "), Var("_loc")])  
[INFO] [stdout]          14 │+24: WORD(echo) WORD(should also report the error and not print this message) 
[INFO] [stdout] ────────────┴───────────────────────────────────────────────────────────────────
[INFO] [stdout] thread 'ast::lexer::lexer_tests::it_can_extract_symbols_from_a_file' panicked at src/ast/lexer.rs:359:26:
[INFO] [stdout] called `Result::unwrap()` on an `Err` value: Os { code: 30, kind: ReadOnlyFilesystem, message: "Read-only file system" }
[INFO] [stdout] stack backtrace:
[INFO] [stdout]    0:     0x58aaa6545bea - std::backtrace_rs::backtrace::libunwind::trace::h207520d6e9873551
[INFO] [stdout]                                at /rustc/df4ca44d3fbc9301ee17f30f4d474e6ae4b05252/library/std/src/../../backtrace/src/backtrace/libunwind.rs:116:5
[INFO] [stdout]    1:     0x58aaa6545bea - std::backtrace_rs::backtrace::trace_unsynchronized::h2ed7433f370e3eca
[INFO] [stdout]                                at /rustc/df4ca44d3fbc9301ee17f30f4d474e6ae4b05252/library/std/src/../../backtrace/src/backtrace/mod.rs:66:5
[INFO] [stdout]    2:     0x58aaa6545bea - std::sys::backtrace::_print_fmt::h916fac51166b18d7
[INFO] [stdout]                                at /rustc/df4ca44d3fbc9301ee17f30f4d474e6ae4b05252/library/std/src/sys/backtrace.rs:66:9
[INFO] [stdout]    3:     0x58aaa6545bea - <std::sys::backtrace::BacktraceLock::print::DisplayBacktrace as core::fmt::Display>::fmt::ha0a4c9b8ce3802e6
[INFO] [stdout]                                at /rustc/df4ca44d3fbc9301ee17f30f4d474e6ae4b05252/library/std/src/sys/backtrace.rs:39:26
[INFO] [stdout]    4:     0x58aaa656ef23 - core::fmt::rt::Argument::fmt::h4cfc8587d52b3eb5
[INFO] [stdout]                                at /rustc/df4ca44d3fbc9301ee17f30f4d474e6ae4b05252/library/core/src/fmt/rt.rs:177:76
[INFO] [stdout]    5:     0x58aaa656ef23 - core::fmt::write::h522cc39e5b36ae9f
[INFO] [stdout]                                at /rustc/df4ca44d3fbc9301ee17f30f4d474e6ae4b05252/library/core/src/fmt/mod.rs:1190:21
[INFO] [stdout]    6:     0x58aaa6542023 - std::io::Write::write_fmt::h7d3c26752da97734
[INFO] [stdout]                                at /rustc/df4ca44d3fbc9301ee17f30f4d474e6ae4b05252/library/std/src/io/mod.rs:1839:15
[INFO] [stdout]    7:     0x58aaa6545a32 - std::sys::backtrace::BacktraceLock::print::h4b9e00b29e9c0942
[INFO] [stdout]                                at /rustc/df4ca44d3fbc9301ee17f30f4d474e6ae4b05252/library/std/src/sys/backtrace.rs:42:9
[INFO] [stdout]    8:     0x58aaa654707a - std::panicking::default_hook::{{closure}}::hb59b88280d0324d9
[INFO] [stdout]                                at /rustc/df4ca44d3fbc9301ee17f30f4d474e6ae4b05252/library/std/src/panicking.rs:268:22
[INFO] [stdout]    9:     0x58aaa6546e84 - std::panicking::default_hook::he1dd496665be4a29
[INFO] [stdout]                                at /rustc/df4ca44d3fbc9301ee17f30f4d474e6ae4b05252/library/std/src/panicking.rs:292:9
[INFO] [stdout]   10:     0x58aaa63d7829 - <alloc::boxed::Box<F,A> as core::ops::function::Fn<Args>>::call::h4ff71de18744e1dc
[INFO] [stdout]                                at /rustc/df4ca44d3fbc9301ee17f30f4d474e6ae4b05252/library/alloc/src/boxed.rs:2468:9
[INFO] [stdout]   11:     0x58aaa63d7829 - test::test_main::{{closure}}::hcf7c055ce117aa81
[INFO] [stdout]                                at /rustc/df4ca44d3fbc9301ee17f30f4d474e6ae4b05252/library/test/src/lib.rs:133:21
[INFO] [stdout]   12:     0x58aaa6547778 - <alloc::boxed::Box<F,A> as core::ops::function::Fn<Args>>::call::h1d66c6bbd60c9692
[INFO] [stdout]                                at /rustc/df4ca44d3fbc9301ee17f30f4d474e6ae4b05252/library/alloc/src/boxed.rs:2468:9
[INFO] [stdout]   13:     0x58aaa6547778 - std::panicking::rust_panic_with_hook::h2ff17fe8f26dfcf8
[INFO] [stdout]                                at /rustc/df4ca44d3fbc9301ee17f30f4d474e6ae4b05252/library/std/src/panicking.rs:809:13
[INFO] [stdout]   14:     0x58aaa654753a - std::panicking::begin_panic_handler::{{closure}}::h4fad77951c07e101
[INFO] [stdout]                                at /rustc/df4ca44d3fbc9301ee17f30f4d474e6ae4b05252/library/std/src/panicking.rs:674:13
[INFO] [stdout]   15:     0x58aaa65460c9 - std::sys::backtrace::__rust_end_short_backtrace::hb1a25b3da5d0ea08
[INFO] [stdout]                                at /rustc/df4ca44d3fbc9301ee17f30f4d474e6ae4b05252/library/std/src/sys/backtrace.rs:170:18
[INFO] [stdout]   16:     0x58aaa65471cc - rust_begin_unwind
[INFO] [stdout]                                at /rustc/df4ca44d3fbc9301ee17f30f4d474e6ae4b05252/library/std/src/panicking.rs:665:5
[INFO] [stdout]   17:     0x58aaa656ccf0 - core::panicking::panic_fmt::ha9db07b529f9b256
[INFO] [stdout]                                at /rustc/df4ca44d3fbc9301ee17f30f4d474e6ae4b05252/library/core/src/panicking.rs:75:14
[INFO] [stdout]   18:     0x58aaa656d136 - core::result::unwrap_failed::h5e8218e4d4338b8a
[INFO] [stdout]                                at /rustc/df4ca44d3fbc9301ee17f30f4d474e6ae4b05252/library/core/src/result.rs:1698:5
[INFO] [stdout]   19:     0x58aaa6399fea - core::result::Result<T,E>::unwrap::hfba8cd760b84b0f2
[INFO] [stdout]                                at /rustc/df4ca44d3fbc9301ee17f30f4d474e6ae4b05252/library/core/src/result.rs:1103:23
[INFO] [stdout]   20:     0x58aaa6399fea - sarsh::ast::lexer::lexer_tests::it_can_extract_symbols_from_a_file::{{closure}}::h35f000a596a7eeeb
[INFO] [stdout]                                at /opt/rustwide/workdir/src/ast/lexer.rs:359:26
[INFO] [stdout]   21:     0x58aaa6397b8f - insta::settings::Settings::bind::h2a8862b154339efc
[INFO] [stdout]                                at /opt/rustwide/cargo-home/registry/src/index.crates.io-6f17d22bba15001f/insta-1.28.0/src/settings.rs:510:9
[INFO] [stdout]   22:     0x58aaa6399c68 - sarsh::ast::lexer::lexer_tests::it_can_extract_symbols_from_a_file::hcfd4ad764c6db9e9
[INFO] [stdout]                                at /opt/rustwide/workdir/src/ast/lexer.rs:359:9
[INFO] [stdout]   23:     0x58aaa6399a77 - sarsh::ast::lexer::lexer_tests::it_can_extract_symbols_from_a_file::{{closure}}::he4373de4f5208ee6
[INFO] [stdout]                                at /opt/rustwide/workdir/src/ast/lexer.rs:351:44
[INFO] [stdout]   24:     0x58aaa6395bb6 - core::ops::function::FnOnce::call_once::hac98c4b267417cc3
[INFO] [stdout]                                at /rustc/df4ca44d3fbc9301ee17f30f4d474e6ae4b05252/library/core/src/ops/function.rs:250:5
[INFO] [stdout]   25:     0x58aaa63dc0fb - core::ops::function::FnOnce::call_once::h22c3ba5715e93f05
[INFO] [stdout]                                at /rustc/df4ca44d3fbc9301ee17f30f4d474e6ae4b05252/library/core/src/ops/function.rs:250:5
[INFO] [stdout]   26:     0x58aaa63dc0fb - test::__rust_begin_short_backtrace::h8e82d8113d0da17f
[INFO] [stdout]                                at /rustc/df4ca44d3fbc9301ee17f30f4d474e6ae4b05252/library/test/src/lib.rs:621:18
[INFO] [stdout]   27:     0x58aaa63dba77 - test::run_test_in_process::{{closure}}::h33235f4f20b7b7c7
[INFO] [stdout]                                at /rustc/df4ca44d3fbc9301ee17f30f4d474e6ae4b05252/library/test/src/lib.rs:644:60
[INFO] [stdout]   28:     0x58aaa63dba77 - <core::panic::unwind_safe::AssertUnwindSafe<F> as core::ops::function::FnOnce<()>>::call_once::hb5043206310c586f
[INFO] [stdout]                                at /rustc/df4ca44d3fbc9301ee17f30f4d474e6ae4b05252/library/core/src/panic/unwind_safe.rs:272:9
[INFO] [stdout]   29:     0x58aaa63dba77 - std::panicking::try::do_call::h9ad4731a60ab23e2
[INFO] [stdout]                                at /rustc/df4ca44d3fbc9301ee17f30f4d474e6ae4b05252/library/std/src/panicking.rs:557:40
[INFO] [stdout]   30:     0x58aaa63dba77 - std::panicking::try::h3824d23db772a716
[INFO] [stdout]                                at /rustc/df4ca44d3fbc9301ee17f30f4d474e6ae4b05252/library/std/src/panicking.rs:520:19
[INFO] [stdout]   31:     0x58aaa63dba77 - std::panic::catch_unwind::h5afd514605fde46b
[INFO] [stdout]                                at /rustc/df4ca44d3fbc9301ee17f30f4d474e6ae4b05252/library/std/src/panic.rs:358:14
[INFO] [stdout]   32:     0x58aaa63dba77 - test::run_test_in_process::h0d5cbfa7067d1720
[INFO] [stdout]                                at /rustc/df4ca44d3fbc9301ee17f30f4d474e6ae4b05252/library/test/src/lib.rs:644:27
[INFO] [stdout]   33:     0x58aaa63dba77 - test::run_test::{{closure}}::h708eb8872708115d
[INFO] [stdout]                                at /rustc/df4ca44d3fbc9301ee17f30f4d474e6ae4b05252/library/test/src/lib.rs:565:43
[INFO] [stdout]   34:     0x58aaa639f194 - test::run_test::{{closure}}::h392c51cee94713ab
[INFO] [stdout]                                at /rustc/df4ca44d3fbc9301ee17f30f4d474e6ae4b05252/library/test/src/lib.rs:595:41
[INFO] [stdout]   35:     0x58aaa639f194 - std::sys::backtrace::__rust_begin_short_backtrace::h2f40290710935a8b
[INFO] [stdout]                                at /rustc/df4ca44d3fbc9301ee17f30f4d474e6ae4b05252/library/std/src/sys/backtrace.rs:154:18
[INFO] [stdout]   36:     0x58aaa63a293e - std::thread::Builder::spawn_unchecked_::{{closure}}::{{closure}}::h3fd968d89053a903
[INFO] [stdout]                                at /rustc/df4ca44d3fbc9301ee17f30f4d474e6ae4b05252/library/std/src/thread/mod.rs:541:17
[INFO] [stdout]   37:     0x58aaa63a293e - <core::panic::unwind_safe::AssertUnwindSafe<F> as core::ops::function::FnOnce<()>>::call_once::h743f637ba4229880
[INFO] [stdout]                                at /rustc/df4ca44d3fbc9301ee17f30f4d474e6ae4b05252/library/core/src/panic/unwind_safe.rs:272:9
[INFO] [stdout]   38:     0x58aaa63a293e - std::panicking::try::do_call::h07440897322525a6
[INFO] [stdout]                                at /rustc/df4ca44d3fbc9301ee17f30f4d474e6ae4b05252/library/std/src/panicking.rs:557:40
[INFO] [stdout]   39:     0x58aaa63a293e - std::panicking::try::he5a2e00188156637
[INFO] [stdout]                                at /rustc/df4ca44d3fbc9301ee17f30f4d474e6ae4b05252/library/std/src/panicking.rs:520:19
[INFO] [stdout]   40:     0x58aaa63a293e - std::panic::catch_unwind::hbaf3cae49b3c6433
[INFO] [stdout]                                at /rustc/df4ca44d3fbc9301ee17f30f4d474e6ae4b05252/library/std/src/panic.rs:358:14
[INFO] [stdout]   41:     0x58aaa63a293e - std::thread::Builder::spawn_unchecked_::{{closure}}::h8e141ea224820bce
[INFO] [stdout]                                at /rustc/df4ca44d3fbc9301ee17f30f4d474e6ae4b05252/library/std/src/thread/mod.rs:540:30
[INFO] [stdout]   42:     0x58aaa63a293e - core::ops::function::FnOnce::call_once{{vtable.shim}}::h90d312fedd7b8ea8
[INFO] [stdout]                                at /rustc/df4ca44d3fbc9301ee17f30f4d474e6ae4b05252/library/core/src/ops/function.rs:250:5
[INFO] [stdout]   43:     0x58aaa654b8bb - <alloc::boxed::Box<F,A> as core::ops::function::FnOnce<Args>>::call_once::h69aa08ddb6adb8b6
[INFO] [stdout]                                at /rustc/df4ca44d3fbc9301ee17f30f4d474e6ae4b05252/library/alloc/src/boxed.rs:2454:9
[INFO] [stdout]   44:     0x58aaa654b8bb - <alloc::boxed::Box<F,A> as core::ops::function::FnOnce<Args>>::call_once::h5aa36efdb79c806f
[INFO] [stdout]                                at /rustc/df4ca44d3fbc9301ee17f30f4d474e6ae4b05252/library/alloc/src/boxed.rs:2454:9
[INFO] [stdout]   45:     0x58aaa654b8bb - std::sys::pal::unix::thread::Thread::new::thread_start::h6cd80a1b4be5158d
[INFO] [stdout]                                at /rustc/df4ca44d3fbc9301ee17f30f4d474e6ae4b05252/library/std/src/sys/pal/unix/thread.rs:105:17
[INFO] [stdout]   46:     0x74253578cac3 - <unknown>
[INFO] [stdout]   47:     0x74253581da04 - clone
[INFO] [stdout]   48:                0x0 - <unknown>
[INFO] [stdout] 
[INFO] [stdout] 
[INFO] [stdout] failures:
[INFO] [stdout]     ast::lexer::lexer_tests::it_can_extract_symbols_from_a_file
[INFO] [stdout]     ast::parser::parser_tests::it_can_parse_a_basic_script
[INFO] [stdout] 
[INFO] [stdout] test result: FAILED. 1 passed; 2 failed; 0 ignored; 0 measured; 0 filtered out; finished in 2.20s
[INFO] [stdout] 
[INFO] running `Command { std: "docker" "inspect" "211df252af84fb859dfa479b14947414548214d135c8acb1358203aa67003623", kill_on_drop: false }`
[INFO] running `Command { std: "docker" "rm" "-f" "211df252af84fb859dfa479b14947414548214d135c8acb1358203aa67003623", kill_on_drop: false }`
[INFO] [stdout] 211df252af84fb859dfa479b14947414548214d135c8acb1358203aa67003623
