[INFO] fetching crate sampr 0.1.0...
[INFO] testing sampr-0.1.0 against nightly-2024-10-28 for randomize-layout
[INFO] extracting crate sampr 0.1.0 into /workspace/builds/worker-3-tc1/source
[INFO] validating manifest of crates.io crate sampr 0.1.0 on toolchain nightly-2024-10-28
[INFO] running `Command { std: CARGO_HOME="/workspace/cargo-home" RUSTUP_HOME="/workspace/rustup-home" "/workspace/cargo-home/bin/cargo" "+nightly-2024-10-28" "metadata" "--manifest-path" "Cargo.toml" "--no-deps", kill_on_drop: false }`
[INFO] started tweaking crates.io crate sampr 0.1.0
[INFO] finished tweaking crates.io crate sampr 0.1.0
[INFO] tweaked toml for crates.io crate sampr 0.1.0 written to /workspace/builds/worker-3-tc1/source/Cargo.toml
[INFO] crate crates.io crate sampr 0.1.0 already has a lockfile, it will not be regenerated
[INFO] running `Command { std: CARGO_HOME="/workspace/cargo-home" RUSTUP_HOME="/workspace/rustup-home" "/workspace/cargo-home/bin/cargo" "+nightly-2024-10-28" "fetch" "--manifest-path" "Cargo.toml", kill_on_drop: false }`
[INFO] [stderr]     Blocking waiting for file lock on package cache
[INFO] [stderr]     Blocking waiting for file lock on package cache
[INFO] running `Command { std: "docker" "create" "-v" "/var/lib/crater-agent-workspace/builds/worker-3-tc1/target:/opt/rustwide/target:rw,Z" "-v" "/var/lib/crater-agent-workspace/builds/worker-3-tc1/source:/opt/rustwide/workdir:ro,Z" "-v" "/var/lib/crater-agent-workspace/cargo-home:/opt/rustwide/cargo-home:ro,Z" "-v" "/var/lib/crater-agent-workspace/rustup-home:/opt/rustwide/rustup-home:ro,Z" "-e" "SOURCE_DIR=/opt/rustwide/workdir" "-e" "CARGO_TARGET_DIR=/opt/rustwide/target" "-e" "CARGO_HOME=/opt/rustwide/cargo-home" "-e" "RUSTUP_HOME=/opt/rustwide/rustup-home" "-w" "/opt/rustwide/workdir" "-m" "1610612736" "--user" "0:0" "--network" "none" "ghcr.io/rust-lang/crates-build-env/linux@sha256:4a844ea9eb2546a2d2c7022eacef16ef2e8229c7fbb2c7d4d55a9ceca922f72d" "/opt/rustwide/cargo-home/bin/cargo" "+nightly-2024-10-28" "metadata" "--no-deps" "--format-version=1", kill_on_drop: false }`
[INFO] [stdout] b65380af2365f9f281f4b1f4bf8171c9b68cd5923808d5e02cede5925c90a2e6
[INFO] running `Command { std: "docker" "start" "-a" "b65380af2365f9f281f4b1f4bf8171c9b68cd5923808d5e02cede5925c90a2e6", kill_on_drop: false }`
[INFO] running `Command { std: "docker" "inspect" "b65380af2365f9f281f4b1f4bf8171c9b68cd5923808d5e02cede5925c90a2e6", kill_on_drop: false }`
[INFO] running `Command { std: "docker" "rm" "-f" "b65380af2365f9f281f4b1f4bf8171c9b68cd5923808d5e02cede5925c90a2e6", kill_on_drop: false }`
[INFO] [stdout] b65380af2365f9f281f4b1f4bf8171c9b68cd5923808d5e02cede5925c90a2e6
[INFO] running `Command { std: "docker" "create" "-v" "/var/lib/crater-agent-workspace/builds/worker-3-tc1/target:/opt/rustwide/target:rw,Z" "-v" "/var/lib/crater-agent-workspace/builds/worker-3-tc1/source:/opt/rustwide/workdir:ro,Z" "-v" "/var/lib/crater-agent-workspace/cargo-home:/opt/rustwide/cargo-home:ro,Z" "-v" "/var/lib/crater-agent-workspace/rustup-home:/opt/rustwide/rustup-home:ro,Z" "-e" "SOURCE_DIR=/opt/rustwide/workdir" "-e" "CARGO_TARGET_DIR=/opt/rustwide/target" "-e" "CARGO_INCREMENTAL=0" "-e" "RUST_BACKTRACE=full" "-e" "RUSTFLAGS=--cap-lints=forbid" "-e" "RUSTDOCFLAGS=--cap-lints=forbid" "-e" "CARGO_HOME=/opt/rustwide/cargo-home" "-e" "RUSTUP_HOME=/opt/rustwide/rustup-home" "-w" "/opt/rustwide/workdir" "-m" "1610612736" "--user" "0:0" "--network" "none" "ghcr.io/rust-lang/crates-build-env/linux@sha256:4a844ea9eb2546a2d2c7022eacef16ef2e8229c7fbb2c7d4d55a9ceca922f72d" "/opt/rustwide/cargo-home/bin/cargo" "+nightly-2024-10-28" "build" "--frozen" "--message-format=json", kill_on_drop: false }`
[INFO] [stdout] 5c5924d94f53e72b95def326985df6d988609ad918667c906c8e42fb67016371
[INFO] running `Command { std: "docker" "start" "-a" "5c5924d94f53e72b95def326985df6d988609ad918667c906c8e42fb67016371", kill_on_drop: false }`
[INFO] [stderr]    Compiling proc-macro2 v1.0.60
[INFO] [stderr]    Compiling unicode-ident v1.0.9
[INFO] [stderr]    Compiling quote v1.0.28
[INFO] [stderr]    Compiling futures-core v0.3.28
[INFO] [stderr]    Compiling futures-channel v0.3.28
[INFO] [stderr]    Compiling memchr v2.5.0
[INFO] [stderr]    Compiling futures-task v0.3.28
[INFO] [stderr]    Compiling futures-util v0.3.28
[INFO] [stderr]    Compiling pin-project-lite v0.2.9
[INFO] [stderr]    Compiling futures-sink v0.3.28
[INFO] [stderr]    Compiling futures-io v0.3.28
[INFO] [stderr]    Compiling thiserror v1.0.40
[INFO] [stderr]    Compiling async-trait v0.1.68
[INFO] [stderr]    Compiling slab v0.4.8
[INFO] [stderr]    Compiling tokio v1.28.2
[INFO] [stderr]    Compiling log v0.4.19
[INFO] [stderr]    Compiling syn v2.0.18
[INFO] [stderr]    Compiling futures-macro v0.3.28
[INFO] [stderr]    Compiling tokio-macros v2.1.0
[INFO] [stderr]    Compiling thiserror-impl v1.0.40
[INFO] [stderr]    Compiling futures-executor v0.3.28
[INFO] [stderr]    Compiling futures v0.3.28
[INFO] [stderr]    Compiling sampr v0.1.0 (/opt/rustwide/workdir)
[INFO] [stderr]     Finished `dev` profile [unoptimized + debuginfo] target(s) in 8.08s
[INFO] running `Command { std: "docker" "inspect" "5c5924d94f53e72b95def326985df6d988609ad918667c906c8e42fb67016371", kill_on_drop: false }`
[INFO] running `Command { std: "docker" "rm" "-f" "5c5924d94f53e72b95def326985df6d988609ad918667c906c8e42fb67016371", kill_on_drop: false }`
[INFO] [stdout] 5c5924d94f53e72b95def326985df6d988609ad918667c906c8e42fb67016371
[INFO] running `Command { std: "docker" "create" "-v" "/var/lib/crater-agent-workspace/builds/worker-3-tc1/target:/opt/rustwide/target:rw,Z" "-v" "/var/lib/crater-agent-workspace/builds/worker-3-tc1/source:/opt/rustwide/workdir:ro,Z" "-v" "/var/lib/crater-agent-workspace/cargo-home:/opt/rustwide/cargo-home:ro,Z" "-v" "/var/lib/crater-agent-workspace/rustup-home:/opt/rustwide/rustup-home:ro,Z" "-e" "SOURCE_DIR=/opt/rustwide/workdir" "-e" "CARGO_TARGET_DIR=/opt/rustwide/target" "-e" "CARGO_INCREMENTAL=0" "-e" "RUST_BACKTRACE=full" "-e" "RUSTFLAGS=--cap-lints=forbid" "-e" "RUSTDOCFLAGS=--cap-lints=forbid" "-e" "CARGO_HOME=/opt/rustwide/cargo-home" "-e" "RUSTUP_HOME=/opt/rustwide/rustup-home" "-w" "/opt/rustwide/workdir" "-m" "1610612736" "--user" "0:0" "--network" "none" "ghcr.io/rust-lang/crates-build-env/linux@sha256:4a844ea9eb2546a2d2c7022eacef16ef2e8229c7fbb2c7d4d55a9ceca922f72d" "/opt/rustwide/cargo-home/bin/cargo" "+nightly-2024-10-28" "test" "--frozen" "--no-run" "--message-format=json", kill_on_drop: false }`
[INFO] [stdout] 5cd379cd38232f9186ff9937e098fddcef727f86e684c826d60969115d0bcbeb
[INFO] running `Command { std: "docker" "start" "-a" "5cd379cd38232f9186ff9937e098fddcef727f86e684c826d60969115d0bcbeb", kill_on_drop: false }`
[INFO] [stderr]    Compiling libc v0.2.146
[INFO] [stderr]    Compiling io-lifetimes v1.0.11
[INFO] [stderr]    Compiling rustix v0.37.20
[INFO] [stderr]    Compiling tokio v1.28.2
[INFO] [stderr]    Compiling linux-raw-sys v0.3.8
[INFO] [stderr]    Compiling log v0.4.19
[INFO] [stderr]    Compiling regex-syntax v0.7.2
[INFO] [stderr]    Compiling humantime v2.1.0
[INFO] [stderr]    Compiling termcolor v1.2.0
[INFO] [stderr]    Compiling aho-corasick v1.0.2
[INFO] [stderr]    Compiling regex v1.8.4
[INFO] [stderr]    Compiling signal-hook-registry v1.4.1
[INFO] [stderr]    Compiling mio v0.8.8
[INFO] [stderr]    Compiling is-terminal v0.4.7
[INFO] [stderr]    Compiling env_logger v0.10.0
[INFO] [stderr]    Compiling sampr v0.1.0 (/opt/rustwide/workdir)
[INFO] [stderr]     Finished `test` profile [unoptimized + debuginfo] target(s) in 4.55s
[INFO] running `Command { std: "docker" "inspect" "5cd379cd38232f9186ff9937e098fddcef727f86e684c826d60969115d0bcbeb", kill_on_drop: false }`
[INFO] running `Command { std: "docker" "rm" "-f" "5cd379cd38232f9186ff9937e098fddcef727f86e684c826d60969115d0bcbeb", kill_on_drop: false }`
[INFO] [stdout] 5cd379cd38232f9186ff9937e098fddcef727f86e684c826d60969115d0bcbeb
[INFO] running `Command { std: "docker" "create" "-v" "/var/lib/crater-agent-workspace/builds/worker-3-tc1/target:/opt/rustwide/target:rw,Z" "-v" "/var/lib/crater-agent-workspace/builds/worker-3-tc1/source:/opt/rustwide/workdir:ro,Z" "-v" "/var/lib/crater-agent-workspace/cargo-home:/opt/rustwide/cargo-home:ro,Z" "-v" "/var/lib/crater-agent-workspace/rustup-home:/opt/rustwide/rustup-home:ro,Z" "-e" "SOURCE_DIR=/opt/rustwide/workdir" "-e" "CARGO_TARGET_DIR=/opt/rustwide/target" "-e" "CARGO_INCREMENTAL=0" "-e" "RUST_BACKTRACE=full" "-e" "RUSTFLAGS=--cap-lints=forbid" "-e" "RUSTDOCFLAGS=--cap-lints=forbid" "-e" "CARGO_HOME=/opt/rustwide/cargo-home" "-e" "RUSTUP_HOME=/opt/rustwide/rustup-home" "-w" "/opt/rustwide/workdir" "-m" "1610612736" "--user" "0:0" "--network" "none" "ghcr.io/rust-lang/crates-build-env/linux@sha256:4a844ea9eb2546a2d2c7022eacef16ef2e8229c7fbb2c7d4d55a9ceca922f72d" "/opt/rustwide/cargo-home/bin/cargo" "+nightly-2024-10-28" "test" "--frozen", kill_on_drop: false }`
[INFO] [stdout] aae884724b63be0f4fd842a54676de04db66ac3eca9849f3a5d1c5351b3ab3d6
[INFO] running `Command { std: "docker" "start" "-a" "aae884724b63be0f4fd842a54676de04db66ac3eca9849f3a5d1c5351b3ab3d6", kill_on_drop: false }`
[INFO] [stderr]     Finished `test` profile [unoptimized + debuginfo] target(s) in 0.06s
[INFO] [stderr]      Running unittests src/lib.rs (/opt/rustwide/target/debug/deps/sampr-48bc8acd2818439b)
[INFO] [stdout] 
[INFO] [stdout] running 0 tests
[INFO] [stdout] 
[INFO] [stdout] test result: ok. 0 passed; 0 failed; 0 ignored; 0 measured; 0 filtered out; finished in 0.00s
[INFO] [stdout] 
[INFO] [stderr]      Running tests/smoke.rs (/opt/rustwide/target/debug/deps/smoke-25242162c5b64ed3)
[INFO] [stdout] 
[INFO] [stdout] running 5 tests
[INFO] [stdout] test test_actor_start_stop ... ok
[INFO] [stdout] test test_actor_spawn ... ok
[INFO] [stdout] test test_actor_stream ... ok
[INFO] [stdout] test test_actor_message_result ... ok
[INFO] [stdout] test test_actor_send_after_stop ... ok
[INFO] [stdout] 
[INFO] [stdout] test result: ok. 5 passed; 0 failed; 0 ignored; 0 measured; 0 filtered out; finished in 0.01s
[INFO] [stdout] 
[INFO] [stderr]    Doc-tests sampr
[INFO] [stdout] 
[INFO] [stdout] running 5 tests
[INFO] [stdout] test src/lib.rs - (line 53) ... FAILED
[INFO] [stdout] test src/actor.rs - actor::Actor (line 83) ... ok
[INFO] [stdout] test src/lib.rs - (line 34) ... ok
[INFO] [stdout] test src/lib.rs - (line 13) ... ok
[INFO] [stdout] test src/lib.rs - (line 23) ... ok
[INFO] [stdout] 
[INFO] [stdout] failures:
[INFO] [stdout] 
[INFO] [stdout] ---- src/lib.rs - (line 53) stdout ----
[INFO] [stdout] error[E0599]: no method named `start` found for struct `MyActor` in the current scope
[INFO] [stdout]    --> src/lib.rs:61:20
[INFO] [stdout]     |
[INFO] [stdout] 6   | struct MyActor;
[INFO] [stdout]     | -------------- method `start` not found for this struct
[INFO] [stdout] ...
[INFO] [stdout] 10  |   let addr = actor.start();
[INFO] [stdout]     |                    ^^^^^
[INFO] [stdout]     |
[INFO] [stdout]    ::: /opt/rustwide/workdir/src/actor.rs:108:8
[INFO] [stdout]     |
[INFO] [stdout] 108 |     fn start(self) -> Addr<Self> {
[INFO] [stdout]     |        ----- the method is available for `MyActor` here
[INFO] [stdout]     |
[INFO] [stdout]     = help: items from traits can only be used if the trait is in scope
[INFO] [stdout] help: there is a method `started` with a similar name, but with different arguments
[INFO] [stdout]    --> /opt/rustwide/workdir/src/actor.rs:92:5
[INFO] [stdout]     |
[INFO] [stdout] 92  |     fn started(&mut self, _ctx: &mut Context<Self>) {}
[INFO] [stdout]     |     ^^^^^^^^^^^^^^^^^^^^^^^^^^^^^^^^^^^^^^^^^^^^^^^
[INFO] [stdout] help: trait `Actor` which provides `start` is implemented but not in scope; perhaps you want to import it
[INFO] [stdout]     |
[INFO] [stdout] 2   + use crate::sampr::Actor;
[INFO] [stdout]     |
[INFO] [stdout] 
[INFO] [stdout] error[E0752]: `main` function is not allowed to be `async`
[INFO] [stdout]  --> src/lib.rs:59:1
[INFO] [stdout]   |
[INFO] [stdout] 8 | async fn main() {
[INFO] [stdout]   | ^^^^^^^^^^^^^^^ `main` function is not allowed to be `async`
[INFO] [stdout] 
[INFO] [stdout] error: aborting due to 2 previous errors
[INFO] [stdout] 
[INFO] [stdout] Some errors have detailed explanations: E0599, E0752.
[INFO] [stdout] For more information about an error, try `rustc --explain E0599`.
[INFO] [stdout] Couldn't compile the test.
[INFO] [stdout] 
[INFO] [stdout] failures:
[INFO] [stdout]     src/lib.rs - (line 53)
[INFO] [stdout] 
[INFO] [stdout] test result: FAILED. 4 passed; 1 failed; 0 ignored; 0 measured; 0 filtered out; finished in 0.26s
[INFO] [stdout] 
[INFO] [stderr] error: doctest failed, to rerun pass `--doc`
[INFO] running `Command { std: "docker" "inspect" "aae884724b63be0f4fd842a54676de04db66ac3eca9849f3a5d1c5351b3ab3d6", kill_on_drop: false }`
[INFO] running `Command { std: "docker" "rm" "-f" "aae884724b63be0f4fd842a54676de04db66ac3eca9849f3a5d1c5351b3ab3d6", kill_on_drop: false }`
[INFO] [stdout] aae884724b63be0f4fd842a54676de04db66ac3eca9849f3a5d1c5351b3ab3d6
