[INFO] fetching crate samotop-async-trait 0.2.1...
[INFO] testing samotop-async-trait-0.2.1 against nightly-2024-10-28 for randomize-layout
[INFO] extracting crate samotop-async-trait 0.2.1 into /workspace/builds/worker-7-tc1/source
[INFO] validating manifest of crates.io crate samotop-async-trait 0.2.1 on toolchain nightly-2024-10-28
[INFO] running `Command { std: CARGO_HOME="/workspace/cargo-home" RUSTUP_HOME="/workspace/rustup-home" "/workspace/cargo-home/bin/cargo" "+nightly-2024-10-28" "metadata" "--manifest-path" "Cargo.toml" "--no-deps", kill_on_drop: false }`
[INFO] started tweaking crates.io crate samotop-async-trait 0.2.1
[INFO] finished tweaking crates.io crate samotop-async-trait 0.2.1
[INFO] tweaked toml for crates.io crate samotop-async-trait 0.2.1 written to /workspace/builds/worker-7-tc1/source/Cargo.toml
[INFO] running `Command { std: CARGO_HOME="/workspace/cargo-home" RUSTUP_HOME="/workspace/rustup-home" "/workspace/cargo-home/bin/cargo" "+nightly-2024-10-28" "generate-lockfile" "--manifest-path" "Cargo.toml", kill_on_drop: false }`
[INFO] [stderr]     Updating crates.io index
[INFO] [stderr]      Locking 44 packages to latest compatible versions
[INFO] [stderr]       Adding syn v1.0.109 (available: v2.0.86)
[INFO] running `Command { std: CARGO_HOME="/workspace/cargo-home" RUSTUP_HOME="/workspace/rustup-home" "/workspace/cargo-home/bin/cargo" "+nightly-2024-10-28" "fetch" "--manifest-path" "Cargo.toml", kill_on_drop: false }`
[INFO] running `Command { std: "docker" "create" "-v" "/var/lib/crater-agent-workspace/builds/worker-7-tc1/target:/opt/rustwide/target:rw,Z" "-v" "/var/lib/crater-agent-workspace/builds/worker-7-tc1/source:/opt/rustwide/workdir:ro,Z" "-v" "/var/lib/crater-agent-workspace/cargo-home:/opt/rustwide/cargo-home:ro,Z" "-v" "/var/lib/crater-agent-workspace/rustup-home:/opt/rustwide/rustup-home:ro,Z" "-e" "SOURCE_DIR=/opt/rustwide/workdir" "-e" "CARGO_TARGET_DIR=/opt/rustwide/target" "-e" "CARGO_HOME=/opt/rustwide/cargo-home" "-e" "RUSTUP_HOME=/opt/rustwide/rustup-home" "-w" "/opt/rustwide/workdir" "-m" "1610612736" "--user" "0:0" "--network" "none" "ghcr.io/rust-lang/crates-build-env/linux@sha256:4a844ea9eb2546a2d2c7022eacef16ef2e8229c7fbb2c7d4d55a9ceca922f72d" "/opt/rustwide/cargo-home/bin/cargo" "+nightly-2024-10-28" "metadata" "--no-deps" "--format-version=1", kill_on_drop: false }`
[INFO] [stdout] 7575c988c6d1b79a6fc38cb4382a940da572e3f09452e4ca5db4f41650282622
[INFO] running `Command { std: "docker" "start" "-a" "7575c988c6d1b79a6fc38cb4382a940da572e3f09452e4ca5db4f41650282622", kill_on_drop: false }`
[INFO] running `Command { std: "docker" "inspect" "7575c988c6d1b79a6fc38cb4382a940da572e3f09452e4ca5db4f41650282622", kill_on_drop: false }`
[INFO] running `Command { std: "docker" "rm" "-f" "7575c988c6d1b79a6fc38cb4382a940da572e3f09452e4ca5db4f41650282622", kill_on_drop: false }`
[INFO] [stdout] 7575c988c6d1b79a6fc38cb4382a940da572e3f09452e4ca5db4f41650282622
[INFO] running `Command { std: "docker" "create" "-v" "/var/lib/crater-agent-workspace/builds/worker-7-tc1/target:/opt/rustwide/target:rw,Z" "-v" "/var/lib/crater-agent-workspace/builds/worker-7-tc1/source:/opt/rustwide/workdir:ro,Z" "-v" "/var/lib/crater-agent-workspace/cargo-home:/opt/rustwide/cargo-home:ro,Z" "-v" "/var/lib/crater-agent-workspace/rustup-home:/opt/rustwide/rustup-home:ro,Z" "-e" "SOURCE_DIR=/opt/rustwide/workdir" "-e" "CARGO_TARGET_DIR=/opt/rustwide/target" "-e" "CARGO_INCREMENTAL=0" "-e" "RUST_BACKTRACE=full" "-e" "RUSTFLAGS=--cap-lints=forbid" "-e" "RUSTDOCFLAGS=--cap-lints=forbid" "-e" "CARGO_HOME=/opt/rustwide/cargo-home" "-e" "RUSTUP_HOME=/opt/rustwide/rustup-home" "-w" "/opt/rustwide/workdir" "-m" "1610612736" "--user" "0:0" "--network" "none" "ghcr.io/rust-lang/crates-build-env/linux@sha256:4a844ea9eb2546a2d2c7022eacef16ef2e8229c7fbb2c7d4d55a9ceca922f72d" "/opt/rustwide/cargo-home/bin/cargo" "+nightly-2024-10-28" "build" "--frozen" "--message-format=json", kill_on_drop: false }`
[INFO] [stdout] 5beab78a4ddd859d83ceeaeee05d0f8e84bba60ab405c02b998cabc5fd3d318b
[INFO] running `Command { std: "docker" "start" "-a" "5beab78a4ddd859d83ceeaeee05d0f8e84bba60ab405c02b998cabc5fd3d318b", kill_on_drop: false }`
[INFO] [stderr]    Compiling syn v1.0.109
[INFO] [stderr]    Compiling samotop-async-trait v0.2.1 (/opt/rustwide/workdir)
[INFO] [stdout] warning: struct `HasAsyncLifetime` is never constructed
[INFO] [stdout]  --> src/lifetime.rs:5:8
[INFO] [stdout]   |
[INFO] [stdout] 5 | struct HasAsyncLifetime(bool);
[INFO] [stdout]   |        ^^^^^^^^^^^^^^^^
[INFO] [stdout]   |
[INFO] [stdout]   = note: `#[warn(dead_code)]` on by default
[INFO] [stdout] 
[INFO] [stdout] 
[INFO] [stderr]     Finished `dev` profile [unoptimized + debuginfo] target(s) in 3.13s
[INFO] running `Command { std: "docker" "inspect" "5beab78a4ddd859d83ceeaeee05d0f8e84bba60ab405c02b998cabc5fd3d318b", kill_on_drop: false }`
[INFO] running `Command { std: "docker" "rm" "-f" "5beab78a4ddd859d83ceeaeee05d0f8e84bba60ab405c02b998cabc5fd3d318b", kill_on_drop: false }`
[INFO] [stdout] 5beab78a4ddd859d83ceeaeee05d0f8e84bba60ab405c02b998cabc5fd3d318b
[INFO] running `Command { std: "docker" "create" "-v" "/var/lib/crater-agent-workspace/builds/worker-7-tc1/target:/opt/rustwide/target:rw,Z" "-v" "/var/lib/crater-agent-workspace/builds/worker-7-tc1/source:/opt/rustwide/workdir:ro,Z" "-v" "/var/lib/crater-agent-workspace/cargo-home:/opt/rustwide/cargo-home:ro,Z" "-v" "/var/lib/crater-agent-workspace/rustup-home:/opt/rustwide/rustup-home:ro,Z" "-e" "SOURCE_DIR=/opt/rustwide/workdir" "-e" "CARGO_TARGET_DIR=/opt/rustwide/target" "-e" "CARGO_INCREMENTAL=0" "-e" "RUST_BACKTRACE=full" "-e" "RUSTFLAGS=--cap-lints=forbid" "-e" "RUSTDOCFLAGS=--cap-lints=forbid" "-e" "CARGO_HOME=/opt/rustwide/cargo-home" "-e" "RUSTUP_HOME=/opt/rustwide/rustup-home" "-w" "/opt/rustwide/workdir" "-m" "1610612736" "--user" "0:0" "--network" "none" "ghcr.io/rust-lang/crates-build-env/linux@sha256:4a844ea9eb2546a2d2c7022eacef16ef2e8229c7fbb2c7d4d55a9ceca922f72d" "/opt/rustwide/cargo-home/bin/cargo" "+nightly-2024-10-28" "test" "--frozen" "--no-run" "--message-format=json", kill_on_drop: false }`
[INFO] [stdout] 55ccc6562fe2e18cee005abf97926b601ab9c4241e68cb6ff8629021d6354385
[INFO] running `Command { std: "docker" "start" "-a" "55ccc6562fe2e18cee005abf97926b601ab9c4241e68cb6ff8629021d6354385", kill_on_drop: false }`
[INFO] [stderr]    Compiling proc-macro2 v1.0.89
[INFO] [stderr]    Compiling unicode-ident v1.0.13
[INFO] [stderr]    Compiling target-triple v0.1.3
[INFO] [stderr]    Compiling dissimilar v1.0.9
[INFO] [stderr]    Compiling serde v1.0.214
[INFO] [stderr]    Compiling syn v1.0.109
[INFO] [stderr]    Compiling glob v0.3.1
[INFO] [stderr]    Compiling quote v1.0.37
[INFO] [stderr]    Compiling syn v2.0.86
[INFO] [stderr]    Compiling toml_datetime v0.6.8
[INFO] [stderr]    Compiling serde_spanned v0.6.8
[INFO] [stderr]    Compiling serde_json v1.0.132
[INFO] [stderr]    Compiling toml_edit v0.22.22
[INFO] [stderr]    Compiling pin-project-internal v1.1.7
[INFO] [stderr]    Compiling tracing-attributes v0.1.27
[INFO] [stderr]    Compiling serde_derive v1.0.214
[INFO] [stderr]    Compiling toml v0.8.19
[INFO] [stderr]    Compiling samotop-async-trait v0.2.1 (/opt/rustwide/workdir)
[INFO] [stdout] warning: struct `HasAsyncLifetime` is never constructed
[INFO] [stdout]  --> src/lifetime.rs:5:8
[INFO] [stdout]   |
[INFO] [stdout] 5 | struct HasAsyncLifetime(bool);
[INFO] [stdout]   |        ^^^^^^^^^^^^^^^^
[INFO] [stdout]   |
[INFO] [stdout]   = note: `#[warn(dead_code)]` on by default
[INFO] [stdout] 
[INFO] [stdout] 
[INFO] [stderr]    Compiling pin-project v1.1.7
[INFO] [stderr]    Compiling tracing v0.1.40
[INFO] [stderr]    Compiling tracing-futures v0.2.5
[INFO] [stderr]    Compiling trybuild v1.0.101
[INFO] [stdout] warning: unexpected `cfg` condition name: `async_trait_nightly_testing`
[INFO] [stdout]  --> tests/test.rs:1:13
[INFO] [stdout]   |
[INFO] [stdout] 1 | #![cfg_attr(async_trait_nightly_testing, feature(specialization, const_generics))]
[INFO] [stdout]   |             ^^^^^^^^^^^^^^^^^^^^^^^^^^^
[INFO] [stdout]   |
[INFO] [stdout]   = help: expected names are: `clippy`, `debug_assertions`, `doc`, `docsrs`, `doctest`, `feature`, `fmt_debug`, `miri`, `overflow_checks`, `panic`, `proc_macro`, `relocation_model`, `rustfmt`, `sanitize`, `sanitizer_cfi_generalize_pointers`, `sanitizer_cfi_normalize_integers`, `target_abi`, `target_arch`, `target_endian`, `target_env`, `target_family`, `target_feature`, `target_has_atomic`, `target_has_atomic_equal_alignment`, `target_has_atomic_load_store`, `target_os`, `target_pointer_width`, `target_thread_local`, `target_vendor`, `test`, `ub_checks`, `unix`, and `windows`
[INFO] [stdout]   = help: consider using a Cargo feature instead
[INFO] [stdout]   = help: or consider adding in `Cargo.toml` the `check-cfg` lint config for the lint:
[INFO] [stdout]            [lints.rust]
[INFO] [stdout]            unexpected_cfgs = { level = "warn", check-cfg = ['cfg(async_trait_nightly_testing)'] }
[INFO] [stdout]   = help: or consider adding `println!("cargo::rustc-check-cfg=cfg(async_trait_nightly_testing)");` to the top of the `build.rs`
[INFO] [stdout]   = note: see <https://doc.rust-lang.org/nightly/rustc/check-cfg/cargo-specifics.html> for more information about checking conditional configuration
[INFO] [stdout]   = note: `#[warn(unexpected_cfgs)]` on by default
[INFO] [stdout] 
[INFO] [stdout] 
[INFO] [stdout] warning: unexpected `cfg` condition name: `async_trait_nightly_testing`
[INFO] [stdout]    --> tests/test.rs:275:7
[INFO] [stdout]     |
[INFO] [stdout] 275 | #[cfg(async_trait_nightly_testing)]
[INFO] [stdout]     |       ^^^^^^^^^^^^^^^^^^^^^^^^^^^
[INFO] [stdout]     |
[INFO] [stdout]     = help: consider using a Cargo feature instead
[INFO] [stdout]     = help: or consider adding in `Cargo.toml` the `check-cfg` lint config for the lint:
[INFO] [stdout]              [lints.rust]
[INFO] [stdout]              unexpected_cfgs = { level = "warn", check-cfg = ['cfg(async_trait_nightly_testing)'] }
[INFO] [stdout]     = help: or consider adding `println!("cargo::rustc-check-cfg=cfg(async_trait_nightly_testing)");` to the top of the `build.rs`
[INFO] [stdout]     = note: see <https://doc.rust-lang.org/nightly/rustc/check-cfg/cargo-specifics.html> for more information about checking conditional configuration
[INFO] [stdout] 
[INFO] [stdout] 
[INFO] [stdout] warning: unexpected `cfg` condition name: `async_trait_nightly_testing`
[INFO] [stdout]    --> tests/test.rs:631:7
[INFO] [stdout]     |
[INFO] [stdout] 631 | #[cfg(async_trait_nightly_testing)]
[INFO] [stdout]     |       ^^^^^^^^^^^^^^^^^^^^^^^^^^^
[INFO] [stdout]     |
[INFO] [stdout]     = help: consider using a Cargo feature instead
[INFO] [stdout]     = help: or consider adding in `Cargo.toml` the `check-cfg` lint config for the lint:
[INFO] [stdout]              [lints.rust]
[INFO] [stdout]              unexpected_cfgs = { level = "warn", check-cfg = ['cfg(async_trait_nightly_testing)'] }
[INFO] [stdout]     = help: or consider adding `println!("cargo::rustc-check-cfg=cfg(async_trait_nightly_testing)");` to the top of the `build.rs`
[INFO] [stdout]     = note: see <https://doc.rust-lang.org/nightly/rustc/check-cfg/cargo-specifics.html> for more information about checking conditional configuration
[INFO] [stdout] 
[INFO] [stdout] 
[INFO] [stdout] warning: elided lifetime has a name
[INFO] [stdout]     --> tests/test.rs:1017:30
[INFO] [stdout]      |
[INFO] [stdout] 1015 |     #[async_trait]
[INFO] [stdout]      |     -------------- lifetime `'life0` declared here
[INFO] [stdout] 1016 |     trait Trait<T = ()> {
[INFO] [stdout] 1017 |         async fn f(&self) -> &str
[INFO] [stdout]      |                              ^ this elided lifetime gets resolved as `'life0`
[INFO] [stdout]      |
[INFO] [stdout]      = note: `#[warn(elided_named_lifetimes)]` on by default
[INFO] [stdout] 
[INFO] [stdout] 
[INFO] [stdout] warning: elided lifetime has a name
[INFO] [stdout]     --> tests/test.rs:1052:30
[INFO] [stdout]      |
[INFO] [stdout] 1049 |     #[async_trait]
[INFO] [stdout]      |     -------------- lifetime `'life0` declared here
[INFO] [stdout] ...
[INFO] [stdout] 1052 |         async fn f(&self) -> &str;
[INFO] [stdout]      |                              ^ this elided lifetime gets resolved as `'life0`
[INFO] [stdout] 
[INFO] [stdout] 
[INFO] [stdout] warning: elided lifetime has a name
[INFO] [stdout]     --> tests/test.rs:1065:30
[INFO] [stdout]      |
[INFO] [stdout] 1062 |     #[async_trait]
[INFO] [stdout]      |     -------------- lifetime `'life0` declared here
[INFO] [stdout] ...
[INFO] [stdout] 1065 |         async fn f(&self) -> &str {
[INFO] [stdout]      |                              ^ this elided lifetime gets resolved as `'life0`
[INFO] [stdout] 
[INFO] [stdout] 
[INFO] [stdout] warning: struct `HasAsyncLifetime` is never constructed
[INFO] [stdout]  --> src/lifetime.rs:5:8
[INFO] [stdout]   |
[INFO] [stdout] 5 | struct HasAsyncLifetime(bool);
[INFO] [stdout]   |        ^^^^^^^^^^^^^^^^
[INFO] [stdout]   |
[INFO] [stdout]   = note: `#[warn(dead_code)]` on by default
[INFO] [stdout] 
[INFO] [stdout] 
[INFO] [stdout] warning: trait `UnsafeTraitPubCrate` is never used
[INFO] [stdout]    --> tests/test.rs:146:25
[INFO] [stdout]     |
[INFO] [stdout] 146 | pub(crate) unsafe trait UnsafeTraitPubCrate {}
[INFO] [stdout]     |                         ^^^^^^^^^^^^^^^^^^^
[INFO] [stdout]     |
[INFO] [stdout]     = note: `#[warn(dead_code)]` on by default
[INFO] [stdout] 
[INFO] [stdout] 
[INFO] [stdout] warning: trait `UnsafeTraitPrivate` is never used
[INFO] [stdout]    --> tests/test.rs:149:14
[INFO] [stdout]     |
[INFO] [stdout] 149 | unsafe trait UnsafeTraitPrivate {}
[INFO] [stdout]     |              ^^^^^^^^^^^^^^^^^^
[INFO] [stdout] 
[INFO] [stdout] 
[INFO] [stdout] warning: trait `Issue1` is never used
[INFO] [stdout]    --> tests/test.rs:156:11
[INFO] [stdout]     |
[INFO] [stdout] 156 |     trait Issue1 {
[INFO] [stdout]     |           ^^^^^^
[INFO] [stdout] 
[INFO] [stdout] 
[INFO] [stdout] warning: trait `Issue11` is never used
[INFO] [stdout]    --> tests/test.rs:200:11
[INFO] [stdout]     |
[INFO] [stdout] 200 |     trait Issue11 {
[INFO] [stdout]     |           ^^^^^^^
[INFO] [stdout] 
[INFO] [stdout] 
[INFO] [stdout] warning: struct `Struct` is never constructed
[INFO] [stdout]    --> tests/test.rs:204:12
[INFO] [stdout]     |
[INFO] [stdout] 204 |     struct Struct;
[INFO] [stdout]     |            ^^^^^^
[INFO] [stdout] 
[INFO] [stdout] 
[INFO] [stdout] warning: trait `Trait` is never used
[INFO] [stdout]    --> tests/test.rs:217:11
[INFO] [stdout]     |
[INFO] [stdout] 217 |     trait Trait {}
[INFO] [stdout]     |           ^^^^^
[INFO] [stdout] 
[INFO] [stdout] 
[INFO] [stdout] warning: trait `Issue15` is never used
[INFO] [stdout]    --> tests/test.rs:220:11
[INFO] [stdout]     |
[INFO] [stdout] 220 |     trait Issue15 {
[INFO] [stdout]     |           ^^^^^^^
[INFO] [stdout] 
[INFO] [stdout] 
[INFO] [stdout] warning: trait `Issue17` is never used
[INFO] [stdout]    --> tests/test.rs:230:11
[INFO] [stdout]     |
[INFO] [stdout] 230 |     trait Issue17 {
[INFO] [stdout]     |           ^^^^^^^
[INFO] [stdout] 
[INFO] [stdout] 
[INFO] [stdout] warning: struct `Struct` is never constructed
[INFO] [stdout]    --> tests/test.rs:234:12
[INFO] [stdout]     |
[INFO] [stdout] 234 |     struct Struct {
[INFO] [stdout]     |            ^^^^^^
[INFO] [stdout] 
[INFO] [stdout] 
[INFO] [stdout] warning: struct `S` is never constructed
[INFO] [stdout]    --> tests/test.rs:262:12
[INFO] [stdout]     |
[INFO] [stdout] 262 |     struct S {}
[INFO] [stdout]     |            ^
[INFO] [stdout] 
[INFO] [stdout] 
[INFO] [stdout] warning: struct `Str` is never constructed
[INFO] [stdout]    --> tests/test.rs:325:12
[INFO] [stdout]     |
[INFO] [stdout] 325 |     struct Str<'a>(&'a str);
[INFO] [stdout]     |            ^^^
[INFO] [stdout] 
[INFO] [stdout] 
[INFO] [stdout] warning: trait `Trait1` is never used
[INFO] [stdout]    --> tests/test.rs:328:11
[INFO] [stdout]     |
[INFO] [stdout] 328 |     trait Trait1<'a> {
[INFO] [stdout]     |           ^^^^^^
[INFO] [stdout] 
[INFO] [stdout] 
[INFO] [stdout] warning: trait `Trait2` is never used
[INFO] [stdout]    --> tests/test.rs:343:11
[INFO] [stdout]     |
[INFO] [stdout] 343 |     trait Trait2 {
[INFO] [stdout]     |           ^^^^^^
[INFO] [stdout] 
[INFO] [stdout] 
[INFO] [stdout] warning: trait `Trait3` is never used
[INFO] [stdout]    --> tests/test.rs:353:11
[INFO] [stdout]     |
[INFO] [stdout] 353 |     trait Trait3<'a, 'b> {
[INFO] [stdout]     |           ^^^^^^
[INFO] [stdout] 
[INFO] [stdout] 
[INFO] [stdout] warning: field `0` is never read
[INFO] [stdout]    --> tests/test.rs:591:22
[INFO] [stdout]     |
[INFO] [stdout] 591 |     pub struct Tuple(u8);
[INFO] [stdout]     |                ----- ^^
[INFO] [stdout]     |                |
[INFO] [stdout]     |                field in this struct
[INFO] [stdout]     |
[INFO] [stdout]     = help: consider removing this field
[INFO] [stdout] 
[INFO] [stdout] 
[INFO] [stdout] warning: trait `Trait` is never used
[INFO] [stdout]    --> tests/test.rs:784:11
[INFO] [stdout]     |
[INFO] [stdout] 784 |     trait Trait {
[INFO] [stdout]     |           ^^^^^
[INFO] [stdout] 
[INFO] [stdout] 
[INFO] [stdout] warning: trait `T1` is never used
[INFO] [stdout]    --> tests/test.rs:920:11
[INFO] [stdout]     |
[INFO] [stdout] 920 |     trait T1 {
[INFO] [stdout]     |           ^^
[INFO] [stdout] 
[INFO] [stdout] 
[INFO] [stdout] warning: struct `Foo` is never constructed
[INFO] [stdout]    --> tests/test.rs:935:12
[INFO] [stdout]     |
[INFO] [stdout] 935 |     struct Foo;
[INFO] [stdout]     |            ^^^
[INFO] [stdout] 
[INFO] [stdout] 
[INFO] [stdout] warning: trait `Trait` is never used
[INFO] [stdout]     --> tests/test.rs:1001:11
[INFO] [stdout]      |
[INFO] [stdout] 1001 |     trait Trait {
[INFO] [stdout]      |           ^^^^^
[INFO] [stdout] 
[INFO] [stdout] 
[INFO] [stdout] warning: trait `Trait` is never used
[INFO] [stdout]     --> tests/test.rs:1016:11
[INFO] [stdout]      |
[INFO] [stdout] 1016 |     trait Trait<T = ()> {
[INFO] [stdout]      |           ^^^^^
[INFO] [stdout] 
[INFO] [stdout] 
[INFO] [stdout] warning: type alias `Elided` is never used
[INFO] [stdout]     --> tests/test.rs:1088:10
[INFO] [stdout]      |
[INFO] [stdout] 1088 |     type Elided<'a> = &'a usize;
[INFO] [stdout]      |          ^^^^^^
[INFO] [stdout] 
[INFO] [stdout] 
[INFO] [stdout] warning: trait `Test` is never used
[INFO] [stdout]     --> tests/test.rs:1091:11
[INFO] [stdout]      |
[INFO] [stdout] 1091 |     trait Test {
[INFO] [stdout]      |           ^^^^
[INFO] [stdout] 
[INFO] [stdout] 
[INFO] [stderr]     Finished `test` profile [unoptimized + debuginfo] target(s) in 6.59s
[INFO] running `Command { std: "docker" "inspect" "55ccc6562fe2e18cee005abf97926b601ab9c4241e68cb6ff8629021d6354385", kill_on_drop: false }`
[INFO] running `Command { std: "docker" "rm" "-f" "55ccc6562fe2e18cee005abf97926b601ab9c4241e68cb6ff8629021d6354385", kill_on_drop: false }`
[INFO] [stdout] 55ccc6562fe2e18cee005abf97926b601ab9c4241e68cb6ff8629021d6354385
[INFO] running `Command { std: "docker" "create" "-v" "/var/lib/crater-agent-workspace/builds/worker-7-tc1/target:/opt/rustwide/target:rw,Z" "-v" "/var/lib/crater-agent-workspace/builds/worker-7-tc1/source:/opt/rustwide/workdir:ro,Z" "-v" "/var/lib/crater-agent-workspace/cargo-home:/opt/rustwide/cargo-home:ro,Z" "-v" "/var/lib/crater-agent-workspace/rustup-home:/opt/rustwide/rustup-home:ro,Z" "-e" "SOURCE_DIR=/opt/rustwide/workdir" "-e" "CARGO_TARGET_DIR=/opt/rustwide/target" "-e" "CARGO_INCREMENTAL=0" "-e" "RUST_BACKTRACE=full" "-e" "RUSTFLAGS=--cap-lints=forbid" "-e" "RUSTDOCFLAGS=--cap-lints=forbid" "-e" "CARGO_HOME=/opt/rustwide/cargo-home" "-e" "RUSTUP_HOME=/opt/rustwide/rustup-home" "-w" "/opt/rustwide/workdir" "-m" "1610612736" "--user" "0:0" "--network" "none" "ghcr.io/rust-lang/crates-build-env/linux@sha256:4a844ea9eb2546a2d2c7022eacef16ef2e8229c7fbb2c7d4d55a9ceca922f72d" "/opt/rustwide/cargo-home/bin/cargo" "+nightly-2024-10-28" "test" "--frozen", kill_on_drop: false }`
[INFO] [stdout] dbb672c46bbd1198f288d0b1aa333739f8ecef08e87898989a6ce3e48a1a92bc
[INFO] running `Command { std: "docker" "start" "-a" "dbb672c46bbd1198f288d0b1aa333739f8ecef08e87898989a6ce3e48a1a92bc", kill_on_drop: false }`
[INFO] [stderr] warning: struct `HasAsyncLifetime` is never constructed
[INFO] [stderr]  --> src/lifetime.rs:5:8
[INFO] [stderr]   |
[INFO] [stderr] 5 | struct HasAsyncLifetime(bool);
[INFO] [stderr]   |        ^^^^^^^^^^^^^^^^
[INFO] [stderr]   |
[INFO] [stderr]   = note: `#[warn(dead_code)]` on by default
[INFO] [stderr] 
[INFO] [stderr] warning: `samotop-async-trait` (lib) generated 1 warning
[INFO] [stderr] warning: unexpected `cfg` condition name: `async_trait_nightly_testing`
[INFO] [stderr]  --> tests/test.rs:1:13
[INFO] [stderr]   |
[INFO] [stderr] 1 | #![cfg_attr(async_trait_nightly_testing, feature(specialization, const_generics))]
[INFO] [stderr]   |             ^^^^^^^^^^^^^^^^^^^^^^^^^^^
[INFO] [stderr]   |
[INFO] [stderr]   = help: expected names are: `clippy`, `debug_assertions`, `doc`, `docsrs`, `doctest`, `feature`, `fmt_debug`, `miri`, `overflow_checks`, `panic`, `proc_macro`, `relocation_model`, `rustfmt`, `sanitize`, `sanitizer_cfi_generalize_pointers`, `sanitizer_cfi_normalize_integers`, `target_abi`, `target_arch`, `target_endian`, `target_env`, `target_family`, `target_feature`, `target_has_atomic`, `target_has_atomic_equal_alignment`, `target_has_atomic_load_store`, `target_os`, `target_pointer_width`, `target_thread_local`, `target_vendor`, `test`, `ub_checks`, `unix`, and `windows`
[INFO] [stderr]   = help: consider using a Cargo feature instead
[INFO] [stderr]   = help: or consider adding in `Cargo.toml` the `check-cfg` lint config for the lint:
[INFO] [stderr]            [lints.rust]
[INFO] [stderr]            unexpected_cfgs = { level = "warn", check-cfg = ['cfg(async_trait_nightly_testing)'] }
[INFO] [stderr]   = help: or consider adding `println!("cargo::rustc-check-cfg=cfg(async_trait_nightly_testing)");` to the top of the `build.rs`
[INFO] [stderr]   = note: see <https://doc.rust-lang.org/nightly/rustc/check-cfg/cargo-specifics.html> for more information about checking conditional configuration
[INFO] [stderr]   = note: `#[warn(unexpected_cfgs)]` on by default
[INFO] [stderr] 
[INFO] [stderr] warning: unexpected `cfg` condition name: `async_trait_nightly_testing`
[INFO] [stderr]    --> tests/test.rs:275:7
[INFO] [stderr]     |
[INFO] [stderr] 275 | #[cfg(async_trait_nightly_testing)]
[INFO] [stderr]     |       ^^^^^^^^^^^^^^^^^^^^^^^^^^^
[INFO] [stderr]     |
[INFO] [stderr]     = help: consider using a Cargo feature instead
[INFO] [stderr]     = help: or consider adding in `Cargo.toml` the `check-cfg` lint config for the lint:
[INFO] [stderr]              [lints.rust]
[INFO] [stderr]              unexpected_cfgs = { level = "warn", check-cfg = ['cfg(async_trait_nightly_testing)'] }
[INFO] [stderr]     = help: or consider adding `println!("cargo::rustc-check-cfg=cfg(async_trait_nightly_testing)");` to the top of the `build.rs`
[INFO] [stderr]     = note: see <https://doc.rust-lang.org/nightly/rustc/check-cfg/cargo-specifics.html> for more information about checking conditional configuration
[INFO] [stderr] 
[INFO] [stderr] warning: unexpected `cfg` condition name: `async_trait_nightly_testing`
[INFO] [stderr]    --> tests/test.rs:631:7
[INFO] [stderr]     |
[INFO] [stderr] 631 | #[cfg(async_trait_nightly_testing)]
[INFO] [stderr]     |       ^^^^^^^^^^^^^^^^^^^^^^^^^^^
[INFO] [stderr]     |
[INFO] [stderr]     = help: consider using a Cargo feature instead
[INFO] [stderr]     = help: or consider adding in `Cargo.toml` the `check-cfg` lint config for the lint:
[INFO] [stderr]              [lints.rust]
[INFO] [stderr]              unexpected_cfgs = { level = "warn", check-cfg = ['cfg(async_trait_nightly_testing)'] }
[INFO] [stderr]     = help: or consider adding `println!("cargo::rustc-check-cfg=cfg(async_trait_nightly_testing)");` to the top of the `build.rs`
[INFO] [stderr]     = note: see <https://doc.rust-lang.org/nightly/rustc/check-cfg/cargo-specifics.html> for more information about checking conditional configuration
[INFO] [stderr] 
[INFO] [stderr] warning: elided lifetime has a name
[INFO] [stderr]     --> tests/test.rs:1017:30
[INFO] [stderr]      |
[INFO] [stderr] 1015 |     #[async_trait]
[INFO] [stderr]      |     -------------- lifetime `'life0` declared here
[INFO] [stderr] 1016 |     trait Trait<T = ()> {
[INFO] [stderr] 1017 |         async fn f(&self) -> &str
[INFO] [stderr]      |                              ^ this elided lifetime gets resolved as `'life0`
[INFO] [stderr]      |
[INFO] [stderr]      = note: `#[warn(elided_named_lifetimes)]` on by default
[INFO] [stderr] 
[INFO] [stderr] warning: elided lifetime has a name
[INFO] [stderr]     --> tests/test.rs:1052:30
[INFO] [stderr]      |
[INFO] [stderr] 1049 |     #[async_trait]
[INFO] [stderr]      |     -------------- lifetime `'life0` declared here
[INFO] [stderr] ...
[INFO] [stderr] 1052 |         async fn f(&self) -> &str;
[INFO] [stderr]      |                              ^ this elided lifetime gets resolved as `'life0`
[INFO] [stderr] 
[INFO] [stderr] warning: elided lifetime has a name
[INFO] [stderr]     --> tests/test.rs:1065:30
[INFO] [stderr]      |
[INFO] [stderr] 1062 |     #[async_trait]
[INFO] [stderr]      |     -------------- lifetime `'life0` declared here
[INFO] [stderr] ...
[INFO] [stderr] 1065 |         async fn f(&self) -> &str {
[INFO] [stderr]      |                              ^ this elided lifetime gets resolved as `'life0`
[INFO] [stderr] 
[INFO] [stderr] warning: trait `UnsafeTraitPubCrate` is never used
[INFO] [stderr]    --> tests/test.rs:146:25
[INFO] [stderr]     |
[INFO] [stderr] 146 | pub(crate) unsafe trait UnsafeTraitPubCrate {}
[INFO] [stderr]     |                         ^^^^^^^^^^^^^^^^^^^
[INFO] [stderr]     |
[INFO] [stderr]     = note: `#[warn(dead_code)]` on by default
[INFO] [stderr] 
[INFO] [stderr] warning: trait `UnsafeTraitPrivate` is never used
[INFO] [stderr]    --> tests/test.rs:149:14
[INFO] [stderr]     |
[INFO] [stderr] 149 | unsafe trait UnsafeTraitPrivate {}
[INFO] [stderr]     |              ^^^^^^^^^^^^^^^^^^
[INFO] [stderr] 
[INFO] [stderr] warning: trait `Issue1` is never used
[INFO] [stderr]    --> tests/test.rs:156:11
[INFO] [stderr]     |
[INFO] [stderr] 156 |     trait Issue1 {
[INFO] [stderr]     |           ^^^^^^
[INFO] [stderr] 
[INFO] [stderr] warning: trait `Issue11` is never used
[INFO] [stderr]    --> tests/test.rs:200:11
[INFO] [stderr]     |
[INFO] [stderr] 200 |     trait Issue11 {
[INFO] [stderr]     |           ^^^^^^^
[INFO] [stderr] 
[INFO] [stderr] warning: struct `Struct` is never constructed
[INFO] [stderr]    --> tests/test.rs:204:12
[INFO] [stderr]     |
[INFO] [stderr] 204 |     struct Struct;
[INFO] [stderr]     |            ^^^^^^
[INFO] [stderr] 
[INFO] [stderr] warning: trait `Trait` is never used
[INFO] [stderr]    --> tests/test.rs:217:11
[INFO] [stderr]     |
[INFO] [stderr] 217 |     trait Trait {}
[INFO] [stderr]     |           ^^^^^
[INFO] [stderr] 
[INFO] [stderr] warning: trait `Issue15` is never used
[INFO] [stderr]    --> tests/test.rs:220:11
[INFO] [stderr]     |
[INFO] [stderr] 220 |     trait Issue15 {
[INFO] [stderr]     |           ^^^^^^^
[INFO] [stderr] 
[INFO] [stderr] warning: trait `Issue17` is never used
[INFO] [stderr]    --> tests/test.rs:230:11
[INFO] [stderr]     |
[INFO] [stderr] 230 |     trait Issue17 {
[INFO] [stderr]     |           ^^^^^^^
[INFO] [stderr] 
[INFO] [stderr] warning: struct `Struct` is never constructed
[INFO] [stderr]    --> tests/test.rs:234:12
[INFO] [stderr]     |
[INFO] [stderr] 234 |     struct Struct {
[INFO] [stderr]     |            ^^^^^^
[INFO] [stderr] 
[INFO] [stderr] warning: struct `S` is never constructed
[INFO] [stderr]    --> tests/test.rs:262:12
[INFO] [stderr]     |
[INFO] [stderr] 262 |     struct S {}
[INFO] [stderr]     |            ^
[INFO] [stderr] 
[INFO] [stderr] warning: struct `Str` is never constructed
[INFO] [stderr]    --> tests/test.rs:325:12
[INFO] [stderr]     |
[INFO] [stderr] 325 |     struct Str<'a>(&'a str);
[INFO] [stderr]     |            ^^^
[INFO] [stderr] 
[INFO] [stderr] warning: trait `Trait1` is never used
[INFO] [stderr]    --> tests/test.rs:328:11
[INFO] [stderr]     |
[INFO] [stderr] 328 |     trait Trait1<'a> {
[INFO] [stderr]     |           ^^^^^^
[INFO] [stderr] 
[INFO] [stderr] warning: trait `Trait2` is never used
[INFO] [stderr]    --> tests/test.rs:343:11
[INFO] [stderr]     |
[INFO] [stderr] 343 |     trait Trait2 {
[INFO] [stderr]     |           ^^^^^^
[INFO] [stderr] 
[INFO] [stderr] warning: trait `Trait3` is never used
[INFO] [stderr]    --> tests/test.rs:353:11
[INFO] [stderr]     |
[INFO] [stderr] 353 |     trait Trait3<'a, 'b> {
[INFO] [stderr]     |           ^^^^^^
[INFO] [stderr] 
[INFO] [stderr] warning: field `0` is never read
[INFO] [stderr]    --> tests/test.rs:591:22
[INFO] [stderr]     |
[INFO] [stderr] 591 |     pub struct Tuple(u8);
[INFO] [stderr]     |                ----- ^^
[INFO] [stderr]     |                |
[INFO] [stderr]     |                field in this struct
[INFO] [stderr]     |
[INFO] [stderr]     = help: consider removing this field
[INFO] [stderr] 
[INFO] [stderr] warning: trait `Trait` is never used
[INFO] [stderr]    --> tests/test.rs:784:11
[INFO] [stderr]     |
[INFO] [stderr] 784 |     trait Trait {
[INFO] [stderr]     |           ^^^^^
[INFO] [stderr] 
[INFO] [stderr] warning: trait `T1` is never used
[INFO] [stderr]    --> tests/test.rs:920:11
[INFO] [stderr]     |
[INFO] [stderr] 920 |     trait T1 {
[INFO] [stderr]     |           ^^
[INFO] [stderr] 
[INFO] [stderr] warning: struct `Foo` is never constructed
[INFO] [stderr]    --> tests/test.rs:935:12
[INFO] [stderr]     |
[INFO] [stderr] 935 |     struct Foo;
[INFO] [stderr]     |            ^^^
[INFO] [stderr] 
[INFO] [stderr] warning: trait `Trait` is never used
[INFO] [stderr]     --> tests/test.rs:1001:11
[INFO] [stderr]      |
[INFO] [stderr] 1001 |     trait Trait {
[INFO] [stderr]      |           ^^^^^
[INFO] [stderr] 
[INFO] [stderr] warning: trait `Trait` is never used
[INFO] [stderr]     --> tests/test.rs:1016:11
[INFO] [stderr]      |
[INFO] [stderr] 1016 |     trait Trait<T = ()> {
[INFO] [stderr]      |           ^^^^^
[INFO] [stderr] 
[INFO] [stderr] warning: type alias `Elided` is never used
[INFO] [stderr]     --> tests/test.rs:1088:10
[INFO] [stderr]      |
[INFO] [stderr] 1088 |     type Elided<'a> = &'a usize;
[INFO] [stderr]      |          ^^^^^^
[INFO] [stderr] 
[INFO] [stderr] warning: trait `Test` is never used
[INFO] [stderr]     --> tests/test.rs:1091:11
[INFO] [stderr]      |
[INFO] [stderr] 1091 |     trait Test {
[INFO] [stderr]      |           ^^^^
[INFO] [stderr] 
[INFO] [stderr] warning: `samotop-async-trait` (test "test") generated 28 warnings
[INFO] [stderr] warning: `samotop-async-trait` (lib test) generated 1 warning (1 duplicate)
[INFO] [stderr]     Finished `test` profile [unoptimized + debuginfo] target(s) in 0.03s
[INFO] [stderr]      Running unittests src/lib.rs (/opt/rustwide/target/debug/deps/samotop_async_trait-2f340ff8cf05c140)
[INFO] [stdout] 
[INFO] [stdout] running 0 tests
[INFO] [stdout] 
[INFO] [stdout] test result: ok. 0 passed; 0 failed; 0 ignored; 0 measured; 0 filtered out; finished in 0.00s
[INFO] [stdout] 
[INFO] [stderr]      Running tests/compiletest.rs (/opt/rustwide/target/debug/deps/compiletest-3804988376d1fbd2)
[INFO] [stdout] 
[INFO] [stdout] running 1 test
[INFO] [stderr]    Compiling proc-macro2 v1.0.89
[INFO] [stderr]    Compiling unicode-ident v1.0.13
[INFO] [stderr]    Compiling syn v1.0.109
[INFO] [stderr]     Checking once_cell v1.20.2
[INFO] [stderr]     Checking pin-project-lite v0.2.15
[INFO] [stderr]    Compiling rustversion v1.0.18
[INFO] [stderr]     Checking tracing-core v0.1.32
[INFO] [stderr]     Checking quote v1.0.37
[INFO] [stderr]    Compiling syn v2.0.86
[INFO] [stderr]    Compiling samotop-async-trait v0.2.1 (/opt/rustwide/workdir)
[INFO] [stderr] warning: struct `HasAsyncLifetime` is never constructed
[INFO] [stderr]  --> /opt/rustwide/workdir/src/lifetime.rs:5:8
[INFO] [stderr]   |
[INFO] [stderr] 5 | struct HasAsyncLifetime(bool);
[INFO] [stderr]   |        ^^^^^^^^^^^^^^^^
[INFO] [stderr]   |
[INFO] [stderr]   = note: `#[warn(dead_code)]` on by default
[INFO] [stderr] 
[INFO] [stderr]    Compiling tracing-attributes v0.1.27
[INFO] [stderr]    Compiling pin-project-internal v1.1.7
[INFO] [stderr] warning: `samotop-async-trait` (lib) generated 1 warning
[INFO] [stderr]     Checking pin-project v1.1.7
[INFO] [stderr]     Checking tracing v0.1.40
[INFO] [stderr]     Checking tracing-futures v0.2.5
[INFO] [stderr]     Checking samotop-async-trait-tests v0.0.0 (/opt/rustwide/target/tests/trybuild/samotop-async-trait)
[INFO] [stderr]     Finished `dev` profile [unoptimized + debuginfo] target(s) in 5.35s
[INFO] [stderr] 
[INFO] [stderr] 
[INFO] [stderr] test tests/ui/bare-trait-object.rs ... mismatch
[INFO] [stderr] 
[INFO] [stderr] EXPECTED:
[INFO] [stderr] ┈┈┈┈┈┈┈┈┈┈┈┈┈┈┈┈┈┈┈┈┈┈┈┈┈┈┈┈┈┈┈┈┈┈┈┈┈┈┈┈┈┈┈┈┈┈┈┈┈┈┈┈┈┈┈┈┈┈┈┈
[INFO] [stderr] error: trait objects without an explicit `dyn` are deprecated
[INFO] [stderr]   --> $DIR/bare-trait-object.rs:11:16
[INFO] [stderr]    |
[INFO] [stderr] 11 | impl Trait for Send + Sync {
[INFO] [stderr]    |                ^^^^^^^^^^^ help: use `dyn`: `dyn Send + Sync`
[INFO] [stderr]    |
[INFO] [stderr] note: the lint level is defined here
[INFO] [stderr]   --> $DIR/bare-trait-object.rs:1:9
[INFO] [stderr]    |
[INFO] [stderr] 1  | #![deny(bare_trait_objects)]
[INFO] [stderr]    |         ^^^^^^^^^^^^^^^^^^
[INFO] [stderr] ┈┈┈┈┈┈┈┈┈┈┈┈┈┈┈┈┈┈┈┈┈┈┈┈┈┈┈┈┈┈┈┈┈┈┈┈┈┈┈┈┈┈┈┈┈┈┈┈┈┈┈┈┈┈┈┈┈┈┈┈
[INFO] [stderr] 
[INFO] [stderr] ACTUAL OUTPUT:
[INFO] [stderr] ┈┈┈┈┈┈┈┈┈┈┈┈┈┈┈┈┈┈┈┈┈┈┈┈┈┈┈┈┈┈┈┈┈┈┈┈┈┈┈┈┈┈┈┈┈┈┈┈┈┈┈┈┈┈┈┈┈┈┈┈
[INFO] [stderr] error: trait objects without an explicit `dyn` are deprecated
[INFO] [stderr]   --> tests/ui/bare-trait-object.rs:11:16
[INFO] [stderr]    |
[INFO] [stderr] 11 | impl Trait for Send + Sync {
[INFO] [stderr]    |                ^^^^^^^^^^^
[INFO] [stderr]    |
[INFO] [stderr]    = warning: this is accepted in the current edition (Rust 2018) but is a hard error in Rust 2021!
[INFO] [stderr]    = note: for more information, see <https://doc.rust-lang.org/nightly/edition-guide/rust-2021/warnings-promoted-to-error.html>
[INFO] [stderr] note: the lint level is defined here
[INFO] [stderr]   --> tests/ui/bare-trait-object.rs:1:9
[INFO] [stderr]    |
[INFO] [stderr] 1  | #![deny(bare_trait_objects)]
[INFO] [stderr]    |         ^^^^^^^^^^^^^^^^^^
[INFO] [stderr] help: if this is a dyn-compatible trait, use `dyn`
[INFO] [stderr]    |
[INFO] [stderr] 11 | impl Trait for dyn Send + Sync {
[INFO] [stderr]    |                +++
[INFO] [stderr] help: alternatively use a blanket implementation to implement `Trait` for all types that also implement `Send + Sync`
[INFO] [stderr]    |
[INFO] [stderr] 11 | impl<T: Send + Sync> Trait for T {
[INFO] [stderr]    |     ++++++++++++++++           ~
[INFO] [stderr] ┈┈┈┈┈┈┈┈┈┈┈┈┈┈┈┈┈┈┈┈┈┈┈┈┈┈┈┈┈┈┈┈┈┈┈┈┈┈┈┈┈┈┈┈┈┈┈┈┈┈┈┈┈┈┈┈┈┈┈┈
[INFO] [stderr] note: If the actual output is the correct output you can bless it by rerunning
[INFO] [stderr]       your test with the environment variable TRYBUILD=overwrite
[INFO] [stderr] 
[INFO] [stderr] test tests/ui/delimiter-span.rs ... mismatch
[INFO] [stderr] 
[INFO] [stderr] EXPECTED:
[INFO] [stderr] ┈┈┈┈┈┈┈┈┈┈┈┈┈┈┈┈┈┈┈┈┈┈┈┈┈┈┈┈┈┈┈┈┈┈┈┈┈┈┈┈┈┈┈┈┈┈┈┈┈┈┈┈┈┈┈┈┈┈┈┈
[INFO] [stderr] error: no rules expected the token `{`
[INFO] [stderr]   --> $DIR/delimiter-span.rs:17:16
[INFO] [stderr]    |
[INFO] [stderr] 3  | macro_rules! picky {
[INFO] [stderr]    | ------------------ when calling this macro
[INFO] [stderr] ...
[INFO] [stderr] 17 |         picky!({ 123 });
[INFO] [stderr]    |                ^ no rules expected this token in macro call
[INFO] [stderr] ┈┈┈┈┈┈┈┈┈┈┈┈┈┈┈┈┈┈┈┈┈┈┈┈┈┈┈┈┈┈┈┈┈┈┈┈┈┈┈┈┈┈┈┈┈┈┈┈┈┈┈┈┈┈┈┈┈┈┈┈
[INFO] [stderr] 
[INFO] [stderr] ACTUAL OUTPUT:
[INFO] [stderr] ┈┈┈┈┈┈┈┈┈┈┈┈┈┈┈┈┈┈┈┈┈┈┈┈┈┈┈┈┈┈┈┈┈┈┈┈┈┈┈┈┈┈┈┈┈┈┈┈┈┈┈┈┈┈┈┈┈┈┈┈
[INFO] [stderr] error: no rules expected the token `{`
[INFO] [stderr]   --> tests/ui/delimiter-span.rs:17:16
[INFO] [stderr]    |
[INFO] [stderr] 3  | macro_rules! picky {
[INFO] [stderr]    | ------------------ when calling this macro
[INFO] [stderr] ...
[INFO] [stderr] 17 |         picky!({ 123 });
[INFO] [stderr]    |                ^ no rules expected this token in macro call
[INFO] [stderr]    |
[INFO] [stderr] note: while trying to match `ident`
[INFO] [stderr]   --> tests/ui/delimiter-span.rs:4:6
[INFO] [stderr]    |
[INFO] [stderr] 4  |     (ident) => {};
[INFO] [stderr]    |      ^^^^^
[INFO] [stderr] ┈┈┈┈┈┈┈┈┈┈┈┈┈┈┈┈┈┈┈┈┈┈┈┈┈┈┈┈┈┈┈┈┈┈┈┈┈┈┈┈┈┈┈┈┈┈┈┈┈┈┈┈┈┈┈┈┈┈┈┈
[INFO] [stderr] note: If the actual output is the correct output you can bless it by rerunning
[INFO] [stderr]       your test with the environment variable TRYBUILD=overwrite
[INFO] [stderr] 
[INFO] [stderr] test tests/ui/elided-new.rs ... mismatch
[INFO] [stderr] 
[INFO] [stderr] EXPECTED:
[INFO] [stderr] ┈┈┈┈┈┈┈┈┈┈┈┈┈┈┈┈┈┈┈┈┈┈┈┈┈┈┈┈┈┈┈┈┈┈┈┈┈┈┈┈┈┈┈┈┈┈┈┈┈┈┈┈┈┈┈┈┈┈┈┈
[INFO] [stderr] error[E0106]: missing lifetime specifier
[INFO] [stderr]   --> $DIR/elided-new.rs:24:56
[INFO] [stderr]    |
[INFO] [stderr] 24 |     async fn test_nok(elided: Elided, okay: &usize) -> &usize;
[INFO] [stderr]    |                               ------        ------     ^ expected named lifetime parameter
[INFO] [stderr]    |
[INFO] [stderr]    = help: this function's return type contains a borrowed value, but the signature does not say whether it is borrowed from argument 1 or argument 2
[INFO] [stderr] note: these named lifetimes are available to use
[INFO] [stderr]   --> $DIR/elided-new.rs:22:1
[INFO] [stderr]    |
[INFO] [stderr] 22 | #[async_trait]
[INFO] [stderr]    | ^^^^^^^^^^^^^^
[INFO] [stderr] ┈┈┈┈┈┈┈┈┈┈┈┈┈┈┈┈┈┈┈┈┈┈┈┈┈┈┈┈┈┈┈┈┈┈┈┈┈┈┈┈┈┈┈┈┈┈┈┈┈┈┈┈┈┈┈┈┈┈┈┈
[INFO] [stderr] 
[INFO] [stderr] ACTUAL OUTPUT:
[INFO] [stderr] ┈┈┈┈┈┈┈┈┈┈┈┈┈┈┈┈┈┈┈┈┈┈┈┈┈┈┈┈┈┈┈┈┈┈┈┈┈┈┈┈┈┈┈┈┈┈┈┈┈┈┈┈┈┈┈┈┈┈┈┈
[INFO] [stderr] error[E0106]: missing lifetime specifier
[INFO] [stderr]   --> tests/ui/elided-new.rs:24:56
[INFO] [stderr]    |
[INFO] [stderr] 24 |     async fn test_nok(elided: Elided, okay: &usize) -> &usize;
[INFO] [stderr]    |                               ------        ------     ^ expected named lifetime parameter
[INFO] [stderr]    |
[INFO] [stderr]    = help: this function's return type contains a borrowed value, but the signature does not say whether it is borrowed from argument 1 or argument 2
[INFO] [stderr] note: these named lifetimes are available to use
[INFO] [stderr]   --> tests/ui/elided-new.rs:22:1
[INFO] [stderr]    |
[INFO] [stderr] 22 | #[async_trait]
[INFO] [stderr]    | ^^^^^^^^^^^^^^
[INFO] [stderr] help: consider using one of the available lifetimes here
[INFO] [stderr]    |
[INFO] [stderr] 24 |     async fn test_nok(elided: Elided, okay: &usize) -> &'lifetime usize;
[INFO] [stderr]    |                                                         +++++++++
[INFO] [stderr] ┈┈┈┈┈┈┈┈┈┈┈┈┈┈┈┈┈┈┈┈┈┈┈┈┈┈┈┈┈┈┈┈┈┈┈┈┈┈┈┈┈┈┈┈┈┈┈┈┈┈┈┈┈┈┈┈┈┈┈┈
[INFO] [stderr] note: If the actual output is the correct output you can bless it by rerunning
[INFO] [stderr]       your test with the environment variable TRYBUILD=overwrite
[INFO] [stderr] 
[INFO] [stderr] test tests/ui/future-is-nonsense.rs ... mismatch
[INFO] [stderr] 
[INFO] [stderr] EXPECTED:
[INFO] [stderr] ┈┈┈┈┈┈┈┈┈┈┈┈┈┈┈┈┈┈┈┈┈┈┈┈┈┈┈┈┈┈┈┈┈┈┈┈┈┈┈┈┈┈┈┈┈┈┈┈┈┈┈┈┈┈┈┈┈┈┈┈
[INFO] [stderr] error: expected `+`
[INFO] [stderr]  --> $DIR/future-is-nonsense.rs:8:22
[INFO] [stderr]   |
[INFO] [stderr] 8 |     #[future_is[Sync - Send]]
[INFO] [stderr]   |                      ^
[INFO] [stderr] 
[INFO] [stderr] error: expected square brackets
[INFO] [stderr]   --> $DIR/future-is-nonsense.rs:11:16
[INFO] [stderr]    |
[INFO] [stderr] 11 |     #[future_is(Sync)]
[INFO] [stderr]    |                ^
[INFO] [stderr] 
[INFO] [stderr] error[E0405]: cannot find trait `Nonsense` in this scope
[INFO] [stderr]  --> $DIR/future-is-nonsense.rs:5:17
[INFO] [stderr]   |
[INFO] [stderr] 4 | trait Trait {
[INFO] [stderr]   |            - help: you might be missing a type parameter: `<Nonsense>`
[INFO] [stderr] 5 |     #[future_is[Nonsense]]
[INFO] [stderr]   |                 ^^^^^^^^ not found in this scope
[INFO] [stderr] ┈┈┈┈┈┈┈┈┈┈┈┈┈┈┈┈┈┈┈┈┈┈┈┈┈┈┈┈┈┈┈┈┈┈┈┈┈┈┈┈┈┈┈┈┈┈┈┈┈┈┈┈┈┈┈┈┈┈┈┈
[INFO] [stderr] 
[INFO] [stderr] ACTUAL OUTPUT:
[INFO] [stderr] ┈┈┈┈┈┈┈┈┈┈┈┈┈┈┈┈┈┈┈┈┈┈┈┈┈┈┈┈┈┈┈┈┈┈┈┈┈┈┈┈┈┈┈┈┈┈┈┈┈┈┈┈┈┈┈┈┈┈┈┈
[INFO] [stderr] error: expected `+`
[INFO] [stderr]  --> tests/ui/future-is-nonsense.rs:8:22
[INFO] [stderr]   |
[INFO] [stderr] 8 |     #[future_is[Sync - Send]]
[INFO] [stderr]   |                      ^
[INFO] [stderr] 
[INFO] [stderr] error: expected square brackets
[INFO] [stderr]   --> tests/ui/future-is-nonsense.rs:11:16
[INFO] [stderr]    |
[INFO] [stderr] 11 |     #[future_is(Sync)]
[INFO] [stderr]    |                ^
[INFO] [stderr] 
[INFO] [stderr] error[E0405]: cannot find trait `Nonsense` in this scope
[INFO] [stderr]  --> tests/ui/future-is-nonsense.rs:5:17
[INFO] [stderr]   |
[INFO] [stderr] 5 |     #[future_is[Nonsense]]
[INFO] [stderr]   |                 ^^^^^^^^ not found in this scope
[INFO] [stderr] ┈┈┈┈┈┈┈┈┈┈┈┈┈┈┈┈┈┈┈┈┈┈┈┈┈┈┈┈┈┈┈┈┈┈┈┈┈┈┈┈┈┈┈┈┈┈┈┈┈┈┈┈┈┈┈┈┈┈┈┈
[INFO] [stderr] note: If the actual output is the correct output you can bless it by rerunning
[INFO] [stderr]       your test with the environment variable TRYBUILD=overwrite
[INFO] [stderr] 
[INFO] [stderr] test tests/ui/missing-body.rs ... ok
[INFO] [stderr] test tests/ui/must-use.rs ... mismatch
[INFO] [stderr] 
[INFO] [stderr] EXPECTED:
[INFO] [stderr] ┈┈┈┈┈┈┈┈┈┈┈┈┈┈┈┈┈┈┈┈┈┈┈┈┈┈┈┈┈┈┈┈┈┈┈┈┈┈┈┈┈┈┈┈┈┈┈┈┈┈┈┈┈┈┈┈┈┈┈┈
[INFO] [stderr] error: unused return value of `Interface::f` that must be used
[INFO] [stderr]   --> $DIR/must-use.rs:18:5
[INFO] [stderr]    |
[INFO] [stderr] 18 |     Thing.f();
[INFO] [stderr]    |     ^^^^^^^^^^
[INFO] [stderr]    |
[INFO] [stderr] note: the lint level is defined here
[INFO] [stderr]   --> $DIR/must-use.rs:1:9
[INFO] [stderr]    |
[INFO] [stderr] 1  | #![deny(unused_must_use)]
[INFO] [stderr]    |         ^^^^^^^^^^^^^^^
[INFO] [stderr] ┈┈┈┈┈┈┈┈┈┈┈┈┈┈┈┈┈┈┈┈┈┈┈┈┈┈┈┈┈┈┈┈┈┈┈┈┈┈┈┈┈┈┈┈┈┈┈┈┈┈┈┈┈┈┈┈┈┈┈┈
[INFO] [stderr] 
[INFO] [stderr] ACTUAL OUTPUT:
[INFO] [stderr] ┈┈┈┈┈┈┈┈┈┈┈┈┈┈┈┈┈┈┈┈┈┈┈┈┈┈┈┈┈┈┈┈┈┈┈┈┈┈┈┈┈┈┈┈┈┈┈┈┈┈┈┈┈┈┈┈┈┈┈┈
[INFO] [stderr] error: unused pinned boxed `Future` trait object that must be used
[INFO] [stderr]   --> tests/ui/must-use.rs:18:5
[INFO] [stderr]    |
[INFO] [stderr] 18 |     Thing.f();
[INFO] [stderr]    |     ^^^^^^^^^
[INFO] [stderr]    |
[INFO] [stderr]    = note: futures do nothing unless you `.await` or poll them
[INFO] [stderr] note: the lint level is defined here
[INFO] [stderr]   --> tests/ui/must-use.rs:1:9
[INFO] [stderr]    |
[INFO] [stderr] 1  | #![deny(unused_must_use)]
[INFO] [stderr]    |         ^^^^^^^^^^^^^^^
[INFO] [stderr] 
[INFO] [stderr] error: unused return value of `Interface::f` that must be used
[INFO] [stderr]   --> tests/ui/must-use.rs:18:5
[INFO] [stderr]    |
[INFO] [stderr] 18 |     Thing.f();
[INFO] [stderr]    |     ^^^^^^^^^
[INFO] [stderr]    |
[INFO] [stderr] help: use `let _ = ...` to ignore the resulting value
[INFO] [stderr]    |
[INFO] [stderr] 18 |     let _ = Thing.f();
[INFO] [stderr]    |     +++++++
[INFO] [stderr] ┈┈┈┈┈┈┈┈┈┈┈┈┈┈┈┈┈┈┈┈┈┈┈┈┈┈┈┈┈┈┈┈┈┈┈┈┈┈┈┈┈┈┈┈┈┈┈┈┈┈┈┈┈┈┈┈┈┈┈┈
[INFO] [stderr] note: If the actual output is the correct output you can bless it by rerunning
[INFO] [stderr]       your test with the environment variable TRYBUILD=overwrite
[INFO] [stderr] 
[INFO] [stderr] test tests/ui/self-span.rs ... mismatch
[INFO] [stderr] 
[INFO] [stderr] EXPECTED:
[INFO] [stderr] ┈┈┈┈┈┈┈┈┈┈┈┈┈┈┈┈┈┈┈┈┈┈┈┈┈┈┈┈┈┈┈┈┈┈┈┈┈┈┈┈┈┈┈┈┈┈┈┈┈┈┈┈┈┈┈┈┈┈┈┈
[INFO] [stderr] error[E0308]: mismatched types
[INFO] [stderr]   --> $DIR/self-span.rs:17:21
[INFO] [stderr]    |
[INFO] [stderr] 17 |         let _: () = self;
[INFO] [stderr]    |                --   ^^^^ expected `()`, found struct `S`
[INFO] [stderr]    |                |
[INFO] [stderr]    |                expected due to this
[INFO] [stderr] 
[INFO] [stderr] error: the `Self` constructor can only be used with tuple or unit structs
[INFO] [stderr]   --> $DIR/self-span.rs:18:23
[INFO] [stderr]    |
[INFO] [stderr] 18 |         let _: Self = Self;
[INFO] [stderr]    |                       ^^^^ help: use curly brackets: `Self { /* fields */ }`
[INFO] [stderr] 
[INFO] [stderr] error[E0308]: mismatched types
[INFO] [stderr]   --> $DIR/self-span.rs:25:21
[INFO] [stderr]    |
[INFO] [stderr] 25 |         let _: () = self;
[INFO] [stderr]    |                --   ^^^^ expected `()`, found enum `E`
[INFO] [stderr]    |                |
[INFO] [stderr]    |                expected due to this
[INFO] [stderr] 
[INFO] [stderr] error[E0533]: expected unit struct, unit variant or constant, found struct variant `Self::V`
[INFO] [stderr]   --> $DIR/self-span.rs:26:23
[INFO] [stderr]    |
[INFO] [stderr] 26 |         let _: Self = Self::V;
[INFO] [stderr]    |                       ^^^^^^^
[INFO] [stderr] ┈┈┈┈┈┈┈┈┈┈┈┈┈┈┈┈┈┈┈┈┈┈┈┈┈┈┈┈┈┈┈┈┈┈┈┈┈┈┈┈┈┈┈┈┈┈┈┈┈┈┈┈┈┈┈┈┈┈┈┈
[INFO] [stderr] 
[INFO] [stderr] ACTUAL OUTPUT:
[INFO] [stderr] ┈┈┈┈┈┈┈┈┈┈┈┈┈┈┈┈┈┈┈┈┈┈┈┈┈┈┈┈┈┈┈┈┈┈┈┈┈┈┈┈┈┈┈┈┈┈┈┈┈┈┈┈┈┈┈┈┈┈┈┈
[INFO] [stderr] error[E0308]: mismatched types
[INFO] [stderr]   --> tests/ui/self-span.rs:17:21
[INFO] [stderr]    |
[INFO] [stderr] 17 |         let _: () = self;
[INFO] [stderr]    |                --   ^^^^ expected `()`, found `S`
[INFO] [stderr]    |                |
[INFO] [stderr]    |                expected due to this
[INFO] [stderr] 
[INFO] [stderr] error: the `Self` constructor can only be used with tuple or unit structs
[INFO] [stderr]   --> tests/ui/self-span.rs:18:23
[INFO] [stderr]    |
[INFO] [stderr] 18 |         let _: Self = Self;
[INFO] [stderr]    |                       ^^^^ help: use curly brackets: `Self { /* fields */ }`
[INFO] [stderr] 
[INFO] [stderr] error[E0308]: mismatched types
[INFO] [stderr]   --> tests/ui/self-span.rs:25:21
[INFO] [stderr]    |
[INFO] [stderr] 25 |         let _: () = self;
[INFO] [stderr]    |                --   ^^^^ expected `()`, found `E`
[INFO] [stderr]    |                |
[INFO] [stderr]    |                expected due to this
[INFO] [stderr] 
[INFO] [stderr] error[E0533]: expected value, found struct variant `Self::V`
[INFO] [stderr]   --> tests/ui/self-span.rs:26:23
[INFO] [stderr]    |
[INFO] [stderr] 26 |         let _: Self = Self::V;
[INFO] [stderr]    |                       ^^^^^^^ not a value
[INFO] [stderr]    |
[INFO] [stderr] help: you might have meant to create a new value of the struct
[INFO] [stderr]    |
[INFO] [stderr] 26 |         let _: Self = Self::V {};
[INFO] [stderr]    |                               ++
[INFO] [stderr] ┈┈┈┈┈┈┈┈┈┈┈┈┈┈┈┈┈┈┈┈┈┈┈┈┈┈┈┈┈┈┈┈┈┈┈┈┈┈┈┈┈┈┈┈┈┈┈┈┈┈┈┈┈┈┈┈┈┈┈┈
[INFO] [stderr] note: If the actual output is the correct output you can bless it by rerunning
[INFO] [stderr]       your test with the environment variable TRYBUILD=overwrite
[INFO] [stderr] 
[INFO] [stderr] test tests/ui/send-not-implemented.rs ... mismatch
[INFO] [stderr] 
[INFO] [stderr] EXPECTED:
[INFO] [stderr] ┈┈┈┈┈┈┈┈┈┈┈┈┈┈┈┈┈┈┈┈┈┈┈┈┈┈┈┈┈┈┈┈┈┈┈┈┈┈┈┈┈┈┈┈┈┈┈┈┈┈┈┈┈┈┈┈┈┈┈┈
[INFO] [stderr] error: future cannot be sent between threads safely
[INFO] [stderr]   --> $DIR/send-not-implemented.rs:8:26
[INFO] [stderr]    |
[INFO] [stderr] 8  |       async fn test(&self) {
[INFO] [stderr]    |  __________________________^
[INFO] [stderr] 9  | |         let mutex = Mutex::new(());
[INFO] [stderr] 10 | |         let _guard = mutex.lock().unwrap();
[INFO] [stderr] 11 | |         f().await;
[INFO] [stderr] 12 | |     }
[INFO] [stderr]    | |_____^ future created by async block is not `Send`
[INFO] [stderr]    |
[INFO] [stderr]    = help: within `impl Future`, the trait `Send` is not implemented for `MutexGuard<'_, ()>`
[INFO] [stderr] note: future is not `Send` as this value is used across an await
[INFO] [stderr]   --> $DIR/send-not-implemented.rs:11:9
[INFO] [stderr]    |
[INFO] [stderr] 10 |         let _guard = mutex.lock().unwrap();
[INFO] [stderr]    |             ------ has type `MutexGuard<'_, ()>` which is not `Send`
[INFO] [stderr] 11 |         f().await;
[INFO] [stderr]    |         ^^^^^^^^^ await occurs here, with `_guard` maybe used later
[INFO] [stderr] 12 |     }
[INFO] [stderr]    |     - `_guard` is later dropped here
[INFO] [stderr]    = note: required for the cast to the object type `dyn Future<Output = ()> + Send`
[INFO] [stderr] ┈┈┈┈┈┈┈┈┈┈┈┈┈┈┈┈┈┈┈┈┈┈┈┈┈┈┈┈┈┈┈┈┈┈┈┈┈┈┈┈┈┈┈┈┈┈┈┈┈┈┈┈┈┈┈┈┈┈┈┈
[INFO] [stderr] 
[INFO] [stderr] ACTUAL OUTPUT:
[INFO] [stderr] ┈┈┈┈┈┈┈┈┈┈┈┈┈┈┈┈┈┈┈┈┈┈┈┈┈┈┈┈┈┈┈┈┈┈┈┈┈┈┈┈┈┈┈┈┈┈┈┈┈┈┈┈┈┈┈┈┈┈┈┈
[INFO] [stderr] error: future cannot be sent between threads safely
[INFO] [stderr]   --> tests/ui/send-not-implemented.rs:8:26
[INFO] [stderr]    |
[INFO] [stderr] 8  |       async fn test(&self) {
[INFO] [stderr]    |  __________________________^
[INFO] [stderr] 9  | |         let mutex = Mutex::new(());
[INFO] [stderr] 10 | |         let _guard = mutex.lock().unwrap();
[INFO] [stderr] 11 | |         f().await;
[INFO] [stderr] 12 | |     }
[INFO] [stderr]    | |_____^ future created by async block is not `Send`
[INFO] [stderr]    |
[INFO] [stderr]    = help: within `{async block@$DIR/tests/ui/send-not-implemented.rs:8:26: 12:6}`, the trait `Send` is not implemented for `MutexGuard<'_, ()>`, which is required by `{async block@$DIR/tests/ui/send-not-implemented.rs:8:26: 12:6}: Send`
[INFO] [stderr] note: future is not `Send` as this value is used across an await
[INFO] [stderr]   --> tests/ui/send-not-implemented.rs:11:13
[INFO] [stderr]    |
[INFO] [stderr] 10 |         let _guard = mutex.lock().unwrap();
[INFO] [stderr]    |             ------ has type `MutexGuard<'_, ()>` which is not `Send`
[INFO] [stderr] 11 |         f().await;
[INFO] [stderr]    |             ^^^^^ await occurs here, with `_guard` maybe used later
[INFO] [stderr]    = note: required for the cast from `Pin<Box<{async block@$DIR/tests/ui/send-not-implemented.rs:8:26: 12:6}>>` to `Pin<Box<dyn Future<Output = ()> + Send>>`
[INFO] [stderr] ┈┈┈┈┈┈┈┈┈┈┈┈┈┈┈┈┈┈┈┈┈┈┈┈┈┈┈┈┈┈┈┈┈┈┈┈┈┈┈┈┈┈┈┈┈┈┈┈┈┈┈┈┈┈┈┈┈┈┈┈
[INFO] [stderr] note: If the actual output is the correct output you can bless it by rerunning
[INFO] [stderr]       your test with the environment variable TRYBUILD=overwrite
[INFO] [stderr] 
[INFO] [stderr] test tests/ui/sync-future-impossible.rs ... mismatch
[INFO] [stderr] 
[INFO] [stderr] EXPECTED:
[INFO] [stderr] ┈┈┈┈┈┈┈┈┈┈┈┈┈┈┈┈┈┈┈┈┈┈┈┈┈┈┈┈┈┈┈┈┈┈┈┈┈┈┈┈┈┈┈┈┈┈┈┈┈┈┈┈┈┈┈┈┈┈┈┈
[INFO] [stderr] error: future cannot be shared between threads safely
[INFO] [stderr]   --> $DIR/sync-future-impossible.rs:16:32
[INFO] [stderr]    |
[INFO] [stderr] 16 |       async fn method(&mut self) {
[INFO] [stderr]    |  ________________________________^
[INFO] [stderr] 17 | |         println!("{}", self.value);
[INFO] [stderr] 18 | |     }
[INFO] [stderr]    | |_____^ future created by async block is not `Sync`
[INFO] [stderr]    |
[INFO] [stderr] note: captured value is not `Sync`
[INFO] [stderr]   --> $DIR/sync-future-impossible.rs:17:24
[INFO] [stderr]    |
[INFO] [stderr] 17 |         println!("{}", self.value);
[INFO] [stderr]    |                        ^^^^ has type `&mut Struct<T>` which is not `Sync`
[INFO] [stderr]    = note: required for the cast to the object type `dyn Future<Output = ()> + Send + Sync`
[INFO] [stderr] help: consider further restricting this bound
[INFO] [stderr]    |
[INFO] [stderr] 14 | impl<T: std::fmt::Display + Send + Sync> Trait for Struct<T> {
[INFO] [stderr]    |                                  ^^^^^^
[INFO] [stderr] ┈┈┈┈┈┈┈┈┈┈┈┈┈┈┈┈┈┈┈┈┈┈┈┈┈┈┈┈┈┈┈┈┈┈┈┈┈┈┈┈┈┈┈┈┈┈┈┈┈┈┈┈┈┈┈┈┈┈┈┈
[INFO] [stderr] 
[INFO] [stderr] ACTUAL OUTPUT:
[INFO] [stderr] ┈┈┈┈┈┈┈┈┈┈┈┈┈┈┈┈┈┈┈┈┈┈┈┈┈┈┈┈┈┈┈┈┈┈┈┈┈┈┈┈┈┈┈┈┈┈┈┈┈┈┈┈┈┈┈┈┈┈┈┈
[INFO] [stderr] error: future cannot be shared between threads safely
[INFO] [stderr]   --> tests/ui/sync-future-impossible.rs:16:32
[INFO] [stderr]    |
[INFO] [stderr] 16 |       async fn method(&mut self) {
[INFO] [stderr]    |  ________________________________^
[INFO] [stderr] 17 | |         println!("{}", self.value);
[INFO] [stderr] 18 | |     }
[INFO] [stderr]    | |_____^ future created by async block is not `Sync`
[INFO] [stderr]    |
[INFO] [stderr] note: captured value is not `Sync` because `&mut` references cannot be sent unless their referent is `Send`
[INFO] [stderr]   --> tests/ui/sync-future-impossible.rs:17:24
[INFO] [stderr]    |
[INFO] [stderr] 17 |         println!("{}", self.value);
[INFO] [stderr]    |                        ^^^^ has type `&mut Struct<T>` which is not `Sync`, because `Struct<T>` is not `Send`
[INFO] [stderr]    = note: required for the cast from `Pin<Box<{async block@$DIR/tests/ui/sync-future-impossible.rs:16:32: 18:6}>>` to `Pin<Box<(dyn Future<Output = ()> + Send + Sync + 'async_trait)>>`
[INFO] [stderr] help: consider further restricting this bound
[INFO] [stderr]    |
[INFO] [stderr] 14 | impl<T: std::fmt::Display + Send + std::marker::Sync> Trait for Struct<T> {
[INFO] [stderr]    |                                  +++++++++++++++++++
[INFO] [stderr] ┈┈┈┈┈┈┈┈┈┈┈┈┈┈┈┈┈┈┈┈┈┈┈┈┈┈┈┈┈┈┈┈┈┈┈┈┈┈┈┈┈┈┈┈┈┈┈┈┈┈┈┈┈┈┈┈┈┈┈┈
[INFO] [stderr] note: If the actual output is the correct output you can bless it by rerunning
[INFO] [stderr]       your test with the environment variable TRYBUILD=overwrite
[INFO] [stderr] 
[INFO] [stderr] test tests/ui/unsupported-self.rs ... ok
[INFO] [stderr] 
[INFO] [stderr] 
[INFO] [stdout] test ui ... FAILED
[INFO] [stdout] 
[INFO] [stdout] failures:
[INFO] [stdout] 
[INFO] [stdout] ---- ui stdout ----
[INFO] [stdout] thread 'ui' panicked at /opt/rustwide/cargo-home/registry/src/index.crates.io-6f17d22bba15001f/trybuild-1.0.101/src/run.rs:101:13:
[INFO] [stdout] 8 of 10 tests failed
[INFO] [stdout] stack backtrace:
[INFO] [stdout]    0:     0x5b8b4c25cc2a - std::backtrace_rs::backtrace::libunwind::trace::h207520d6e9873551
[INFO] [stdout]                                at /rustc/df4ca44d3fbc9301ee17f30f4d474e6ae4b05252/library/std/src/../../backtrace/src/backtrace/libunwind.rs:116:5
[INFO] [stdout]    1:     0x5b8b4c25cc2a - std::backtrace_rs::backtrace::trace_unsynchronized::h2ed7433f370e3eca
[INFO] [stdout]                                at /rustc/df4ca44d3fbc9301ee17f30f4d474e6ae4b05252/library/std/src/../../backtrace/src/backtrace/mod.rs:66:5
[INFO] [stdout]    2:     0x5b8b4c25cc2a - std::sys::backtrace::_print_fmt::h916fac51166b18d7
[INFO] [stdout]                                at /rustc/df4ca44d3fbc9301ee17f30f4d474e6ae4b05252/library/std/src/sys/backtrace.rs:66:9
[INFO] [stdout]    3:     0x5b8b4c25cc2a - <std::sys::backtrace::BacktraceLock::print::DisplayBacktrace as core::fmt::Display>::fmt::ha0a4c9b8ce3802e6
[INFO] [stdout]                                at /rustc/df4ca44d3fbc9301ee17f30f4d474e6ae4b05252/library/std/src/sys/backtrace.rs:39:26
[INFO] [stdout]    4:     0x5b8b4c2870f3 - core::fmt::rt::Argument::fmt::h4cfc8587d52b3eb5
[INFO] [stdout]                                at /rustc/df4ca44d3fbc9301ee17f30f4d474e6ae4b05252/library/core/src/fmt/rt.rs:177:76
[INFO] [stdout]    5:     0x5b8b4c2870f3 - core::fmt::write::h522cc39e5b36ae9f
[INFO] [stdout]                                at /rustc/df4ca44d3fbc9301ee17f30f4d474e6ae4b05252/library/core/src/fmt/mod.rs:1190:21
[INFO] [stdout]    6:     0x5b8b4c258c63 - std::io::Write::write_fmt::h7d3c26752da97734
[INFO] [stdout]                                at /rustc/df4ca44d3fbc9301ee17f30f4d474e6ae4b05252/library/std/src/io/mod.rs:1839:15
[INFO] [stdout]    7:     0x5b8b4c25ca72 - std::sys::backtrace::BacktraceLock::print::h4b9e00b29e9c0942
[INFO] [stdout]                                at /rustc/df4ca44d3fbc9301ee17f30f4d474e6ae4b05252/library/std/src/sys/backtrace.rs:42:9
[INFO] [stdout]    8:     0x5b8b4c25e6ba - std::panicking::default_hook::{{closure}}::hb59b88280d0324d9
[INFO] [stdout]                                at /rustc/df4ca44d3fbc9301ee17f30f4d474e6ae4b05252/library/std/src/panicking.rs:268:22
[INFO] [stdout]    9:     0x5b8b4c25e4c4 - std::panicking::default_hook::he1dd496665be4a29
[INFO] [stdout]                                at /rustc/df4ca44d3fbc9301ee17f30f4d474e6ae4b05252/library/std/src/panicking.rs:292:9
[INFO] [stdout]   10:     0x5b8b4c2251b9 - <alloc::boxed::Box<F,A> as core::ops::function::Fn<Args>>::call::h4ff71de18744e1dc
[INFO] [stdout]                                at /rustc/df4ca44d3fbc9301ee17f30f4d474e6ae4b05252/library/alloc/src/boxed.rs:2468:9
[INFO] [stdout]   11:     0x5b8b4c2251b9 - test::test_main::{{closure}}::hcf7c055ce117aa81
[INFO] [stdout]                                at /rustc/df4ca44d3fbc9301ee17f30f4d474e6ae4b05252/library/test/src/lib.rs:133:21
[INFO] [stdout]   12:     0x5b8b4c25edb8 - <alloc::boxed::Box<F,A> as core::ops::function::Fn<Args>>::call::h1d66c6bbd60c9692
[INFO] [stdout]                                at /rustc/df4ca44d3fbc9301ee17f30f4d474e6ae4b05252/library/alloc/src/boxed.rs:2468:9
[INFO] [stdout]   13:     0x5b8b4c25edb8 - std::panicking::rust_panic_with_hook::h2ff17fe8f26dfcf8
[INFO] [stdout]                                at /rustc/df4ca44d3fbc9301ee17f30f4d474e6ae4b05252/library/std/src/panicking.rs:809:13
[INFO] [stdout]   14:     0x5b8b4c25eb7a - std::panicking::begin_panic_handler::{{closure}}::h4fad77951c07e101
[INFO] [stdout]                                at /rustc/df4ca44d3fbc9301ee17f30f4d474e6ae4b05252/library/std/src/panicking.rs:674:13
[INFO] [stdout]   15:     0x5b8b4c25d109 - std::sys::backtrace::__rust_end_short_backtrace::hb1a25b3da5d0ea08
[INFO] [stdout]                                at /rustc/df4ca44d3fbc9301ee17f30f4d474e6ae4b05252/library/std/src/sys/backtrace.rs:170:18
[INFO] [stdout]   16:     0x5b8b4c25e80c - rust_begin_unwind
[INFO] [stdout]                                at /rustc/df4ca44d3fbc9301ee17f30f4d474e6ae4b05252/library/std/src/panicking.rs:665:5
[INFO] [stdout]   17:     0x5b8b4c2854a0 - core::panicking::panic_fmt::ha9db07b529f9b256
[INFO] [stdout]                                at /rustc/df4ca44d3fbc9301ee17f30f4d474e6ae4b05252/library/core/src/panicking.rs:75:14
[INFO] [stdout]   18:     0x5b8b4bf3075f - trybuild::run::<impl trybuild::Runner>::run::h61dd5f7c00c2c7c2
[INFO] [stdout]                                at /opt/rustwide/cargo-home/registry/src/index.crates.io-6f17d22bba15001f/trybuild-1.0.101/src/run.rs:101:13
[INFO] [stdout]   19:     0x5b8b4bf35c78 - <trybuild::TestCases as core::ops::drop::Drop>::drop::h3b200ae90f9866f8
[INFO] [stdout]                                at /opt/rustwide/cargo-home/registry/src/index.crates.io-6f17d22bba15001f/trybuild-1.0.101/src/lib.rs:340:13
[INFO] [stdout]   20:     0x5b8b4bf21567 - core::ptr::drop_in_place<trybuild::TestCases>::hfc90e8628e857987
[INFO] [stdout]                                at /rustc/df4ca44d3fbc9301ee17f30f4d474e6ae4b05252/library/core/src/ptr/mod.rs:521:1
[INFO] [stdout]   21:     0x5b8b4bf21cb3 - compiletest::ui::hc603999264f68287
[INFO] [stdout]                                at /opt/rustwide/workdir/tests/compiletest.rs:6:1
[INFO] [stdout]   22:     0x5b8b4bf21c47 - compiletest::ui::{{closure}}::hfc393c11c8bf5426
[INFO] [stdout]                                at /opt/rustwide/workdir/tests/compiletest.rs:3:8
[INFO] [stdout]   23:     0x5b8b4bf214c6 - core::ops::function::FnOnce::call_once::h00960c900d7d9ba3
[INFO] [stdout]                                at /rustc/df4ca44d3fbc9301ee17f30f4d474e6ae4b05252/library/core/src/ops/function.rs:250:5
[INFO] [stdout]   24:     0x5b8b4c229a8b - core::ops::function::FnOnce::call_once::h22c3ba5715e93f05
[INFO] [stdout]                                at /rustc/df4ca44d3fbc9301ee17f30f4d474e6ae4b05252/library/core/src/ops/function.rs:250:5
[INFO] [stdout]   25:     0x5b8b4c229a8b - test::__rust_begin_short_backtrace::h8e82d8113d0da17f
[INFO] [stdout]                                at /rustc/df4ca44d3fbc9301ee17f30f4d474e6ae4b05252/library/test/src/lib.rs:621:18
[INFO] [stdout]   26:     0x5b8b4c229407 - test::run_test_in_process::{{closure}}::h33235f4f20b7b7c7
[INFO] [stdout]                                at /rustc/df4ca44d3fbc9301ee17f30f4d474e6ae4b05252/library/test/src/lib.rs:644:60
[INFO] [stdout]   27:     0x5b8b4c229407 - <core::panic::unwind_safe::AssertUnwindSafe<F> as core::ops::function::FnOnce<()>>::call_once::hb5043206310c586f
[INFO] [stdout]                                at /rustc/df4ca44d3fbc9301ee17f30f4d474e6ae4b05252/library/core/src/panic/unwind_safe.rs:272:9
[INFO] [stdout]   28:     0x5b8b4c229407 - std::panicking::try::do_call::h9ad4731a60ab23e2
[INFO] [stdout]                                at /rustc/df4ca44d3fbc9301ee17f30f4d474e6ae4b05252/library/std/src/panicking.rs:557:40
[INFO] [stdout]   29:     0x5b8b4c229407 - std::panicking::try::h3824d23db772a716
[INFO] [stdout]                                at /rustc/df4ca44d3fbc9301ee17f30f4d474e6ae4b05252/library/std/src/panicking.rs:520:19
[INFO] [stdout]   30:     0x5b8b4c229407 - std::panic::catch_unwind::h5afd514605fde46b
[INFO] [stdout]                                at /rustc/df4ca44d3fbc9301ee17f30f4d474e6ae4b05252/library/std/src/panic.rs:358:14
[INFO] [stdout]   31:     0x5b8b4c229407 - test::run_test_in_process::h0d5cbfa7067d1720
[INFO] [stdout]                                at /rustc/df4ca44d3fbc9301ee17f30f4d474e6ae4b05252/library/test/src/lib.rs:644:27
[INFO] [stdout]   32:     0x5b8b4c229407 - test::run_test::{{closure}}::h708eb8872708115d
[INFO] [stdout]                                at /rustc/df4ca44d3fbc9301ee17f30f4d474e6ae4b05252/library/test/src/lib.rs:565:43
[INFO] [stdout]   33:     0x5b8b4c1ecb24 - test::run_test::{{closure}}::h392c51cee94713ab
[INFO] [stdout]                                at /rustc/df4ca44d3fbc9301ee17f30f4d474e6ae4b05252/library/test/src/lib.rs:595:41
[INFO] [stdout]   34:     0x5b8b4c1ecb24 - std::sys::backtrace::__rust_begin_short_backtrace::h2f40290710935a8b
[INFO] [stdout]                                at /rustc/df4ca44d3fbc9301ee17f30f4d474e6ae4b05252/library/std/src/sys/backtrace.rs:154:18
[INFO] [stdout]   35:     0x5b8b4c1f02ce - std::thread::Builder::spawn_unchecked_::{{closure}}::{{closure}}::h3fd968d89053a903
[INFO] [stdout]                                at /rustc/df4ca44d3fbc9301ee17f30f4d474e6ae4b05252/library/std/src/thread/mod.rs:541:17
[INFO] [stdout]   36:     0x5b8b4c1f02ce - <core::panic::unwind_safe::AssertUnwindSafe<F> as core::ops::function::FnOnce<()>>::call_once::h743f637ba4229880
[INFO] [stdout]                                at /rustc/df4ca44d3fbc9301ee17f30f4d474e6ae4b05252/library/core/src/panic/unwind_safe.rs:272:9
[INFO] [stdout]   37:     0x5b8b4c1f02ce - std::panicking::try::do_call::h07440897322525a6
[INFO] [stdout]                                at /rustc/df4ca44d3fbc9301ee17f30f4d474e6ae4b05252/library/std/src/panicking.rs:557:40
[INFO] [stdout]   38:     0x5b8b4c1f02ce - std::panicking::try::he5a2e00188156637
[INFO] [stdout]                                at /rustc/df4ca44d3fbc9301ee17f30f4d474e6ae4b05252/library/std/src/panicking.rs:520:19
[INFO] [stdout]   39:     0x5b8b4c1f02ce - std::panic::catch_unwind::hbaf3cae49b3c6433
[INFO] [stdout]                                at /rustc/df4ca44d3fbc9301ee17f30f4d474e6ae4b05252/library/std/src/panic.rs:358:14
[INFO] [stdout]   40:     0x5b8b4c1f02ce - std::thread::Builder::spawn_unchecked_::{{closure}}::h8e141ea224820bce
[INFO] [stdout]                                at /rustc/df4ca44d3fbc9301ee17f30f4d474e6ae4b05252/library/std/src/thread/mod.rs:540:30
[INFO] [stdout]   41:     0x5b8b4c1f02ce - core::ops::function::FnOnce::call_once{{vtable.shim}}::h90d312fedd7b8ea8
[INFO] [stdout]                                at /rustc/df4ca44d3fbc9301ee17f30f4d474e6ae4b05252/library/core/src/ops/function.rs:250:5
[INFO] [stdout]   42:     0x5b8b4c263b7b - <alloc::boxed::Box<F,A> as core::ops::function::FnOnce<Args>>::call_once::h69aa08ddb6adb8b6
[INFO] [stdout]                                at /rustc/df4ca44d3fbc9301ee17f30f4d474e6ae4b05252/library/alloc/src/boxed.rs:2454:9
[INFO] [stdout]   43:     0x5b8b4c263b7b - <alloc::boxed::Box<F,A> as core::ops::function::FnOnce<Args>>::call_once::h5aa36efdb79c806f
[INFO] [stdout]                                at /rustc/df4ca44d3fbc9301ee17f30f4d474e6ae4b05252/library/alloc/src/boxed.rs:2454:9
[INFO] [stdout]   44:     0x5b8b4c263b7b - std::sys::pal::unix::thread::Thread::new::thread_start::h6cd80a1b4be5158d
[INFO] [stdout]                                at /rustc/df4ca44d3fbc9301ee17f30f4d474e6ae4b05252/library/std/src/sys/pal/unix/thread.rs:105:17
[INFO] [stdout]   45:     0x7f5d238c9ac3 - <unknown>
[INFO] [stdout]   46:     0x7f5d2395aa04 - clone
[INFO] [stdout]   47:                0x0 - <unknown>
[INFO] [stdout] 
[INFO] [stdout] 
[INFO] [stdout] failures:
[INFO] [stdout]     ui
[INFO] [stdout] 
[INFO] [stdout] test result: FAILED. 0 passed; 1 failed; 0 ignored; 0 measured; 0 filtered out; finished in 5.55s
[INFO] [stdout] 
[INFO] [stderr] error: test failed, to rerun pass `--test compiletest`
[INFO] running `Command { std: "docker" "inspect" "dbb672c46bbd1198f288d0b1aa333739f8ecef08e87898989a6ce3e48a1a92bc", kill_on_drop: false }`
[INFO] running `Command { std: "docker" "rm" "-f" "dbb672c46bbd1198f288d0b1aa333739f8ecef08e87898989a6ce3e48a1a92bc", kill_on_drop: false }`
[INFO] [stdout] dbb672c46bbd1198f288d0b1aa333739f8ecef08e87898989a6ce3e48a1a92bc
