[INFO] fetching crate salvo_extra 0.73.0...
[INFO] testing salvo_extra-0.73.0 against nightly-2024-10-28+rustflags=-Zrandomize-layout for randomize-layout
[INFO] extracting crate salvo_extra 0.73.0 into /workspace/builds/worker-6-tc2/source
[INFO] validating manifest of crates.io crate salvo_extra 0.73.0 on toolchain nightly-2024-10-28
[INFO] running `Command { std: CARGO_HOME="/workspace/cargo-home" RUSTUP_HOME="/workspace/rustup-home" "/workspace/cargo-home/bin/cargo" "+nightly-2024-10-28" "metadata" "--manifest-path" "Cargo.toml" "--no-deps", kill_on_drop: false }`
[INFO] started tweaking crates.io crate salvo_extra 0.73.0
[INFO] finished tweaking crates.io crate salvo_extra 0.73.0
[INFO] tweaked toml for crates.io crate salvo_extra 0.73.0 written to /workspace/builds/worker-6-tc2/source/Cargo.toml
[INFO] running `Command { std: CARGO_HOME="/workspace/cargo-home" RUSTUP_HOME="/workspace/rustup-home" "/workspace/cargo-home/bin/cargo" "+nightly-2024-10-28" "generate-lockfile" "--manifest-path" "Cargo.toml", kill_on_drop: false }`
[INFO] [stderr]     Updating crates.io index
[INFO] [stderr]      Locking 193 packages to latest compatible versions
[INFO] [stderr]       Adding salvo_core v0.73.0 (available: v0.74.0)
[INFO] running `Command { std: CARGO_HOME="/workspace/cargo-home" RUSTUP_HOME="/workspace/rustup-home" "/workspace/cargo-home/bin/cargo" "+nightly-2024-10-28" "fetch" "--manifest-path" "Cargo.toml", kill_on_drop: false }`
[INFO] running `Command { std: "docker" "create" "-v" "/var/lib/crater-agent-workspace/builds/worker-6-tc2/target:/opt/rustwide/target:rw,Z" "-v" "/var/lib/crater-agent-workspace/builds/worker-6-tc2/source:/opt/rustwide/workdir:ro,Z" "-v" "/var/lib/crater-agent-workspace/cargo-home:/opt/rustwide/cargo-home:ro,Z" "-v" "/var/lib/crater-agent-workspace/rustup-home:/opt/rustwide/rustup-home:ro,Z" "-e" "SOURCE_DIR=/opt/rustwide/workdir" "-e" "CARGO_TARGET_DIR=/opt/rustwide/target" "-e" "CARGO_HOME=/opt/rustwide/cargo-home" "-e" "RUSTUP_HOME=/opt/rustwide/rustup-home" "-w" "/opt/rustwide/workdir" "-m" "1610612736" "--user" "0:0" "--network" "none" "ghcr.io/rust-lang/crates-build-env/linux@sha256:4a844ea9eb2546a2d2c7022eacef16ef2e8229c7fbb2c7d4d55a9ceca922f72d" "/opt/rustwide/cargo-home/bin/cargo" "+nightly-2024-10-28" "metadata" "--no-deps" "--format-version=1", kill_on_drop: false }`
[INFO] [stdout] eee8ea122e801801a5baa55409c2a875ca8443e183acb3732672b6c45077280b
[INFO] running `Command { std: "docker" "start" "-a" "eee8ea122e801801a5baa55409c2a875ca8443e183acb3732672b6c45077280b", kill_on_drop: false }`
[INFO] running `Command { std: "docker" "inspect" "eee8ea122e801801a5baa55409c2a875ca8443e183acb3732672b6c45077280b", kill_on_drop: false }`
[INFO] running `Command { std: "docker" "rm" "-f" "eee8ea122e801801a5baa55409c2a875ca8443e183acb3732672b6c45077280b", kill_on_drop: false }`
[INFO] [stdout] eee8ea122e801801a5baa55409c2a875ca8443e183acb3732672b6c45077280b
[INFO] running `Command { std: "docker" "create" "-v" "/var/lib/crater-agent-workspace/builds/worker-6-tc2/target:/opt/rustwide/target:rw,Z" "-v" "/var/lib/crater-agent-workspace/builds/worker-6-tc2/source:/opt/rustwide/workdir:ro,Z" "-v" "/var/lib/crater-agent-workspace/cargo-home:/opt/rustwide/cargo-home:ro,Z" "-v" "/var/lib/crater-agent-workspace/rustup-home:/opt/rustwide/rustup-home:ro,Z" "-e" "SOURCE_DIR=/opt/rustwide/workdir" "-e" "CARGO_TARGET_DIR=/opt/rustwide/target" "-e" "CARGO_INCREMENTAL=0" "-e" "RUST_BACKTRACE=full" "-e" "RUSTFLAGS=--cap-lints=forbid -Zrandomize-layout" "-e" "RUSTDOCFLAGS=--cap-lints=forbid" "-e" "CARGO_HOME=/opt/rustwide/cargo-home" "-e" "RUSTUP_HOME=/opt/rustwide/rustup-home" "-w" "/opt/rustwide/workdir" "-m" "1610612736" "--user" "0:0" "--network" "none" "ghcr.io/rust-lang/crates-build-env/linux@sha256:4a844ea9eb2546a2d2c7022eacef16ef2e8229c7fbb2c7d4d55a9ceca922f72d" "/opt/rustwide/cargo-home/bin/cargo" "+nightly-2024-10-28" "build" "--frozen" "--message-format=json", kill_on_drop: false }`
[INFO] [stdout] 2db57a044faa8b7eb8cc4b7df9fd1aa3a698b34593890afcf21e8e68b4378315
[INFO] running `Command { std: "docker" "start" "-a" "2db57a044faa8b7eb8cc4b7df9fd1aa3a698b34593890afcf21e8e68b4378315", kill_on_drop: false }`
[INFO] [stderr]    Compiling libc v0.2.161
[INFO] [stderr]    Compiling version_check v0.9.5
[INFO] [stderr]    Compiling memchr v2.7.4
[INFO] [stderr]    Compiling syn v2.0.86
[INFO] [stderr]    Compiling regex-syntax v0.8.5
[INFO] [stderr]    Compiling lock_api v0.4.12
[INFO] [stderr]    Compiling parking_lot_core v0.9.10
[INFO] [stderr]    Compiling httpdate v1.0.3
[INFO] [stderr]    Compiling rustix v0.38.38
[INFO] [stderr]    Compiling futures-util v0.3.31
[INFO] [stderr]    Compiling generic-array v0.14.7
[INFO] [stderr]    Compiling winnow v0.6.20
[INFO] [stderr]    Compiling aho-corasick v1.1.3
[INFO] [stderr]    Compiling cfg_aliases v0.2.1
[INFO] [stderr]    Compiling bitflags v2.6.0
[INFO] [stderr]    Compiling unicase v2.8.0
[INFO] [stderr]    Compiling toml_datetime v0.6.8
[INFO] [stderr]    Compiling crypto-common v0.1.6
[INFO] [stderr]    Compiling block-buffer v0.10.4
[INFO] [stderr]    Compiling mime-infer v3.0.0
[INFO] [stderr]    Compiling digest v0.10.7
[INFO] [stderr]    Compiling nix v0.29.0
[INFO] [stderr]    Compiling mio v1.0.2
[INFO] [stderr]    Compiling socket2 v0.5.7
[INFO] [stderr]    Compiling getrandom v0.2.15
[INFO] [stderr]    Compiling rand_core v0.6.4
[INFO] [stderr]    Compiling regex-automata v0.4.8
[INFO] [stderr]    Compiling multer v3.1.0
[INFO] [stderr]    Compiling toml_edit v0.22.22
[INFO] [stderr]    Compiling serde_json v1.0.132
[INFO] [stderr]    Compiling cpufeatures v0.2.14
[INFO] [stderr]    Compiling scopeguard v1.2.0
[INFO] [stderr]    Compiling linux-raw-sys v0.4.14
[INFO] [stderr]    Compiling sha1 v0.10.6
[INFO] [stderr]    Compiling headers-core v0.3.0
[INFO] [stderr]    Compiling spin v0.9.8
[INFO] [stderr]    Compiling xml-rs v0.8.22
[INFO] [stderr]    Compiling base64 v0.21.7
[INFO] [stderr]    Compiling salvo-serde-util v0.73.0
[INFO] [stderr]    Compiling utf-8 v0.7.6
[INFO] [stderr]    Compiling regex v1.11.1
[INFO] [stderr]    Compiling proc-macro-crate v3.2.0
[INFO] [stderr]    Compiling fastrand v2.1.1
[INFO] [stderr]    Compiling tempfile v3.13.0
[INFO] [stderr]    Compiling headers v0.4.0
[INFO] [stderr]    Compiling parking_lot v0.12.3
[INFO] [stderr]    Compiling zerocopy-derive v0.7.35
[INFO] [stderr]    Compiling tokio-macros v2.4.0
[INFO] [stderr]    Compiling tracing-attributes v0.1.27
[INFO] [stderr]    Compiling serde_derive v1.0.214
[INFO] [stderr]    Compiling thiserror-impl v1.0.66
[INFO] [stderr]    Compiling tokio v1.41.0
[INFO] [stderr]    Compiling zerocopy v0.7.35
[INFO] [stderr]    Compiling pin-project-internal v1.1.7
[INFO] [stderr]    Compiling enumflags2_derive v0.7.10
[INFO] [stderr]    Compiling ppv-lite86 v0.2.20
[INFO] [stderr]    Compiling tracing v0.1.40
[INFO] [stderr]    Compiling thiserror v1.0.66
[INFO] [stderr]    Compiling salvo_macros v0.73.0
[INFO] [stderr]    Compiling async-trait v0.1.83
[INFO] [stderr]    Compiling rand_chacha v0.3.1
[INFO] [stderr]    Compiling enumflags2 v0.7.10
[INFO] [stderr]    Compiling pin-project v1.1.7
[INFO] [stderr]    Compiling http-body-util v0.1.2
[INFO] [stderr]    Compiling rand v0.8.5
[INFO] [stderr]    Compiling str-buf v3.0.3
[INFO] [stderr]    Compiling sync_wrapper v0.1.2
[INFO] [stderr]    Compiling tower-layer v0.3.3
[INFO] [stderr]    Compiling xxhash-rust v0.8.12
[INFO] [stderr]    Compiling sync_wrapper v1.0.1
[INFO] [stderr]    Compiling tungstenite v0.24.0
[INFO] [stderr]    Compiling ulid v1.1.3
[INFO] [stderr]    Compiling etag v4.0.0
[INFO] [stderr]    Compiling serde v1.0.214
[INFO] [stderr]    Compiling tokio-util v0.7.12
[INFO] [stderr]    Compiling tokio-tungstenite v0.24.0
[INFO] [stderr]    Compiling h2 v0.4.6
[INFO] [stderr]    Compiling tower v0.5.1
[INFO] [stderr]    Compiling serde-xml-rs v0.6.0
[INFO] [stderr]    Compiling multimap v0.10.0
[INFO] [stderr]    Compiling hyper v1.5.0
[INFO] [stderr]    Compiling hyper-util v0.1.10
[INFO] [stderr]    Compiling salvo_core v0.73.0
[INFO] [stderr]    Compiling salvo_extra v0.73.0 (/opt/rustwide/workdir)
[INFO] [stderr]     Finished `dev` profile [unoptimized + debuginfo] target(s) in 1m 09s
[INFO] running `Command { std: "docker" "inspect" "2db57a044faa8b7eb8cc4b7df9fd1aa3a698b34593890afcf21e8e68b4378315", kill_on_drop: false }`
[INFO] running `Command { std: "docker" "rm" "-f" "2db57a044faa8b7eb8cc4b7df9fd1aa3a698b34593890afcf21e8e68b4378315", kill_on_drop: false }`
[INFO] [stdout] 2db57a044faa8b7eb8cc4b7df9fd1aa3a698b34593890afcf21e8e68b4378315
[INFO] running `Command { std: "docker" "create" "-v" "/var/lib/crater-agent-workspace/builds/worker-6-tc2/target:/opt/rustwide/target:rw,Z" "-v" "/var/lib/crater-agent-workspace/builds/worker-6-tc2/source:/opt/rustwide/workdir:ro,Z" "-v" "/var/lib/crater-agent-workspace/cargo-home:/opt/rustwide/cargo-home:ro,Z" "-v" "/var/lib/crater-agent-workspace/rustup-home:/opt/rustwide/rustup-home:ro,Z" "-e" "SOURCE_DIR=/opt/rustwide/workdir" "-e" "CARGO_TARGET_DIR=/opt/rustwide/target" "-e" "CARGO_INCREMENTAL=0" "-e" "RUST_BACKTRACE=full" "-e" "RUSTFLAGS=--cap-lints=forbid -Zrandomize-layout" "-e" "RUSTDOCFLAGS=--cap-lints=forbid" "-e" "CARGO_HOME=/opt/rustwide/cargo-home" "-e" "RUSTUP_HOME=/opt/rustwide/rustup-home" "-w" "/opt/rustwide/workdir" "-m" "1610612736" "--user" "0:0" "--network" "none" "ghcr.io/rust-lang/crates-build-env/linux@sha256:4a844ea9eb2546a2d2c7022eacef16ef2e8229c7fbb2c7d4d55a9ceca922f72d" "/opt/rustwide/cargo-home/bin/cargo" "+nightly-2024-10-28" "test" "--frozen" "--no-run" "--message-format=json", kill_on_drop: false }`
[INFO] [stdout] 20f16876ac385a03ec081a755ecde3f5262c7815f993ca63014bd0d962f4dd31
[INFO] running `Command { std: "docker" "start" "-a" "20f16876ac385a03ec081a755ecde3f5262c7815f993ca63014bd0d962f4dd31", kill_on_drop: false }`
[INFO] [stderr]    Compiling libc v0.2.161
[INFO] [stderr]    Compiling tracing-core v0.1.32
[INFO] [stderr]    Compiling log v0.4.22
[INFO] [stderr]    Compiling alloc-no-stdlib v2.0.4
[INFO] [stderr]    Compiling zstd-safe v7.2.1
[INFO] [stderr]    Compiling regex-syntax v0.6.29
[INFO] [stderr]    Compiling miniz_oxide v0.8.0
[INFO] [stderr]    Compiling crc32fast v1.4.2
[INFO] [stderr]    Compiling alloc-stdlib v0.2.2
[INFO] [stderr]    Compiling brotli-decompressor v4.0.1
[INFO] [stderr]    Compiling overload v0.1.1
[INFO] [stderr]    Compiling lazy_static v1.5.0
[INFO] [stderr]    Compiling tungstenite v0.24.0
[INFO] [stderr]    Compiling sharded-slab v0.1.7
[INFO] [stderr]    Compiling serde-xml-rs v0.6.0
[INFO] [stderr]    Compiling jobserver v0.1.32
[INFO] [stderr]    Compiling tracing v0.1.40
[INFO] [stderr]    Compiling flate2 v1.0.34
[INFO] [stderr]    Compiling tracing-log v0.2.0
[INFO] [stderr]    Compiling cc v1.1.31
[INFO] [stderr]    Compiling h2 v0.4.6
[INFO] [stderr]    Compiling nu-ansi-term v0.46.0
[INFO] [stderr]    Compiling serde_urlencoded v0.7.1
[INFO] [stderr]    Compiling thread_local v1.1.8
[INFO] [stderr]    Compiling brotli v6.0.0
[INFO] [stderr]    Compiling powerfmt v0.2.0
[INFO] [stderr]    Compiling tower v0.5.1
[INFO] [stderr]    Compiling deranged v0.3.11
[INFO] [stderr]    Compiling tokio-tungstenite v0.24.0
[INFO] [stderr]    Compiling tracing-test-macro v0.2.5
[INFO] [stderr]    Compiling time-core v0.1.2
[INFO] [stderr]    Compiling num-conv v0.1.0
[INFO] [stderr]    Compiling tokio-stream v0.1.16
[INFO] [stderr]    Compiling time v0.3.36
[INFO] [stderr]    Compiling zstd-sys v2.0.13+zstd.1.5.6
[INFO] [stderr]    Compiling regex-automata v0.1.10
[INFO] [stderr]    Compiling matchers v0.1.0
[INFO] [stderr]    Compiling tracing-subscriber v0.3.18
[INFO] [stderr]    Compiling hyper v1.5.0
[INFO] [stderr]    Compiling tracing-test v0.2.5
[INFO] [stderr]    Compiling hyper-util v0.1.10
[INFO] [stderr]    Compiling zstd v0.13.2
[INFO] [stderr]    Compiling salvo_core v0.73.0
[INFO] [stderr]    Compiling salvo_extra v0.73.0 (/opt/rustwide/workdir)
[INFO] [stderr]     Finished `test` profile [unoptimized + debuginfo] target(s) in 34.63s
[INFO] running `Command { std: "docker" "inspect" "20f16876ac385a03ec081a755ecde3f5262c7815f993ca63014bd0d962f4dd31", kill_on_drop: false }`
[INFO] running `Command { std: "docker" "rm" "-f" "20f16876ac385a03ec081a755ecde3f5262c7815f993ca63014bd0d962f4dd31", kill_on_drop: false }`
[INFO] [stdout] 20f16876ac385a03ec081a755ecde3f5262c7815f993ca63014bd0d962f4dd31
[INFO] running `Command { std: "docker" "create" "-v" "/var/lib/crater-agent-workspace/builds/worker-6-tc2/target:/opt/rustwide/target:rw,Z" "-v" "/var/lib/crater-agent-workspace/builds/worker-6-tc2/source:/opt/rustwide/workdir:ro,Z" "-v" "/var/lib/crater-agent-workspace/cargo-home:/opt/rustwide/cargo-home:ro,Z" "-v" "/var/lib/crater-agent-workspace/rustup-home:/opt/rustwide/rustup-home:ro,Z" "-e" "SOURCE_DIR=/opt/rustwide/workdir" "-e" "CARGO_TARGET_DIR=/opt/rustwide/target" "-e" "CARGO_INCREMENTAL=0" "-e" "RUST_BACKTRACE=full" "-e" "RUSTFLAGS=--cap-lints=forbid -Zrandomize-layout" "-e" "RUSTDOCFLAGS=--cap-lints=forbid" "-e" "CARGO_HOME=/opt/rustwide/cargo-home" "-e" "RUSTUP_HOME=/opt/rustwide/rustup-home" "-w" "/opt/rustwide/workdir" "-m" "1610612736" "--user" "0:0" "--network" "none" "ghcr.io/rust-lang/crates-build-env/linux@sha256:4a844ea9eb2546a2d2c7022eacef16ef2e8229c7fbb2c7d4d55a9ceca922f72d" "/opt/rustwide/cargo-home/bin/cargo" "+nightly-2024-10-28" "test" "--frozen", kill_on_drop: false }`
[INFO] [stdout] 2c7327efeb77d3aee0d21fccb903de1b22d60eb0093d888d37b1078358343130
[INFO] running `Command { std: "docker" "start" "-a" "2c7327efeb77d3aee0d21fccb903de1b22d60eb0093d888d37b1078358343130", kill_on_drop: false }`
[INFO] [stderr]     Finished `test` profile [unoptimized + debuginfo] target(s) in 0.35s
[INFO] [stderr]      Running unittests src/lib.rs (/opt/rustwide/target/debug/deps/salvo_extra-75c80aa9c81c4266)
[INFO] [stdout] 
[INFO] [stdout] running 20 tests
[INFO] [stdout] test caching_headers::tests::test_affix ... ok
[INFO] [stdout] test affix_state::tests::test_affix ... ok
[INFO] [stdout] test basic_auth::tests::test_basic_auth ... ok
[INFO] [stdout] test size_limiter::tests::test_size_limiter ... ok
[INFO] [stdout] test force_https::tests::test_redirect_host ... ok
[INFO] [stdout] test force_https::tests::test_redirect_handler ... ok
[INFO] [stdout] test sse::tests::test_sse_data ... ok
[INFO] [stdout] test sse::tests::test_sse_id ... ok
[INFO] [stdout] test sse::tests::test_sse_retry ... ok
[INFO] [stdout] test sse::tests::test_sse_name ... ok
[INFO] [stdout] test tower_compat::tests::test_tower_layer ... ok
[INFO] [stdout] test sse::tests::test_sse_comment ... ok
[INFO] [stdout] test sse::tests::test_sse_json ... ok
[INFO] [stdout] test sse::tests::test_sse_keep_alive ... ok
[INFO] [stdout] test trailing_slash::tests::test_add_slash ... ok
[INFO] [stdout] test trailing_slash::tests::test_remove_slash ... ok
[INFO] [stdout] test websocket::tests::test_websocket ... ok
[INFO] [stdout] test logging::tests::test_log ... ok
[INFO] [stdout] test catch_panic::tests::test_catch_panic ... ok
[INFO] [stdout] test timeout::tests::test_timeout_handler ... ok
[INFO] [stdout] 
[INFO] [stdout] test result: ok. 20 passed; 0 failed; 0 ignored; 0 measured; 0 filtered out; finished in 5.01s
[INFO] [stdout] 
[INFO] [stderr]    Doc-tests salvo_extra
[INFO] [stdout] 
[INFO] [stdout] running 14 tests
[INFO] [stdout] test src/catch_panic.rs - catch_panic (line 8) - compile ... ok
[INFO] [stdout] test src/logging.rs - logging (line 5) - compile ... ok
[INFO] [stdout] test src/request_id.rs - request_id (line 5) - compile ... ok
[INFO] [stdout] test src/concurrency_limiter.rs - concurrency_limiter (line 7) - compile ... ok
[INFO] [stdout] test src/basic_auth.rs - basic_auth (line 5) - compile ... ok
[INFO] [stdout] test src/affix_state.rs - affix_state (line 5) - compile ... ok
[INFO] [stdout] test src/force_https.rs - force_https (line 17) - compile ... FAILED
[INFO] [stdout] test src/sse.rs - sse (line 8) - compile ... ok
[INFO] [stdout] test src/size_limiter.rs - size_limiter (line 5) - compile ... ok
[INFO] [stdout] test src/timeout.rs - timeout (line 10) - compile ... ok
[INFO] [stdout] test src/trailing_slash.rs - trailing_slash (line 7) - compile ... ok
[INFO] [stdout] test src/trailing_slash.rs - trailing_slash (line 28) - compile ... ok
[INFO] [stdout] test src/tower_compat.rs - tower_compat (line 6) - compile ... ok
[INFO] [stdout] test src/websocket.rs - websocket (line 9) - compile ... ok
[INFO] [stdout] 
[INFO] [stdout] failures:
[INFO] [stdout] 
[INFO] [stdout] ---- src/force_https.rs - force_https (line 17) stdout ----
[INFO] [stdout] error: couldn't read `src/../../core/certs/cert.pem`: No such file or directory (os error 2)
[INFO] [stdout]   --> src/force_https.rs:35:19
[INFO] [stdout]    |
[INFO] [stdout] 20 |             .cert(include_bytes!("../../core/certs/cert.pem").as_ref())
[INFO] [stdout]    |                   ^^^^^^^^^^^^^^^^^^^^^^^^^^^^^^^^^^^^^^^^^^^
[INFO] [stdout]    |
[INFO] [stdout]    = note: this error originates in the macro `include_bytes` (in Nightly builds, run with -Z macro-backtrace for more info)
[INFO] [stdout] 
[INFO] [stdout] error: couldn't read `src/../../core/certs/key.pem`: No such file or directory (os error 2)
[INFO] [stdout]   --> src/force_https.rs:36:18
[INFO] [stdout]    |
[INFO] [stdout] 21 |             .key(include_bytes!("../../core/certs/key.pem").as_ref()),
[INFO] [stdout]    |                  ^^^^^^^^^^^^^^^^^^^^^^^^^^^^^^^^^^^^^^^^^^
[INFO] [stdout]    |
[INFO] [stdout]    = note: this error originates in the macro `include_bytes` (in Nightly builds, run with -Z macro-backtrace for more info)
[INFO] [stdout] 
[INFO] [stdout] error[E0432]: unresolved import `salvo_core::conn::rustls`
[INFO] [stdout]   --> src/force_https.rs:20:23
[INFO] [stdout]    |
[INFO] [stdout] 5  | use salvo_core::conn::rustls::{Keycert, RustlsConfig};
[INFO] [stdout]    |                       ^^^^^^ could not find `rustls` in `conn`
[INFO] [stdout]    |
[INFO] [stdout] note: found an item that was configured out
[INFO] [stdout]   --> /opt/rustwide/cargo-home/registry/src/index.crates.io-6f17d22bba15001f/salvo_core-0.73.0/src/conn/mod.rs:33:13
[INFO] [stdout]    |
[INFO] [stdout] 33 |     pub mod rustls;
[INFO] [stdout]    |             ^^^^^^
[INFO] [stdout] note: the item is gated behind the `rustls` feature
[INFO] [stdout]   --> /opt/rustwide/cargo-home/registry/src/index.crates.io-6f17d22bba15001f/salvo_core-0.73.0/src/conn/mod.rs:32:8
[INFO] [stdout]    |
[INFO] [stdout] 32 |     #![feature = "rustls"]
[INFO] [stdout]    |        ^^^^^^^
[INFO] [stdout] 
[INFO] [stdout] error[E0599]: no method named `rustls` found for struct `salvo_core::conn::TcpListener` in the current scope
[INFO] [stdout]   --> src/force_https.rs:39:10
[INFO] [stdout]    |
[INFO] [stdout] 23 |       let acceptor = TcpListener::new("0.0.0.0:5443")
[INFO] [stdout]    |  ____________________-
[INFO] [stdout] 24 | |         .rustls(config)
[INFO] [stdout]    | |         -^^^^^^ method not found in `TcpListener<&str>`
[INFO] [stdout]    | |_________|
[INFO] [stdout]    |
[INFO] [stdout] 
[INFO] [stdout] error: aborting due to 4 previous errors
[INFO] [stdout] 
[INFO] [stdout] Some errors have detailed explanations: E0432, E0599.
[INFO] [stdout] For more information about an error, try `rustc --explain E0432`.
[INFO] [stdout] Couldn't compile the test.
[INFO] [stdout] 
[INFO] [stdout] failures:
[INFO] [stdout]     src/force_https.rs - force_https (line 17)
[INFO] [stdout] 
[INFO] [stdout] test result: FAILED. 13 passed; 1 failed; 0 ignored; 0 measured; 0 filtered out; finished in 1.25s
[INFO] [stdout] 
[INFO] [stderr] error: doctest failed, to rerun pass `--doc`
[INFO] running `Command { std: "docker" "inspect" "2c7327efeb77d3aee0d21fccb903de1b22d60eb0093d888d37b1078358343130", kill_on_drop: false }`
[INFO] running `Command { std: "docker" "rm" "-f" "2c7327efeb77d3aee0d21fccb903de1b22d60eb0093d888d37b1078358343130", kill_on_drop: false }`
[INFO] [stdout] 2c7327efeb77d3aee0d21fccb903de1b22d60eb0093d888d37b1078358343130
