[INFO] fetching crate sails-rs 0.6.1...
[INFO] testing sails-rs-0.6.1 against nightly-2024-10-28 for randomize-layout
[INFO] extracting crate sails-rs 0.6.1 into /workspace/builds/worker-5-tc1/source
[INFO] validating manifest of crates.io crate sails-rs 0.6.1 on toolchain nightly-2024-10-28
[INFO] running `Command { std: CARGO_HOME="/workspace/cargo-home" RUSTUP_HOME="/workspace/rustup-home" "/workspace/cargo-home/bin/cargo" "+nightly-2024-10-28" "metadata" "--manifest-path" "Cargo.toml" "--no-deps", kill_on_drop: false }`
[INFO] started tweaking crates.io crate sails-rs 0.6.1
[INFO] finished tweaking crates.io crate sails-rs 0.6.1
[INFO] tweaked toml for crates.io crate sails-rs 0.6.1 written to /workspace/builds/worker-5-tc1/source/Cargo.toml
[INFO] running `Command { std: CARGO_HOME="/workspace/cargo-home" RUSTUP_HOME="/workspace/rustup-home" "/workspace/cargo-home/bin/cargo" "+nightly-2024-10-28" "generate-lockfile" "--manifest-path" "Cargo.toml", kill_on_drop: false }`
[INFO] [stderr]     Updating crates.io index
[INFO] [stderr]      Locking 717 packages to latest compatible versions
[INFO] [stderr]       Adding crypto-mac v0.11.0 (available: v0.11.1)
[INFO] [stderr]       Adding curve25519-dalek v3.2.0 (available: v3.2.1)
[INFO] [stderr]       Adding frame-metadata v15.1.0 (available: v15.2.0)
[INFO] [stderr]       Adding hashbrown v0.14.5 (available: v0.15.0)
[INFO] [stderr]       Adding mockall v0.12.1 (available: v0.13.0)
[INFO] [stderr]       Adding sails-macros v0.6.1 (available: v0.6.2)
[INFO] [stderr]       Adding sails-macros-core v0.6.1 (available: v0.6.2)
[INFO] [stderr]       Adding wat v1.0.71 (available: v1.219.1)
[INFO] running `Command { std: CARGO_HOME="/workspace/cargo-home" RUSTUP_HOME="/workspace/rustup-home" "/workspace/cargo-home/bin/cargo" "+nightly-2024-10-28" "fetch" "--manifest-path" "Cargo.toml", kill_on_drop: false }`
[INFO] [stderr]  Downloading crates ...
[INFO] [stderr]   Downloaded thiserror-no-std v2.0.2
[INFO] [stderr]   Downloaded gtest v1.6.2
[INFO] [stderr]   Downloaded gear-wasm-instrument v1.6.2
[INFO] [stderr]   Downloaded gwasm-instrument v0.3.0
[INFO] [stderr]   Downloaded jsonrpsee-ws-client v0.16.3
[INFO] [stderr]   Downloaded gear-node-wrapper v1.6.2
[INFO] [stderr]   Downloaded gear-wasm v0.45.1
[INFO] [stderr]   Downloaded gear-sandbox-host v1.6.2
[INFO] [stderr]   Downloaded wasmer-cache v4.4.0
[INFO] [stderr]   Downloaded wasmer-types v4.4.0
[INFO] [stderr]   Downloaded wasmer-derive v4.4.0
[INFO] [stderr]   Downloaded wasmer-compiler-singlepass v4.4.0
[INFO] [stderr]   Downloaded sp-inherents v20.0.0
[INFO] [stderr]   Downloaded sp-application-crypto v24.0.0
[INFO] [stderr]   Downloaded sp-keystore v0.28.0
[INFO] [stderr]   Downloaded sp-panic-handler v9.0.0
[INFO] [stderr]   Downloaded sp-state-machine v0.29.0
[INFO] [stderr]   Downloaded sp-trie v23.0.0
[INFO] [stderr]   Downloaded sp-io v24.0.0
[INFO] [stderr]   Downloaded sp-arithmetic v17.0.0
[INFO] [stderr]   Downloaded gear-common v1.6.2
[INFO] [stderr]   Downloaded ruzstd v0.5.0
[INFO] [stderr]   Downloaded macro_magic_core_macros v0.4.3
[INFO] [stderr]   Downloaded macro_magic_core v0.4.2
[INFO] [stderr]   Downloaded yap v0.11.0
[INFO] [stderr]   Downloaded scale-decode-derive v0.13.1
[INFO] [stderr]   Downloaded smol v2.0.2
[INFO] [stderr]   Downloaded smoldot v0.16.0
[INFO] [stderr]   Downloaded scale-value v0.16.3
[INFO] [stderr]   Downloaded subxt-core v0.37.1
[INFO] [stderr]   Downloaded macro_magic_macros v0.4.2
[INFO] [stderr]   Downloaded macro_magic v0.4.2
[INFO] [stderr]   Downloaded sp-api-proc-macro v9.0.0
[INFO] [stderr]   Downloaded sp-metadata-ir v0.1.0
[INFO] [stderr]   Downloaded sp-api v20.0.0
[INFO] [stderr]   Downloaded frame-support v22.0.0
[INFO] [stderr]   Downloaded sp-version v23.0.0
[INFO] [stderr]   Downloaded frame-system v22.0.0
[INFO] [stderr]   Downloaded gear-common-codegen v1.6.2
[INFO] [stderr]   Downloaded sp-runtime-interface-proc-macro v12.0.0
[INFO] [stderr]   Downloaded sp-core v22.0.0
[INFO] [stderr]   Downloaded sp-runtime v25.0.0
[INFO] [stderr]   Downloaded wasmer-vm v4.4.0
[INFO] [stderr]   Downloaded gear-lazy-pages v1.6.2
[INFO] [stderr]   Downloaded gear-ss58 v1.6.2
[INFO] [stderr]   Downloaded smoldot-light v0.14.0
[INFO] [stderr]   Downloaded subxt-lightclient v0.37.0
[INFO] [stderr]   Downloaded jsonrpsee-client-transport v0.22.5
[INFO] [stderr]   Downloaded wabt-sys v0.8.0
[INFO] [stderr]   Downloaded gprimitives v1.6.2
[INFO] [stderr]   Downloaded gclient v1.6.2
[INFO] [stderr]   Downloaded gear-wasm-builder v1.6.2
[INFO] [stderr]   Downloaded sails-macros-core v0.6.1
[INFO] [stderr]   Downloaded gsdk v1.6.2
[INFO] [stderr]   Downloaded sails-macros v0.6.1
[INFO] [stderr]   Downloaded scale-typegen v0.8.0
[INFO] [stderr]   Downloaded subxt-codegen v0.37.0
[INFO] [stderr]   Downloaded subxt-macro v0.37.0
[INFO] [stderr]   Downloaded subxt-metadata v0.37.0
[INFO] [stderr]   Downloaded subxt v0.37.0
[INFO] [stderr]   Downloaded wabt v0.10.0
[INFO] [stderr]   Downloaded gear-pwasm-utils v0.19.0
[INFO] [stderr]   Downloaded gear-wasm-optimizer v1.6.2
[INFO] [stderr]   Downloaded gmeta v1.6.2
[INFO] [stderr]   Downloaded gear-dlmalloc v0.2.0
[INFO] [stderr]   Downloaded galloc v1.6.2
[INFO] [stderr]   Downloaded gear-stack-buffer v1.6.2
[INFO] [stderr]   Downloaded gcore v1.6.2
[INFO] [stderr]   Downloaded gstd-codegen v1.6.2
[INFO] [stderr]   Downloaded gstd v1.6.2
[INFO] [stderr]   Downloaded actor-system-error v1.6.2
[INFO] [stderr]   Downloaded gear-sandbox-interface v1.6.2
[INFO] [stderr]   Downloaded gwasmi_core v0.12.0
[INFO] [stderr]   Downloaded intx v0.1.0
[INFO] [stderr]   Downloaded gwasmi v0.30.0
[INFO] [stderr]   Downloaded gear-sandbox v1.6.2
[INFO] [stderr]   Downloaded gear-core-backend v1.6.2
[INFO] [stderr]   Downloaded core-processor v1.6.2
[INFO] [stderr]   Downloaded etc v0.1.20
[INFO] [stderr]   Downloaded frame-support-procedural-tools-derive v7.0.0
[INFO] [stderr]   Downloaded frame-support-procedural-tools v6.0.0
[INFO] [stderr]   Downloaded frame-support-procedural v17.0.0
[INFO] [stderr]   Downloaded sp-staking v20.0.0
[INFO] [stderr]   Downloaded sp-core-hashing-proc-macro v10.0.0
[INFO] [stderr]   Downloaded sp-version-proc-macro v9.0.0
[INFO] [stderr]   Downloaded sp-core-hashing v10.0.0
[INFO] [stderr]   Downloaded sp-tracing v11.0.0
[INFO] [stderr]   Downloaded sp-wasm-interface v15.0.0
[INFO] [stderr]   Downloaded sp-runtime-interface v18.0.0
[INFO] [stderr]   Downloaded sp-weights v21.0.0
[INFO] [stderr]   Downloaded defer v0.2.1
[INFO] [stderr]   Downloaded gear-sandbox-env v1.6.2
[INFO] [stderr]   Downloaded uluru v3.1.0
[INFO] [stderr]   Downloaded wasmer-compiler-cranelift v4.4.0
[INFO] [stderr]   Downloaded wasmer-compiler v4.4.0
[INFO] [stderr]   Downloaded wasmer v4.4.0
[INFO] [stderr]   Downloaded numerated v1.6.2
[INFO] [stderr]   Downloaded gear-core v1.6.2
[INFO] [stderr]   Downloaded gear-lazy-pages-common v1.6.2
[INFO] [stderr]   Downloaded gear-lazy-pages-native-interface v1.6.2
[INFO] [stderr]   Downloaded gear-core-errors v1.6.2
[INFO] [stderr]   Downloaded gear-utils v1.6.2
[INFO] [stderr]   Downloaded thiserror-impl-no-std v2.0.2
[INFO] [stderr]   Downloaded finito v0.1.0
[INFO] [stderr]   Downloaded reconnecting-jsonrpsee-ws-client v0.4.3
[INFO] [stderr]   Downloaded scale-encode-derive v0.7.2
[INFO] [stderr]   Downloaded gsdk-codegen v1.6.2
[INFO] [stderr]   Downloaded jsonrpsee-http-client v0.16.3
[INFO] [stderr]   Downloaded jsonrpsee-client-transport v0.16.3
[INFO] [stderr]   Downloaded scale-encode v0.7.2
[INFO] [stderr]   Downloaded gsys v1.6.2
[INFO] running `Command { std: "docker" "create" "-v" "/var/lib/crater-agent-workspace/builds/worker-5-tc1/target:/opt/rustwide/target:rw,Z" "-v" "/var/lib/crater-agent-workspace/builds/worker-5-tc1/source:/opt/rustwide/workdir:ro,Z" "-v" "/var/lib/crater-agent-workspace/cargo-home:/opt/rustwide/cargo-home:ro,Z" "-v" "/var/lib/crater-agent-workspace/rustup-home:/opt/rustwide/rustup-home:ro,Z" "-e" "SOURCE_DIR=/opt/rustwide/workdir" "-e" "CARGO_TARGET_DIR=/opt/rustwide/target" "-e" "CARGO_HOME=/opt/rustwide/cargo-home" "-e" "RUSTUP_HOME=/opt/rustwide/rustup-home" "-w" "/opt/rustwide/workdir" "-m" "1610612736" "--user" "0:0" "--network" "none" "ghcr.io/rust-lang/crates-build-env/linux@sha256:4a844ea9eb2546a2d2c7022eacef16ef2e8229c7fbb2c7d4d55a9ceca922f72d" "/opt/rustwide/cargo-home/bin/cargo" "+nightly-2024-10-28" "metadata" "--no-deps" "--format-version=1", kill_on_drop: false }`
[INFO] [stdout] 8a73fe3876ac62065dee7f9d9d862ae02de5fab5d093d05e1a2ce9ac9380eb16
[INFO] running `Command { std: "docker" "start" "-a" "8a73fe3876ac62065dee7f9d9d862ae02de5fab5d093d05e1a2ce9ac9380eb16", kill_on_drop: false }`
[INFO] running `Command { std: "docker" "inspect" "8a73fe3876ac62065dee7f9d9d862ae02de5fab5d093d05e1a2ce9ac9380eb16", kill_on_drop: false }`
[INFO] running `Command { std: "docker" "rm" "-f" "8a73fe3876ac62065dee7f9d9d862ae02de5fab5d093d05e1a2ce9ac9380eb16", kill_on_drop: false }`
[INFO] [stdout] 8a73fe3876ac62065dee7f9d9d862ae02de5fab5d093d05e1a2ce9ac9380eb16
[INFO] running `Command { std: "docker" "create" "-v" "/var/lib/crater-agent-workspace/builds/worker-5-tc1/target:/opt/rustwide/target:rw,Z" "-v" "/var/lib/crater-agent-workspace/builds/worker-5-tc1/source:/opt/rustwide/workdir:ro,Z" "-v" "/var/lib/crater-agent-workspace/cargo-home:/opt/rustwide/cargo-home:ro,Z" "-v" "/var/lib/crater-agent-workspace/rustup-home:/opt/rustwide/rustup-home:ro,Z" "-e" "SOURCE_DIR=/opt/rustwide/workdir" "-e" "CARGO_TARGET_DIR=/opt/rustwide/target" "-e" "CARGO_INCREMENTAL=0" "-e" "RUST_BACKTRACE=full" "-e" "RUSTFLAGS=--cap-lints=forbid" "-e" "RUSTDOCFLAGS=--cap-lints=forbid" "-e" "CARGO_HOME=/opt/rustwide/cargo-home" "-e" "RUSTUP_HOME=/opt/rustwide/rustup-home" "-w" "/opt/rustwide/workdir" "-m" "1610612736" "--user" "0:0" "--network" "none" "ghcr.io/rust-lang/crates-build-env/linux@sha256:4a844ea9eb2546a2d2c7022eacef16ef2e8229c7fbb2c7d4d55a9ceca922f72d" "/opt/rustwide/cargo-home/bin/cargo" "+nightly-2024-10-28" "build" "--frozen" "--message-format=json", kill_on_drop: false }`
[INFO] [stdout] 77fca552351ba37094aabe0312c440ed1f2194d5e330e7cb92798c79b42ab66d
[INFO] running `Command { std: "docker" "start" "-a" "77fca552351ba37094aabe0312c440ed1f2194d5e330e7cb92798c79b42ab66d", kill_on_drop: false }`
[INFO] [stderr]    Compiling proc-macro2 v1.0.89
[INFO] [stderr]    Compiling unicode-ident v1.0.13
[INFO] [stderr]    Compiling version_check v0.9.5
[INFO] [stderr]    Compiling equivalent v1.0.1
[INFO] [stderr]    Compiling hashbrown v0.15.0
[INFO] [stderr]    Compiling toml_datetime v0.6.8
[INFO] [stderr]    Compiling winnow v0.6.20
[INFO] [stderr]    Compiling byte-slice-cast v1.2.2
[INFO] [stderr]    Compiling arrayvec v0.7.6
[INFO] [stderr]    Compiling crunchy v0.2.2
[INFO] [stderr]    Compiling subtle v2.6.1
[INFO] [stderr]    Compiling byteorder v1.5.0
[INFO] [stderr]    Compiling rustc-hex v2.1.0
[INFO] [stderr]    Compiling bs58 v0.5.1
[INFO] [stderr]    Compiling hex v0.4.3
[INFO] [stderr]    Compiling serde v1.0.214
[INFO] [stderr]    Compiling autocfg v1.4.0
[INFO] [stderr]    Compiling fixed-hash v0.8.0
[INFO] [stderr]    Compiling once_cell v1.20.2
[INFO] [stderr]    Compiling gear-stack-buffer v1.6.2
[INFO] [stderr]    Compiling futures-core v0.3.31
[INFO] [stderr]    Compiling gear-dlmalloc v0.2.0
[INFO] [stderr]    Compiling futures-sink v0.3.31
[INFO] [stderr]    Compiling zerocopy v0.7.35
[INFO] [stderr]    Compiling libc-print v0.1.23
[INFO] [stderr]    Compiling generic-array v0.14.7
[INFO] [stderr]    Compiling ahash v0.8.11
[INFO] [stderr]    Compiling proc-macro-error-attr v1.0.4
[INFO] [stderr]    Compiling proc-macro-error v1.0.4
[INFO] [stderr]    Compiling page_size v0.6.0
[INFO] [stderr]    Compiling uint v0.9.5
[INFO] [stderr]    Compiling unicode-segmentation v1.12.0
[INFO] [stderr]    Compiling unicode-xid v0.2.6
[INFO] [stderr]    Compiling gsys v1.6.2
[INFO] [stderr]    Compiling str-buf v3.0.3
[INFO] [stderr]    Compiling allocator-api2 v0.2.18
[INFO] [stderr]    Compiling pin-project-lite v0.2.15
[INFO] [stderr]    Compiling futures-task v0.3.31
[INFO] [stderr]    Compiling gear-wasm v0.45.1
[INFO] [stderr]    Compiling futures-channel v0.3.31
[INFO] [stderr]    Compiling indexmap v2.6.0
[INFO] [stderr]    Compiling futures-util v0.3.31
[INFO] [stderr]    Compiling indexmap-nostd v0.4.0
[INFO] [stderr]    Compiling futures-io v0.3.31
[INFO] [stderr]    Compiling log v0.4.22
[INFO] [stderr]    Compiling waker-fn v1.2.0
[INFO] [stderr]    Compiling num-traits v0.2.19
[INFO] [stderr]    Compiling spin v0.9.8
[INFO] [stderr]    Compiling convert_case v0.6.0
[INFO] [stderr]    Compiling galloc v1.6.2
[INFO] [stderr]    Compiling quote v1.0.37
[INFO] [stderr]    Compiling wasmparser-nostd v0.100.2
[INFO] [stderr]    Compiling hashbrown v0.14.5
[INFO] [stderr]    Compiling syn v2.0.86
[INFO] [stderr]    Compiling syn v1.0.109
[INFO] [stderr]    Compiling const_format_proc_macros v0.2.33
[INFO] [stderr]    Compiling block-buffer v0.10.4
[INFO] [stderr]    Compiling crypto-common v0.1.6
[INFO] [stderr]    Compiling digest v0.10.7
[INFO] [stderr]    Compiling blake2 v0.10.6
[INFO] [stderr]    Compiling gwasm-instrument v0.3.0
[INFO] [stderr]    Compiling gear-ss58 v1.6.2
[INFO] [stderr]    Compiling const_format v0.2.33
[INFO] [stderr]    Compiling toml_edit v0.22.22
[INFO] [stderr]    Compiling futures v0.3.31
[INFO] [stderr]    Compiling proc-macro-crate v3.2.0
[INFO] [stderr]    Compiling impl-trait-for-tuples v0.2.2
[INFO] [stderr]    Compiling parity-scale-codec-derive v3.6.12
[INFO] [stderr]    Compiling thiserror-impl-no-std v2.0.2
[INFO] [stderr]    Compiling derive_more-impl v1.0.0
[INFO] [stderr]    Compiling scale-info-derive v2.11.5
[INFO] [stderr]    Compiling derive_more v0.99.18
[INFO] [stderr]    Compiling serde_derive v1.0.214
[INFO] [stderr]    Compiling enum-iterator-derive v1.4.0
[INFO] [stderr]    Compiling enum-iterator v1.5.0
[INFO] [stderr]    Compiling thiserror-no-std v2.0.2
[INFO] [stderr]    Compiling derive_more v1.0.0
[INFO] [stderr]    Compiling parity-scale-codec v3.6.12
[INFO] [stderr]    Compiling impl-codec v0.6.0
[INFO] [stderr]    Compiling scale-info v2.11.5
[INFO] [stderr]    Compiling sails-macros-core v0.6.1
[INFO] [stderr]    Compiling gear-wasm-instrument v1.6.2
[INFO] [stderr]    Compiling primitive-types v0.12.2
[INFO] [stderr]    Compiling numerated v1.6.2
[INFO] [stderr]    Compiling sails-macros v0.6.1
[INFO] [stderr]    Compiling gprimitives v1.6.2
[INFO] [stderr]    Compiling gstd-codegen v1.6.2
[INFO] [stderr]    Compiling gear-core-errors v1.6.2
[INFO] [stderr]    Compiling impl-serde v0.4.0
[INFO] [stderr]    Compiling gcore v1.6.2
[INFO] [stderr]    Compiling gear-core v1.6.2
[INFO] [stderr]    Compiling gstd v1.6.2
[INFO] [stderr]    Compiling sails-rs v0.6.1 (/opt/rustwide/workdir)
[INFO] [stdout] warning: creating a shared reference to mutable static is discouraged
[INFO] [stdout]   --> src/gstd/events.rs:35:18
[INFO] [stdout]    |
[INFO] [stdout] 35 |         unsafe { SYS_CALLS.as_ref() }
[INFO] [stdout]    |                  ^^^^^^^^^^^^^^^^^^ shared reference to mutable static
[INFO] [stdout]    |
[INFO] [stdout]    = note: for more information, see <https://doc.rust-lang.org/nightly/edition-guide/rust-2024/static-mut-references.html>
[INFO] [stdout]    = note: shared references to mutable statics are dangerous; it's undefined behavior if the static is mutated or if a mutable reference is created for it while the shared reference lives
[INFO] [stdout]    = note: `#[warn(static_mut_refs)]` on by default
[INFO] [stdout] 
[INFO] [stdout] 
[INFO] [stderr]     Finished `dev` profile [unoptimized + debuginfo] target(s) in 21.12s
[INFO] running `Command { std: "docker" "inspect" "77fca552351ba37094aabe0312c440ed1f2194d5e330e7cb92798c79b42ab66d", kill_on_drop: false }`
[INFO] running `Command { std: "docker" "rm" "-f" "77fca552351ba37094aabe0312c440ed1f2194d5e330e7cb92798c79b42ab66d", kill_on_drop: false }`
[INFO] [stdout] 77fca552351ba37094aabe0312c440ed1f2194d5e330e7cb92798c79b42ab66d
[INFO] running `Command { std: "docker" "create" "-v" "/var/lib/crater-agent-workspace/builds/worker-5-tc1/target:/opt/rustwide/target:rw,Z" "-v" "/var/lib/crater-agent-workspace/builds/worker-5-tc1/source:/opt/rustwide/workdir:ro,Z" "-v" "/var/lib/crater-agent-workspace/cargo-home:/opt/rustwide/cargo-home:ro,Z" "-v" "/var/lib/crater-agent-workspace/rustup-home:/opt/rustwide/rustup-home:ro,Z" "-e" "SOURCE_DIR=/opt/rustwide/workdir" "-e" "CARGO_TARGET_DIR=/opt/rustwide/target" "-e" "CARGO_INCREMENTAL=0" "-e" "RUST_BACKTRACE=full" "-e" "RUSTFLAGS=--cap-lints=forbid" "-e" "RUSTDOCFLAGS=--cap-lints=forbid" "-e" "CARGO_HOME=/opt/rustwide/cargo-home" "-e" "RUSTUP_HOME=/opt/rustwide/rustup-home" "-w" "/opt/rustwide/workdir" "-m" "1610612736" "--user" "0:0" "--network" "none" "ghcr.io/rust-lang/crates-build-env/linux@sha256:4a844ea9eb2546a2d2c7022eacef16ef2e8229c7fbb2c7d4d55a9ceca922f72d" "/opt/rustwide/cargo-home/bin/cargo" "+nightly-2024-10-28" "test" "--frozen" "--no-run" "--message-format=json", kill_on_drop: false }`
[INFO] [stdout] 4af865e929d408682d935abac5a35efeea2eab34c3ee71feb5fb8203f6e8c276
[INFO] running `Command { std: "docker" "start" "-a" "4af865e929d408682d935abac5a35efeea2eab34c3ee71feb5fb8203f6e8c276", kill_on_drop: false }`
[INFO] [stderr]    Compiling sails-rs v0.6.1 (/opt/rustwide/workdir)
[INFO] [stdout] warning: creating a shared reference to mutable static is discouraged
[INFO] [stdout]   --> src/gstd/events.rs:35:18
[INFO] [stdout]    |
[INFO] [stdout] 35 |         unsafe { SYS_CALLS.as_ref() }
[INFO] [stdout]    |                  ^^^^^^^^^^^^^^^^^^ shared reference to mutable static
[INFO] [stdout]    |
[INFO] [stdout]    = note: for more information, see <https://doc.rust-lang.org/nightly/edition-guide/rust-2024/static-mut-references.html>
[INFO] [stdout]    = note: shared references to mutable statics are dangerous; it's undefined behavior if the static is mutated or if a mutable reference is created for it while the shared reference lives
[INFO] [stdout]    = note: `#[warn(static_mut_refs)]` on by default
[INFO] [stdout] 
[INFO] [stdout] 
[INFO] [stdout] warning: creating a shared reference to mutable static is discouraged
[INFO] [stdout]   --> src/gstd/events.rs:35:18
[INFO] [stdout]    |
[INFO] [stdout] 35 |         unsafe { SYS_CALLS.as_ref() }
[INFO] [stdout]    |                  ^^^^^^^^^^^^^^^^^^ shared reference to mutable static
[INFO] [stdout]    |
[INFO] [stdout]    = note: for more information, see <https://doc.rust-lang.org/nightly/edition-guide/rust-2024/static-mut-references.html>
[INFO] [stdout]    = note: shared references to mutable statics are dangerous; it's undefined behavior if the static is mutated or if a mutable reference is created for it while the shared reference lives
[INFO] [stdout]    = note: `#[warn(static_mut_refs)]` on by default
[INFO] [stdout] 
[INFO] [stdout] 
[INFO] [stderr]     Finished `test` profile [unoptimized + debuginfo] target(s) in 0.98s
[INFO] running `Command { std: "docker" "inspect" "4af865e929d408682d935abac5a35efeea2eab34c3ee71feb5fb8203f6e8c276", kill_on_drop: false }`
[INFO] running `Command { std: "docker" "rm" "-f" "4af865e929d408682d935abac5a35efeea2eab34c3ee71feb5fb8203f6e8c276", kill_on_drop: false }`
[INFO] [stdout] 4af865e929d408682d935abac5a35efeea2eab34c3ee71feb5fb8203f6e8c276
[INFO] running `Command { std: "docker" "create" "-v" "/var/lib/crater-agent-workspace/builds/worker-5-tc1/target:/opt/rustwide/target:rw,Z" "-v" "/var/lib/crater-agent-workspace/builds/worker-5-tc1/source:/opt/rustwide/workdir:ro,Z" "-v" "/var/lib/crater-agent-workspace/cargo-home:/opt/rustwide/cargo-home:ro,Z" "-v" "/var/lib/crater-agent-workspace/rustup-home:/opt/rustwide/rustup-home:ro,Z" "-e" "SOURCE_DIR=/opt/rustwide/workdir" "-e" "CARGO_TARGET_DIR=/opt/rustwide/target" "-e" "CARGO_INCREMENTAL=0" "-e" "RUST_BACKTRACE=full" "-e" "RUSTFLAGS=--cap-lints=forbid" "-e" "RUSTDOCFLAGS=--cap-lints=forbid" "-e" "CARGO_HOME=/opt/rustwide/cargo-home" "-e" "RUSTUP_HOME=/opt/rustwide/rustup-home" "-w" "/opt/rustwide/workdir" "-m" "1610612736" "--user" "0:0" "--network" "none" "ghcr.io/rust-lang/crates-build-env/linux@sha256:4a844ea9eb2546a2d2c7022eacef16ef2e8229c7fbb2c7d4d55a9ceca922f72d" "/opt/rustwide/cargo-home/bin/cargo" "+nightly-2024-10-28" "test" "--frozen", kill_on_drop: false }`
[INFO] [stdout] 83a0df236a1647857fea1dad2538622e776f2b8b4a6810a67b2fd3899d5cc8aa
[INFO] running `Command { std: "docker" "start" "-a" "83a0df236a1647857fea1dad2538622e776f2b8b4a6810a67b2fd3899d5cc8aa", kill_on_drop: false }`
[INFO] [stderr] warning: creating a shared reference to mutable static is discouraged
[INFO] [stderr]   --> src/gstd/events.rs:35:18
[INFO] [stderr]    |
[INFO] [stderr] 35 |         unsafe { SYS_CALLS.as_ref() }
[INFO] [stderr]    |                  ^^^^^^^^^^^^^^^^^^ shared reference to mutable static
[INFO] [stderr]    |
[INFO] [stderr]    = note: for more information, see <https://doc.rust-lang.org/nightly/edition-guide/rust-2024/static-mut-references.html>
[INFO] [stderr]    = note: shared references to mutable statics are dangerous; it's undefined behavior if the static is mutated or if a mutable reference is created for it while the shared reference lives
[INFO] [stderr]    = note: `#[warn(static_mut_refs)]` on by default
[INFO] [stderr] 
[INFO] [stderr] warning: `sails-rs` (lib) generated 1 warning
[INFO] [stderr] warning: `sails-rs` (lib test) generated 1 warning (1 duplicate)
[INFO] [stderr]     Finished `test` profile [unoptimized + debuginfo] target(s) in 0.33s
[INFO] [stderr]      Running unittests src/lib.rs (/opt/rustwide/target/debug/deps/sails_rs-5cc9f5084845365d)
[INFO] [stdout] 
[INFO] [stdout] running 3 tests
[INFO] [stdout] test gstd::events::tests::encoded_event_names_returns_error_for_non_enum_type ... ok
[INFO] [stdout] test gstd::events::tests::compose_payload_returns_proper_payload ... ok
[INFO] [stdout] test gstd::events::tests::encoded_event_names_returns_proper_names_for_enum_type ... ok
[INFO] [stdout] 
[INFO] [stdout] test result: ok. 3 passed; 0 failed; 0 ignored; 0 measured; 0 filtered out; finished in 0.00s
[INFO] [stdout] 
[INFO] [stderr]    Doc-tests sails_rs
[INFO] [stdout] 
[INFO] [stdout] running 12 tests
[INFO] [stdout] test src/../README.md - (line 385) ... FAILED
[INFO] [stdout] test src/../README.md - (line 187) ... FAILED
[INFO] [stdout] test src/../README.md - (line 279) ... FAILED
[INFO] [stdout] test src/../README.md - (line 361) ... FAILED
[INFO] [stdout] test src/../README.md - (line 399) ... FAILED
[INFO] [stdout] test src/../README.md - (line 146) ... FAILED
[INFO] [stdout] test src/../README.md - (line 131) ... FAILED
[INFO] [stdout] test src/../README.md - (line 200) ... FAILED
[INFO] [stdout] test src/../README.md - (line 99) ... FAILED
[INFO] [stdout] test src/../README.md - (line 227) ... FAILED
[INFO] [stdout] test src/../README.md - (line 175) ... FAILED
[INFO] [stdout] test src/../README.md - (line 34) ... FAILED
[INFO] [stdout] 
[INFO] [stdout] failures:
[INFO] [stdout] 
[INFO] [stdout] ---- src/../README.md - (line 385) stdout ----
[INFO] [stdout] error: environment variable `OUT_DIR` not defined at compile time
[INFO] [stdout]  --> src/../README.md:386:18
[INFO] [stdout]   |
[INFO] [stdout] 3 | include!(concat!(env!("OUT_DIR"), "/my_service.rs"));
[INFO] [stdout]   |                  ^^^^^^^^^^^^^^^
[INFO] [stdout]   |
[INFO] [stdout]   = help: Cargo sets build script variables at run time. Use `std::env::var("OUT_DIR")` instead
[INFO] [stdout]   = note: this error originates in the macro `env` (in Nightly builds, run with -Z macro-backtrace for more info)
[INFO] [stdout] 
[INFO] [stdout] error[E0433]: failed to resolve: use of undeclared crate or module `my_service`
[INFO] [stdout]  --> src/../README.md:389:24
[INFO] [stdout]   |
[INFO] [stdout] 6 |     let call_payload = my_service::io::DoSomething::encode_call(42, "Hello".to_string());
[INFO] [stdout]   |                        ^^^^^^^^^^ use of undeclared crate or module `my_service`
[INFO] [stdout] 
[INFO] [stdout] error[E0433]: failed to resolve: use of undeclared crate or module `my_service`
[INFO] [stdout]  --> src/../README.md:391:17
[INFO] [stdout]   |
[INFO] [stdout] 8 |     let reply = my_service::io::DoSomething::decode_reply(&reply_bytes).unwrap();
[INFO] [stdout]   |                 ^^^^^^^^^^ use of undeclared crate or module `my_service`
[INFO] [stdout] 
[INFO] [stdout] error[E0425]: cannot find value `target_app_id` in this scope
[INFO] [stdout]  --> src/../README.md:390:55
[INFO] [stdout]   |
[INFO] [stdout] 7 |     let reply_bytes = gstd::msg::send_bytes_for_reply(target_app_id, call_payload, 0, 0).await.unwrap();
[INFO] [stdout]   |                                                       ^^^^^^^^^^^^^ not found in this scope
[INFO] [stdout] 
[INFO] [stdout] error[E0728]: `await` is only allowed inside `async` functions and blocks
[INFO] [stdout]  --> src/../README.md:390:90
[INFO] [stdout]   |
[INFO] [stdout] 5 | fn some_client_code() {
[INFO] [stdout]   | --------------------- this is not `async`
[INFO] [stdout] 6 |     let call_payload = my_service::io::DoSomething::encode_call(42, "Hello".to_string());
[INFO] [stdout] 7 |     let reply_bytes = gstd::msg::send_bytes_for_reply(target_app_id, call_payload, 0, 0).await.unwrap();
[INFO] [stdout]   |                                                                                          ^^^^^ only allowed inside `async` functions and blocks
[INFO] [stdout] 
[INFO] [stdout] error: aborting due to 5 previous errors
[INFO] [stdout] 
[INFO] [stdout] Some errors have detailed explanations: E0425, E0433, E0728.
[INFO] [stdout] For more information about an error, try `rustc --explain E0425`.
[INFO] [stdout] Couldn't compile the test.
[INFO] [stdout] ---- src/../README.md - (line 187) stdout ----
[INFO] [stdout] error: unexpected token: `...`
[INFO] [stdout]  --> src/../README.md:193:9
[INFO] [stdout]   |
[INFO] [stdout] 8 |         ...
[INFO] [stdout]   |         ^^^
[INFO] [stdout]   |
[INFO] [stdout] help: use `..` for an exclusive range
[INFO] [stdout]   |
[INFO] [stdout] 8 |         ..
[INFO] [stdout]   |
[INFO] [stdout] help: or `..=` for an inclusive range
[INFO] [stdout]   |
[INFO] [stdout] 8 |         ..=
[INFO] [stdout]   |
[INFO] [stdout] 
[INFO] [stdout] error[E0586]: inclusive range with no end
[INFO] [stdout]  --> src/../README.md:193:9
[INFO] [stdout]   |
[INFO] [stdout] 8 |         ...
[INFO] [stdout]   |         ^^^
[INFO] [stdout]   |
[INFO] [stdout]   = note: inclusive ranges must be bounded at the end (`..=b` or `a..=b`)
[INFO] [stdout] help: use `..` instead
[INFO] [stdout]   |
[INFO] [stdout] 8 -         ...
[INFO] [stdout] 8 +         ..
[INFO] [stdout]   |
[INFO] [stdout] 
[INFO] [stdout] error: cannot find attribute `program` in this scope
[INFO] [stdout]  --> src/../README.md:188:3
[INFO] [stdout]   |
[INFO] [stdout] 3 | #[program]
[INFO] [stdout]   |   ^^^^^^^
[INFO] [stdout]   |
[INFO] [stdout] help: consider importing one of these attribute macros
[INFO] [stdout]   |
[INFO] [stdout] 2 + use sails_macros::program;
[INFO] [stdout]   |
[INFO] [stdout] 2 + use sails_rs::program;
[INFO] [stdout]   |
[INFO] [stdout] 
[INFO] [stdout] error: cannot find attribute `route` in this scope
[INFO] [stdout]  --> src/../README.md:191:7
[INFO] [stdout]   |
[INFO] [stdout] 6 |     #[route("ping")] // The specified name will be converted into PascalCase
[INFO] [stdout]   |       ^^^^^
[INFO] [stdout]   |
[INFO] [stdout] help: consider importing one of these attribute macros
[INFO] [stdout]   |
[INFO] [stdout] 2 + use sails_macros::route;
[INFO] [stdout]   |
[INFO] [stdout] 2 + use sails_rs::route;
[INFO] [stdout]   |
[INFO] [stdout] 
[INFO] [stdout] error[E0412]: cannot find type `MyProgram` in this scope
[INFO] [stdout]  --> src/../README.md:189:6
[INFO] [stdout]   |
[INFO] [stdout] 4 | impl MyProgram {
[INFO] [stdout]   |      ^^^^^^^^^ not found in this scope
[INFO] [stdout] 
[INFO] [stdout] error[E0412]: cannot find type `MyPing` in this scope
[INFO] [stdout]  --> src/../README.md:192:31
[INFO] [stdout]   |
[INFO] [stdout] 7 |     pub fn ping_svc(&self) -> MyPing {
[INFO] [stdout]   |                               ^^^^^^ not found in this scope
[INFO] [stdout] 
[INFO] [stdout] error: aborting due to 6 previous errors
[INFO] [stdout] 
[INFO] [stdout] Some errors have detailed explanations: E0412, E0586.
[INFO] [stdout] For more information about an error, try `rustc --explain E0412`.
[INFO] [stdout] Couldn't compile the test.
[INFO] [stdout] ---- src/../README.md - (line 279) stdout ----
[INFO] [stdout] error: unexpected token: `...`
[INFO] [stdout]  --> src/../README.md:285:9
[INFO] [stdout]   |
[INFO] [stdout] 8 |         ...
[INFO] [stdout]   |         ^^^
[INFO] [stdout]   |
[INFO] [stdout] help: use `..` for an exclusive range
[INFO] [stdout]   |
[INFO] [stdout] 8 |         ..
[INFO] [stdout]   |
[INFO] [stdout] help: or `..=` for an inclusive range
[INFO] [stdout]   |
[INFO] [stdout] 8 |         ..=
[INFO] [stdout]   |
[INFO] [stdout] 
[INFO] [stdout] error[E0586]: inclusive range with no end
[INFO] [stdout]  --> src/../README.md:285:9
[INFO] [stdout]   |
[INFO] [stdout] 8 |         ...
[INFO] [stdout]   |         ^^^
[INFO] [stdout]   |
[INFO] [stdout]   = note: inclusive ranges must be bounded at the end (`..=b` or `a..=b`)
[INFO] [stdout] help: use `..` instead
[INFO] [stdout]   |
[INFO] [stdout] 8 -         ...
[INFO] [stdout] 8 +         ..
[INFO] [stdout]   |
[INFO] [stdout] 
[INFO] [stdout] error: unexpected token: `...`
[INFO] [stdout]   --> src/../README.md:294:9
[INFO] [stdout]    |
[INFO] [stdout] 17 |         ...
[INFO] [stdout]    |         ^^^
[INFO] [stdout]    |
[INFO] [stdout] help: use `..` for an exclusive range
[INFO] [stdout]    |
[INFO] [stdout] 17 |         ..
[INFO] [stdout]    |
[INFO] [stdout] help: or `..=` for an inclusive range
[INFO] [stdout]    |
[INFO] [stdout] 17 |         ..=
[INFO] [stdout]    |
[INFO] [stdout] 
[INFO] [stdout] error[E0586]: inclusive range with no end
[INFO] [stdout]   --> src/../README.md:294:9
[INFO] [stdout]    |
[INFO] [stdout] 17 |         ...
[INFO] [stdout]    |         ^^^
[INFO] [stdout]    |
[INFO] [stdout]    = note: inclusive ranges must be bounded at the end (`..=b` or `a..=b`)
[INFO] [stdout] help: use `..` instead
[INFO] [stdout]    |
[INFO] [stdout] 17 -         ...
[INFO] [stdout] 17 +         ..
[INFO] [stdout]    |
[INFO] [stdout] 
[INFO] [stdout] error: unexpected token: `...`
[INFO] [stdout]   --> src/../README.md:304:9
[INFO] [stdout]    |
[INFO] [stdout] 27 |         ...
[INFO] [stdout]    |         ^^^
[INFO] [stdout]    |
[INFO] [stdout] help: use `..` for an exclusive range
[INFO] [stdout]    |
[INFO] [stdout] 27 |         ..
[INFO] [stdout]    |
[INFO] [stdout] help: or `..=` for an inclusive range
[INFO] [stdout]    |
[INFO] [stdout] 27 |         ..=
[INFO] [stdout]    |
[INFO] [stdout] 
[INFO] [stdout] error[E0586]: inclusive range with no end
[INFO] [stdout]   --> src/../README.md:304:9
[INFO] [stdout]    |
[INFO] [stdout] 27 |         ...
[INFO] [stdout]    |         ^^^
[INFO] [stdout]    |
[INFO] [stdout]    = note: inclusive ranges must be bounded at the end (`..=b` or `a..=b`)
[INFO] [stdout] help: use `..` instead
[INFO] [stdout]    |
[INFO] [stdout] 27 -         ...
[INFO] [stdout] 27 +         ..
[INFO] [stdout]    |
[INFO] [stdout] 
[INFO] [stdout] error: unexpected token: `...`
[INFO] [stdout]   --> src/../README.md:309:9
[INFO] [stdout]    |
[INFO] [stdout] 32 |         ...
[INFO] [stdout]    |         ^^^
[INFO] [stdout]    |
[INFO] [stdout] help: use `..` for an exclusive range
[INFO] [stdout]    |
[INFO] [stdout] 32 |         ..
[INFO] [stdout]    |
[INFO] [stdout] help: or `..=` for an inclusive range
[INFO] [stdout]    |
[INFO] [stdout] 32 |         ..=
[INFO] [stdout]    |
[INFO] [stdout] 
[INFO] [stdout] error[E0586]: inclusive range with no end
[INFO] [stdout]   --> src/../README.md:309:9
[INFO] [stdout]    |
[INFO] [stdout] 32 |         ...
[INFO] [stdout]    |         ^^^
[INFO] [stdout]    |
[INFO] [stdout]    = note: inclusive ranges must be bounded at the end (`..=b` or `a..=b`)
[INFO] [stdout] help: use `..` instead
[INFO] [stdout]    |
[INFO] [stdout] 32 -         ...
[INFO] [stdout] 32 +         ..
[INFO] [stdout]    |
[INFO] [stdout] 
[INFO] [stdout] error: cannot find attribute `service` in this scope
[INFO] [stdout]   --> src/../README.md:300:3
[INFO] [stdout]    |
[INFO] [stdout] 23 | #[service(extends = [MyServiceA, MyServiceB])]
[INFO] [stdout]    |   ^^^^^^^
[INFO] [stdout]    |
[INFO] [stdout] help: consider importing one of these attribute macros
[INFO] [stdout]    |
[INFO] [stdout] 2  + use sails_macros::service;
[INFO] [stdout]    |
[INFO] [stdout] 2  + use sails_rs::service;
[INFO] [stdout]    |
[INFO] [stdout] 
[INFO] [stdout] error: cannot find attribute `service` in this scope
[INFO] [stdout]   --> src/../README.md:291:3
[INFO] [stdout]    |
[INFO] [stdout] 14 | #[service]
[INFO] [stdout]    |   ^^^^^^^
[INFO] [stdout]    |
[INFO] [stdout] help: consider importing one of these attribute macros
[INFO] [stdout]    |
[INFO] [stdout] 2  + use sails_macros::service;
[INFO] [stdout]    |
[INFO] [stdout] 2  + use sails_rs::service;
[INFO] [stdout]    |
[INFO] [stdout] 
[INFO] [stdout] error: cannot find attribute `service` in this scope
[INFO] [stdout]  --> src/../README.md:282:3
[INFO] [stdout]   |
[INFO] [stdout] 5 | #[service]
[INFO] [stdout]   |   ^^^^^^^
[INFO] [stdout]   |
[INFO] [stdout] help: consider importing one of these attribute macros
[INFO] [stdout]   |
[INFO] [stdout] 2 + use sails_macros::service;
[INFO] [stdout]   |
[INFO] [stdout] 2 + use sails_rs::service;
[INFO] [stdout]   |
[INFO] [stdout] 
[INFO] [stdout] error: aborting due to 11 previous errors
[INFO] [stdout] 
[INFO] [stdout] For more information about this error, try `rustc --explain E0586`.
[INFO] [stdout] Couldn't compile the test.
[INFO] [stdout] ---- src/../README.md - (line 361) stdout ----
[INFO] [stdout] error: unexpected token: `...`
[INFO] [stdout]   --> src/../README.md:370:9
[INFO] [stdout]    |
[INFO] [stdout] 11 |         ...
[INFO] [stdout]    |         ^^^
[INFO] [stdout]    |
[INFO] [stdout] help: use `..` for an exclusive range
[INFO] [stdout]    |
[INFO] [stdout] 11 |         ..
[INFO] [stdout]    |
[INFO] [stdout] help: or `..=` for an inclusive range
[INFO] [stdout]    |
[INFO] [stdout] 11 |         ..=
[INFO] [stdout]    |
[INFO] [stdout] 
[INFO] [stdout] error[E0586]: inclusive range with no end
[INFO] [stdout]   --> src/../README.md:370:9
[INFO] [stdout]    |
[INFO] [stdout] 11 |         ...
[INFO] [stdout]    |         ^^^
[INFO] [stdout]    |
[INFO] [stdout]    = note: inclusive ranges must be bounded at the end (`..=b` or `a..=b`)
[INFO] [stdout] help: use `..` instead
[INFO] [stdout]    |
[INFO] [stdout] 11 -         ...
[INFO] [stdout] 11 +         ..
[INFO] [stdout]    |
[INFO] [stdout] 
[INFO] [stdout] error: cannot find attribute `program` in this scope
[INFO] [stdout]   --> src/../README.md:374:3
[INFO] [stdout]    |
[INFO] [stdout] 15 | #[program]
[INFO] [stdout]    |   ^^^^^^^
[INFO] [stdout]    |
[INFO] [stdout] help: consider importing one of these attribute macros
[INFO] [stdout]    |
[INFO] [stdout] 2  + use sails_macros::program;
[INFO] [stdout]    |
[INFO] [stdout] 2  + use sails_rs::program;
[INFO] [stdout]    |
[INFO] [stdout] 
[INFO] [stdout] error: cannot find attribute `service` in this scope
[INFO] [stdout]  --> src/../README.md:367:3
[INFO] [stdout]   |
[INFO] [stdout] 8 | #[service]
[INFO] [stdout]   |   ^^^^^^^
[INFO] [stdout]   |
[INFO] [stdout] help: consider importing one of these attribute macros
[INFO] [stdout]   |
[INFO] [stdout] 2 + use sails_macros::service;
[INFO] [stdout]   |
[INFO] [stdout] 2 + use sails_rs::service;
[INFO] [stdout]   |
[INFO] [stdout] 
[INFO] [stdout] error[E0412]: cannot find type `MyService` in this scope
[INFO] [stdout]  --> src/../README.md:368:6
[INFO] [stdout]   |
[INFO] [stdout] 9 | impl MyService {
[INFO] [stdout]   |      ^^^^^^^^^ not found in this scope
[INFO] [stdout] 
[INFO] [stdout] error[E0412]: cannot find type `MyProgram` in this scope
[INFO] [stdout]   --> src/../README.md:375:6
[INFO] [stdout]    |
[INFO] [stdout] 16 | impl MyProgram {
[INFO] [stdout]    |      ^^^^^^^^^ not found in this scope
[INFO] [stdout] 
[INFO] [stdout] error[E0412]: cannot find type `MyService` in this scope
[INFO] [stdout]   --> src/../README.md:376:33
[INFO] [stdout]    |
[INFO] [stdout] 17 |     pub fn my_service(&self) -> MyService {
[INFO] [stdout]    |                                 ^^^^^^^^^ not found in this scope
[INFO] [stdout] 
[INFO] [stdout] error[E0433]: failed to resolve: use of undeclared type `MyService`
[INFO] [stdout]   --> src/../README.md:377:9
[INFO] [stdout]    |
[INFO] [stdout] 18 |         MyService::new()
[INFO] [stdout]    |         ^^^^^^^^^ use of undeclared type `MyService`
[INFO] [stdout] 
[INFO] [stdout] error: aborting due to 8 previous errors
[INFO] [stdout] 
[INFO] [stdout] Some errors have detailed explanations: E0412, E0433, E0586.
[INFO] [stdout] For more information about an error, try `rustc --explain E0412`.
[INFO] [stdout] Couldn't compile the test.
[INFO] [stdout] ---- src/../README.md - (line 399) stdout ----
[INFO] [stdout] error: environment variable `OUT_DIR` not defined at compile time
[INFO] [stdout]  --> src/../README.md:400:18
[INFO] [stdout]   |
[INFO] [stdout] 3 | include!(concat!(env!("OUT_DIR"), "/my_service.rs"));
[INFO] [stdout]   |                  ^^^^^^^^^^^^^^^
[INFO] [stdout]   |
[INFO] [stdout]   = help: Cargo sets build script variables at run time. Use `std::env::var("OUT_DIR")` instead
[INFO] [stdout]   = note: this error originates in the macro `env` (in Nightly builds, run with -Z macro-backtrace for more info)
[INFO] [stdout] 
[INFO] [stdout] error[E0425]: cannot find value `remoting` in this scope
[INFO] [stdout]  --> src/../README.md:403:41
[INFO] [stdout]   |
[INFO] [stdout] 6 |     let mut my_service = MyService::new(remoting); // remoting is an abstraction provided by Sails
[INFO] [stdout]   |                                         ^^^^^^^^ not found in this scope
[INFO] [stdout] 
[INFO] [stdout] error[E0425]: cannot find value `client` in this scope
[INFO] [stdout]  --> src/../README.md:404:24
[INFO] [stdout]   |
[INFO] [stdout] 7 |     let reply_ticket = client.do_something(42, "Hello".to_string())
[INFO] [stdout]   |                        ^^^^^^ not found in this scope
[INFO] [stdout] 
[INFO] [stdout] error[E0425]: cannot find value `target_app_id` in this scope
[INFO] [stdout]  --> src/../README.md:406:18
[INFO] [stdout]   |
[INFO] [stdout] 9 |         .publish(target_app_id)
[INFO] [stdout]   |                  ^^^^^^^^^^^^^ not found in this scope
[INFO] [stdout] 
[INFO] [stdout] error[E0728]: `await` is only allowed inside `async` functions and blocks
[INFO] [stdout]   --> src/../README.md:407:10
[INFO] [stdout]    |
[INFO] [stdout] 5  | fn some_client_code() {
[INFO] [stdout]    | --------------------- this is not `async`
[INFO] [stdout] ...
[INFO] [stdout] 10 |         .await.unwrap();
[INFO] [stdout]    |          ^^^^^ only allowed inside `async` functions and blocks
[INFO] [stdout] 
[INFO] [stdout] error[E0728]: `await` is only allowed inside `async` functions and blocks
[INFO] [stdout]   --> src/../README.md:408:38
[INFO] [stdout]    |
[INFO] [stdout] 5  | fn some_client_code() {
[INFO] [stdout]    | --------------------- this is not `async`
[INFO] [stdout] ...
[INFO] [stdout] 11 |     let reply = reply_ticket.reply().await.unwrap();
[INFO] [stdout]    |                                      ^^^^^ only allowed inside `async` functions and blocks
[INFO] [stdout] 
[INFO] [stdout] error[E0433]: failed to resolve: use of undeclared type `MyService`
[INFO] [stdout]  --> src/../README.md:403:26
[INFO] [stdout]   |
[INFO] [stdout] 6 |     let mut my_service = MyService::new(remoting); // remoting is an abstraction provided by Sails
[INFO] [stdout]   |                          ^^^^^^^^^ use of undeclared type `MyService`
[INFO] [stdout] 
[INFO] [stdout] error: aborting due to 7 previous errors
[INFO] [stdout] 
[INFO] [stdout] Some errors have detailed explanations: E0425, E0433, E0728.
[INFO] [stdout] For more information about an error, try `rustc --explain E0425`.
[INFO] [stdout] Couldn't compile the test.
[INFO] [stdout] ---- src/../README.md - (line 146) stdout ----
[INFO] [stdout] error: unexpected token: `...`
[INFO] [stdout]  --> src/../README.md:151:9
[INFO] [stdout]   |
[INFO] [stdout] 7 |         ...
[INFO] [stdout]   |         ^^^
[INFO] [stdout]   |
[INFO] [stdout] help: use `..` for an exclusive range
[INFO] [stdout]   |
[INFO] [stdout] 7 |         ..
[INFO] [stdout]   |
[INFO] [stdout] help: or `..=` for an inclusive range
[INFO] [stdout]   |
[INFO] [stdout] 7 |         ..=
[INFO] [stdout]   |
[INFO] [stdout] 
[INFO] [stdout] error[E0586]: inclusive range with no end
[INFO] [stdout]  --> src/../README.md:151:9
[INFO] [stdout]   |
[INFO] [stdout] 7 |         ...
[INFO] [stdout]   |         ^^^
[INFO] [stdout]   |
[INFO] [stdout]   = note: inclusive ranges must be bounded at the end (`..=b` or `a..=b`)
[INFO] [stdout] help: use `..` instead
[INFO] [stdout]   |
[INFO] [stdout] 7 -         ...
[INFO] [stdout] 7 +         ..
[INFO] [stdout]   |
[INFO] [stdout] 
[INFO] [stdout] error: unexpected token: `...`
[INFO] [stdout]   --> src/../README.md:156:9
[INFO] [stdout]    |
[INFO] [stdout] 12 |         ...
[INFO] [stdout]    |         ^^^
[INFO] [stdout]    |
[INFO] [stdout] help: use `..` for an exclusive range
[INFO] [stdout]    |
[INFO] [stdout] 12 |         ..
[INFO] [stdout]    |
[INFO] [stdout] help: or `..=` for an inclusive range
[INFO] [stdout]    |
[INFO] [stdout] 12 |         ..=
[INFO] [stdout]    |
[INFO] [stdout] 
[INFO] [stdout] error[E0586]: inclusive range with no end
[INFO] [stdout]   --> src/../README.md:156:9
[INFO] [stdout]    |
[INFO] [stdout] 12 |         ...
[INFO] [stdout]    |         ^^^
[INFO] [stdout]    |
[INFO] [stdout]    = note: inclusive ranges must be bounded at the end (`..=b` or `a..=b`)
[INFO] [stdout] help: use `..` instead
[INFO] [stdout]    |
[INFO] [stdout] 12 -         ...
[INFO] [stdout] 12 +         ..
[INFO] [stdout]    |
[INFO] [stdout] 
[INFO] [stdout] error: unexpected token: `...`
[INFO] [stdout]   --> src/../README.md:161:9
[INFO] [stdout]    |
[INFO] [stdout] 17 |         ...
[INFO] [stdout]    |         ^^^
[INFO] [stdout]    |
[INFO] [stdout] help: use `..` for an exclusive range
[INFO] [stdout]    |
[INFO] [stdout] 17 |         ..
[INFO] [stdout]    |
[INFO] [stdout] help: or `..=` for an inclusive range
[INFO] [stdout]    |
[INFO] [stdout] 17 |         ..=
[INFO] [stdout]    |
[INFO] [stdout] 
[INFO] [stdout] error[E0586]: inclusive range with no end
[INFO] [stdout]   --> src/../README.md:161:9
[INFO] [stdout]    |
[INFO] [stdout] 17 |         ...
[INFO] [stdout]    |         ^^^
[INFO] [stdout]    |
[INFO] [stdout]    = note: inclusive ranges must be bounded at the end (`..=b` or `a..=b`)
[INFO] [stdout] help: use `..` instead
[INFO] [stdout]    |
[INFO] [stdout] 17 -         ...
[INFO] [stdout] 17 +         ..
[INFO] [stdout]    |
[INFO] [stdout] 
[INFO] [stdout] error: cannot find attribute `program` in this scope
[INFO] [stdout]  --> src/../README.md:147:3
[INFO] [stdout]   |
[INFO] [stdout] 3 | #[program]
[INFO] [stdout]   |   ^^^^^^^
[INFO] [stdout]   |
[INFO] [stdout] help: consider importing one of these attribute macros
[INFO] [stdout]   |
[INFO] [stdout] 2 + use sails_macros::program;
[INFO] [stdout]   |
[INFO] [stdout] 2 + use sails_rs::program;
[INFO] [stdout]   |
[INFO] [stdout] 
[INFO] [stdout] error[E0412]: cannot find type `MyProgram` in this scope
[INFO] [stdout]  --> src/../README.md:148:6
[INFO] [stdout]   |
[INFO] [stdout] 4 | impl MyProgram {
[INFO] [stdout]   |      ^^^^^^^^^ not found in this scope
[INFO] [stdout] 
[INFO] [stdout] error[E0412]: cannot find type `MyPing` in this scope
[INFO] [stdout]   --> src/../README.md:160:31
[INFO] [stdout]    |
[INFO] [stdout] 16 |     pub fn ping_svc(&self) -> MyPing {
[INFO] [stdout]    |                               ^^^^^^ not found in this scope
[INFO] [stdout] 
[INFO] [stdout] error: aborting due to 9 previous errors
[INFO] [stdout] 
[INFO] [stdout] Some errors have detailed explanations: E0412, E0586.
[INFO] [stdout] For more information about an error, try `rustc --explain E0412`.
[INFO] [stdout] Couldn't compile the test.
[INFO] [stdout] ---- src/../README.md - (line 131) stdout ----
[INFO] [stdout] error[E0411]: cannot find type `Self` in this scope
[INFO] [stdout]  --> src/../README.md:132:21
[INFO] [stdout]   |
[INFO] [stdout] 3 | pub fn default() -> Self {
[INFO] [stdout]   |        -------      ^^^^ `Self` is only available in impls, traits, and type definitions
[INFO] [stdout]   |        |
[INFO] [stdout]   |        `Self` not allowed in a function
[INFO] [stdout] 
[INFO] [stdout] error[E0425]: cannot find value `Self` in this scope
[INFO] [stdout]  --> src/../README.md:133:5
[INFO] [stdout]   |
[INFO] [stdout] 4 |     Self
[INFO] [stdout]   |     ^^^^ not found in this scope
[INFO] [stdout] 
[INFO] [stdout] error: aborting due to 2 previous errors
[INFO] [stdout] 
[INFO] [stdout] Some errors have detailed explanations: E0411, E0425.
[INFO] [stdout] For more information about an error, try `rustc --explain E0411`.
[INFO] [stdout] Couldn't compile the test.
[INFO] [stdout] ---- src/../README.md - (line 200) stdout ----
[INFO] [stdout] error: unexpected token: `...`
[INFO] [stdout]  --> src/../README.md:206:9
[INFO] [stdout]   |
[INFO] [stdout] 8 |         ...
[INFO] [stdout]   |         ^^^
[INFO] [stdout]   |
[INFO] [stdout] help: use `..` for an exclusive range
[INFO] [stdout]   |
[INFO] [stdout] 8 |         ..
[INFO] [stdout]   |
[INFO] [stdout] help: or `..=` for an inclusive range
[INFO] [stdout]   |
[INFO] [stdout] 8 |         ..=
[INFO] [stdout]   |
[INFO] [stdout] 
[INFO] [stdout] error[E0586]: inclusive range with no end
[INFO] [stdout]  --> src/../README.md:206:9
[INFO] [stdout]   |
[INFO] [stdout] 8 |         ...
[INFO] [stdout]   |         ^^^
[INFO] [stdout]   |
[INFO] [stdout]   = note: inclusive ranges must be bounded at the end (`..=b` or `a..=b`)
[INFO] [stdout] help: use `..` instead
[INFO] [stdout]   |
[INFO] [stdout] 8 -         ...
[INFO] [stdout] 8 +         ..
[INFO] [stdout]   |
[INFO] [stdout] 
[INFO] [stdout] error: unexpected token: `...`
[INFO] [stdout]   --> src/../README.md:211:9
[INFO] [stdout]    |
[INFO] [stdout] 13 |         ...
[INFO] [stdout]    |         ^^^
[INFO] [stdout]    |
[INFO] [stdout] help: use `..` for an exclusive range
[INFO] [stdout]    |
[INFO] [stdout] 13 |         ..
[INFO] [stdout]    |
[INFO] [stdout] help: or `..=` for an inclusive range
[INFO] [stdout]    |
[INFO] [stdout] 13 |         ..=
[INFO] [stdout]    |
[INFO] [stdout] 
[INFO] [stdout] error[E0586]: inclusive range with no end
[INFO] [stdout]   --> src/../README.md:211:9
[INFO] [stdout]    |
[INFO] [stdout] 13 |         ...
[INFO] [stdout]    |         ^^^
[INFO] [stdout]    |
[INFO] [stdout]    = note: inclusive ranges must be bounded at the end (`..=b` or `a..=b`)
[INFO] [stdout] help: use `..` instead
[INFO] [stdout]    |
[INFO] [stdout] 13 -         ...
[INFO] [stdout] 13 +         ..
[INFO] [stdout]    |
[INFO] [stdout] 
[INFO] [stdout] error: cannot find attribute `service` in this scope
[INFO] [stdout]  --> src/../README.md:201:3
[INFO] [stdout]   |
[INFO] [stdout] 3 | #[service]
[INFO] [stdout]   |   ^^^^^^^
[INFO] [stdout]   |
[INFO] [stdout] help: consider importing one of these attribute macros
[INFO] [stdout]   |
[INFO] [stdout] 2 + use sails_macros::service;
[INFO] [stdout]   |
[INFO] [stdout] 2 + use sails_rs::service;
[INFO] [stdout]   |
[INFO] [stdout] 
[INFO] [stdout] error: cannot find attribute `route` in this scope
[INFO] [stdout]  --> src/../README.md:204:7
[INFO] [stdout]   |
[INFO] [stdout] 6 |     #[route("ping")]
[INFO] [stdout]   |       ^^^^^
[INFO] [stdout]   |
[INFO] [stdout] help: consider importing one of these attribute macros
[INFO] [stdout]   |
[INFO] [stdout] 2 + use sails_macros::route;
[INFO] [stdout]   |
[INFO] [stdout] 2 + use sails_rs::route;
[INFO] [stdout]   |
[INFO] [stdout] 
[INFO] [stdout] error[E0412]: cannot find type `MyPing` in this scope
[INFO] [stdout]  --> src/../README.md:202:6
[INFO] [stdout]   |
[INFO] [stdout] 4 | impl MyPing {
[INFO] [stdout]   |      ^^^^^^ not found in this scope
[INFO] [stdout] 
[INFO] [stdout] error: aborting due to 7 previous errors
[INFO] [stdout] 
[INFO] [stdout] Some errors have detailed explanations: E0412, E0586.
[INFO] [stdout] For more information about an error, try `rustc --explain E0412`.
[INFO] [stdout] Couldn't compile the test.
[INFO] [stdout] ---- src/../README.md - (line 99) stdout ----
[INFO] [stdout] error: unexpected token: `...`
[INFO] [stdout]  --> src/../README.md:104:9
[INFO] [stdout]   |
[INFO] [stdout] 7 |         ...
[INFO] [stdout]   |         ^^^
[INFO] [stdout]   |
[INFO] [stdout] help: use `..` for an exclusive range
[INFO] [stdout]   |
[INFO] [stdout] 7 |         ..
[INFO] [stdout]   |
[INFO] [stdout] help: or `..=` for an inclusive range
[INFO] [stdout]   |
[INFO] [stdout] 7 |         ..=
[INFO] [stdout]   |
[INFO] [stdout] 
[INFO] [stdout] error[E0586]: inclusive range with no end
[INFO] [stdout]  --> src/../README.md:104:9
[INFO] [stdout]   |
[INFO] [stdout] 7 |         ...
[INFO] [stdout]   |         ^^^
[INFO] [stdout]   |
[INFO] [stdout]   = note: inclusive ranges must be bounded at the end (`..=b` or `a..=b`)
[INFO] [stdout] help: use `..` instead
[INFO] [stdout]   |
[INFO] [stdout] 7 -         ...
[INFO] [stdout] 7 +         ..
[INFO] [stdout]   |
[INFO] [stdout] 
[INFO] [stdout] error: unexpected token: `...`
[INFO] [stdout]   --> src/../README.md:114:9
[INFO] [stdout]    |
[INFO] [stdout] 17 |         ...
[INFO] [stdout]    |         ^^^
[INFO] [stdout]    |
[INFO] [stdout] help: use `..` for an exclusive range
[INFO] [stdout]    |
[INFO] [stdout] 17 |         ..
[INFO] [stdout]    |
[INFO] [stdout] help: or `..=` for an inclusive range
[INFO] [stdout]    |
[INFO] [stdout] 17 |         ..=
[INFO] [stdout]    |
[INFO] [stdout] 
[INFO] [stdout] error[E0586]: inclusive range with no end
[INFO] [stdout]   --> src/../README.md:114:9
[INFO] [stdout]    |
[INFO] [stdout] 17 |         ...
[INFO] [stdout]    |         ^^^
[INFO] [stdout]    |
[INFO] [stdout]    = note: inclusive ranges must be bounded at the end (`..=b` or `a..=b`)
[INFO] [stdout] help: use `..` instead
[INFO] [stdout]    |
[INFO] [stdout] 17 -         ...
[INFO] [stdout] 17 +         ..
[INFO] [stdout]    |
[INFO] [stdout] 
[INFO] [stdout] error: cannot find attribute `service` in this scope
[INFO] [stdout]  --> src/../README.md:100:3
[INFO] [stdout]   |
[INFO] [stdout] 3 | #[service]
[INFO] [stdout]   |   ^^^^^^^
[INFO] [stdout]   |
[INFO] [stdout] help: consider importing one of these attribute macros
[INFO] [stdout]   |
[INFO] [stdout] 2 + use sails_macros::service;
[INFO] [stdout]   |
[INFO] [stdout] 2 + use sails_rs::service;
[INFO] [stdout]   |
[INFO] [stdout] 
[INFO] [stdout] error[E0412]: cannot find type `MyService` in this scope
[INFO] [stdout]  --> src/../README.md:101:6
[INFO] [stdout]   |
[INFO] [stdout] 4 | impl MyService {
[INFO] [stdout]   |      ^^^^^^^^^ not found in this scope
[INFO] [stdout] 
[INFO] [stdout] error[E0412]: cannot find type `CommandReply` in this scope
[INFO] [stdout]   --> src/../README.md:108:48
[INFO] [stdout]    |
[INFO] [stdout] 11 |     pub fn withdraw(&mut self, amount: u64) -> CommandReply<()> {
[INFO] [stdout]    |                                                ^^^^^^^^^^^^ not found in this scope
[INFO] [stdout]    |
[INFO] [stdout] help: consider importing this struct
[INFO] [stdout]    |
[INFO] [stdout] 2  + use sails_rs::CommandReply;
[INFO] [stdout]    |
[INFO] [stdout] 
[INFO] [stdout] error[E0433]: failed to resolve: use of undeclared type `CommandReply`
[INFO] [stdout]   --> src/../README.md:109:9
[INFO] [stdout]    |
[INFO] [stdout] 12 |         CommandReply::new(()).with_value(amount)
[INFO] [stdout]    |         ^^^^^^^^^^^^ use of undeclared type `CommandReply`
[INFO] [stdout]    |
[INFO] [stdout] help: consider importing this struct
[INFO] [stdout]    |
[INFO] [stdout] 2  + use sails_rs::CommandReply;
[INFO] [stdout]    |
[INFO] [stdout] 
[INFO] [stdout] error: aborting due to 8 previous errors
[INFO] [stdout] 
[INFO] [stdout] Some errors have detailed explanations: E0412, E0433, E0586.
[INFO] [stdout] For more information about an error, try `rustc --explain E0412`.
[INFO] [stdout] Couldn't compile the test.
[INFO] [stdout] ---- src/../README.md - (line 227) stdout ----
[INFO] [stdout] error: unexpected token: `...`
[INFO] [stdout]   --> src/../README.md:253:9
[INFO] [stdout]    |
[INFO] [stdout] 28 |         ...
[INFO] [stdout]    |         ^^^
[INFO] [stdout]    |
[INFO] [stdout] help: use `..` for an exclusive range
[INFO] [stdout]    |
[INFO] [stdout] 28 |         ..
[INFO] [stdout]    |
[INFO] [stdout] help: or `..=` for an inclusive range
[INFO] [stdout]    |
[INFO] [stdout] 28 |         ..=
[INFO] [stdout]    |
[INFO] [stdout] 
[INFO] [stdout] error[E0586]: inclusive range with no end
[INFO] [stdout]   --> src/../README.md:253:9
[INFO] [stdout]    |
[INFO] [stdout] 28 |         ...
[INFO] [stdout]    |         ^^^
[INFO] [stdout]    |
[INFO] [stdout]    = note: inclusive ranges must be bounded at the end (`..=b` or `a..=b`)
[INFO] [stdout] help: use `..` instead
[INFO] [stdout]    |
[INFO] [stdout] 28 -         ...
[INFO] [stdout] 28 +         ..
[INFO] [stdout]    |
[INFO] [stdout] 
[INFO] [stdout] error: cannot find attribute `service` in this scope
[INFO] [stdout]   --> src/../README.md:240:3
[INFO] [stdout]    |
[INFO] [stdout] 15 | #[service(events = MyCounterEvent)]
[INFO] [stdout]    |   ^^^^^^^
[INFO] [stdout]    |
[INFO] [stdout] help: consider importing one of these attribute macros
[INFO] [stdout]    |
[INFO] [stdout] 2  + use sails_macros::service;
[INFO] [stdout]    |
[INFO] [stdout] 2  + use sails_rs::service;
[INFO] [stdout]    |
[INFO] [stdout] 
[INFO] [stdout] error: cannot find derive macro `Encode` in this scope
[INFO] [stdout]   --> src/../README.md:235:10
[INFO] [stdout]    |
[INFO] [stdout] 10 | #[derive(Encode, TypeInfo)]
[INFO] [stdout]    |          ^^^^^^
[INFO] [stdout]    |
[INFO] [stdout] help: consider importing one of these derive macros
[INFO] [stdout]    |
[INFO] [stdout] 2  + use gstd::Encode;
[INFO] [stdout]    |
[INFO] [stdout] 2  + use parity_scale_codec::Encode;
[INFO] [stdout]    |
[INFO] [stdout] 2  + use sails_rs::Encode;
[INFO] [stdout]    |
[INFO] [stdout] 
[INFO] [stdout] error: cannot find derive macro `TypeInfo` in this scope
[INFO] [stdout]   --> src/../README.md:235:18
[INFO] [stdout]    |
[INFO] [stdout] 10 | #[derive(Encode, TypeInfo)]
[INFO] [stdout]    |                  ^^^^^^^^
[INFO] [stdout]    |
[INFO] [stdout] help: consider importing one of these derive macros
[INFO] [stdout]    |
[INFO] [stdout] 2  + use gstd::TypeInfo;
[INFO] [stdout]    |
[INFO] [stdout] 2  + use sails_rs::TypeInfo;
[INFO] [stdout]    |
[INFO] [stdout] 2  + use scale_info::TypeInfo;
[INFO] [stdout]    |
[INFO] [stdout] 
[INFO] [stdout] error[E0107]: enum takes 2 generic arguments but 1 generic argument was supplied
[INFO] [stdout]   --> src/../README.md:252:55
[INFO] [stdout]    |
[INFO] [stdout] 27 |     fn notify_on(&mut self, event: MyCounterEvent) -> Result<()> {
[INFO] [stdout]    |                                                       ^^^^^^ -- supplied 1 generic argument
[INFO] [stdout]    |                                                       |
[INFO] [stdout]    |                                                       expected 2 generic arguments
[INFO] [stdout]    |
[INFO] [stdout] help: add missing generic argument
[INFO] [stdout]    |
[INFO] [stdout] 27 |     fn notify_on(&mut self, event: MyCounterEvent) -> Result<(), E> {
[INFO] [stdout]    |                                                                +++
[INFO] [stdout] 
[INFO] [stdout] error: aborting due to 6 previous errors
[INFO] [stdout] 
[INFO] [stdout] Some errors have detailed explanations: E0107, E0586.
[INFO] [stdout] For more information about an error, try `rustc --explain E0107`.
[INFO] [stdout] Couldn't compile the test.
[INFO] [stdout] ---- src/../README.md - (line 175) stdout ----
[INFO] [stdout] error: unexpected token: `...`
[INFO] [stdout]  --> src/../README.md:180:9
[INFO] [stdout]   |
[INFO] [stdout] 7 |         ...
[INFO] [stdout]   |         ^^^
[INFO] [stdout]   |
[INFO] [stdout] help: use `..` for an exclusive range
[INFO] [stdout]   |
[INFO] [stdout] 7 |         ..
[INFO] [stdout]   |
[INFO] [stdout] help: or `..=` for an inclusive range
[INFO] [stdout]   |
[INFO] [stdout] 7 |         ..=
[INFO] [stdout]   |
[INFO] [stdout] 
[INFO] [stdout] error[E0586]: inclusive range with no end
[INFO] [stdout]  --> src/../README.md:180:9
[INFO] [stdout]   |
[INFO] [stdout] 7 |         ...
[INFO] [stdout]   |         ^^^
[INFO] [stdout]   |
[INFO] [stdout]   = note: inclusive ranges must be bounded at the end (`..=b` or `a..=b`)
[INFO] [stdout] help: use `..` instead
[INFO] [stdout]   |
[INFO] [stdout] 7 -         ...
[INFO] [stdout] 7 +         ..
[INFO] [stdout]   |
[INFO] [stdout] 
[INFO] [stdout] error: cannot find attribute `program` in this scope
[INFO] [stdout]  --> src/../README.md:176:3
[INFO] [stdout]   |
[INFO] [stdout] 3 | #[program]
[INFO] [stdout]   |   ^^^^^^^
[INFO] [stdout]   |
[INFO] [stdout] help: consider importing one of these attribute macros
[INFO] [stdout]   |
[INFO] [stdout] 2 + use sails_macros::program;
[INFO] [stdout]   |
[INFO] [stdout] 2 + use sails_rs::program;
[INFO] [stdout]   |
[INFO] [stdout] 
[INFO] [stdout] error[E0412]: cannot find type `MyProgram` in this scope
[INFO] [stdout]  --> src/../README.md:177:6
[INFO] [stdout]   |
[INFO] [stdout] 4 | impl MyProgram {
[INFO] [stdout]   |      ^^^^^^^^^ not found in this scope
[INFO] [stdout] 
[INFO] [stdout] error[E0412]: cannot find type `MyPing` in this scope
[INFO] [stdout]  --> src/../README.md:179:31
[INFO] [stdout]   |
[INFO] [stdout] 6 |     pub fn ping_svc(&self) -> MyPing {
[INFO] [stdout]   |                               ^^^^^^ not found in this scope
[INFO] [stdout] 
[INFO] [stdout] error: aborting due to 5 previous errors
[INFO] [stdout] 
[INFO] [stdout] Some errors have detailed explanations: E0412, E0586.
[INFO] [stdout] For more information about an error, try `rustc --explain E0412`.
[INFO] [stdout] Couldn't compile the test.
[INFO] [stdout] ---- src/../README.md - (line 34) stdout ----
[INFO] [stdout] error[E0601]: `main` function not found in crate `rust_out`
[INFO] [stdout]   --> src/../README.md:63:2
[INFO] [stdout]    |
[INFO] [stdout] 31 | }
[INFO] [stdout]    |  ^ consider adding a `main` function to `src/../README.md`
[INFO] [stdout] 
[INFO] [stdout] error: aborting due to 1 previous error
[INFO] [stdout] 
[INFO] [stdout] For more information about this error, try `rustc --explain E0601`.
[INFO] [stdout] Couldn't compile the test.
[INFO] [stdout] 
[INFO] [stdout] failures:
[INFO] [stdout]     src/../README.md - (line 131)
[INFO] [stdout]     src/../README.md - (line 146)
[INFO] [stdout]     src/../README.md - (line 175)
[INFO] [stdout]     src/../README.md - (line 187)
[INFO] [stdout]     src/../README.md - (line 200)
[INFO] [stdout]     src/../README.md - (line 227)
[INFO] [stdout]     src/../README.md - (line 279)
[INFO] [stdout]     src/../README.md - (line 34)
[INFO] [stdout]     src/../README.md - (line 361)
[INFO] [stdout]     src/../README.md - (line 385)
[INFO] [stdout]     src/../README.md - (line 399)
[INFO] [stdout]     src/../README.md - (line 99)
[INFO] [stdout] 
[INFO] [stdout] test result: FAILED. 0 passed; 12 failed; 0 ignored; 0 measured; 0 filtered out; finished in 0.29s
[INFO] [stdout] 
[INFO] [stderr] error: doctest failed, to rerun pass `--doc`
[INFO] running `Command { std: "docker" "inspect" "83a0df236a1647857fea1dad2538622e776f2b8b4a6810a67b2fd3899d5cc8aa", kill_on_drop: false }`
[INFO] running `Command { std: "docker" "rm" "-f" "83a0df236a1647857fea1dad2538622e776f2b8b4a6810a67b2fd3899d5cc8aa", kill_on_drop: false }`
[INFO] [stdout] 83a0df236a1647857fea1dad2538622e776f2b8b4a6810a67b2fd3899d5cc8aa
