[INFO] fetching crate safe-vk 0.3.2-alpha...
[INFO] testing safe-vk-0.3.2-alpha against nightly-2024-10-28+rustflags=-Zrandomize-layout for randomize-layout
[INFO] extracting crate safe-vk 0.3.2-alpha into /workspace/builds/worker-2-tc2/source
[INFO] validating manifest of crates.io crate safe-vk 0.3.2-alpha on toolchain nightly-2024-10-28
[INFO] running `Command { std: CARGO_HOME="/workspace/cargo-home" RUSTUP_HOME="/workspace/rustup-home" "/workspace/cargo-home/bin/cargo" "+nightly-2024-10-28" "metadata" "--manifest-path" "Cargo.toml" "--no-deps", kill_on_drop: false }`
[INFO] started tweaking crates.io crate safe-vk 0.3.2-alpha
[INFO] finished tweaking crates.io crate safe-vk 0.3.2-alpha
[INFO] tweaked toml for crates.io crate safe-vk 0.3.2-alpha written to /workspace/builds/worker-2-tc2/source/Cargo.toml
[INFO] crate crates.io crate safe-vk 0.3.2-alpha already has a lockfile, it will not be regenerated
[INFO] running `Command { std: CARGO_HOME="/workspace/cargo-home" RUSTUP_HOME="/workspace/rustup-home" "/workspace/cargo-home/bin/cargo" "+nightly-2024-10-28" "fetch" "--manifest-path" "Cargo.toml", kill_on_drop: false }`
[INFO] running `Command { std: "docker" "create" "-v" "/var/lib/crater-agent-workspace/builds/worker-2-tc2/target:/opt/rustwide/target:rw,Z" "-v" "/var/lib/crater-agent-workspace/builds/worker-2-tc2/source:/opt/rustwide/workdir:ro,Z" "-v" "/var/lib/crater-agent-workspace/cargo-home:/opt/rustwide/cargo-home:ro,Z" "-v" "/var/lib/crater-agent-workspace/rustup-home:/opt/rustwide/rustup-home:ro,Z" "-e" "SOURCE_DIR=/opt/rustwide/workdir" "-e" "CARGO_TARGET_DIR=/opt/rustwide/target" "-e" "CARGO_HOME=/opt/rustwide/cargo-home" "-e" "RUSTUP_HOME=/opt/rustwide/rustup-home" "-w" "/opt/rustwide/workdir" "-m" "1610612736" "--user" "0:0" "--network" "none" "ghcr.io/rust-lang/crates-build-env/linux@sha256:4a844ea9eb2546a2d2c7022eacef16ef2e8229c7fbb2c7d4d55a9ceca922f72d" "/opt/rustwide/cargo-home/bin/cargo" "+nightly-2024-10-28" "metadata" "--no-deps" "--format-version=1", kill_on_drop: false }`
[INFO] [stdout] f9f5845501e4997c875b8fbe020ea887540b76a8209ad959f6bfc4046f4ead31
[INFO] running `Command { std: "docker" "start" "-a" "f9f5845501e4997c875b8fbe020ea887540b76a8209ad959f6bfc4046f4ead31", kill_on_drop: false }`
[INFO] running `Command { std: "docker" "inspect" "f9f5845501e4997c875b8fbe020ea887540b76a8209ad959f6bfc4046f4ead31", kill_on_drop: false }`
[INFO] running `Command { std: "docker" "rm" "-f" "f9f5845501e4997c875b8fbe020ea887540b76a8209ad959f6bfc4046f4ead31", kill_on_drop: false }`
[INFO] [stdout] f9f5845501e4997c875b8fbe020ea887540b76a8209ad959f6bfc4046f4ead31
[INFO] running `Command { std: "docker" "create" "-v" "/var/lib/crater-agent-workspace/builds/worker-2-tc2/target:/opt/rustwide/target:rw,Z" "-v" "/var/lib/crater-agent-workspace/builds/worker-2-tc2/source:/opt/rustwide/workdir:ro,Z" "-v" "/var/lib/crater-agent-workspace/cargo-home:/opt/rustwide/cargo-home:ro,Z" "-v" "/var/lib/crater-agent-workspace/rustup-home:/opt/rustwide/rustup-home:ro,Z" "-e" "SOURCE_DIR=/opt/rustwide/workdir" "-e" "CARGO_TARGET_DIR=/opt/rustwide/target" "-e" "CARGO_INCREMENTAL=0" "-e" "RUST_BACKTRACE=full" "-e" "RUSTFLAGS=--cap-lints=forbid -Zrandomize-layout" "-e" "RUSTDOCFLAGS=--cap-lints=forbid" "-e" "CARGO_HOME=/opt/rustwide/cargo-home" "-e" "RUSTUP_HOME=/opt/rustwide/rustup-home" "-w" "/opt/rustwide/workdir" "-m" "1610612736" "--user" "0:0" "--network" "none" "ghcr.io/rust-lang/crates-build-env/linux@sha256:4a844ea9eb2546a2d2c7022eacef16ef2e8229c7fbb2c7d4d55a9ceca922f72d" "/opt/rustwide/cargo-home/bin/cargo" "+nightly-2024-10-28" "build" "--frozen" "--message-format=json", kill_on_drop: false }`
[INFO] [stdout] d28417fd9cbddd1bd903044a540a0c0a46896f1b9a9edd2345fc2bf02625fd35
[INFO] running `Command { std: "docker" "start" "-a" "d28417fd9cbddd1bd903044a540a0c0a46896f1b9a9edd2345fc2bf02625fd35", kill_on_drop: false }`
[INFO] [stderr]    Compiling proc-macro2 v1.0.86
[INFO] [stderr]    Compiling openssl-sys v0.9.103
[INFO] [stderr]    Compiling futures-core v0.3.30
[INFO] [stderr]    Compiling unicase v2.7.0
[INFO] [stderr]    Compiling tokio v1.39.1
[INFO] [stderr]    Compiling http v0.2.12
[INFO] [stderr]    Compiling httparse v1.9.4
[INFO] [stderr]    Compiling futures-sink v0.3.30
[INFO] [stderr]    Compiling futures-task v0.3.30
[INFO] [stderr]    Compiling futures-channel v0.3.30
[INFO] [stderr]    Compiling futures-util v0.3.30
[INFO] [stderr]    Compiling serde_json v1.0.120
[INFO] [stderr]    Compiling aho-corasick v1.1.3
[INFO] [stderr]    Compiling mime_guess v2.0.5
[INFO] [stderr]    Compiling quote v1.0.36
[INFO] [stderr]    Compiling openssl v0.10.66
[INFO] [stderr]    Compiling native-tls v0.2.12
[INFO] [stderr]    Compiling url v2.5.2
[INFO] [stderr]    Compiling syn v2.0.72
[INFO] [stderr]    Compiling http-body v0.4.6
[INFO] [stderr]    Compiling urlencoding v2.1.3
[INFO] [stderr]    Compiling regex-automata v0.4.7
[INFO] [stderr]    Compiling regex v1.10.5
[INFO] [stderr]    Compiling openssl-macros v0.1.1
[INFO] [stderr]    Compiling serde_derive v1.0.204
[INFO] [stderr]    Compiling thiserror-impl v1.0.63
[INFO] [stderr]    Compiling tokio-util v0.7.11
[INFO] [stderr]    Compiling h2 v0.3.26
[INFO] [stderr]    Compiling thiserror v1.0.63
[INFO] [stderr]    Compiling serde v1.0.204
[INFO] [stderr]    Compiling tokio-native-tls v0.3.1
[INFO] [stderr]    Compiling hyper v0.14.30
[INFO] [stderr]    Compiling serde_urlencoded v0.7.1
[INFO] [stderr]    Compiling hyper-tls v0.5.0
[INFO] [stderr]    Compiling reqwest v0.11.27
[INFO] [stderr]    Compiling safe-vk-common v0.1.1
[INFO] [stderr]    Compiling safe-vk v0.3.2-alpha (/opt/rustwide/workdir)
[INFO] [stderr]     Finished `dev` profile [unoptimized + debuginfo] target(s) in 32.68s
[INFO] running `Command { std: "docker" "inspect" "d28417fd9cbddd1bd903044a540a0c0a46896f1b9a9edd2345fc2bf02625fd35", kill_on_drop: false }`
[INFO] running `Command { std: "docker" "rm" "-f" "d28417fd9cbddd1bd903044a540a0c0a46896f1b9a9edd2345fc2bf02625fd35", kill_on_drop: false }`
[INFO] [stdout] d28417fd9cbddd1bd903044a540a0c0a46896f1b9a9edd2345fc2bf02625fd35
[INFO] running `Command { std: "docker" "create" "-v" "/var/lib/crater-agent-workspace/builds/worker-2-tc2/target:/opt/rustwide/target:rw,Z" "-v" "/var/lib/crater-agent-workspace/builds/worker-2-tc2/source:/opt/rustwide/workdir:ro,Z" "-v" "/var/lib/crater-agent-workspace/cargo-home:/opt/rustwide/cargo-home:ro,Z" "-v" "/var/lib/crater-agent-workspace/rustup-home:/opt/rustwide/rustup-home:ro,Z" "-e" "SOURCE_DIR=/opt/rustwide/workdir" "-e" "CARGO_TARGET_DIR=/opt/rustwide/target" "-e" "CARGO_INCREMENTAL=0" "-e" "RUST_BACKTRACE=full" "-e" "RUSTFLAGS=--cap-lints=forbid -Zrandomize-layout" "-e" "RUSTDOCFLAGS=--cap-lints=forbid" "-e" "CARGO_HOME=/opt/rustwide/cargo-home" "-e" "RUSTUP_HOME=/opt/rustwide/rustup-home" "-w" "/opt/rustwide/workdir" "-m" "1610612736" "--user" "0:0" "--network" "none" "ghcr.io/rust-lang/crates-build-env/linux@sha256:4a844ea9eb2546a2d2c7022eacef16ef2e8229c7fbb2c7d4d55a9ceca922f72d" "/opt/rustwide/cargo-home/bin/cargo" "+nightly-2024-10-28" "test" "--frozen" "--no-run" "--message-format=json", kill_on_drop: false }`
[INFO] [stdout] 8ed05dbb5bdee303a00095747ded766ea7786761dd288985ea4fa14655d72bcd
[INFO] running `Command { std: "docker" "start" "-a" "8ed05dbb5bdee303a00095747ded766ea7786761dd288985ea4fa14655d72bcd", kill_on_drop: false }`
[INFO] [stderr]    Compiling tokio-macros v2.4.0
[INFO] [stderr]    Compiling tokio v1.39.1
[INFO] [stderr]    Compiling tokio-util v0.7.11
[INFO] [stderr]    Compiling tokio-native-tls v0.3.1
[INFO] [stderr]    Compiling h2 v0.3.26
[INFO] [stderr]    Compiling hyper v0.14.30
[INFO] [stderr]    Compiling hyper-tls v0.5.0
[INFO] [stderr]    Compiling reqwest v0.11.27
[INFO] [stderr]    Compiling safe-vk-common v0.1.1
[INFO] [stderr]    Compiling safe-vk v0.3.2-alpha (/opt/rustwide/workdir)
[INFO] [stderr]     Finished `test` profile [unoptimized + debuginfo] target(s) in 22.07s
[INFO] running `Command { std: "docker" "inspect" "8ed05dbb5bdee303a00095747ded766ea7786761dd288985ea4fa14655d72bcd", kill_on_drop: false }`
[INFO] running `Command { std: "docker" "rm" "-f" "8ed05dbb5bdee303a00095747ded766ea7786761dd288985ea4fa14655d72bcd", kill_on_drop: false }`
[INFO] [stdout] 8ed05dbb5bdee303a00095747ded766ea7786761dd288985ea4fa14655d72bcd
[INFO] running `Command { std: "docker" "create" "-v" "/var/lib/crater-agent-workspace/builds/worker-2-tc2/target:/opt/rustwide/target:rw,Z" "-v" "/var/lib/crater-agent-workspace/builds/worker-2-tc2/source:/opt/rustwide/workdir:ro,Z" "-v" "/var/lib/crater-agent-workspace/cargo-home:/opt/rustwide/cargo-home:ro,Z" "-v" "/var/lib/crater-agent-workspace/rustup-home:/opt/rustwide/rustup-home:ro,Z" "-e" "SOURCE_DIR=/opt/rustwide/workdir" "-e" "CARGO_TARGET_DIR=/opt/rustwide/target" "-e" "CARGO_INCREMENTAL=0" "-e" "RUST_BACKTRACE=full" "-e" "RUSTFLAGS=--cap-lints=forbid -Zrandomize-layout" "-e" "RUSTDOCFLAGS=--cap-lints=forbid" "-e" "CARGO_HOME=/opt/rustwide/cargo-home" "-e" "RUSTUP_HOME=/opt/rustwide/rustup-home" "-w" "/opt/rustwide/workdir" "-m" "1610612736" "--user" "0:0" "--network" "none" "ghcr.io/rust-lang/crates-build-env/linux@sha256:4a844ea9eb2546a2d2c7022eacef16ef2e8229c7fbb2c7d4d55a9ceca922f72d" "/opt/rustwide/cargo-home/bin/cargo" "+nightly-2024-10-28" "test" "--frozen", kill_on_drop: false }`
[INFO] [stdout] 1214ca91b06ba05a7629e0498e96a23fa1e11d048327dc9eb315848bc290ee8c
[INFO] running `Command { std: "docker" "start" "-a" "1214ca91b06ba05a7629e0498e96a23fa1e11d048327dc9eb315848bc290ee8c", kill_on_drop: false }`
[INFO] [stderr]     Finished `test` profile [unoptimized + debuginfo] target(s) in 0.10s
[INFO] [stderr]      Running unittests src/lib.rs (/opt/rustwide/target/debug/deps/safe_vk-2dfb4d88487ba3b0)
[INFO] [stdout] 
[INFO] [stdout] running 0 tests
[INFO] [stdout] 
[INFO] [stdout] test result: ok. 0 passed; 0 failed; 0 ignored; 0 measured; 0 filtered out; finished in 0.00s
[INFO] [stdout] 
[INFO] [stderr]    Doc-tests safe_vk
[INFO] [stdout] 
[INFO] [stdout] running 2 tests
[INFO] [stdout] test src/lib.rs - (line 11) ... ignored
[INFO] [stdout] test src/lib.rs - (line 30) ... FAILED
[INFO] [stdout] 
[INFO] [stdout] failures:
[INFO] [stdout] 
[INFO] [stdout] ---- src/lib.rs - (line 30) stdout ----
[INFO] [stdout] error[E0432]: unresolved import `safe_vk::auto_ok`
[INFO] [stdout]    --> src/lib.rs:32:57
[INFO] [stdout]     |
[INFO] [stdout] 5   | use safe_vk::{extract::Ctx, responses::Message, Filter, auto_ok, SafeVk};
[INFO] [stdout]     |                                                         ^^^^^^^ no `auto_ok` in the root
[INFO] [stdout]     |
[INFO] [stdout] note: found an item that was configured out
[INFO] [stdout]    --> /opt/rustwide/workdir/src/lib.rs:104:25
[INFO] [stdout]     |
[INFO] [stdout] 104 | pub use safe_vk_macros::auto_ok;
[INFO] [stdout]     |                         ^^^^^^^
[INFO] [stdout] note: the item is gated behind the `macros` feature
[INFO] [stdout]    --> /opt/rustwide/workdir/src/lib.rs:103:7
[INFO] [stdout]     |
[INFO] [stdout] 103 | #[cfg(feature = "macros")]
[INFO] [stdout]     |       ^^^^^^^^^^^^^^^^^^
[INFO] [stdout] 
[INFO] [stdout] error[E0277]: the `?` operator can only be used in an async function that returns `Result` or `Option` (or another type that implements `FromResidual`)
[INFO] [stdout]   --> src/lib.rs:36:69
[INFO] [stdout]    |
[INFO] [stdout] 8  |   async fn vkbot(update: Ctx<Message>) {
[INFO] [stdout]    |  ______________________________________-
[INFO] [stdout] 9  | |     update.messages().send().random_id(0).message("it works!").await?;
[INFO] [stdout]    | |                                                                     ^ cannot use the `?` operator in an async function that returns `()`
[INFO] [stdout] 10 | | }
[INFO] [stdout]    | |_- this function should return `Result` or `Option` to accept `?`
[INFO] [stdout]    |
[INFO] [stdout]    = help: the trait `FromResidual<Result<Infallible, safe_vk::Error>>` is not implemented for `()`
[INFO] [stdout] 
[INFO] [stdout] error: aborting due to 2 previous errors
[INFO] [stdout] 
[INFO] [stdout] Some errors have detailed explanations: E0277, E0432.
[INFO] [stdout] For more information about an error, try `rustc --explain E0277`.
[INFO] [stdout] Couldn't compile the test.
[INFO] [stdout] 
[INFO] [stdout] failures:
[INFO] [stdout]     src/lib.rs - (line 30)
[INFO] [stdout] 
[INFO] [stdout] test result: FAILED. 0 passed; 1 failed; 1 ignored; 0 measured; 0 filtered out; finished in 0.11s
[INFO] [stdout] 
[INFO] [stderr] error: doctest failed, to rerun pass `--doc`
[INFO] running `Command { std: "docker" "inspect" "1214ca91b06ba05a7629e0498e96a23fa1e11d048327dc9eb315848bc290ee8c", kill_on_drop: false }`
[INFO] running `Command { std: "docker" "rm" "-f" "1214ca91b06ba05a7629e0498e96a23fa1e11d048327dc9eb315848bc290ee8c", kill_on_drop: false }`
[INFO] [stdout] 1214ca91b06ba05a7629e0498e96a23fa1e11d048327dc9eb315848bc290ee8c
