[INFO] fetching crate safe-quote 1.0.15...
[INFO] testing safe-quote-1.0.15 against nightly-2024-10-28 for randomize-layout
[INFO] extracting crate safe-quote 1.0.15 into /workspace/builds/worker-1-tc1/source
[INFO] validating manifest of crates.io crate safe-quote 1.0.15 on toolchain nightly-2024-10-28
[INFO] running `Command { std: CARGO_HOME="/workspace/cargo-home" RUSTUP_HOME="/workspace/rustup-home" "/workspace/cargo-home/bin/cargo" "+nightly-2024-10-28" "metadata" "--manifest-path" "Cargo.toml" "--no-deps", kill_on_drop: false }`
[INFO] removed /workspace/builds/worker-1-tc1/source/rust-toolchain.toml
[INFO] started tweaking crates.io crate safe-quote 1.0.15
[INFO] finished tweaking crates.io crate safe-quote 1.0.15
[INFO] tweaked toml for crates.io crate safe-quote 1.0.15 written to /workspace/builds/worker-1-tc1/source/Cargo.toml
[INFO] running `Command { std: CARGO_HOME="/workspace/cargo-home" RUSTUP_HOME="/workspace/rustup-home" "/workspace/cargo-home/bin/cargo" "+nightly-2024-10-28" "generate-lockfile" "--manifest-path" "Cargo.toml", kill_on_drop: false }`
[INFO] [stderr]     Updating crates.io index
[INFO] [stderr]      Locking 36 packages to latest compatible versions
[INFO] running `Command { std: CARGO_HOME="/workspace/cargo-home" RUSTUP_HOME="/workspace/rustup-home" "/workspace/cargo-home/bin/cargo" "+nightly-2024-10-28" "fetch" "--manifest-path" "Cargo.toml", kill_on_drop: false }`
[INFO] [stderr]  Downloading crates ...
[INFO] [stderr]   Downloaded safe-proc-macro2 v1.0.67
[INFO] running `Command { std: "docker" "create" "-v" "/var/lib/crater-agent-workspace/builds/worker-1-tc1/target:/opt/rustwide/target:rw,Z" "-v" "/var/lib/crater-agent-workspace/builds/worker-1-tc1/source:/opt/rustwide/workdir:ro,Z" "-v" "/var/lib/crater-agent-workspace/cargo-home:/opt/rustwide/cargo-home:ro,Z" "-v" "/var/lib/crater-agent-workspace/rustup-home:/opt/rustwide/rustup-home:ro,Z" "-e" "SOURCE_DIR=/opt/rustwide/workdir" "-e" "CARGO_TARGET_DIR=/opt/rustwide/target" "-e" "CARGO_HOME=/opt/rustwide/cargo-home" "-e" "RUSTUP_HOME=/opt/rustwide/rustup-home" "-w" "/opt/rustwide/workdir" "-m" "1610612736" "--user" "0:0" "--network" "none" "ghcr.io/rust-lang/crates-build-env/linux@sha256:4a844ea9eb2546a2d2c7022eacef16ef2e8229c7fbb2c7d4d55a9ceca922f72d" "/opt/rustwide/cargo-home/bin/cargo" "+nightly-2024-10-28" "metadata" "--no-deps" "--format-version=1", kill_on_drop: false }`
[INFO] [stdout] 7058590e3444ba8fd9367a1555dcbb484d90511196c7c038f6e786b485b2979e
[INFO] running `Command { std: "docker" "start" "-a" "7058590e3444ba8fd9367a1555dcbb484d90511196c7c038f6e786b485b2979e", kill_on_drop: false }`
[INFO] running `Command { std: "docker" "inspect" "7058590e3444ba8fd9367a1555dcbb484d90511196c7c038f6e786b485b2979e", kill_on_drop: false }`
[INFO] running `Command { std: "docker" "rm" "-f" "7058590e3444ba8fd9367a1555dcbb484d90511196c7c038f6e786b485b2979e", kill_on_drop: false }`
[INFO] [stdout] 7058590e3444ba8fd9367a1555dcbb484d90511196c7c038f6e786b485b2979e
[INFO] running `Command { std: "docker" "create" "-v" "/var/lib/crater-agent-workspace/builds/worker-1-tc1/target:/opt/rustwide/target:rw,Z" "-v" "/var/lib/crater-agent-workspace/builds/worker-1-tc1/source:/opt/rustwide/workdir:ro,Z" "-v" "/var/lib/crater-agent-workspace/cargo-home:/opt/rustwide/cargo-home:ro,Z" "-v" "/var/lib/crater-agent-workspace/rustup-home:/opt/rustwide/rustup-home:ro,Z" "-e" "SOURCE_DIR=/opt/rustwide/workdir" "-e" "CARGO_TARGET_DIR=/opt/rustwide/target" "-e" "CARGO_INCREMENTAL=0" "-e" "RUST_BACKTRACE=full" "-e" "RUSTFLAGS=--cap-lints=forbid" "-e" "RUSTDOCFLAGS=--cap-lints=forbid" "-e" "CARGO_HOME=/opt/rustwide/cargo-home" "-e" "RUSTUP_HOME=/opt/rustwide/rustup-home" "-w" "/opt/rustwide/workdir" "-m" "1610612736" "--user" "0:0" "--network" "none" "ghcr.io/rust-lang/crates-build-env/linux@sha256:4a844ea9eb2546a2d2c7022eacef16ef2e8229c7fbb2c7d4d55a9ceca922f72d" "/opt/rustwide/cargo-home/bin/cargo" "+nightly-2024-10-28" "build" "--frozen" "--message-format=json", kill_on_drop: false }`
[INFO] [stdout] 76997eca16039923ffdfba1dc5b36ef4292e932efd40f1c15ce397854a1f9aeb
[INFO] running `Command { std: "docker" "start" "-a" "76997eca16039923ffdfba1dc5b36ef4292e932efd40f1c15ce397854a1f9aeb", kill_on_drop: false }`
[INFO] [stderr]    Compiling safe-proc-macro2 v1.0.67
[INFO] [stderr]    Compiling unicode-ident v1.0.13
[INFO] [stderr]    Compiling safe-quote v1.0.15 (/opt/rustwide/workdir)
[INFO] [stderr]     Finished `dev` profile [unoptimized + debuginfo] target(s) in 1.26s
[INFO] running `Command { std: "docker" "inspect" "76997eca16039923ffdfba1dc5b36ef4292e932efd40f1c15ce397854a1f9aeb", kill_on_drop: false }`
[INFO] running `Command { std: "docker" "rm" "-f" "76997eca16039923ffdfba1dc5b36ef4292e932efd40f1c15ce397854a1f9aeb", kill_on_drop: false }`
[INFO] [stdout] 76997eca16039923ffdfba1dc5b36ef4292e932efd40f1c15ce397854a1f9aeb
[INFO] running `Command { std: "docker" "create" "-v" "/var/lib/crater-agent-workspace/builds/worker-1-tc1/target:/opt/rustwide/target:rw,Z" "-v" "/var/lib/crater-agent-workspace/builds/worker-1-tc1/source:/opt/rustwide/workdir:ro,Z" "-v" "/var/lib/crater-agent-workspace/cargo-home:/opt/rustwide/cargo-home:ro,Z" "-v" "/var/lib/crater-agent-workspace/rustup-home:/opt/rustwide/rustup-home:ro,Z" "-e" "SOURCE_DIR=/opt/rustwide/workdir" "-e" "CARGO_TARGET_DIR=/opt/rustwide/target" "-e" "CARGO_INCREMENTAL=0" "-e" "RUST_BACKTRACE=full" "-e" "RUSTFLAGS=--cap-lints=forbid" "-e" "RUSTDOCFLAGS=--cap-lints=forbid" "-e" "CARGO_HOME=/opt/rustwide/cargo-home" "-e" "RUSTUP_HOME=/opt/rustwide/rustup-home" "-w" "/opt/rustwide/workdir" "-m" "1610612736" "--user" "0:0" "--network" "none" "ghcr.io/rust-lang/crates-build-env/linux@sha256:4a844ea9eb2546a2d2c7022eacef16ef2e8229c7fbb2c7d4d55a9ceca922f72d" "/opt/rustwide/cargo-home/bin/cargo" "+nightly-2024-10-28" "test" "--frozen" "--no-run" "--message-format=json", kill_on_drop: false }`
[INFO] [stdout] b1f463511c77c9fe3055a7ec861e957d2fc8c03c44d22ca5175cd0967b81d621
[INFO] running `Command { std: "docker" "start" "-a" "b1f463511c77c9fe3055a7ec861e957d2fc8c03c44d22ca5175cd0967b81d621", kill_on_drop: false }`
[INFO] [stderr]    Compiling serde v1.0.214
[INFO] [stderr]    Compiling winnow v0.6.20
[INFO] [stderr]    Compiling target-triple v0.1.3
[INFO] [stderr]    Compiling memchr v2.7.4
[INFO] [stderr]    Compiling proc-macro2 v1.0.89
[INFO] [stderr]    Compiling rustversion v1.0.18
[INFO] [stderr]    Compiling dissimilar v1.0.9
[INFO] [stderr]    Compiling termcolor v1.4.1
[INFO] [stderr]    Compiling glob v0.3.1
[INFO] [stderr]    Compiling quote v1.0.37
[INFO] [stderr]    Compiling syn v2.0.86
[INFO] [stderr]    Compiling serde_derive v1.0.214
[INFO] [stderr]    Compiling toml_datetime v0.6.8
[INFO] [stderr]    Compiling serde_spanned v0.6.8
[INFO] [stderr]    Compiling serde_json v1.0.132
[INFO] [stderr]    Compiling toml_edit v0.22.22
[INFO] [stderr]    Compiling toml v0.8.19
[INFO] [stderr]    Compiling trybuild v1.0.101
[INFO] [stderr]    Compiling safe-quote v1.0.15 (/opt/rustwide/workdir)
[INFO] [stderr]     Finished `test` profile [unoptimized + debuginfo] target(s) in 13.42s
[INFO] running `Command { std: "docker" "inspect" "b1f463511c77c9fe3055a7ec861e957d2fc8c03c44d22ca5175cd0967b81d621", kill_on_drop: false }`
[INFO] running `Command { std: "docker" "rm" "-f" "b1f463511c77c9fe3055a7ec861e957d2fc8c03c44d22ca5175cd0967b81d621", kill_on_drop: false }`
[INFO] [stdout] b1f463511c77c9fe3055a7ec861e957d2fc8c03c44d22ca5175cd0967b81d621
[INFO] running `Command { std: "docker" "create" "-v" "/var/lib/crater-agent-workspace/builds/worker-1-tc1/target:/opt/rustwide/target:rw,Z" "-v" "/var/lib/crater-agent-workspace/builds/worker-1-tc1/source:/opt/rustwide/workdir:ro,Z" "-v" "/var/lib/crater-agent-workspace/cargo-home:/opt/rustwide/cargo-home:ro,Z" "-v" "/var/lib/crater-agent-workspace/rustup-home:/opt/rustwide/rustup-home:ro,Z" "-e" "SOURCE_DIR=/opt/rustwide/workdir" "-e" "CARGO_TARGET_DIR=/opt/rustwide/target" "-e" "CARGO_INCREMENTAL=0" "-e" "RUST_BACKTRACE=full" "-e" "RUSTFLAGS=--cap-lints=forbid" "-e" "RUSTDOCFLAGS=--cap-lints=forbid" "-e" "CARGO_HOME=/opt/rustwide/cargo-home" "-e" "RUSTUP_HOME=/opt/rustwide/rustup-home" "-w" "/opt/rustwide/workdir" "-m" "1610612736" "--user" "0:0" "--network" "none" "ghcr.io/rust-lang/crates-build-env/linux@sha256:4a844ea9eb2546a2d2c7022eacef16ef2e8229c7fbb2c7d4d55a9ceca922f72d" "/opt/rustwide/cargo-home/bin/cargo" "+nightly-2024-10-28" "test" "--frozen", kill_on_drop: false }`
[INFO] [stdout] 4cb491f8f51db19226c885a6a73d8e1dc44352cbdd7b90aecaad0eeca6240a46
[INFO] running `Command { std: "docker" "start" "-a" "4cb491f8f51db19226c885a6a73d8e1dc44352cbdd7b90aecaad0eeca6240a46", kill_on_drop: false }`
[INFO] [stderr]     Finished `test` profile [unoptimized + debuginfo] target(s) in 0.04s
[INFO] [stderr]      Running unittests src/lib.rs (/opt/rustwide/target/debug/deps/safe_quote-531ae4c290801cf1)
[INFO] [stdout] 
[INFO] [stdout] running 0 tests
[INFO] [stdout] 
[INFO] [stdout] test result: ok. 0 passed; 0 failed; 0 ignored; 0 measured; 0 filtered out; finished in 0.00s
[INFO] [stdout] 
[INFO] [stderr]      Running tests/compiletest.rs (/opt/rustwide/target/debug/deps/compiletest-b7c3bcd2400e4e9a)
[INFO] [stdout] 
[INFO] [stdout] running 1 test
[INFO] [stderr]    Compiling safe-proc-macro2 v1.0.67
[INFO] [stderr]     Checking unicode-ident v1.0.13
[INFO] [stderr]    Compiling rustversion v1.0.18
[INFO] [stderr]     Checking safe-quote v1.0.15 (/opt/rustwide/workdir)
[INFO] [stderr]     Checking safe-quote-tests v0.0.0 (/opt/rustwide/target/tests/trybuild/safe-quote)
[INFO] [stderr]     Finished `dev` profile [unoptimized + debuginfo] target(s) in 0.92s
[INFO] [stderr] 
[INFO] [stderr] 
[INFO] [stderr] test tests/ui/does-not-have-iter-interpolated-dup.rs ... mismatch
[INFO] [stderr] 
[INFO] [stderr] EXPECTED:
[INFO] [stderr] ┈┈┈┈┈┈┈┈┈┈┈┈┈┈┈┈┈┈┈┈┈┈┈┈┈┈┈┈┈┈┈┈┈┈┈┈┈┈┈┈┈┈┈┈┈┈┈┈┈┈┈┈┈┈┈┈┈┈┈┈
[INFO] [stderr] error[E0308]: mismatched types
[INFO] [stderr]  --> tests/ui/does-not-have-iter-interpolated-dup.rs:8:5
[INFO] [stderr]   |
[INFO] [stderr] 8 |     quote!(#(#nonrep #nonrep)*);
[INFO] [stderr]   |     ^^^^^^^^^^^^^^^^^^^^^^^^^^^
[INFO] [stderr]   |     |
[INFO] [stderr]   |     expected struct `HasIterator`, found struct `ThereIsNoIteratorInRepetition`
[INFO] [stderr]   |     expected due to this
[INFO] [stderr]   |
[INFO] [stderr]   = note: this error originates in the macro `$crate::quote_token_with_context` (in Nightly builds, run with -Z macro-backtrace for more info)
[INFO] [stderr] ┈┈┈┈┈┈┈┈┈┈┈┈┈┈┈┈┈┈┈┈┈┈┈┈┈┈┈┈┈┈┈┈┈┈┈┈┈┈┈┈┈┈┈┈┈┈┈┈┈┈┈┈┈┈┈┈┈┈┈┈
[INFO] [stderr] 
[INFO] [stderr] ACTUAL OUTPUT:
[INFO] [stderr] ┈┈┈┈┈┈┈┈┈┈┈┈┈┈┈┈┈┈┈┈┈┈┈┈┈┈┈┈┈┈┈┈┈┈┈┈┈┈┈┈┈┈┈┈┈┈┈┈┈┈┈┈┈┈┈┈┈┈┈┈
[INFO] [stderr] error[E0308]: mismatched types
[INFO] [stderr]  --> tests/ui/does-not-have-iter-interpolated-dup.rs:8:5
[INFO] [stderr]   |
[INFO] [stderr] 8 |     quote!(#(#nonrep #nonrep)*);
[INFO] [stderr]   |     ^^^^^^^^^^^^^^^^^^^^^^^^^^^
[INFO] [stderr]   |     |
[INFO] [stderr]   |     expected `HasIterator`, found `ThereIsNoIteratorInRepetition`
[INFO] [stderr]   |     expected due to this
[INFO] [stderr]   |     here the type of `has_iter` is inferred to be `ThereIsNoIteratorInRepetition`
[INFO] [stderr]   |
[INFO] [stderr]   = note: this error originates in the macro `$crate::quote_token_with_context` which comes from the expansion of the macro `quote` (in Nightly builds, run with -Z macro-backtrace for more info)
[INFO] [stderr] ┈┈┈┈┈┈┈┈┈┈┈┈┈┈┈┈┈┈┈┈┈┈┈┈┈┈┈┈┈┈┈┈┈┈┈┈┈┈┈┈┈┈┈┈┈┈┈┈┈┈┈┈┈┈┈┈┈┈┈┈
[INFO] [stderr] note: If the actual output is the correct output you can bless it by rerunning
[INFO] [stderr]       your test with the environment variable TRYBUILD=overwrite
[INFO] [stderr] 
[INFO] [stderr] test tests/ui/does-not-have-iter-interpolated.rs ... mismatch
[INFO] [stderr] 
[INFO] [stderr] EXPECTED:
[INFO] [stderr] ┈┈┈┈┈┈┈┈┈┈┈┈┈┈┈┈┈┈┈┈┈┈┈┈┈┈┈┈┈┈┈┈┈┈┈┈┈┈┈┈┈┈┈┈┈┈┈┈┈┈┈┈┈┈┈┈┈┈┈┈
[INFO] [stderr] error[E0308]: mismatched types
[INFO] [stderr]  --> tests/ui/does-not-have-iter-interpolated.rs:8:5
[INFO] [stderr]   |
[INFO] [stderr] 8 |     quote!(#(#nonrep)*);
[INFO] [stderr]   |     ^^^^^^^^^^^^^^^^^^^
[INFO] [stderr]   |     |
[INFO] [stderr]   |     expected struct `HasIterator`, found struct `ThereIsNoIteratorInRepetition`
[INFO] [stderr]   |     expected due to this
[INFO] [stderr]   |
[INFO] [stderr]   = note: this error originates in the macro `$crate::quote_token_with_context` (in Nightly builds, run with -Z macro-backtrace for more info)
[INFO] [stderr] ┈┈┈┈┈┈┈┈┈┈┈┈┈┈┈┈┈┈┈┈┈┈┈┈┈┈┈┈┈┈┈┈┈┈┈┈┈┈┈┈┈┈┈┈┈┈┈┈┈┈┈┈┈┈┈┈┈┈┈┈
[INFO] [stderr] 
[INFO] [stderr] ACTUAL OUTPUT:
[INFO] [stderr] ┈┈┈┈┈┈┈┈┈┈┈┈┈┈┈┈┈┈┈┈┈┈┈┈┈┈┈┈┈┈┈┈┈┈┈┈┈┈┈┈┈┈┈┈┈┈┈┈┈┈┈┈┈┈┈┈┈┈┈┈
[INFO] [stderr] error[E0308]: mismatched types
[INFO] [stderr]  --> tests/ui/does-not-have-iter-interpolated.rs:8:5
[INFO] [stderr]   |
[INFO] [stderr] 8 |     quote!(#(#nonrep)*);
[INFO] [stderr]   |     ^^^^^^^^^^^^^^^^^^^
[INFO] [stderr]   |     |
[INFO] [stderr]   |     expected `HasIterator`, found `ThereIsNoIteratorInRepetition`
[INFO] [stderr]   |     expected due to this
[INFO] [stderr]   |     here the type of `has_iter` is inferred to be `ThereIsNoIteratorInRepetition`
[INFO] [stderr]   |
[INFO] [stderr]   = note: this error originates in the macro `$crate::quote_token_with_context` which comes from the expansion of the macro `quote` (in Nightly builds, run with -Z macro-backtrace for more info)
[INFO] [stderr] ┈┈┈┈┈┈┈┈┈┈┈┈┈┈┈┈┈┈┈┈┈┈┈┈┈┈┈┈┈┈┈┈┈┈┈┈┈┈┈┈┈┈┈┈┈┈┈┈┈┈┈┈┈┈┈┈┈┈┈┈
[INFO] [stderr] note: If the actual output is the correct output you can bless it by rerunning
[INFO] [stderr]       your test with the environment variable TRYBUILD=overwrite
[INFO] [stderr] 
[INFO] [stderr] test tests/ui/does-not-have-iter-separated.rs ... mismatch
[INFO] [stderr] 
[INFO] [stderr] EXPECTED:
[INFO] [stderr] ┈┈┈┈┈┈┈┈┈┈┈┈┈┈┈┈┈┈┈┈┈┈┈┈┈┈┈┈┈┈┈┈┈┈┈┈┈┈┈┈┈┈┈┈┈┈┈┈┈┈┈┈┈┈┈┈┈┈┈┈
[INFO] [stderr] error[E0308]: mismatched types
[INFO] [stderr]  --> tests/ui/does-not-have-iter-separated.rs:4:5
[INFO] [stderr]   |
[INFO] [stderr] 4 |     quote!(#(a b),*);
[INFO] [stderr]   |     ^^^^^^^^^^^^^^^^
[INFO] [stderr]   |     |
[INFO] [stderr]   |     expected struct `HasIterator`, found struct `ThereIsNoIteratorInRepetition`
[INFO] [stderr]   |     expected due to this
[INFO] [stderr]   |
[INFO] [stderr]   = note: this error originates in the macro `$crate::quote_token_with_context` (in Nightly builds, run with -Z macro-backtrace for more info)
[INFO] [stderr] ┈┈┈┈┈┈┈┈┈┈┈┈┈┈┈┈┈┈┈┈┈┈┈┈┈┈┈┈┈┈┈┈┈┈┈┈┈┈┈┈┈┈┈┈┈┈┈┈┈┈┈┈┈┈┈┈┈┈┈┈
[INFO] [stderr] 
[INFO] [stderr] ACTUAL OUTPUT:
[INFO] [stderr] ┈┈┈┈┈┈┈┈┈┈┈┈┈┈┈┈┈┈┈┈┈┈┈┈┈┈┈┈┈┈┈┈┈┈┈┈┈┈┈┈┈┈┈┈┈┈┈┈┈┈┈┈┈┈┈┈┈┈┈┈
[INFO] [stderr] error[E0308]: mismatched types
[INFO] [stderr]  --> tests/ui/does-not-have-iter-separated.rs:4:5
[INFO] [stderr]   |
[INFO] [stderr] 4 |     quote!(#(a b),*);
[INFO] [stderr]   |     ^^^^^^^^^^^^^^^^
[INFO] [stderr]   |     |
[INFO] [stderr]   |     expected `HasIterator`, found `ThereIsNoIteratorInRepetition`
[INFO] [stderr]   |     expected due to this
[INFO] [stderr]   |
[INFO] [stderr]   = note: this error originates in the macro `$crate::quote_token_with_context` which comes from the expansion of the macro `quote` (in Nightly builds, run with -Z macro-backtrace for more info)
[INFO] [stderr] ┈┈┈┈┈┈┈┈┈┈┈┈┈┈┈┈┈┈┈┈┈┈┈┈┈┈┈┈┈┈┈┈┈┈┈┈┈┈┈┈┈┈┈┈┈┈┈┈┈┈┈┈┈┈┈┈┈┈┈┈
[INFO] [stderr] note: If the actual output is the correct output you can bless it by rerunning
[INFO] [stderr]       your test with the environment variable TRYBUILD=overwrite
[INFO] [stderr] 
[INFO] [stderr] test tests/ui/does-not-have-iter.rs ... mismatch
[INFO] [stderr] 
[INFO] [stderr] EXPECTED:
[INFO] [stderr] ┈┈┈┈┈┈┈┈┈┈┈┈┈┈┈┈┈┈┈┈┈┈┈┈┈┈┈┈┈┈┈┈┈┈┈┈┈┈┈┈┈┈┈┈┈┈┈┈┈┈┈┈┈┈┈┈┈┈┈┈
[INFO] [stderr] error[E0308]: mismatched types
[INFO] [stderr]  --> tests/ui/does-not-have-iter.rs:4:5
[INFO] [stderr]   |
[INFO] [stderr] 4 |     quote!(#(a b)*);
[INFO] [stderr]   |     ^^^^^^^^^^^^^^^
[INFO] [stderr]   |     |
[INFO] [stderr]   |     expected struct `HasIterator`, found struct `ThereIsNoIteratorInRepetition`
[INFO] [stderr]   |     expected due to this
[INFO] [stderr]   |
[INFO] [stderr]   = note: this error originates in the macro `$crate::quote_token_with_context` (in Nightly builds, run with -Z macro-backtrace for more info)
[INFO] [stderr] ┈┈┈┈┈┈┈┈┈┈┈┈┈┈┈┈┈┈┈┈┈┈┈┈┈┈┈┈┈┈┈┈┈┈┈┈┈┈┈┈┈┈┈┈┈┈┈┈┈┈┈┈┈┈┈┈┈┈┈┈
[INFO] [stderr] 
[INFO] [stderr] ACTUAL OUTPUT:
[INFO] [stderr] ┈┈┈┈┈┈┈┈┈┈┈┈┈┈┈┈┈┈┈┈┈┈┈┈┈┈┈┈┈┈┈┈┈┈┈┈┈┈┈┈┈┈┈┈┈┈┈┈┈┈┈┈┈┈┈┈┈┈┈┈
[INFO] [stderr] error[E0308]: mismatched types
[INFO] [stderr]  --> tests/ui/does-not-have-iter.rs:4:5
[INFO] [stderr]   |
[INFO] [stderr] 4 |     quote!(#(a b)*);
[INFO] [stderr]   |     ^^^^^^^^^^^^^^^
[INFO] [stderr]   |     |
[INFO] [stderr]   |     expected `HasIterator`, found `ThereIsNoIteratorInRepetition`
[INFO] [stderr]   |     expected due to this
[INFO] [stderr]   |
[INFO] [stderr]   = note: this error originates in the macro `$crate::quote_token_with_context` which comes from the expansion of the macro `quote` (in Nightly builds, run with -Z macro-backtrace for more info)
[INFO] [stderr] ┈┈┈┈┈┈┈┈┈┈┈┈┈┈┈┈┈┈┈┈┈┈┈┈┈┈┈┈┈┈┈┈┈┈┈┈┈┈┈┈┈┈┈┈┈┈┈┈┈┈┈┈┈┈┈┈┈┈┈┈
[INFO] [stderr] note: If the actual output is the correct output you can bless it by rerunning
[INFO] [stderr]       your test with the environment variable TRYBUILD=overwrite
[INFO] [stderr] 
[INFO] [stderr] test tests/ui/not-quotable.rs ... mismatch
[INFO] [stderr] 
[INFO] [stderr] EXPECTED:
[INFO] [stderr] ┈┈┈┈┈┈┈┈┈┈┈┈┈┈┈┈┈┈┈┈┈┈┈┈┈┈┈┈┈┈┈┈┈┈┈┈┈┈┈┈┈┈┈┈┈┈┈┈┈┈┈┈┈┈┈┈┈┈┈┈
[INFO] [stderr] error[E0277]: the trait bound `Ipv4Addr: ToTokens` is not satisfied
[INFO] [stderr]  --> tests/ui/not-quotable.rs:6:13
[INFO] [stderr]   |
[INFO] [stderr] 6 |     let _ = quote! { #ip };
[INFO] [stderr]   |             ^^^^^^^^^^^^^^ the trait `ToTokens` is not implemented for `Ipv4Addr`
[INFO] [stderr]   |
[INFO] [stderr]   = note: this error originates in the macro `$crate::quote_token_with_context` (in Nightly builds, run with -Z macro-backtrace for more info)
[INFO] [stderr] ┈┈┈┈┈┈┈┈┈┈┈┈┈┈┈┈┈┈┈┈┈┈┈┈┈┈┈┈┈┈┈┈┈┈┈┈┈┈┈┈┈┈┈┈┈┈┈┈┈┈┈┈┈┈┈┈┈┈┈┈
[INFO] [stderr] 
[INFO] [stderr] ACTUAL OUTPUT:
[INFO] [stderr] ┈┈┈┈┈┈┈┈┈┈┈┈┈┈┈┈┈┈┈┈┈┈┈┈┈┈┈┈┈┈┈┈┈┈┈┈┈┈┈┈┈┈┈┈┈┈┈┈┈┈┈┈┈┈┈┈┈┈┈┈
[INFO] [stderr] error[E0277]: the trait bound `Ipv4Addr: ToTokens` is not satisfied
[INFO] [stderr]  --> tests/ui/not-quotable.rs:6:13
[INFO] [stderr]   |
[INFO] [stderr] 6 |     let _ = quote! { #ip };
[INFO] [stderr]   |             ^^^^^^^^^^^^^^
[INFO] [stderr]   |             |
[INFO] [stderr]   |             the trait `ToTokens` is not implemented for `Ipv4Addr`
[INFO] [stderr]   |             required by a bound introduced by this call
[INFO] [stderr]   |
[INFO] [stderr]   = help: the following other types implement trait `ToTokens`:
[INFO] [stderr]             &'a T
[INFO] [stderr]             &'a mut T
[INFO] [stderr]             Box<T>
[INFO] [stderr]             Cow<'a, T>
[INFO] [stderr]             Option<T>
[INFO] [stderr]             Rc<T>
[INFO] [stderr]             RepInterp<T>
[INFO] [stderr]             String
[INFO] [stderr]           and $N others
[INFO] [stderr]   = note: this error originates in the macro `$crate::quote_token_with_context` which comes from the expansion of the macro `quote` (in Nightly builds, run with -Z macro-backtrace for more info)
[INFO] [stderr] ┈┈┈┈┈┈┈┈┈┈┈┈┈┈┈┈┈┈┈┈┈┈┈┈┈┈┈┈┈┈┈┈┈┈┈┈┈┈┈┈┈┈┈┈┈┈┈┈┈┈┈┈┈┈┈┈┈┈┈┈
[INFO] [stderr] note: If the actual output is the correct output you can bless it by rerunning
[INFO] [stderr]       your test with the environment variable TRYBUILD=overwrite
[INFO] [stderr] 
[INFO] [stderr] test tests/ui/not-repeatable.rs ... mismatch
[INFO] [stderr] 
[INFO] [stderr] EXPECTED:
[INFO] [stderr] ┈┈┈┈┈┈┈┈┈┈┈┈┈┈┈┈┈┈┈┈┈┈┈┈┈┈┈┈┈┈┈┈┈┈┈┈┈┈┈┈┈┈┈┈┈┈┈┈┈┈┈┈┈┈┈┈┈┈┈┈
[INFO] [stderr] error[E0599]: the method `quote_into_iter` exists for struct `Ipv4Addr`, but its trait bounds were not satisfied
[INFO] [stderr]     --> tests/ui/not-repeatable.rs:7:13
[INFO] [stderr]      |
[INFO] [stderr] 3    | struct Ipv4Addr;
[INFO] [stderr]      | ----------------
[INFO] [stderr]      | |
[INFO] [stderr]      | method `quote_into_iter` not found for this
[INFO] [stderr]      | doesn't satisfy `Ipv4Addr: Iterator`
[INFO] [stderr]      | doesn't satisfy `Ipv4Addr: ToTokens`
[INFO] [stderr]      | doesn't satisfy `Ipv4Addr: safe_quote::__private::ext::RepIteratorExt`
[INFO] [stderr]      | doesn't satisfy `Ipv4Addr: safe_quote::__private::ext::RepToTokensExt`
[INFO] [stderr] ...
[INFO] [stderr] 7    |     let _ = quote! { #(#ip)* };
[INFO] [stderr]      |             ^^^^^^^^^^^^^^^^^^ method cannot be called on `Ipv4Addr` due to unsatisfied trait bounds
[INFO] [stderr]      |
[INFO] [stderr]      = note: the following trait bounds were not satisfied:
[INFO] [stderr]              `Ipv4Addr: Iterator`
[INFO] [stderr]              which is required by `Ipv4Addr: safe_quote::__private::ext::RepIteratorExt`
[INFO] [stderr]              `&Ipv4Addr: Iterator`
[INFO] [stderr]              which is required by `&Ipv4Addr: safe_quote::__private::ext::RepIteratorExt`
[INFO] [stderr]              `Ipv4Addr: ToTokens`
[INFO] [stderr]              which is required by `Ipv4Addr: safe_quote::__private::ext::RepToTokensExt`
[INFO] [stderr]              `&mut Ipv4Addr: Iterator`
[INFO] [stderr]              which is required by `&mut Ipv4Addr: safe_quote::__private::ext::RepIteratorExt`
[INFO] [stderr] note: the following traits must be implemented
[INFO] [stderr]     --> $RUST/core/src/iter/traits/iterator.rs
[INFO] [stderr]      |
[INFO] [stderr]      | /  pub trait Iterator {
[INFO] [stderr]      | |      /// The type of the elements being iterated over.
[INFO] [stderr]      | |      #[stable(feature = "rust1", since = "1.0.0")]
[INFO] [stderr]      | |      type Item;
[INFO] [stderr] ...    |
[INFO] [stderr]      | |      }
[INFO] [stderr]      | |  }
[INFO] [stderr]      | |__^
[INFO] [stderr]      |
[INFO] [stderr]     ::: src/to_tokens.rs
[INFO] [stderr]      |
[INFO] [stderr]      |  / pub trait ToTokens {
[INFO] [stderr]      |  |     /// Write `self` to the given `TokenStream`.
[INFO] [stderr]      |  |     ///
[INFO] [stderr]      |  |     /// The token append methods provided by the [`TokenStreamExt`] extension
[INFO] [stderr] ...     |
[INFO] [stderr]      |  |     }
[INFO] [stderr]      |  | }
[INFO] [stderr]      |  |_^
[INFO] [stderr]      = note: this error originates in the macro `$crate::quote_bind_into_iter` (in Nightly builds, run with -Z macro-backtrace for more info)
[INFO] [stderr] ┈┈┈┈┈┈┈┈┈┈┈┈┈┈┈┈┈┈┈┈┈┈┈┈┈┈┈┈┈┈┈┈┈┈┈┈┈┈┈┈┈┈┈┈┈┈┈┈┈┈┈┈┈┈┈┈┈┈┈┈
[INFO] [stderr] 
[INFO] [stderr] ACTUAL OUTPUT:
[INFO] [stderr] ┈┈┈┈┈┈┈┈┈┈┈┈┈┈┈┈┈┈┈┈┈┈┈┈┈┈┈┈┈┈┈┈┈┈┈┈┈┈┈┈┈┈┈┈┈┈┈┈┈┈┈┈┈┈┈┈┈┈┈┈
[INFO] [stderr] error[E0599]: the method `quote_into_iter` exists for struct `Ipv4Addr`, but its trait bounds were not satisfied
[INFO] [stderr]  --> tests/ui/not-repeatable.rs:7:13
[INFO] [stderr]   |
[INFO] [stderr] 3 | struct Ipv4Addr;
[INFO] [stderr]   | --------------- method `quote_into_iter` not found for this struct because it doesn't satisfy `Ipv4Addr: Iterator`, `Ipv4Addr: ToTokens`, `Ipv4Addr: ext::RepIteratorExt` or `Ipv4Addr: ext::RepToTokensExt`
[INFO] [stderr] ...
[INFO] [stderr] 7 |     let _ = quote! { #(#ip)* };
[INFO] [stderr]   |             ^^^^^^^^^^^^^^^^^^ method cannot be called on `Ipv4Addr` due to unsatisfied trait bounds
[INFO] [stderr]   |
[INFO] [stderr]   = note: the following trait bounds were not satisfied:
[INFO] [stderr]           `Ipv4Addr: Iterator`
[INFO] [stderr]           which is required by `Ipv4Addr: ext::RepIteratorExt`
[INFO] [stderr]           `&Ipv4Addr: Iterator`
[INFO] [stderr]           which is required by `&Ipv4Addr: ext::RepIteratorExt`
[INFO] [stderr]           `Ipv4Addr: ToTokens`
[INFO] [stderr]           which is required by `Ipv4Addr: ext::RepToTokensExt`
[INFO] [stderr]           `&mut Ipv4Addr: Iterator`
[INFO] [stderr]           which is required by `&mut Ipv4Addr: ext::RepIteratorExt`
[INFO] [stderr] note: the traits `Iterator` and `ToTokens` must be implemented
[INFO] [stderr]  --> src/to_tokens.rs
[INFO] [stderr]   |
[INFO] [stderr]   | pub trait ToTokens {
[INFO] [stderr]   | ^^^^^^^^^^^^^^^^^^
[INFO] [stderr]  --> $RUST/core/src/iter/traits/iterator.rs
[INFO] [stderr]   = help: items from traits can only be used if the trait is implemented and in scope
[INFO] [stderr]   = note: the following traits define an item `quote_into_iter`, perhaps you need to implement one of them:
[INFO] [stderr]           candidate #1: `ext::RepAsIteratorExt`
[INFO] [stderr]           candidate #2: `ext::RepIteratorExt`
[INFO] [stderr]           candidate #3: `ext::RepToTokensExt`
[INFO] [stderr]   = note: this error originates in the macro `$crate::quote_bind_into_iter` which comes from the expansion of the macro `quote` (in Nightly builds, run with -Z macro-backtrace for more info)
[INFO] [stderr] ┈┈┈┈┈┈┈┈┈┈┈┈┈┈┈┈┈┈┈┈┈┈┈┈┈┈┈┈┈┈┈┈┈┈┈┈┈┈┈┈┈┈┈┈┈┈┈┈┈┈┈┈┈┈┈┈┈┈┈┈
[INFO] [stderr] note: If the actual output is the correct output you can bless it by rerunning
[INFO] [stderr]       your test with the environment variable TRYBUILD=overwrite
[INFO] [stderr] 
[INFO] [stderr] test tests/ui/wrong-type-span.rs ... mismatch
[INFO] [stderr] 
[INFO] [stderr] EXPECTED:
[INFO] [stderr] ┈┈┈┈┈┈┈┈┈┈┈┈┈┈┈┈┈┈┈┈┈┈┈┈┈┈┈┈┈┈┈┈┈┈┈┈┈┈┈┈┈┈┈┈┈┈┈┈┈┈┈┈┈┈┈┈┈┈┈┈
[INFO] [stderr] error[E0308]: mismatched types
[INFO] [stderr]  --> tests/ui/wrong-type-span.rs:6:20
[INFO] [stderr]   |
[INFO] [stderr] 6 |     quote_spanned!(span=> #x);
[INFO] [stderr]   |     ---------------^^^^------
[INFO] [stderr]   |     |              |
[INFO] [stderr]   |     |              expected struct `Span`, found `&str`
[INFO] [stderr]   |     expected due to this
[INFO] [stderr] ┈┈┈┈┈┈┈┈┈┈┈┈┈┈┈┈┈┈┈┈┈┈┈┈┈┈┈┈┈┈┈┈┈┈┈┈┈┈┈┈┈┈┈┈┈┈┈┈┈┈┈┈┈┈┈┈┈┈┈┈
[INFO] [stderr] 
[INFO] [stderr] ACTUAL OUTPUT:
[INFO] [stderr] ┈┈┈┈┈┈┈┈┈┈┈┈┈┈┈┈┈┈┈┈┈┈┈┈┈┈┈┈┈┈┈┈┈┈┈┈┈┈┈┈┈┈┈┈┈┈┈┈┈┈┈┈┈┈┈┈┈┈┈┈
[INFO] [stderr] error[E0308]: mismatched types
[INFO] [stderr]  --> tests/ui/wrong-type-span.rs:6:20
[INFO] [stderr]   |
[INFO] [stderr] 6 |     quote_spanned!(span=> #x);
[INFO] [stderr]   |     ---------------^^^^------
[INFO] [stderr]   |     |              |
[INFO] [stderr]   |     |              expected `Span`, found `&str`
[INFO] [stderr]   |     expected due to this
[INFO] [stderr] ┈┈┈┈┈┈┈┈┈┈┈┈┈┈┈┈┈┈┈┈┈┈┈┈┈┈┈┈┈┈┈┈┈┈┈┈┈┈┈┈┈┈┈┈┈┈┈┈┈┈┈┈┈┈┈┈┈┈┈┈
[INFO] [stderr] note: If the actual output is the correct output you can bless it by rerunning
[INFO] [stderr]       your test with the environment variable TRYBUILD=overwrite
[INFO] [stderr] 
[INFO] [stderr] 
[INFO] [stderr] 
[INFO] [stdout] test ui ... FAILED
[INFO] [stdout] 
[INFO] [stdout] failures:
[INFO] [stdout] 
[INFO] [stdout] ---- ui stdout ----
[INFO] [stdout] thread 'ui' panicked at /opt/rustwide/cargo-home/registry/src/index.crates.io-6f17d22bba15001f/trybuild-1.0.101/src/run.rs:101:13:
[INFO] [stdout] 7 of 7 tests failed
[INFO] [stdout] stack backtrace:
[INFO] [stdout]    0:     0x56264b31ec9a - std::backtrace_rs::backtrace::libunwind::trace::h207520d6e9873551
[INFO] [stdout]                                at /rustc/df4ca44d3fbc9301ee17f30f4d474e6ae4b05252/library/std/src/../../backtrace/src/backtrace/libunwind.rs:116:5
[INFO] [stdout]    1:     0x56264b31ec9a - std::backtrace_rs::backtrace::trace_unsynchronized::h2ed7433f370e3eca
[INFO] [stdout]                                at /rustc/df4ca44d3fbc9301ee17f30f4d474e6ae4b05252/library/std/src/../../backtrace/src/backtrace/mod.rs:66:5
[INFO] [stdout]    2:     0x56264b31ec9a - std::sys::backtrace::_print_fmt::h916fac51166b18d7
[INFO] [stdout]                                at /rustc/df4ca44d3fbc9301ee17f30f4d474e6ae4b05252/library/std/src/sys/backtrace.rs:66:9
[INFO] [stdout]    3:     0x56264b31ec9a - <std::sys::backtrace::BacktraceLock::print::DisplayBacktrace as core::fmt::Display>::fmt::ha0a4c9b8ce3802e6
[INFO] [stdout]                                at /rustc/df4ca44d3fbc9301ee17f30f4d474e6ae4b05252/library/std/src/sys/backtrace.rs:39:26
[INFO] [stdout]    4:     0x56264b349163 - core::fmt::rt::Argument::fmt::h4cfc8587d52b3eb5
[INFO] [stdout]                                at /rustc/df4ca44d3fbc9301ee17f30f4d474e6ae4b05252/library/core/src/fmt/rt.rs:177:76
[INFO] [stdout]    5:     0x56264b349163 - core::fmt::write::h522cc39e5b36ae9f
[INFO] [stdout]                                at /rustc/df4ca44d3fbc9301ee17f30f4d474e6ae4b05252/library/core/src/fmt/mod.rs:1190:21
[INFO] [stdout]    6:     0x56264b31acd3 - std::io::Write::write_fmt::h7d3c26752da97734
[INFO] [stdout]                                at /rustc/df4ca44d3fbc9301ee17f30f4d474e6ae4b05252/library/std/src/io/mod.rs:1839:15
[INFO] [stdout]    7:     0x56264b31eae2 - std::sys::backtrace::BacktraceLock::print::h4b9e00b29e9c0942
[INFO] [stdout]                                at /rustc/df4ca44d3fbc9301ee17f30f4d474e6ae4b05252/library/std/src/sys/backtrace.rs:42:9
[INFO] [stdout]    8:     0x56264b32072a - std::panicking::default_hook::{{closure}}::hb59b88280d0324d9
[INFO] [stdout]                                at /rustc/df4ca44d3fbc9301ee17f30f4d474e6ae4b05252/library/std/src/panicking.rs:268:22
[INFO] [stdout]    9:     0x56264b320534 - std::panicking::default_hook::he1dd496665be4a29
[INFO] [stdout]                                at /rustc/df4ca44d3fbc9301ee17f30f4d474e6ae4b05252/library/std/src/panicking.rs:292:9
[INFO] [stdout]   10:     0x56264b2e7229 - <alloc::boxed::Box<F,A> as core::ops::function::Fn<Args>>::call::h4ff71de18744e1dc
[INFO] [stdout]                                at /rustc/df4ca44d3fbc9301ee17f30f4d474e6ae4b05252/library/alloc/src/boxed.rs:2468:9
[INFO] [stdout]   11:     0x56264b2e7229 - test::test_main::{{closure}}::hcf7c055ce117aa81
[INFO] [stdout]                                at /rustc/df4ca44d3fbc9301ee17f30f4d474e6ae4b05252/library/test/src/lib.rs:133:21
[INFO] [stdout]   12:     0x56264b320e28 - <alloc::boxed::Box<F,A> as core::ops::function::Fn<Args>>::call::h1d66c6bbd60c9692
[INFO] [stdout]                                at /rustc/df4ca44d3fbc9301ee17f30f4d474e6ae4b05252/library/alloc/src/boxed.rs:2468:9
[INFO] [stdout]   13:     0x56264b320e28 - std::panicking::rust_panic_with_hook::h2ff17fe8f26dfcf8
[INFO] [stdout]                                at /rustc/df4ca44d3fbc9301ee17f30f4d474e6ae4b05252/library/std/src/panicking.rs:809:13
[INFO] [stdout]   14:     0x56264b320bea - std::panicking::begin_panic_handler::{{closure}}::h4fad77951c07e101
[INFO] [stdout]                                at /rustc/df4ca44d3fbc9301ee17f30f4d474e6ae4b05252/library/std/src/panicking.rs:674:13
[INFO] [stdout]   15:     0x56264b31f179 - std::sys::backtrace::__rust_end_short_backtrace::hb1a25b3da5d0ea08
[INFO] [stdout]                                at /rustc/df4ca44d3fbc9301ee17f30f4d474e6ae4b05252/library/std/src/sys/backtrace.rs:170:18
[INFO] [stdout]   16:     0x56264b32087c - rust_begin_unwind
[INFO] [stdout]                                at /rustc/df4ca44d3fbc9301ee17f30f4d474e6ae4b05252/library/std/src/panicking.rs:665:5
[INFO] [stdout]   17:     0x56264b347510 - core::panicking::panic_fmt::ha9db07b529f9b256
[INFO] [stdout]                                at /rustc/df4ca44d3fbc9301ee17f30f4d474e6ae4b05252/library/core/src/panicking.rs:75:14
[INFO] [stdout]   18:     0x56264aff27df - trybuild::run::<impl trybuild::Runner>::run::h5b7a8a46c25a0fb6
[INFO] [stdout]                                at /opt/rustwide/cargo-home/registry/src/index.crates.io-6f17d22bba15001f/trybuild-1.0.101/src/run.rs:101:13
[INFO] [stdout]   19:     0x56264aff7cf8 - <trybuild::TestCases as core::ops::drop::Drop>::drop::h4a1be647ae6eae87
[INFO] [stdout]                                at /opt/rustwide/cargo-home/registry/src/index.crates.io-6f17d22bba15001f/trybuild-1.0.101/src/lib.rs:340:13
[INFO] [stdout]   20:     0x56264afe35e7 - core::ptr::drop_in_place<trybuild::TestCases>::hbf80a3045fc08d5f
[INFO] [stdout]                                at /rustc/df4ca44d3fbc9301ee17f30f4d474e6ae4b05252/library/core/src/ptr/mod.rs:521:1
[INFO] [stdout]   21:     0x56264afe3d33 - compiletest::ui::h509d20f1edc61d95
[INFO] [stdout]                                at /opt/rustwide/workdir/tests/compiletest.rs:6:1
[INFO] [stdout]   22:     0x56264afe3cc7 - compiletest::ui::{{closure}}::h2efbcc03b22be0f2
[INFO] [stdout]                                at /opt/rustwide/workdir/tests/compiletest.rs:3:8
[INFO] [stdout]   23:     0x56264afe3596 - core::ops::function::FnOnce::call_once::hedda0a1e446c07c9
[INFO] [stdout]                                at /rustc/df4ca44d3fbc9301ee17f30f4d474e6ae4b05252/library/core/src/ops/function.rs:250:5
[INFO] [stdout]   24:     0x56264b2ebafb - core::ops::function::FnOnce::call_once::h22c3ba5715e93f05
[INFO] [stdout]                                at /rustc/df4ca44d3fbc9301ee17f30f4d474e6ae4b05252/library/core/src/ops/function.rs:250:5
[INFO] [stdout]   25:     0x56264b2ebafb - test::__rust_begin_short_backtrace::h8e82d8113d0da17f
[INFO] [stdout]                                at /rustc/df4ca44d3fbc9301ee17f30f4d474e6ae4b05252/library/test/src/lib.rs:621:18
[INFO] [stdout]   26:     0x56264b2eb477 - test::run_test_in_process::{{closure}}::h33235f4f20b7b7c7
[INFO] [stdout]                                at /rustc/df4ca44d3fbc9301ee17f30f4d474e6ae4b05252/library/test/src/lib.rs:644:60
[INFO] [stdout]   27:     0x56264b2eb477 - <core::panic::unwind_safe::AssertUnwindSafe<F> as core::ops::function::FnOnce<()>>::call_once::hb5043206310c586f
[INFO] [stdout]                                at /rustc/df4ca44d3fbc9301ee17f30f4d474e6ae4b05252/library/core/src/panic/unwind_safe.rs:272:9
[INFO] [stdout]   28:     0x56264b2eb477 - std::panicking::try::do_call::h9ad4731a60ab23e2
[INFO] [stdout]                                at /rustc/df4ca44d3fbc9301ee17f30f4d474e6ae4b05252/library/std/src/panicking.rs:557:40
[INFO] [stdout]   29:     0x56264b2eb477 - std::panicking::try::h3824d23db772a716
[INFO] [stdout]                                at /rustc/df4ca44d3fbc9301ee17f30f4d474e6ae4b05252/library/std/src/panicking.rs:520:19
[INFO] [stdout]   30:     0x56264b2eb477 - std::panic::catch_unwind::h5afd514605fde46b
[INFO] [stdout]                                at /rustc/df4ca44d3fbc9301ee17f30f4d474e6ae4b05252/library/std/src/panic.rs:358:14
[INFO] [stdout]   31:     0x56264b2eb477 - test::run_test_in_process::h0d5cbfa7067d1720
[INFO] [stdout]                                at /rustc/df4ca44d3fbc9301ee17f30f4d474e6ae4b05252/library/test/src/lib.rs:644:27
[INFO] [stdout]   32:     0x56264b2eb477 - test::run_test::{{closure}}::h708eb8872708115d
[INFO] [stdout]                                at /rustc/df4ca44d3fbc9301ee17f30f4d474e6ae4b05252/library/test/src/lib.rs:565:43
[INFO] [stdout]   33:     0x56264b2aeb94 - test::run_test::{{closure}}::h392c51cee94713ab
[INFO] [stdout]                                at /rustc/df4ca44d3fbc9301ee17f30f4d474e6ae4b05252/library/test/src/lib.rs:595:41
[INFO] [stdout]   34:     0x56264b2aeb94 - std::sys::backtrace::__rust_begin_short_backtrace::h2f40290710935a8b
[INFO] [stdout]                                at /rustc/df4ca44d3fbc9301ee17f30f4d474e6ae4b05252/library/std/src/sys/backtrace.rs:154:18
[INFO] [stdout]   35:     0x56264b2b233e - std::thread::Builder::spawn_unchecked_::{{closure}}::{{closure}}::h3fd968d89053a903
[INFO] [stdout]                                at /rustc/df4ca44d3fbc9301ee17f30f4d474e6ae4b05252/library/std/src/thread/mod.rs:541:17
[INFO] [stdout]   36:     0x56264b2b233e - <core::panic::unwind_safe::AssertUnwindSafe<F> as core::ops::function::FnOnce<()>>::call_once::h743f637ba4229880
[INFO] [stdout]                                at /rustc/df4ca44d3fbc9301ee17f30f4d474e6ae4b05252/library/core/src/panic/unwind_safe.rs:272:9
[INFO] [stdout]   37:     0x56264b2b233e - std::panicking::try::do_call::h07440897322525a6
[INFO] [stdout]                                at /rustc/df4ca44d3fbc9301ee17f30f4d474e6ae4b05252/library/std/src/panicking.rs:557:40
[INFO] [stdout]   38:     0x56264b2b233e - std::panicking::try::he5a2e00188156637
[INFO] [stdout]                                at /rustc/df4ca44d3fbc9301ee17f30f4d474e6ae4b05252/library/std/src/panicking.rs:520:19
[INFO] [stdout]   39:     0x56264b2b233e - std::panic::catch_unwind::hbaf3cae49b3c6433
[INFO] [stdout]                                at /rustc/df4ca44d3fbc9301ee17f30f4d474e6ae4b05252/library/std/src/panic.rs:358:14
[INFO] [stdout]   40:     0x56264b2b233e - std::thread::Builder::spawn_unchecked_::{{closure}}::h8e141ea224820bce
[INFO] [stdout]                                at /rustc/df4ca44d3fbc9301ee17f30f4d474e6ae4b05252/library/std/src/thread/mod.rs:540:30
[INFO] [stdout]   41:     0x56264b2b233e - core::ops::function::FnOnce::call_once{{vtable.shim}}::h90d312fedd7b8ea8
[INFO] [stdout]                                at /rustc/df4ca44d3fbc9301ee17f30f4d474e6ae4b05252/library/core/src/ops/function.rs:250:5
[INFO] [stdout]   42:     0x56264b325beb - <alloc::boxed::Box<F,A> as core::ops::function::FnOnce<Args>>::call_once::h69aa08ddb6adb8b6
[INFO] [stdout]                                at /rustc/df4ca44d3fbc9301ee17f30f4d474e6ae4b05252/library/alloc/src/boxed.rs:2454:9
[INFO] [stdout]   43:     0x56264b325beb - <alloc::boxed::Box<F,A> as core::ops::function::FnOnce<Args>>::call_once::h5aa36efdb79c806f
[INFO] [stdout]                                at /rustc/df4ca44d3fbc9301ee17f30f4d474e6ae4b05252/library/alloc/src/boxed.rs:2454:9
[INFO] [stdout]   44:     0x56264b325beb - std::sys::pal::unix::thread::Thread::new::thread_start::h6cd80a1b4be5158d
[INFO] [stdout]                                at /rustc/df4ca44d3fbc9301ee17f30f4d474e6ae4b05252/library/std/src/sys/pal/unix/thread.rs:105:17
[INFO] [stdout]   45:     0x72e382e7bac3 - <unknown>
[INFO] [stdout]   46:     0x72e382f0ca04 - clone
[INFO] [stdout]   47:                0x0 - <unknown>
[INFO] [stdout] 
[INFO] [stdout] 
[INFO] [stdout] failures:
[INFO] [stdout]     ui
[INFO] [stdout] 
[INFO] [stdout] test result: FAILED. 0 passed; 1 failed; 0 ignored; 0 measured; 0 filtered out; finished in 1.17s
[INFO] [stdout] 
[INFO] [stderr] error: test failed, to rerun pass `--test compiletest`
[INFO] running `Command { std: "docker" "inspect" "4cb491f8f51db19226c885a6a73d8e1dc44352cbdd7b90aecaad0eeca6240a46", kill_on_drop: false }`
[INFO] running `Command { std: "docker" "rm" "-f" "4cb491f8f51db19226c885a6a73d8e1dc44352cbdd7b90aecaad0eeca6240a46", kill_on_drop: false }`
[INFO] [stdout] 4cb491f8f51db19226c885a6a73d8e1dc44352cbdd7b90aecaad0eeca6240a46
