[INFO] fetching crate safe-nd 0.11.7...
[INFO] testing safe-nd-0.11.7 against nightly-2024-10-28 for randomize-layout
[INFO] extracting crate safe-nd 0.11.7 into /workspace/builds/worker-3-tc1/source
[INFO] validating manifest of crates.io crate safe-nd 0.11.7 on toolchain nightly-2024-10-28
[INFO] running `Command { std: CARGO_HOME="/workspace/cargo-home" RUSTUP_HOME="/workspace/rustup-home" "/workspace/cargo-home/bin/cargo" "+nightly-2024-10-28" "metadata" "--manifest-path" "Cargo.toml" "--no-deps", kill_on_drop: false }`
[INFO] started tweaking crates.io crate safe-nd 0.11.7
[INFO] finished tweaking crates.io crate safe-nd 0.11.7
[INFO] tweaked toml for crates.io crate safe-nd 0.11.7 written to /workspace/builds/worker-3-tc1/source/Cargo.toml
[INFO] running `Command { std: CARGO_HOME="/workspace/cargo-home" RUSTUP_HOME="/workspace/rustup-home" "/workspace/cargo-home/bin/cargo" "+nightly-2024-10-28" "generate-lockfile" "--manifest-path" "Cargo.toml", kill_on_drop: false }`
[INFO] [stderr]     Updating crates.io index
[INFO] [stderr]      Locking 98 packages to latest compatible versions
[INFO] [stderr]       Adding crdts v4.3.0 (available: v7.3.2)
[INFO] [stderr]       Adding ed25519 v1.5.3 (available: v2.2.3)
[INFO] [stderr]       Adding ed25519-dalek v1.0.1 (available: v2.1.1)
[INFO] [stderr]       Adding hex v0.3.2 (available: v0.4.3)
[INFO] [stderr]       Adding multibase v0.8.0 (available: v0.9.1)
[INFO] [stderr]       Adding rand v0.7.3 (available: v0.8.5)
[INFO] [stderr]       Adding rand_xorshift v0.2.0 (available: v0.3.0)
[INFO] [stderr]       Adding sha3 v0.8.2 (available: v0.10.8)
[INFO] [stderr]       Adding signature v1.6.4 (available: v2.2.0)
[INFO] [stderr]       Adding tiny-keccak v1.5.0 (available: v2.0.2)
[INFO] [stderr]       Adding xor_name v1.3.0 (available: v5.0.0)
[INFO] [stderr]       Adding zeroize v1.3.0 (available: v1.8.1)
[INFO] running `Command { std: CARGO_HOME="/workspace/cargo-home" RUSTUP_HOME="/workspace/rustup-home" "/workspace/cargo-home/bin/cargo" "+nightly-2024-10-28" "fetch" "--manifest-path" "Cargo.toml", kill_on_drop: false }`
[INFO] [stderr]  Downloading crates ...
[INFO] [stderr]   Downloaded threshold_crypto v0.4.0
[INFO] [stderr]   Downloaded xor_name v1.3.0
[INFO] [stderr]   Downloaded ff_derive v0.6.0
[INFO] [stderr]   Downloaded group v0.6.0
[INFO] [stderr]   Downloaded multibase v0.8.0
[INFO] [stderr]   Downloaded ff v0.6.0
[INFO] [stderr]   Downloaded crdts v4.3.0
[INFO] [stderr]   Downloaded pairing v0.16.0
[INFO] running `Command { std: "docker" "create" "-v" "/var/lib/crater-agent-workspace/builds/worker-3-tc1/target:/opt/rustwide/target:rw,Z" "-v" "/var/lib/crater-agent-workspace/builds/worker-3-tc1/source:/opt/rustwide/workdir:ro,Z" "-v" "/var/lib/crater-agent-workspace/cargo-home:/opt/rustwide/cargo-home:ro,Z" "-v" "/var/lib/crater-agent-workspace/rustup-home:/opt/rustwide/rustup-home:ro,Z" "-e" "SOURCE_DIR=/opt/rustwide/workdir" "-e" "CARGO_TARGET_DIR=/opt/rustwide/target" "-e" "CARGO_HOME=/opt/rustwide/cargo-home" "-e" "RUSTUP_HOME=/opt/rustwide/rustup-home" "-w" "/opt/rustwide/workdir" "-m" "1610612736" "--user" "0:0" "--network" "none" "ghcr.io/rust-lang/crates-build-env/linux@sha256:4a844ea9eb2546a2d2c7022eacef16ef2e8229c7fbb2c7d4d55a9ceca922f72d" "/opt/rustwide/cargo-home/bin/cargo" "+nightly-2024-10-28" "metadata" "--no-deps" "--format-version=1", kill_on_drop: false }`
[INFO] [stdout] 5382681d33a2dae15350cd72cdf269d21427924e9491abbf1e0bd299d4bcc201
[INFO] running `Command { std: "docker" "start" "-a" "5382681d33a2dae15350cd72cdf269d21427924e9491abbf1e0bd299d4bcc201", kill_on_drop: false }`
[INFO] running `Command { std: "docker" "inspect" "5382681d33a2dae15350cd72cdf269d21427924e9491abbf1e0bd299d4bcc201", kill_on_drop: false }`
[INFO] running `Command { std: "docker" "rm" "-f" "5382681d33a2dae15350cd72cdf269d21427924e9491abbf1e0bd299d4bcc201", kill_on_drop: false }`
[INFO] [stdout] 5382681d33a2dae15350cd72cdf269d21427924e9491abbf1e0bd299d4bcc201
[INFO] running `Command { std: "docker" "create" "-v" "/var/lib/crater-agent-workspace/builds/worker-3-tc1/target:/opt/rustwide/target:rw,Z" "-v" "/var/lib/crater-agent-workspace/builds/worker-3-tc1/source:/opt/rustwide/workdir:ro,Z" "-v" "/var/lib/crater-agent-workspace/cargo-home:/opt/rustwide/cargo-home:ro,Z" "-v" "/var/lib/crater-agent-workspace/rustup-home:/opt/rustwide/rustup-home:ro,Z" "-e" "SOURCE_DIR=/opt/rustwide/workdir" "-e" "CARGO_TARGET_DIR=/opt/rustwide/target" "-e" "CARGO_INCREMENTAL=0" "-e" "RUST_BACKTRACE=full" "-e" "RUSTFLAGS=--cap-lints=forbid" "-e" "RUSTDOCFLAGS=--cap-lints=forbid" "-e" "CARGO_HOME=/opt/rustwide/cargo-home" "-e" "RUSTUP_HOME=/opt/rustwide/rustup-home" "-w" "/opt/rustwide/workdir" "-m" "1610612736" "--user" "0:0" "--network" "none" "ghcr.io/rust-lang/crates-build-env/linux@sha256:4a844ea9eb2546a2d2c7022eacef16ef2e8229c7fbb2c7d4d55a9ceca922f72d" "/opt/rustwide/cargo-home/bin/cargo" "+nightly-2024-10-28" "build" "--frozen" "--message-format=json", kill_on_drop: false }`
[INFO] [stdout] 306a77278df0ed869465e3eacb1b72e9c084928b225da54fb57228e36fe029e1
[INFO] running `Command { std: "docker" "start" "-a" "306a77278df0ed869465e3eacb1b72e9c084928b225da54fb57228e36fe029e1", kill_on_drop: false }`
[INFO] [stderr]    Compiling getrandom v0.1.16
[INFO] [stderr]    Compiling byteorder v1.5.0
[INFO] [stderr]    Compiling syn v1.0.109
[INFO] [stderr]    Compiling serde v1.0.214
[INFO] [stderr]    Compiling syn v2.0.86
[INFO] [stderr]    Compiling num-bigint v0.2.6
[INFO] [stderr]    Compiling num-integer v0.1.46
[INFO] [stderr]    Compiling generic-array v0.14.7
[INFO] [stderr]    Compiling crunchy v0.2.2
[INFO] [stderr]    Compiling tiny-keccak v2.0.2
[INFO] [stderr]    Compiling unicode-xid v0.2.6
[INFO] [stderr]    Compiling failure_derive v0.1.8
[INFO] [stderr]    Compiling rand_core v0.5.1
[INFO] [stderr]    Compiling regex v1.11.1
[INFO] [stderr]    Compiling generic-array v0.12.4
[INFO] [stderr]    Compiling rand_xorshift v0.2.0
[INFO] [stderr]    Compiling digest v0.9.0
[INFO] [stderr]    Compiling object v0.36.5
[INFO] [stderr]    Compiling byte-tools v0.3.1
[INFO] [stderr]    Compiling data-encoding v2.6.0
[INFO] [stderr]    Compiling block-padding v0.1.5
[INFO] [stderr]    Compiling block-buffer v0.9.0
[INFO] [stderr]    Compiling signature v1.6.4
[INFO] [stderr]    Compiling env_logger v0.7.1
[INFO] [stderr]    Compiling radium v0.3.0
[INFO] [stderr]    Compiling subtle v2.6.1
[INFO] [stderr]    Compiling opaque-debug v0.3.1
[INFO] [stderr]    Compiling either v1.13.0
[INFO] [stderr]    Compiling sha2 v0.9.9
[INFO] [stderr]    Compiling bitvec v0.17.4
[INFO] [stderr]    Compiling block-buffer v0.7.3
[INFO] [stderr]    Compiling digest v0.8.1
[INFO] [stderr]    Compiling hex_fmt v0.3.0
[INFO] [stderr]    Compiling keccak v0.1.5
[INFO] [stderr]    Compiling opaque-debug v0.2.3
[INFO] [stderr]    Compiling base-x v0.2.11
[INFO] [stderr]    Compiling sha3 v0.8.2
[INFO] [stderr]    Compiling tiny-keccak v1.5.0
[INFO] [stderr]    Compiling unwrap v1.2.1
[INFO] [stderr]    Compiling synstructure v0.12.6
[INFO] [stderr]    Compiling ff_derive v0.6.0
[INFO] [stderr]    Compiling data-encoding-macro-internal v0.1.13
[INFO] [stderr]    Compiling data-encoding-macro v0.1.15
[INFO] [stderr]    Compiling multibase v0.8.0
[INFO] [stderr]    Compiling ff v0.6.0
[INFO] [stderr]    Compiling zerocopy-derive v0.7.35
[INFO] [stderr]    Compiling serde_derive v1.0.214
[INFO] [stderr]    Compiling zeroize_derive v1.4.2
[INFO] [stderr]    Compiling backtrace v0.3.74
[INFO] [stderr]    Compiling zeroize v1.3.0
[INFO] [stderr]    Compiling curve25519-dalek v3.2.1
[INFO] [stderr]    Compiling zerocopy v0.7.35
[INFO] [stderr]    Compiling failure v0.1.8
[INFO] [stderr]    Compiling ppv-lite86 v0.2.20
[INFO] [stderr]    Compiling rand_chacha v0.2.2
[INFO] [stderr]    Compiling rand v0.7.3
[INFO] [stderr]    Compiling group v0.6.0
[INFO] [stderr]    Compiling quickcheck v0.9.2
[INFO] [stderr]    Compiling pairing v0.16.0
[INFO] [stderr]    Compiling serde_bytes v0.11.15
[INFO] [stderr]    Compiling ed25519 v1.5.3
[INFO] [stderr]    Compiling xor_name v1.3.0
[INFO] [stderr]    Compiling bincode v1.3.3
[INFO] [stderr]    Compiling threshold_crypto v0.4.0
[INFO] [stderr]    Compiling crdts v4.3.0
[INFO] [stderr]    Compiling ed25519-dalek v1.0.1
[INFO] [stderr]    Compiling safe-nd v0.11.7 (/opt/rustwide/workdir)
[INFO] [stdout] warning: unused imports: `TransferCmd` and `TransferQuery`
[INFO] [stdout]   --> src/messaging/auth.rs:10:27
[INFO] [stdout]    |
[INFO] [stdout] 10 | pub use super::transfer::{TransferCmd, TransferQuery};
[INFO] [stdout]    |                           ^^^^^^^^^^^  ^^^^^^^^^^^^^
[INFO] [stdout]    |
[INFO] [stdout]    = note: `#[warn(unused_imports)]` on by default
[INFO] [stdout] 
[INFO] [stdout] 
[INFO] [stdout] warning: unnecessary qualification
[INFO] [stdout]   --> src/sequence/seq_crdt.rs:34:51
[INFO] [stdout]    |
[INFO] [stdout] 34 | pub struct CrdtDataOperation<A: Actor + Display + std::fmt::Debug, T> {
[INFO] [stdout]    |                                                   ^^^^^^^^^^^^^^^
[INFO] [stdout]    |
[INFO] [stdout] note: the lint level is defined here
[INFO] [stdout]   --> src/lib.rs:27:5
[INFO] [stdout]    |
[INFO] [stdout] 27 |     unused_qualifications,
[INFO] [stdout]    |     ^^^^^^^^^^^^^^^^^^^^^
[INFO] [stdout] help: remove the unnecessary path segments
[INFO] [stdout]    |
[INFO] [stdout] 34 - pub struct CrdtDataOperation<A: Actor + Display + std::fmt::Debug, T> {
[INFO] [stdout] 34 + pub struct CrdtDataOperation<A: Actor + Display + fmt::Debug, T> {
[INFO] [stdout]    |
[INFO] [stdout] 
[INFO] [stdout] 
[INFO] [stdout] warning: unnecessary qualification
[INFO] [stdout]   --> src/sequence/seq_crdt.rs:45:53
[INFO] [stdout]    |
[INFO] [stdout] 45 | pub struct CrdtPolicyOperation<A: Actor + Display + std::fmt::Debug, P> {
[INFO] [stdout]    |                                                     ^^^^^^^^^^^^^^^
[INFO] [stdout]    |
[INFO] [stdout] help: remove the unnecessary path segments
[INFO] [stdout]    |
[INFO] [stdout] 45 - pub struct CrdtPolicyOperation<A: Actor + Display + std::fmt::Debug, P> {
[INFO] [stdout] 45 + pub struct CrdtPolicyOperation<A: Actor + Display + fmt::Debug, P> {
[INFO] [stdout]    |
[INFO] [stdout] 
[INFO] [stdout] 
[INFO] [stdout] warning: unnecessary qualification
[INFO] [stdout]   --> src/sequence/seq_crdt.rs:58:26
[INFO] [stdout]    |
[INFO] [stdout] 58 |     A: Actor + Display + std::fmt::Debug,
[INFO] [stdout]    |                          ^^^^^^^^^^^^^^^
[INFO] [stdout]    |
[INFO] [stdout] help: remove the unnecessary path segments
[INFO] [stdout]    |
[INFO] [stdout] 58 -     A: Actor + Display + std::fmt::Debug,
[INFO] [stdout] 58 +     A: Actor + Display + fmt::Debug,
[INFO] [stdout]    |
[INFO] [stdout] 
[INFO] [stdout] 
[INFO] [stdout] warning: unnecessary qualification
[INFO] [stdout]   --> src/sequence/seq_crdt.rs:74:26
[INFO] [stdout]    |
[INFO] [stdout] 74 |     A: Actor + Display + std::fmt::Debug,
[INFO] [stdout]    |                          ^^^^^^^^^^^^^^^
[INFO] [stdout]    |
[INFO] [stdout] help: remove the unnecessary path segments
[INFO] [stdout]    |
[INFO] [stdout] 74 -     A: Actor + Display + std::fmt::Debug,
[INFO] [stdout] 74 +     A: Actor + Display + fmt::Debug,
[INFO] [stdout]    |
[INFO] [stdout] 
[INFO] [stdout] 
[INFO] [stdout] warning: unnecessary qualification
[INFO] [stdout]   --> src/sequence/seq_crdt.rs:93:26
[INFO] [stdout]    |
[INFO] [stdout] 93 |     A: Actor + Display + std::fmt::Debug,
[INFO] [stdout]    |                          ^^^^^^^^^^^^^^^
[INFO] [stdout]    |
[INFO] [stdout] help: remove the unnecessary path segments
[INFO] [stdout]    |
[INFO] [stdout] 93 -     A: Actor + Display + std::fmt::Debug,
[INFO] [stdout] 93 +     A: Actor + Display + fmt::Debug,
[INFO] [stdout]    |
[INFO] [stdout] 
[INFO] [stdout] 
[INFO] [stderr]     Finished `dev` profile [unoptimized + debuginfo] target(s) in 11.49s
[INFO] running `Command { std: "docker" "inspect" "306a77278df0ed869465e3eacb1b72e9c084928b225da54fb57228e36fe029e1", kill_on_drop: false }`
[INFO] running `Command { std: "docker" "rm" "-f" "306a77278df0ed869465e3eacb1b72e9c084928b225da54fb57228e36fe029e1", kill_on_drop: false }`
[INFO] [stdout] 306a77278df0ed869465e3eacb1b72e9c084928b225da54fb57228e36fe029e1
[INFO] running `Command { std: "docker" "create" "-v" "/var/lib/crater-agent-workspace/builds/worker-3-tc1/target:/opt/rustwide/target:rw,Z" "-v" "/var/lib/crater-agent-workspace/builds/worker-3-tc1/source:/opt/rustwide/workdir:ro,Z" "-v" "/var/lib/crater-agent-workspace/cargo-home:/opt/rustwide/cargo-home:ro,Z" "-v" "/var/lib/crater-agent-workspace/rustup-home:/opt/rustwide/rustup-home:ro,Z" "-e" "SOURCE_DIR=/opt/rustwide/workdir" "-e" "CARGO_TARGET_DIR=/opt/rustwide/target" "-e" "CARGO_INCREMENTAL=0" "-e" "RUST_BACKTRACE=full" "-e" "RUSTFLAGS=--cap-lints=forbid" "-e" "RUSTDOCFLAGS=--cap-lints=forbid" "-e" "CARGO_HOME=/opt/rustwide/cargo-home" "-e" "RUSTUP_HOME=/opt/rustwide/rustup-home" "-w" "/opt/rustwide/workdir" "-m" "1610612736" "--user" "0:0" "--network" "none" "ghcr.io/rust-lang/crates-build-env/linux@sha256:4a844ea9eb2546a2d2c7022eacef16ef2e8229c7fbb2c7d4d55a9ceca922f72d" "/opt/rustwide/cargo-home/bin/cargo" "+nightly-2024-10-28" "test" "--frozen" "--no-run" "--message-format=json", kill_on_drop: false }`
[INFO] [stdout] 7ee1db36b13ecda8677cbaf4b21ffbe6313a1c3b56e9acc93ad0539bf4a124c4
[INFO] running `Command { std: "docker" "start" "-a" "7ee1db36b13ecda8677cbaf4b21ffbe6313a1c3b56e9acc93ad0539bf4a124c4", kill_on_drop: false }`
[INFO] [stderr]    Compiling hex v0.3.2
[INFO] [stdout] warning: unused imports: `TransferCmd` and `TransferQuery`
[INFO] [stdout]   --> src/messaging/auth.rs:10:27
[INFO] [stdout]    |
[INFO] [stdout] 10 | pub use super::transfer::{TransferCmd, TransferQuery};
[INFO] [stdout]    |                           ^^^^^^^^^^^  ^^^^^^^^^^^^^
[INFO] [stdout]    |
[INFO] [stdout]    = note: `#[warn(unused_imports)]` on by default
[INFO] [stdout] 
[INFO] [stdout] 
[INFO] [stdout] warning: unnecessary qualification
[INFO] [stdout]   --> src/sequence/seq_crdt.rs:34:51
[INFO] [stdout]    |
[INFO] [stdout] 34 | pub struct CrdtDataOperation<A: Actor + Display + std::fmt::Debug, T> {
[INFO] [stdout]    |                                                   ^^^^^^^^^^^^^^^
[INFO] [stdout]    |
[INFO] [stdout] note: the lint level is defined here
[INFO] [stdout]   --> src/lib.rs:27:5
[INFO] [stdout]    |
[INFO] [stdout] 27 |     unused_qualifications,
[INFO] [stdout]    |     ^^^^^^^^^^^^^^^^^^^^^
[INFO] [stdout] help: remove the unnecessary path segments
[INFO] [stdout]    |
[INFO] [stdout] 34 - pub struct CrdtDataOperation<A: Actor + Display + std::fmt::Debug, T> {
[INFO] [stdout] 34 + pub struct CrdtDataOperation<A: Actor + Display + fmt::Debug, T> {
[INFO] [stdout]    |
[INFO] [stdout] 
[INFO] [stdout] 
[INFO] [stdout] warning: unnecessary qualification
[INFO] [stdout]   --> src/sequence/seq_crdt.rs:45:53
[INFO] [stdout]    |
[INFO] [stdout] 45 | pub struct CrdtPolicyOperation<A: Actor + Display + std::fmt::Debug, P> {
[INFO] [stdout]    |                                                     ^^^^^^^^^^^^^^^
[INFO] [stdout]    |
[INFO] [stdout] help: remove the unnecessary path segments
[INFO] [stdout]    |
[INFO] [stdout] 45 - pub struct CrdtPolicyOperation<A: Actor + Display + std::fmt::Debug, P> {
[INFO] [stdout] 45 + pub struct CrdtPolicyOperation<A: Actor + Display + fmt::Debug, P> {
[INFO] [stdout]    |
[INFO] [stdout] 
[INFO] [stdout] 
[INFO] [stdout] warning: unnecessary qualification
[INFO] [stdout]   --> src/sequence/seq_crdt.rs:58:26
[INFO] [stdout]    |
[INFO] [stdout] 58 |     A: Actor + Display + std::fmt::Debug,
[INFO] [stdout]    |                          ^^^^^^^^^^^^^^^
[INFO] [stdout]    |
[INFO] [stdout] help: remove the unnecessary path segments
[INFO] [stdout]    |
[INFO] [stdout] 58 -     A: Actor + Display + std::fmt::Debug,
[INFO] [stdout] 58 +     A: Actor + Display + fmt::Debug,
[INFO] [stdout]    |
[INFO] [stdout] 
[INFO] [stdout] 
[INFO] [stdout] warning: unnecessary qualification
[INFO] [stdout]   --> src/sequence/seq_crdt.rs:74:26
[INFO] [stdout]    |
[INFO] [stdout] 74 |     A: Actor + Display + std::fmt::Debug,
[INFO] [stdout]    |                          ^^^^^^^^^^^^^^^
[INFO] [stdout]    |
[INFO] [stdout] help: remove the unnecessary path segments
[INFO] [stdout]    |
[INFO] [stdout] 74 -     A: Actor + Display + std::fmt::Debug,
[INFO] [stdout] 74 +     A: Actor + Display + fmt::Debug,
[INFO] [stdout]    |
[INFO] [stdout] 
[INFO] [stdout] 
[INFO] [stdout] warning: unnecessary qualification
[INFO] [stdout]   --> src/sequence/seq_crdt.rs:93:26
[INFO] [stdout]    |
[INFO] [stdout] 93 |     A: Actor + Display + std::fmt::Debug,
[INFO] [stdout]    |                          ^^^^^^^^^^^^^^^
[INFO] [stdout]    |
[INFO] [stdout] help: remove the unnecessary path segments
[INFO] [stdout]    |
[INFO] [stdout] 93 -     A: Actor + Display + std::fmt::Debug,
[INFO] [stdout] 93 +     A: Actor + Display + fmt::Debug,
[INFO] [stdout]    |
[INFO] [stdout] 
[INFO] [stdout] 
[INFO] [stderr]    Compiling safe-nd v0.11.7 (/opt/rustwide/workdir)
[INFO] [stdout] warning: unnecessary qualification
[INFO] [stdout]    --> src/blob.rs:419:31
[INFO] [stdout]     |
[INFO] [stdout] 419 |         let decoded = unwrap!(self::Address::decode_from_zbase32(&encoded));
[INFO] [stdout]     |                               ^^^^^^^^^^^^^^^^^^^^^^^^^^^^^^^^^^
[INFO] [stdout]     |
[INFO] [stdout] note: the lint level is defined here
[INFO] [stdout]    --> src/lib.rs:27:5
[INFO] [stdout]     |
[INFO] [stdout] 27  |     unused_qualifications,
[INFO] [stdout]     |     ^^^^^^^^^^^^^^^^^^^^^
[INFO] [stdout] help: remove the unnecessary path segments
[INFO] [stdout]     |
[INFO] [stdout] 419 -         let decoded = unwrap!(self::Address::decode_from_zbase32(&encoded));
[INFO] [stdout] 419 +         let decoded = unwrap!(Address::decode_from_zbase32(&encoded));
[INFO] [stdout]     |
[INFO] [stdout] 
[INFO] [stdout] 
[INFO] [stdout] warning: unnecessary qualification
[INFO] [stdout]     --> src/map.rs:1174:31
[INFO] [stdout]      |
[INFO] [stdout] 1174 |         let decoded = unwrap!(self::Address::decode_from_zbase32(&encoded));
[INFO] [stdout]      |                               ^^^^^^^^^^^^^^^^^^^^^^^^^^^^^^^^^^
[INFO] [stdout]      |
[INFO] [stdout] help: remove the unnecessary path segments
[INFO] [stdout]      |
[INFO] [stdout] 1174 -         let decoded = unwrap!(self::Address::decode_from_zbase32(&encoded));
[INFO] [stdout] 1174 +         let decoded = unwrap!(Address::decode_from_zbase32(&encoded));
[INFO] [stdout]      |
[INFO] [stdout] 
[INFO] [stdout] 
[INFO] [stdout] warning: unused imports: `TransferCmd` and `TransferQuery`
[INFO] [stdout]   --> src/messaging/auth.rs:10:27
[INFO] [stdout]    |
[INFO] [stdout] 10 | pub use super::transfer::{TransferCmd, TransferQuery};
[INFO] [stdout]    |                           ^^^^^^^^^^^  ^^^^^^^^^^^^^
[INFO] [stdout]    |
[INFO] [stdout]    = note: `#[warn(unused_imports)]` on by default
[INFO] [stdout] 
[INFO] [stdout] 
[INFO] [stdout] warning: unnecessary qualification
[INFO] [stdout]   --> src/sequence/seq_crdt.rs:34:51
[INFO] [stdout]    |
[INFO] [stdout] 34 | pub struct CrdtDataOperation<A: Actor + Display + std::fmt::Debug, T> {
[INFO] [stdout]    |                                                   ^^^^^^^^^^^^^^^
[INFO] [stdout]    |
[INFO] [stdout] help: remove the unnecessary path segments
[INFO] [stdout]    |
[INFO] [stdout] 34 - pub struct CrdtDataOperation<A: Actor + Display + std::fmt::Debug, T> {
[INFO] [stdout] 34 + pub struct CrdtDataOperation<A: Actor + Display + fmt::Debug, T> {
[INFO] [stdout]    |
[INFO] [stdout] 
[INFO] [stdout] 
[INFO] [stdout] warning: unnecessary qualification
[INFO] [stdout]   --> src/sequence/seq_crdt.rs:45:53
[INFO] [stdout]    |
[INFO] [stdout] 45 | pub struct CrdtPolicyOperation<A: Actor + Display + std::fmt::Debug, P> {
[INFO] [stdout]    |                                                     ^^^^^^^^^^^^^^^
[INFO] [stdout]    |
[INFO] [stdout] help: remove the unnecessary path segments
[INFO] [stdout]    |
[INFO] [stdout] 45 - pub struct CrdtPolicyOperation<A: Actor + Display + std::fmt::Debug, P> {
[INFO] [stdout] 45 + pub struct CrdtPolicyOperation<A: Actor + Display + fmt::Debug, P> {
[INFO] [stdout]    |
[INFO] [stdout] 
[INFO] [stdout] 
[INFO] [stdout] warning: unnecessary qualification
[INFO] [stdout]   --> src/sequence/seq_crdt.rs:58:26
[INFO] [stdout]    |
[INFO] [stdout] 58 |     A: Actor + Display + std::fmt::Debug,
[INFO] [stdout]    |                          ^^^^^^^^^^^^^^^
[INFO] [stdout]    |
[INFO] [stdout] help: remove the unnecessary path segments
[INFO] [stdout]    |
[INFO] [stdout] 58 -     A: Actor + Display + std::fmt::Debug,
[INFO] [stdout] 58 +     A: Actor + Display + fmt::Debug,
[INFO] [stdout]    |
[INFO] [stdout] 
[INFO] [stdout] 
[INFO] [stdout] warning: unnecessary qualification
[INFO] [stdout]   --> src/sequence/seq_crdt.rs:74:26
[INFO] [stdout]    |
[INFO] [stdout] 74 |     A: Actor + Display + std::fmt::Debug,
[INFO] [stdout]    |                          ^^^^^^^^^^^^^^^
[INFO] [stdout]    |
[INFO] [stdout] help: remove the unnecessary path segments
[INFO] [stdout]    |
[INFO] [stdout] 74 -     A: Actor + Display + std::fmt::Debug,
[INFO] [stdout] 74 +     A: Actor + Display + fmt::Debug,
[INFO] [stdout]    |
[INFO] [stdout] 
[INFO] [stdout] 
[INFO] [stdout] warning: unnecessary qualification
[INFO] [stdout]   --> src/sequence/seq_crdt.rs:93:26
[INFO] [stdout]    |
[INFO] [stdout] 93 |     A: Actor + Display + std::fmt::Debug,
[INFO] [stdout]    |                          ^^^^^^^^^^^^^^^
[INFO] [stdout]    |
[INFO] [stdout] help: remove the unnecessary path segments
[INFO] [stdout]    |
[INFO] [stdout] 93 -     A: Actor + Display + std::fmt::Debug,
[INFO] [stdout] 93 +     A: Actor + Display + fmt::Debug,
[INFO] [stdout]    |
[INFO] [stdout] 
[INFO] [stdout] 
[INFO] [stderr]     Finished `test` profile [unoptimized + debuginfo] target(s) in 3.44s
[INFO] running `Command { std: "docker" "inspect" "7ee1db36b13ecda8677cbaf4b21ffbe6313a1c3b56e9acc93ad0539bf4a124c4", kill_on_drop: false }`
[INFO] running `Command { std: "docker" "rm" "-f" "7ee1db36b13ecda8677cbaf4b21ffbe6313a1c3b56e9acc93ad0539bf4a124c4", kill_on_drop: false }`
[INFO] [stdout] 7ee1db36b13ecda8677cbaf4b21ffbe6313a1c3b56e9acc93ad0539bf4a124c4
[INFO] running `Command { std: "docker" "create" "-v" "/var/lib/crater-agent-workspace/builds/worker-3-tc1/target:/opt/rustwide/target:rw,Z" "-v" "/var/lib/crater-agent-workspace/builds/worker-3-tc1/source:/opt/rustwide/workdir:ro,Z" "-v" "/var/lib/crater-agent-workspace/cargo-home:/opt/rustwide/cargo-home:ro,Z" "-v" "/var/lib/crater-agent-workspace/rustup-home:/opt/rustwide/rustup-home:ro,Z" "-e" "SOURCE_DIR=/opt/rustwide/workdir" "-e" "CARGO_TARGET_DIR=/opt/rustwide/target" "-e" "CARGO_INCREMENTAL=0" "-e" "RUST_BACKTRACE=full" "-e" "RUSTFLAGS=--cap-lints=forbid" "-e" "RUSTDOCFLAGS=--cap-lints=forbid" "-e" "CARGO_HOME=/opt/rustwide/cargo-home" "-e" "RUSTUP_HOME=/opt/rustwide/rustup-home" "-w" "/opt/rustwide/workdir" "-m" "1610612736" "--user" "0:0" "--network" "none" "ghcr.io/rust-lang/crates-build-env/linux@sha256:4a844ea9eb2546a2d2c7022eacef16ef2e8229c7fbb2c7d4d55a9ceca922f72d" "/opt/rustwide/cargo-home/bin/cargo" "+nightly-2024-10-28" "test" "--frozen", kill_on_drop: false }`
[INFO] [stdout] 7d20fb426cba9dbe8fc4b0f7dca0e23927fb15b5bd795191cab87437766fb5f0
[INFO] running `Command { std: "docker" "start" "-a" "7d20fb426cba9dbe8fc4b0f7dca0e23927fb15b5bd795191cab87437766fb5f0", kill_on_drop: false }`
[INFO] [stderr] warning: unused imports: `TransferCmd` and `TransferQuery`
[INFO] [stderr]   --> src/messaging/auth.rs:10:27
[INFO] [stderr]    |
[INFO] [stderr] 10 | pub use super::transfer::{TransferCmd, TransferQuery};
[INFO] [stderr]    |                           ^^^^^^^^^^^  ^^^^^^^^^^^^^
[INFO] [stderr]    |
[INFO] [stderr]    = note: `#[warn(unused_imports)]` on by default
[INFO] [stderr] 
[INFO] [stderr] warning: unnecessary qualification
[INFO] [stderr]   --> src/sequence/seq_crdt.rs:34:51
[INFO] [stderr]    |
[INFO] [stderr] 34 | pub struct CrdtDataOperation<A: Actor + Display + std::fmt::Debug, T> {
[INFO] [stderr]    |                                                   ^^^^^^^^^^^^^^^
[INFO] [stderr]    |
[INFO] [stderr] note: the lint level is defined here
[INFO] [stderr]   --> src/lib.rs:27:5
[INFO] [stderr]    |
[INFO] [stderr] 27 |     unused_qualifications,
[INFO] [stderr]    |     ^^^^^^^^^^^^^^^^^^^^^
[INFO] [stderr] help: remove the unnecessary path segments
[INFO] [stderr]    |
[INFO] [stderr] 34 - pub struct CrdtDataOperation<A: Actor + Display + std::fmt::Debug, T> {
[INFO] [stderr] 34 + pub struct CrdtDataOperation<A: Actor + Display + fmt::Debug, T> {
[INFO] [stderr]    |
[INFO] [stderr] 
[INFO] [stderr] warning: unnecessary qualification
[INFO] [stderr]   --> src/sequence/seq_crdt.rs:45:53
[INFO] [stderr]    |
[INFO] [stderr] 45 | pub struct CrdtPolicyOperation<A: Actor + Display + std::fmt::Debug, P> {
[INFO] [stderr]    |                                                     ^^^^^^^^^^^^^^^
[INFO] [stderr]    |
[INFO] [stderr] help: remove the unnecessary path segments
[INFO] [stderr]    |
[INFO] [stderr] 45 - pub struct CrdtPolicyOperation<A: Actor + Display + std::fmt::Debug, P> {
[INFO] [stderr] 45 + pub struct CrdtPolicyOperation<A: Actor + Display + fmt::Debug, P> {
[INFO] [stderr]    |
[INFO] [stderr] 
[INFO] [stderr] warning: unnecessary qualification
[INFO] [stderr]   --> src/sequence/seq_crdt.rs:58:26
[INFO] [stderr]    |
[INFO] [stderr] 58 |     A: Actor + Display + std::fmt::Debug,
[INFO] [stderr]    |                          ^^^^^^^^^^^^^^^
[INFO] [stderr]    |
[INFO] [stderr] help: remove the unnecessary path segments
[INFO] [stderr]    |
[INFO] [stderr] 58 -     A: Actor + Display + std::fmt::Debug,
[INFO] [stderr] 58 +     A: Actor + Display + fmt::Debug,
[INFO] [stderr]    |
[INFO] [stderr] 
[INFO] [stderr] warning: unnecessary qualification
[INFO] [stderr]   --> src/sequence/seq_crdt.rs:74:26
[INFO] [stderr]    |
[INFO] [stderr] 74 |     A: Actor + Display + std::fmt::Debug,
[INFO] [stderr]    |                          ^^^^^^^^^^^^^^^
[INFO] [stderr]    |
[INFO] [stderr] help: remove the unnecessary path segments
[INFO] [stderr]    |
[INFO] [stderr] 74 -     A: Actor + Display + std::fmt::Debug,
[INFO] [stderr] 74 +     A: Actor + Display + fmt::Debug,
[INFO] [stderr]    |
[INFO] [stderr] 
[INFO] [stderr] warning: unnecessary qualification
[INFO] [stderr]   --> src/sequence/seq_crdt.rs:93:26
[INFO] [stderr]    |
[INFO] [stderr] 93 |     A: Actor + Display + std::fmt::Debug,
[INFO] [stderr]    |                          ^^^^^^^^^^^^^^^
[INFO] [stderr]    |
[INFO] [stderr] help: remove the unnecessary path segments
[INFO] [stderr]    |
[INFO] [stderr] 93 -     A: Actor + Display + std::fmt::Debug,
[INFO] [stderr] 93 +     A: Actor + Display + fmt::Debug,
[INFO] [stderr]    |
[INFO] [stderr] 
[INFO] [stderr] warning: unnecessary qualification
[INFO] [stderr]    --> src/blob.rs:419:31
[INFO] [stderr]     |
[INFO] [stderr] 419 |         let decoded = unwrap!(self::Address::decode_from_zbase32(&encoded));
[INFO] [stderr]     |                               ^^^^^^^^^^^^^^^^^^^^^^^^^^^^^^^^^^
[INFO] [stderr]     |
[INFO] [stderr] note: the lint level is defined here
[INFO] [stderr]    --> src/lib.rs:27:5
[INFO] [stderr]     |
[INFO] [stderr] 27  |     unused_qualifications,
[INFO] [stderr]     |     ^^^^^^^^^^^^^^^^^^^^^
[INFO] [stderr] help: remove the unnecessary path segments
[INFO] [stderr]     |
[INFO] [stderr] 419 -         let decoded = unwrap!(self::Address::decode_from_zbase32(&encoded));
[INFO] [stderr] 419 +         let decoded = unwrap!(Address::decode_from_zbase32(&encoded));
[INFO] [stderr]     |
[INFO] [stderr] 
[INFO] [stderr] warning: unnecessary qualification
[INFO] [stderr]     --> src/map.rs:1174:31
[INFO] [stderr]      |
[INFO] [stderr] 1174 |         let decoded = unwrap!(self::Address::decode_from_zbase32(&encoded));
[INFO] [stderr]      |                               ^^^^^^^^^^^^^^^^^^^^^^^^^^^^^^^^^^
[INFO] [stderr]      |
[INFO] [stderr] help: remove the unnecessary path segments
[INFO] [stderr]      |
[INFO] [stderr] 1174 -         let decoded = unwrap!(self::Address::decode_from_zbase32(&encoded));
[INFO] [stderr] 1174 +         let decoded = unwrap!(Address::decode_from_zbase32(&encoded));
[INFO] [stderr]      |
[INFO] [stderr] 
[INFO] [stderr] warning: unnecessary qualification
[INFO] [stderr]   --> src/sequence/seq_crdt.rs:34:51
[INFO] [stderr]    |
[INFO] [stderr] 34 | pub struct CrdtDataOperation<A: Actor + Display + std::fmt::Debug, T> {
[INFO] [stderr]    |                                                   ^^^^^^^^^^^^^^^
[INFO] [stderr]    |
[INFO] [stderr] help: remove the unnecessary path segments
[INFO] [stderr]    |
[INFO] [stderr] 34 - pub struct CrdtDataOperation<A: Actor + Display + std::fmt::Debug, T> {
[INFO] [stderr] 34 + pub struct CrdtDataOperation<A: Actor + Display + fmt::Debug, T> {
[INFO] [stderr]    |
[INFO] [stderr] 
[INFO] [stderr] warning: `safe-nd` (lib) generated 6 warnings (run `cargo fix --lib -p safe-nd` to apply 6 suggestions)
[INFO] [stderr] warning: `safe-nd` (lib test) generated 8 warnings (5 duplicates) (run `cargo fix --lib -p safe-nd --tests` to apply 3 suggestions)
[INFO] [stderr]     Finished `test` profile [unoptimized + debuginfo] target(s) in 0.05s
[INFO] [stderr]      Running unittests src/lib.rs (/opt/rustwide/target/debug/deps/safe_nd-de6959c55b157442)
[INFO] [stdout] 
[INFO] [stdout] running 27 tests
[INFO] [stdout] test blob::tests::deterministic_test ... ok
[INFO] [stdout] test blob::tests::zbase32_encode_decode_idata_address ... ok
[INFO] [stdout] test identity::tests::zbase32_encode_decode_enum_public_id ... ok
[INFO] [stdout] test map::tests::zbase32_encode_decode_map_address ... ok
[INFO] [stdout] test identity::tests::zbase32_encode_decode_client_public_id ... ok
[INFO] [stdout] test blob::tests::serialisation ... ok
[INFO] [stdout] test messaging::tests::debug_format ... ok
[INFO] [stdout] test messaging::account::tests::valid ... ok
[INFO] [stdout] test messaging::tests::try_from ... ok
[INFO] [stdout] test money::tests::checked_add_sub ... ok
[INFO] [stdout] test money::tests::display ... ok
[INFO] [stdout] test money::tests::from_str ... ok
[INFO] [stdout] test blob::tests::deterministic_name ... ok
[INFO] [stdout] test sequence::tests::sequence_append_entry_and_apply ... FAILED
[INFO] [stdout] test sequence::tests::sequence_concurrent_policy_ops ... FAILED
[INFO] [stdout] test identity::tests::zbase32_encode_decode_node_public_id ... ok
[INFO] [stdout] test sequence::tests::sequence_create_private ... ok
[INFO] [stdout] test sequence::tests::sequence_create_public ... ok
[INFO] [stdout] test sequence::tests::sequence_concurrent_policy_and_data_ops ... FAILED
[INFO] [stdout] test keys::tests::zbase32_encode_decode_public_key ... ok
[INFO] [stdout] test keys::tests::serialisation_public_key ... ok
[INFO] [stdout] test sequence::tests::sequence_public_set_policy_and_apply ... FAILED
[INFO] [stdout] test sequence::tests::sequence_private_set_policy_and_apply ... FAILED
[INFO] [stdout] test keys::tests::serialisation_key_pair ... ok
[INFO] [stdout] test sequence::tests::sequence_old_data_op ... FAILED
[INFO] [stdout] test sequence::tests::sequence_causality_between_data_and_policy_ops ... FAILED
[INFO] [stdout] test messaging::account::tests::exceed_size_limit ... ok
[INFO] [stdout] 
[INFO] [stdout] failures:
[INFO] [stdout] 
[INFO] [stdout] ---- sequence::tests::sequence_append_entry_and_apply stdout ----
[INFO] [stdout] Error: InvalidOperation
[INFO] [stdout] 
[INFO] [stdout] ---- sequence::tests::sequence_concurrent_policy_ops stdout ----
[INFO] [stdout] Error: InvalidOperation
[INFO] [stdout] 
[INFO] [stdout] ---- sequence::tests::sequence_concurrent_policy_and_data_ops stdout ----
[INFO] [stdout] Error: InvalidOperation
[INFO] [stdout] 
[INFO] [stdout] ---- sequence::tests::sequence_public_set_policy_and_apply stdout ----
[INFO] [stdout] Error: Unexpected("Data op applied unexpectedly")
[INFO] [stdout] 
[INFO] [stdout] ---- sequence::tests::sequence_private_set_policy_and_apply stdout ----
[INFO] [stdout] Error: Unexpected("Data op applied unexpectedly")
[INFO] [stdout] 
[INFO] [stdout] ---- sequence::tests::sequence_old_data_op stdout ----
[INFO] [stdout] Error: InvalidOperation
[INFO] [stdout] 
[INFO] [stdout] ---- sequence::tests::sequence_causality_between_data_and_policy_ops stdout ----
[INFO] [stdout] thread 'sequence::tests::sequence_causality_between_data_and_policy_ops' panicked at src/sequence/mod.rs:570:9:
[INFO] [stdout] assertion `left == right` failed
[INFO] [stdout]   left: 0
[INFO] [stdout]  right: 2
[INFO] [stdout] stack backtrace:
[INFO] [stdout]    0:     0x628cc31be1ba - std::backtrace_rs::backtrace::libunwind::trace::h207520d6e9873551
[INFO] [stdout]                                at /rustc/df4ca44d3fbc9301ee17f30f4d474e6ae4b05252/library/std/src/../../backtrace/src/backtrace/libunwind.rs:116:5
[INFO] [stdout]    1:     0x628cc31be1ba - std::backtrace_rs::backtrace::trace_unsynchronized::h2ed7433f370e3eca
[INFO] [stdout]                                at /rustc/df4ca44d3fbc9301ee17f30f4d474e6ae4b05252/library/std/src/../../backtrace/src/backtrace/mod.rs:66:5
[INFO] [stdout]    2:     0x628cc31be1ba - std::sys::backtrace::_print_fmt::h916fac51166b18d7
[INFO] [stdout]                                at /rustc/df4ca44d3fbc9301ee17f30f4d474e6ae4b05252/library/std/src/sys/backtrace.rs:66:9
[INFO] [stdout]    3:     0x628cc31be1ba - <std::sys::backtrace::BacktraceLock::print::DisplayBacktrace as core::fmt::Display>::fmt::ha0a4c9b8ce3802e6
[INFO] [stdout]                                at /rustc/df4ca44d3fbc9301ee17f30f4d474e6ae4b05252/library/std/src/sys/backtrace.rs:39:26
[INFO] [stdout]    4:     0x628cc31e5163 - core::fmt::rt::Argument::fmt::h4cfc8587d52b3eb5
[INFO] [stdout]                                at /rustc/df4ca44d3fbc9301ee17f30f4d474e6ae4b05252/library/core/src/fmt/rt.rs:177:76
[INFO] [stdout]    5:     0x628cc31e5163 - core::fmt::write::h522cc39e5b36ae9f
[INFO] [stdout]                                at /rustc/df4ca44d3fbc9301ee17f30f4d474e6ae4b05252/library/core/src/fmt/mod.rs:1190:21
[INFO] [stdout]    6:     0x628cc31bae23 - std::io::Write::write_fmt::h7d3c26752da97734
[INFO] [stdout]                                at /rustc/df4ca44d3fbc9301ee17f30f4d474e6ae4b05252/library/std/src/io/mod.rs:1839:15
[INFO] [stdout]    7:     0x628cc31be002 - std::sys::backtrace::BacktraceLock::print::h4b9e00b29e9c0942
[INFO] [stdout]                                at /rustc/df4ca44d3fbc9301ee17f30f4d474e6ae4b05252/library/std/src/sys/backtrace.rs:42:9
[INFO] [stdout]    8:     0x628cc31bf64a - std::panicking::default_hook::{{closure}}::hb59b88280d0324d9
[INFO] [stdout]                                at /rustc/df4ca44d3fbc9301ee17f30f4d474e6ae4b05252/library/std/src/panicking.rs:268:22
[INFO] [stdout]    9:     0x628cc31bf454 - std::panicking::default_hook::he1dd496665be4a29
[INFO] [stdout]                                at /rustc/df4ca44d3fbc9301ee17f30f4d474e6ae4b05252/library/std/src/panicking.rs:292:9
[INFO] [stdout]   10:     0x628cc3051269 - <alloc::boxed::Box<F,A> as core::ops::function::Fn<Args>>::call::h4ff71de18744e1dc
[INFO] [stdout]                                at /rustc/df4ca44d3fbc9301ee17f30f4d474e6ae4b05252/library/alloc/src/boxed.rs:2468:9
[INFO] [stdout]   11:     0x628cc3051269 - test::test_main::{{closure}}::hcf7c055ce117aa81
[INFO] [stdout]                                at /rustc/df4ca44d3fbc9301ee17f30f4d474e6ae4b05252/library/test/src/lib.rs:133:21
[INFO] [stdout]   12:     0x628cc31bfd48 - <alloc::boxed::Box<F,A> as core::ops::function::Fn<Args>>::call::h1d66c6bbd60c9692
[INFO] [stdout]                                at /rustc/df4ca44d3fbc9301ee17f30f4d474e6ae4b05252/library/alloc/src/boxed.rs:2468:9
[INFO] [stdout]   13:     0x628cc31bfd48 - std::panicking::rust_panic_with_hook::h2ff17fe8f26dfcf8
[INFO] [stdout]                                at /rustc/df4ca44d3fbc9301ee17f30f4d474e6ae4b05252/library/std/src/panicking.rs:809:13
[INFO] [stdout]   14:     0x628cc31bfb0a - std::panicking::begin_panic_handler::{{closure}}::h4fad77951c07e101
[INFO] [stdout]                                at /rustc/df4ca44d3fbc9301ee17f30f4d474e6ae4b05252/library/std/src/panicking.rs:674:13
[INFO] [stdout]   15:     0x628cc31be699 - std::sys::backtrace::__rust_end_short_backtrace::hb1a25b3da5d0ea08
[INFO] [stdout]                                at /rustc/df4ca44d3fbc9301ee17f30f4d474e6ae4b05252/library/std/src/sys/backtrace.rs:170:18
[INFO] [stdout]   16:     0x628cc31bf79c - rust_begin_unwind
[INFO] [stdout]                                at /rustc/df4ca44d3fbc9301ee17f30f4d474e6ae4b05252/library/std/src/panicking.rs:665:5
[INFO] [stdout]   17:     0x628cc31e37d0 - core::panicking::panic_fmt::ha9db07b529f9b256
[INFO] [stdout]                                at /rustc/df4ca44d3fbc9301ee17f30f4d474e6ae4b05252/library/core/src/panicking.rs:75:14
[INFO] [stdout]   18:     0x628cc31e3bd4 - core::panicking::assert_failed_inner::h04f38944d74a80a8
[INFO] [stdout]   19:     0x628cc312b11f - core::panicking::assert_failed::h26fb848185e23a1c
[INFO] [stdout]                                at /rustc/df4ca44d3fbc9301ee17f30f4d474e6ae4b05252/library/core/src/panicking.rs:377:5
[INFO] [stdout]   20:     0x628cc2f9a9f8 - safe_nd::sequence::tests::sequence_causality_between_data_and_policy_ops::h050131c1fee626c7
[INFO] [stdout]                                at /opt/rustwide/workdir/src/sequence/mod.rs:570:9
[INFO] [stdout]   21:     0x628cc2f9a06c - safe_nd::sequence::tests::sequence_causality_between_data_and_policy_ops::{{closure}}::h3c1e32f00c2f0d98
[INFO] [stdout]                                at /opt/rustwide/workdir/src/sequence/mod.rs:543:60
[INFO] [stdout]   22:     0x628cc2fd3e76 - core::ops::function::FnOnce::call_once::h97974a101233a7dc
[INFO] [stdout]                                at /rustc/df4ca44d3fbc9301ee17f30f4d474e6ae4b05252/library/core/src/ops/function.rs:250:5
[INFO] [stdout]   23:     0x628cc3055b3b - core::ops::function::FnOnce::call_once::h22c3ba5715e93f05
[INFO] [stdout]                                at /rustc/df4ca44d3fbc9301ee17f30f4d474e6ae4b05252/library/core/src/ops/function.rs:250:5
[INFO] [stdout]   24:     0x628cc3055b3b - test::__rust_begin_short_backtrace::h8e82d8113d0da17f
[INFO] [stdout]                                at /rustc/df4ca44d3fbc9301ee17f30f4d474e6ae4b05252/library/test/src/lib.rs:621:18
[INFO] [stdout]   25:     0x628cc30554b7 - test::run_test_in_process::{{closure}}::h33235f4f20b7b7c7
[INFO] [stdout]                                at /rustc/df4ca44d3fbc9301ee17f30f4d474e6ae4b05252/library/test/src/lib.rs:644:60
[INFO] [stdout]   26:     0x628cc30554b7 - <core::panic::unwind_safe::AssertUnwindSafe<F> as core::ops::function::FnOnce<()>>::call_once::hb5043206310c586f
[INFO] [stdout]                                at /rustc/df4ca44d3fbc9301ee17f30f4d474e6ae4b05252/library/core/src/panic/unwind_safe.rs:272:9
[INFO] [stdout]   27:     0x628cc30554b7 - std::panicking::try::do_call::h9ad4731a60ab23e2
[INFO] [stdout]                                at /rustc/df4ca44d3fbc9301ee17f30f4d474e6ae4b05252/library/std/src/panicking.rs:557:40
[INFO] [stdout]   28:     0x628cc30554b7 - std::panicking::try::h3824d23db772a716
[INFO] [stdout]                                at /rustc/df4ca44d3fbc9301ee17f30f4d474e6ae4b05252/library/std/src/panicking.rs:520:19
[INFO] [stdout]   29:     0x628cc30554b7 - std::panic::catch_unwind::h5afd514605fde46b
[INFO] [stdout]                                at /rustc/df4ca44d3fbc9301ee17f30f4d474e6ae4b05252/library/std/src/panic.rs:358:14
[INFO] [stdout]   30:     0x628cc30554b7 - test::run_test_in_process::h0d5cbfa7067d1720
[INFO] [stdout]                                at /rustc/df4ca44d3fbc9301ee17f30f4d474e6ae4b05252/library/test/src/lib.rs:644:27
[INFO] [stdout]   31:     0x628cc30554b7 - test::run_test::{{closure}}::h708eb8872708115d
[INFO] [stdout]                                at /rustc/df4ca44d3fbc9301ee17f30f4d474e6ae4b05252/library/test/src/lib.rs:565:43
[INFO] [stdout]   32:     0x628cc3018bd4 - test::run_test::{{closure}}::h392c51cee94713ab
[INFO] [stdout]                                at /rustc/df4ca44d3fbc9301ee17f30f4d474e6ae4b05252/library/test/src/lib.rs:595:41
[INFO] [stdout]   33:     0x628cc3018bd4 - std::sys::backtrace::__rust_begin_short_backtrace::h2f40290710935a8b
[INFO] [stdout]                                at /rustc/df4ca44d3fbc9301ee17f30f4d474e6ae4b05252/library/std/src/sys/backtrace.rs:154:18
[INFO] [stdout]   34:     0x628cc301c37e - std::thread::Builder::spawn_unchecked_::{{closure}}::{{closure}}::h3fd968d89053a903
[INFO] [stdout]                                at /rustc/df4ca44d3fbc9301ee17f30f4d474e6ae4b05252/library/std/src/thread/mod.rs:541:17
[INFO] [stdout]   35:     0x628cc301c37e - <core::panic::unwind_safe::AssertUnwindSafe<F> as core::ops::function::FnOnce<()>>::call_once::h743f637ba4229880
[INFO] [stdout]                                at /rustc/df4ca44d3fbc9301ee17f30f4d474e6ae4b05252/library/core/src/panic/unwind_safe.rs:272:9
[INFO] [stdout]   36:     0x628cc301c37e - std::panicking::try::do_call::h07440897322525a6
[INFO] [stdout]                                at /rustc/df4ca44d3fbc9301ee17f30f4d474e6ae4b05252/library/std/src/panicking.rs:557:40
[INFO] [stdout]   37:     0x628cc301c37e - std::panicking::try::he5a2e00188156637
[INFO] [stdout]                                at /rustc/df4ca44d3fbc9301ee17f30f4d474e6ae4b05252/library/std/src/panicking.rs:520:19
[INFO] [stdout]   38:     0x628cc301c37e - std::panic::catch_unwind::hbaf3cae49b3c6433
[INFO] [stdout]                                at /rustc/df4ca44d3fbc9301ee17f30f4d474e6ae4b05252/library/std/src/panic.rs:358:14
[INFO] [stdout]   39:     0x628cc301c37e - std::thread::Builder::spawn_unchecked_::{{closure}}::h8e141ea224820bce
[INFO] [stdout]                                at /rustc/df4ca44d3fbc9301ee17f30f4d474e6ae4b05252/library/std/src/thread/mod.rs:540:30
[INFO] [stdout]   40:     0x628cc301c37e - core::ops::function::FnOnce::call_once{{vtable.shim}}::h90d312fedd7b8ea8
[INFO] [stdout]                                at /rustc/df4ca44d3fbc9301ee17f30f4d474e6ae4b05252/library/core/src/ops/function.rs:250:5
[INFO] [stdout]   41:     0x628cc31c3b3b - <alloc::boxed::Box<F,A> as core::ops::function::FnOnce<Args>>::call_once::h69aa08ddb6adb8b6
[INFO] [stdout]                                at /rustc/df4ca44d3fbc9301ee17f30f4d474e6ae4b05252/library/alloc/src/boxed.rs:2454:9
[INFO] [stdout]   42:     0x628cc31c3b3b - <alloc::boxed::Box<F,A> as core::ops::function::FnOnce<Args>>::call_once::h5aa36efdb79c806f
[INFO] [stdout]                                at /rustc/df4ca44d3fbc9301ee17f30f4d474e6ae4b05252/library/alloc/src/boxed.rs:2454:9
[INFO] [stdout]   43:     0x628cc31c3b3b - std::sys::pal::unix::thread::Thread::new::thread_start::h6cd80a1b4be5158d
[INFO] [stdout]                                at /rustc/df4ca44d3fbc9301ee17f30f4d474e6ae4b05252/library/std/src/sys/pal/unix/thread.rs:105:17
[INFO] [stdout]   44:     0x77f533307ac3 - <unknown>
[INFO] [stdout]   45:     0x77f533398a04 - clone
[INFO] [stdout]   46:                0x0 - <unknown>
[INFO] [stdout] 
[INFO] [stdout] 
[INFO] [stdout] failures:
[INFO] [stdout]     sequence::tests::sequence_append_entry_and_apply
[INFO] [stdout]     sequence::tests::sequence_causality_between_data_and_policy_ops
[INFO] [stdout]     sequence::tests::sequence_concurrent_policy_and_data_ops
[INFO] [stdout]     sequence::tests::sequence_concurrent_policy_ops
[INFO] [stdout]     sequence::tests::sequence_old_data_op
[INFO] [stdout]     sequence::tests::sequence_private_set_policy_and_apply
[INFO] [stdout]     sequence::tests::sequence_public_set_policy_and_apply
[INFO] [stdout] 
[INFO] [stdout] test result: FAILED. 20 passed; 7 failed; 0 ignored; 0 measured; 0 filtered out; finished in 0.31s
[INFO] [stdout] 
[INFO] [stderr] error: test failed, to rerun pass `--lib`
[INFO] running `Command { std: "docker" "inspect" "7d20fb426cba9dbe8fc4b0f7dca0e23927fb15b5bd795191cab87437766fb5f0", kill_on_drop: false }`
[INFO] running `Command { std: "docker" "rm" "-f" "7d20fb426cba9dbe8fc4b0f7dca0e23927fb15b5bd795191cab87437766fb5f0", kill_on_drop: false }`
[INFO] [stdout] 7d20fb426cba9dbe8fc4b0f7dca0e23927fb15b5bd795191cab87437766fb5f0
