[INFO] fetching crate sabre-lang 0.5.0...
[INFO] testing sabre-lang-0.5.0 against nightly-2024-10-28 for randomize-layout
[INFO] extracting crate sabre-lang 0.5.0 into /workspace/builds/worker-7-tc1/source
[INFO] validating manifest of crates.io crate sabre-lang 0.5.0 on toolchain nightly-2024-10-28
[INFO] running `Command { std: CARGO_HOME="/workspace/cargo-home" RUSTUP_HOME="/workspace/rustup-home" "/workspace/cargo-home/bin/cargo" "+nightly-2024-10-28" "metadata" "--manifest-path" "Cargo.toml" "--no-deps", kill_on_drop: false }`
[INFO] started tweaking crates.io crate sabre-lang 0.5.0
[INFO] finished tweaking crates.io crate sabre-lang 0.5.0
[INFO] tweaked toml for crates.io crate sabre-lang 0.5.0 written to /workspace/builds/worker-7-tc1/source/Cargo.toml
[INFO] crate crates.io crate sabre-lang 0.5.0 already has a lockfile, it will not be regenerated
[INFO] running `Command { std: CARGO_HOME="/workspace/cargo-home" RUSTUP_HOME="/workspace/rustup-home" "/workspace/cargo-home/bin/cargo" "+nightly-2024-10-28" "fetch" "--manifest-path" "Cargo.toml", kill_on_drop: false }`
[INFO] [stderr]     Updating crates.io index
[INFO] [stderr]  Downloading crates ...
[INFO] [stderr]   Downloaded rust-embed-impl v5.7.0
[INFO] [stderr]   Downloaded parking_lot_core v0.8.2
[INFO] [stderr]   Downloaded inkwell_internals v0.3.0
[INFO] [stderr]   Downloaded rust-embed-utils v5.1.0
[INFO] [stderr]   Downloaded llvm-sys v100.2.0
[INFO] [stderr]   Downloaded inkwell v0.1.0-beta.2
[INFO] [stderr]   Downloaded rust-embed v5.7.0
[INFO] running `Command { std: "docker" "create" "-v" "/var/lib/crater-agent-workspace/builds/worker-7-tc1/target:/opt/rustwide/target:rw,Z" "-v" "/var/lib/crater-agent-workspace/builds/worker-7-tc1/source:/opt/rustwide/workdir:ro,Z" "-v" "/var/lib/crater-agent-workspace/cargo-home:/opt/rustwide/cargo-home:ro,Z" "-v" "/var/lib/crater-agent-workspace/rustup-home:/opt/rustwide/rustup-home:ro,Z" "-e" "SOURCE_DIR=/opt/rustwide/workdir" "-e" "CARGO_TARGET_DIR=/opt/rustwide/target" "-e" "CARGO_HOME=/opt/rustwide/cargo-home" "-e" "RUSTUP_HOME=/opt/rustwide/rustup-home" "-w" "/opt/rustwide/workdir" "-m" "1610612736" "--user" "0:0" "--network" "none" "ghcr.io/rust-lang/crates-build-env/linux@sha256:4a844ea9eb2546a2d2c7022eacef16ef2e8229c7fbb2c7d4d55a9ceca922f72d" "/opt/rustwide/cargo-home/bin/cargo" "+nightly-2024-10-28" "metadata" "--no-deps" "--format-version=1", kill_on_drop: false }`
[INFO] [stdout] 81e5b4849d2d2ff5f9f22fe076189c08dea45efd7a3d759481370dfcd938437b
[INFO] running `Command { std: "docker" "start" "-a" "81e5b4849d2d2ff5f9f22fe076189c08dea45efd7a3d759481370dfcd938437b", kill_on_drop: false }`
[INFO] running `Command { std: "docker" "inspect" "81e5b4849d2d2ff5f9f22fe076189c08dea45efd7a3d759481370dfcd938437b", kill_on_drop: false }`
[INFO] running `Command { std: "docker" "rm" "-f" "81e5b4849d2d2ff5f9f22fe076189c08dea45efd7a3d759481370dfcd938437b", kill_on_drop: false }`
[INFO] [stdout] 81e5b4849d2d2ff5f9f22fe076189c08dea45efd7a3d759481370dfcd938437b
[INFO] running `Command { std: "docker" "create" "-v" "/var/lib/crater-agent-workspace/builds/worker-7-tc1/target:/opt/rustwide/target:rw,Z" "-v" "/var/lib/crater-agent-workspace/builds/worker-7-tc1/source:/opt/rustwide/workdir:ro,Z" "-v" "/var/lib/crater-agent-workspace/cargo-home:/opt/rustwide/cargo-home:ro,Z" "-v" "/var/lib/crater-agent-workspace/rustup-home:/opt/rustwide/rustup-home:ro,Z" "-e" "SOURCE_DIR=/opt/rustwide/workdir" "-e" "CARGO_TARGET_DIR=/opt/rustwide/target" "-e" "CARGO_INCREMENTAL=0" "-e" "RUST_BACKTRACE=full" "-e" "RUSTFLAGS=--cap-lints=forbid" "-e" "RUSTDOCFLAGS=--cap-lints=forbid" "-e" "CARGO_HOME=/opt/rustwide/cargo-home" "-e" "RUSTUP_HOME=/opt/rustwide/rustup-home" "-w" "/opt/rustwide/workdir" "-m" "1610612736" "--user" "0:0" "--network" "none" "ghcr.io/rust-lang/crates-build-env/linux@sha256:4a844ea9eb2546a2d2c7022eacef16ef2e8229c7fbb2c7d4d55a9ceca922f72d" "/opt/rustwide/cargo-home/bin/cargo" "+nightly-2024-10-28" "build" "--frozen" "--message-format=json", kill_on_drop: false }`
[INFO] [stdout] 270b29a6203f1b7fc9d7e0c6a4367e55f89f15a4623168212d8f2058088ad862
[INFO] running `Command { std: "docker" "start" "-a" "270b29a6203f1b7fc9d7e0c6a4367e55f89f15a4623168212d8f2058088ad862", kill_on_drop: false }`
[INFO] [stderr]    Compiling libc v0.2.81
[INFO] [stderr]    Compiling proc-macro2 v1.0.24
[INFO] [stderr]    Compiling version_check v0.9.2
[INFO] [stderr]    Compiling syn v1.0.53
[INFO] [stderr]    Compiling getrandom v0.1.15
[INFO] [stderr]    Compiling remove_dir_all v0.5.3
[INFO] [stderr]    Compiling walkdir v2.3.1
[INFO] [stderr]    Compiling heck v0.3.1
[INFO] [stderr]    Compiling rust-embed-utils v5.1.0
[INFO] [stderr]    Compiling proc-macro-error-attr v1.0.4
[INFO] [stderr]    Compiling proc-macro-error v1.0.4
[INFO] [stderr]    Compiling quote v1.0.7
[INFO] [stderr]    Compiling atty v0.2.14
[INFO] [stderr]    Compiling clap v2.33.3
[INFO] [stderr]    Compiling rand_core v0.5.1
[INFO] [stderr]    Compiling rand_chacha v0.2.2
[INFO] [stderr]    Compiling rand v0.7.3
[INFO] [stderr]    Compiling tempfile v3.1.0
[INFO] [stderr]    Compiling rust-embed-impl v5.7.0
[INFO] [stderr]    Compiling structopt-derive v0.4.14
[INFO] [stderr]    Compiling rust-embed v5.7.0
[INFO] [stderr]    Compiling structopt v0.3.21
[INFO] [stderr]    Compiling sabre-lang v0.5.0 (/opt/rustwide/workdir)
[INFO] [stdout] warning: field `path` is never read
[INFO] [stdout]   --> src/ast/mod.rs:29:9
[INFO] [stdout]    |
[INFO] [stdout] 28 | pub struct Module {
[INFO] [stdout]    |            ------ field in this struct
[INFO] [stdout] 29 |     pub path: String,
[INFO] [stdout]    |         ^^^^
[INFO] [stdout]    |
[INFO] [stdout]    = note: `Module` has derived impls for the traits `Clone` and `Debug`, but these are intentionally ignored during dead code analysis
[INFO] [stdout]    = note: `#[warn(dead_code)]` on by default
[INFO] [stdout] 
[INFO] [stdout] 
[INFO] [stdout] warning: field `fields` is never read
[INFO] [stdout]   --> src/ast/mod.rs:64:9
[INFO] [stdout]    |
[INFO] [stdout] 62 | pub struct StructDef {
[INFO] [stdout]    |            --------- field in this struct
[INFO] [stdout] 63 |     pub name: String,
[INFO] [stdout] 64 |     pub fields: Vec<Variable>,
[INFO] [stdout]    |         ^^^^^^
[INFO] [stdout]    |
[INFO] [stdout]    = note: `StructDef` has derived impls for the traits `Clone` and `Debug`, but these are intentionally ignored during dead code analysis
[INFO] [stdout] 
[INFO] [stdout] 
[INFO] [stderr]     Finished `dev` profile [unoptimized + debuginfo] target(s) in 5.21s
[INFO] running `Command { std: "docker" "inspect" "270b29a6203f1b7fc9d7e0c6a4367e55f89f15a4623168212d8f2058088ad862", kill_on_drop: false }`
[INFO] running `Command { std: "docker" "rm" "-f" "270b29a6203f1b7fc9d7e0c6a4367e55f89f15a4623168212d8f2058088ad862", kill_on_drop: false }`
[INFO] [stdout] 270b29a6203f1b7fc9d7e0c6a4367e55f89f15a4623168212d8f2058088ad862
[INFO] running `Command { std: "docker" "create" "-v" "/var/lib/crater-agent-workspace/builds/worker-7-tc1/target:/opt/rustwide/target:rw,Z" "-v" "/var/lib/crater-agent-workspace/builds/worker-7-tc1/source:/opt/rustwide/workdir:ro,Z" "-v" "/var/lib/crater-agent-workspace/cargo-home:/opt/rustwide/cargo-home:ro,Z" "-v" "/var/lib/crater-agent-workspace/rustup-home:/opt/rustwide/rustup-home:ro,Z" "-e" "SOURCE_DIR=/opt/rustwide/workdir" "-e" "CARGO_TARGET_DIR=/opt/rustwide/target" "-e" "CARGO_INCREMENTAL=0" "-e" "RUST_BACKTRACE=full" "-e" "RUSTFLAGS=--cap-lints=forbid" "-e" "RUSTDOCFLAGS=--cap-lints=forbid" "-e" "CARGO_HOME=/opt/rustwide/cargo-home" "-e" "RUSTUP_HOME=/opt/rustwide/rustup-home" "-w" "/opt/rustwide/workdir" "-m" "1610612736" "--user" "0:0" "--network" "none" "ghcr.io/rust-lang/crates-build-env/linux@sha256:4a844ea9eb2546a2d2c7022eacef16ef2e8229c7fbb2c7d4d55a9ceca922f72d" "/opt/rustwide/cargo-home/bin/cargo" "+nightly-2024-10-28" "test" "--frozen" "--no-run" "--message-format=json", kill_on_drop: false }`
[INFO] [stdout] 860b9f07cf264438a7e305b071e0f3a3e95261b1a350af6466f46e06881c3d4c
[INFO] running `Command { std: "docker" "start" "-a" "860b9f07cf264438a7e305b071e0f3a3e95261b1a350af6466f46e06881c3d4c", kill_on_drop: false }`
[INFO] [stderr]    Compiling sabre-lang v0.5.0 (/opt/rustwide/workdir)
[INFO] [stdout] warning: field `path` is never read
[INFO] [stdout]   --> src/ast/mod.rs:29:9
[INFO] [stdout]    |
[INFO] [stdout] 28 | pub struct Module {
[INFO] [stdout]    |            ------ field in this struct
[INFO] [stdout] 29 |     pub path: String,
[INFO] [stdout]    |         ^^^^
[INFO] [stdout]    |
[INFO] [stdout]    = note: `Module` has derived impls for the traits `Clone` and `Debug`, but these are intentionally ignored during dead code analysis
[INFO] [stdout]    = note: `#[warn(dead_code)]` on by default
[INFO] [stdout] 
[INFO] [stdout] 
[INFO] [stdout] warning: field `fields` is never read
[INFO] [stdout]   --> src/ast/mod.rs:64:9
[INFO] [stdout]    |
[INFO] [stdout] 62 | pub struct StructDef {
[INFO] [stdout]    |            --------- field in this struct
[INFO] [stdout] 63 |     pub name: String,
[INFO] [stdout] 64 |     pub fields: Vec<Variable>,
[INFO] [stdout]    |         ^^^^^^
[INFO] [stdout]    |
[INFO] [stdout]    = note: `StructDef` has derived impls for the traits `Clone` and `Debug`, but these are intentionally ignored during dead code analysis
[INFO] [stdout] 
[INFO] [stdout] 
[INFO] [stderr]     Finished `test` profile [unoptimized + debuginfo] target(s) in 0.87s
[INFO] running `Command { std: "docker" "inspect" "860b9f07cf264438a7e305b071e0f3a3e95261b1a350af6466f46e06881c3d4c", kill_on_drop: false }`
[INFO] running `Command { std: "docker" "rm" "-f" "860b9f07cf264438a7e305b071e0f3a3e95261b1a350af6466f46e06881c3d4c", kill_on_drop: false }`
[INFO] [stdout] 860b9f07cf264438a7e305b071e0f3a3e95261b1a350af6466f46e06881c3d4c
[INFO] running `Command { std: "docker" "create" "-v" "/var/lib/crater-agent-workspace/builds/worker-7-tc1/target:/opt/rustwide/target:rw,Z" "-v" "/var/lib/crater-agent-workspace/builds/worker-7-tc1/source:/opt/rustwide/workdir:ro,Z" "-v" "/var/lib/crater-agent-workspace/cargo-home:/opt/rustwide/cargo-home:ro,Z" "-v" "/var/lib/crater-agent-workspace/rustup-home:/opt/rustwide/rustup-home:ro,Z" "-e" "SOURCE_DIR=/opt/rustwide/workdir" "-e" "CARGO_TARGET_DIR=/opt/rustwide/target" "-e" "CARGO_INCREMENTAL=0" "-e" "RUST_BACKTRACE=full" "-e" "RUSTFLAGS=--cap-lints=forbid" "-e" "RUSTDOCFLAGS=--cap-lints=forbid" "-e" "CARGO_HOME=/opt/rustwide/cargo-home" "-e" "RUSTUP_HOME=/opt/rustwide/rustup-home" "-w" "/opt/rustwide/workdir" "-m" "1610612736" "--user" "0:0" "--network" "none" "ghcr.io/rust-lang/crates-build-env/linux@sha256:4a844ea9eb2546a2d2c7022eacef16ef2e8229c7fbb2c7d4d55a9ceca922f72d" "/opt/rustwide/cargo-home/bin/cargo" "+nightly-2024-10-28" "test" "--frozen", kill_on_drop: false }`
[INFO] [stdout] 072e7a047e48760a72bc844c5c7a4c5317ce9e637c222a77f5add50c70d0042b
[INFO] running `Command { std: "docker" "start" "-a" "072e7a047e48760a72bc844c5c7a4c5317ce9e637c222a77f5add50c70d0042b", kill_on_drop: false }`
[INFO] [stderr] warning: field `path` is never read
[INFO] [stderr]   --> src/ast/mod.rs:29:9
[INFO] [stderr]    |
[INFO] [stderr] 28 | pub struct Module {
[INFO] [stderr]    |            ------ field in this struct
[INFO] [stderr] 29 |     pub path: String,
[INFO] [stderr]    |         ^^^^
[INFO] [stderr]    |
[INFO] [stderr]    = note: `Module` has derived impls for the traits `Clone` and `Debug`, but these are intentionally ignored during dead code analysis
[INFO] [stderr]    = note: `#[warn(dead_code)]` on by default
[INFO] [stderr] 
[INFO] [stderr] warning: field `fields` is never read
[INFO] [stderr]   --> src/ast/mod.rs:64:9
[INFO] [stderr]    |
[INFO] [stderr] 62 | pub struct StructDef {
[INFO] [stderr]    |            --------- field in this struct
[INFO] [stderr] 63 |     pub name: String,
[INFO] [stderr] 64 |     pub fields: Vec<Variable>,
[INFO] [stderr]    |         ^^^^^^
[INFO] [stderr]    |
[INFO] [stderr]    = note: `StructDef` has derived impls for the traits `Clone` and `Debug`, but these are intentionally ignored during dead code analysis
[INFO] [stderr] 
[INFO] [stderr] warning: `sabre-lang` (bin "sabre" test) generated 2 warnings
[INFO] [stderr]     Finished `test` profile [unoptimized + debuginfo] target(s) in 0.03s
[INFO] [stderr]      Running unittests src/main.rs (/opt/rustwide/target/debug/deps/sabre-69e3d9049efc9f0a)
[INFO] [stdout] 
[INFO] [stdout] running 61 tests
[INFO] [stdout] test lexer::tests::test_basic_tokenizing ... ok
[INFO] [stdout] test lexer::tests::test_booleans ... ok
[INFO] [stdout] test lexer::tests::test_tokenizing_without_whitespace ... ok
[INFO] [stdout] test lexer::tests::test_comments ... ok
[INFO] [stdout] test lexer::tests::test_functions ... ok
[INFO] [stdout] test parser::tests::test_arithmetic ... ok
[INFO] [stdout] test parser::tests::test_array_access_assignment ... ok
[INFO] [stdout] test parser::tests::test_array_as_argument ... ok
[INFO] [stdout] test parser::tests::test_array_position_assignment ... ok
[INFO] [stdout] test parser::tests::test_array_access_standalone ... ok
[INFO] [stdout] test parser::tests::test_array_access_in_if ... ok
[INFO] [stdout] test parser::tests::test_array_access_in_loop ... ok
[INFO] [stdout] test parser::tests::test_basic_while_loop ... ok
[INFO] [stdout] test parser::tests::test_booleans_in_function_call ... ok
[INFO] [stdout] test parser::tests::test_function_call_math ... ok
[INFO] [stdout] test parser::tests::test_boolean_arithmetic ... ok
[INFO] [stdout] test parser::tests::test_function_multiple_args ... ok
[INFO] [stdout] test parser::tests::test_function_with_return_type ... ok
[INFO] [stdout] test parser::tests::test_no_function_args_without_type ... ok
[INFO] [stdout] test parser::tests::test_break ... ok
[INFO] [stdout] test parser::tests::test_parse_basic_conditional ... ok
[INFO] [stdout] test parser::tests::test_int_array ... ok
[INFO] [stdout] test parser::tests::test_parse_basic_conditional_with_multiple_statements ... ok
[INFO] [stdout] test parser::tests::test_continue ... ok
[INFO] [stdout] test parser::tests::test_parse_basic_ops ... ok
[INFO] [stdout] test parser::tests::test_complex_nested_expressions ... ok
[INFO] [stdout] test parser::tests::test_parse_compound_ops_with_identifier_first ... ok
[INFO] [stdout] test parser::tests::test_nested_array ... ok
[INFO] [stdout] test parser::tests::test_parse_compound_ops ... ok
[INFO] [stdout] test parser::tests::test_nested_for_loop ... ok
[INFO] [stdout] test parser::tests::test_parse_compound_ops_return ... ok
[INFO] [stdout] test parser::tests::test_parse_compound_ops_with_function_call ... ok
[INFO] [stdout] test parser::tests::test_parse_compound_ops_with_identifier ... ok
[INFO] [stdout] test parser::tests::test_parse_conditional_else_branch ... ok
[INFO] [stdout] test parser::tests::test_late_initializing_variable ... ok
[INFO] [stdout] test parser::tests::test_parse_compound_ops_with_strings ... ok
[INFO] [stdout] test parser::tests::test_parse_function_with_args ... ok
[INFO] [stdout] test parser::tests::test_parse_function_with_return ... ok
[INFO] [stdout] test parser::tests::test_parse_function_call_multiple_arguments ... ok
[INFO] [stdout] test parser::tests::test_parse_function_call ... ok
[INFO] [stdout] test parser::tests::test_parse_conditional_else_if_branch ... ok
[INFO] [stdout] test parser::tests::test_parse_empty_function ... ok
[INFO] [stdout] test parser::tests::test_parse_nexted_function_call ... ok
[INFO] [stdout] test parser::tests::test_parse_multiple_functions ... ok
[INFO] [stdout] test parser::tests::test_parse_no_function_context ... ok
[INFO] [stdout] test parser::tests::test_parse_redundant_semicolon ... ok
[INFO] [stdout] test parser::tests::test_parse_variable_declaration_added ... ok
[INFO] [stdout] test parser::tests::test_parse_return_function_call ... ok
[INFO] [stdout] test parser::tests::test_parse_variable_declaration ... ok
[INFO] [stdout] test parser::tests::test_string_array ... ok
[INFO] [stdout] test parser::tests::test_simple_for_loop ... ok
[INFO] [stdout] test parser::tests::test_simple_nested_expression ... ok
[INFO] [stdout] test parser::tests::test_parse_conditional_elseif_else_branch ... ok
[INFO] [stdout] test parser::tests::test_parse_conditional_multiple_else_if_branch_branches ... ok
[INFO] [stdout] test parser::tests::test_parse_variable_reassignment ... ok
[INFO] [stdout] test parser::tests::test_uninitialized_variables ... ok
[INFO] [stdout] test parser::tests::test_typed_declare ... ok
[INFO] [stdout] test parser::tests::test_while_loop_boolean_expression ... ok
[INFO] [stdout] test parser::tests::test_struct_initialization ... ok
[INFO] [stderr]     Blocking waiting for file lock on build directory
[INFO] [stderr] warning: field `path` is never read
[INFO] [stderr]   --> src/ast/mod.rs:29:9
[INFO] [stderr]    |
[INFO] [stderr] 28 | pub struct Module {
[INFO] [stderr]    |            ------ field in this struct
[INFO] [stderr] 29 |     pub path: String,
[INFO] [stderr]    |         ^^^^
[INFO] [stderr]    |
[INFO] [stderr]    = note: `Module` has derived impls for the traits `Clone` and `Debug`, but these are intentionally ignored during dead code analysis
[INFO] [stderr]    = note: `#[warn(dead_code)]` on by default
[INFO] [stderr] 
[INFO] [stderr] warning: field `fields` is never read
[INFO] [stderr]   --> src/ast/mod.rs:64:9
[INFO] [stderr]    |
[INFO] [stderr] 62 | pub struct StructDef {
[INFO] [stderr]    |            --------- field in this struct
[INFO] [stderr] 63 |     pub name: String,
[INFO] [stderr] 64 |     pub fields: Vec<Variable>,
[INFO] [stderr]    |         ^^^^^^
[INFO] [stderr]    |
[INFO] [stderr]    = note: `StructDef` has derived impls for the traits `Clone` and `Debug`, but these are intentionally ignored during dead code analysis
[INFO] [stderr] 
[INFO] [stderr] warning: `sabre-lang` (bin "sabre") generated 2 warnings
[INFO] [stderr]     Finished `dev` profile [unoptimized + debuginfo] target(s) in 0.03s
[INFO] [stderr]      Running `/opt/rustwide/target/debug/sabre build /opt/rustwide/workdir/examples/loops.sb -o /opt/rustwide/workdir/examples_out/loops.js`
[INFO] [stderr] warning: field `path` is never read
[INFO] [stderr]   --> src/ast/mod.rs:29:9
[INFO] [stderr]    |
[INFO] [stderr] 28 | pub struct Module {
[INFO] [stderr]    |            ------ field in this struct
[INFO] [stderr] 29 |     pub path: String,
[INFO] [stderr]    |         ^^^^
[INFO] [stderr]    |
[INFO] [stderr]    = note: `Module` has derived impls for the traits `Clone` and `Debug`, but these are intentionally ignored during dead code analysis
[INFO] [stderr]    = note: `#[warn(dead_code)]` on by default
[INFO] [stderr] 
[INFO] [stderr] warning: field `fields` is never read
[INFO] [stderr]   --> src/ast/mod.rs:64:9
[INFO] [stderr]    |
[INFO] [stderr] 62 | pub struct StructDef {
[INFO] [stderr]    |            --------- field in this struct
[INFO] [stderr] 63 |     pub name: String,
[INFO] [stderr] 64 |     pub fields: Vec<Variable>,
[INFO] [stderr]    |         ^^^^^^
[INFO] [stderr]    |
[INFO] [stderr]    = note: `StructDef` has derived impls for the traits `Clone` and `Debug`, but these are intentionally ignored during dead code analysis
[INFO] [stderr] 
[INFO] [stderr] warning: `sabre-lang` (bin "sabre") generated 2 warnings
[INFO] [stderr]     Finished `dev` profile [unoptimized + debuginfo] target(s) in 0.03s
[INFO] [stderr]      Running `/opt/rustwide/target/debug/sabre build /opt/rustwide/workdir/tests/operator_assignments.sb -o /opt/rustwide/workdir/tests_out/operator_assignments.js`
[INFO] [stderr] thread 'main' panicked at src/builder/mod.rs:113:56:
[INFO] [stderr] create failed: Os { code: 2, kind: NotFound, message: "No such file or directory" }
[INFO] [stderr] stack backtrace:
[INFO] [stderr] thread 'main' panicked at src/builder/mod.rs:113:56:
[INFO] [stderr] create failed: Os { code: 2, kind: NotFound, message: "No such file or directory" }
[INFO] [stderr] stack backtrace:
[INFO] [stderr]    0:     0x611d0c7b002a - std::backtrace_rs::backtrace::libunwind::trace::h207520d6e9873551
[INFO] [stderr]                                at /rustc/df4ca44d3fbc9301ee17f30f4d474e6ae4b05252/library/std/src/../../backtrace/src/backtrace/libunwind.rs:116:5
[INFO] [stderr]    1:     0x611d0c7b002a - std::backtrace_rs::backtrace::trace_unsynchronized::h2ed7433f370e3eca
[INFO] [stderr]                                at /rustc/df4ca44d3fbc9301ee17f30f4d474e6ae4b05252/library/std/src/../../backtrace/src/backtrace/mod.rs:66:5
[INFO] [stderr]    2:     0x611d0c7b002a - std::sys::backtrace::_print_fmt::h916fac51166b18d7
[INFO] [stderr]                                at /rustc/df4ca44d3fbc9301ee17f30f4d474e6ae4b05252/library/std/src/sys/backtrace.rs:66:9
[INFO] [stderr]    3:     0x611d0c7b002a - <std::sys::backtrace::BacktraceLock::print::DisplayBacktrace as core::fmt::Display>::fmt::ha0a4c9b8ce3802e6
[INFO] [stderr]                                at /rustc/df4ca44d3fbc9301ee17f30f4d474e6ae4b05252/library/std/src/sys/backtrace.rs:39:26
[INFO] [stderr]    4:     0x611d0c7d3573 - core::fmt::rt::Argument::fmt::h4cfc8587d52b3eb5
[INFO] [stderr]                                at /rustc/df4ca44d3fbc9301ee17f30f4d474e6ae4b05252/library/core/src/fmt/rt.rs:177:76
[INFO] [stderr]    5:     0x611d0c7d3573 - core::fmt::write::h522cc39e5b36ae9f
[INFO] [stderr]                                at /rustc/df4ca44d3fbc9301ee17f30f4d474e6ae4b05252/library/core/src/fmt/mod.rs:1190:21
[INFO] [stderr]    6:     0x611d0c7ac653 - std::io::Write::write_fmt::hf1c1dcc8cc1287f0
[INFO] [stderr]                                at /rustc/df4ca44d3fbc9301ee17f30f4d474e6ae4b05252/library/std/src/io/mod.rs:1839:15
[INFO] [stderr]    7:     0x611d0c7afe72 - std::sys::backtrace::BacktraceLock::print::h4b9e00b29e9c0942
[INFO] [stderr]                                at /rustc/df4ca44d3fbc9301ee17f30f4d474e6ae4b05252/library/std/src/sys/backtrace.rs:42:9
[INFO] [stderr]    8:     0x611d0c7b0e3c - std::panicking::default_hook::{{closure}}::hb59b88280d0324d9
[INFO] [stderr]                                at /rustc/df4ca44d3fbc9301ee17f30f4d474e6ae4b05252/library/std/src/panicking.rs:268:22
[INFO] [stderr]    9:     0x611d0c7b0c82 - std::panicking::default_hook::he1dd496665be4a29
[INFO] [stderr]                                at /rustc/df4ca44d3fbc9301ee17f30f4d474e6ae4b05252/library/std/src/panicking.rs:295:9
[INFO] [stderr]   10:     0x611d0c7b1437 - std::panicking::rust_panic_with_hook::h2ff17fe8f26dfcf8
[INFO] [stderr]                                at /rustc/df4ca44d3fbc9301ee17f30f4d474e6ae4b05252/library/std/src/panicking.rs:801:13
[INFO] [stderr]   11:     0x611d0c7b12ca - std::panicking::begin_panic_handler::{{closure}}::h4fad77951c07e101
[INFO] [stderr]                                at /rustc/df4ca44d3fbc9301ee17f30f4d474e6ae4b05252/library/std/src/panicking.rs:674:13
[INFO] [stderr]   12:     0x611d0c7b0509 - std::sys::backtrace::__rust_end_short_backtrace::hb1a25b3da5d0ea08
[INFO] [stderr]                                at /rustc/df4ca44d3fbc9301ee17f30f4d474e6ae4b05252/library/std/src/sys/backtrace.rs:170:18
[INFO] [stderr]   13:     0x611d0c7b0f5c - rust_begin_unwind
[INFO] [stderr]                                at /rustc/df4ca44d3fbc9301ee17f30f4d474e6ae4b05252/library/std/src/panicking.rs:665:5
[INFO] [stderr]   14:     0x611d0c7d23d0 - core::panicking::panic_fmt::ha9db07b529f9b256
[INFO] [stderr]                                at /rustc/df4ca44d3fbc9301ee17f30f4d474e6ae4b05252/library/core/src/panicking.rs:75:14
[INFO] [stderr]   15:     0x611d0c7d27e6 - core::result::unwrap_failed::h5e8218e4d4338b8a
[INFO] [stderr]                                at /rustc/df4ca44d3fbc9301ee17f30f4d474e6ae4b05252/library/core/src/result.rs:1698:5
[INFO] [stderr]   16:     0x611d0c642fdd - core::result::Result<T,E>::expect::h50b098e630691da5
[INFO] [stderr]                                at /rustc/df4ca44d3fbc9301ee17f30f4d474e6ae4b05252/library/core/src/result.rs:1060:23
[INFO] [stderr]   17:     0x611d0c633948 - sabre::builder::Builder::generate::h71f04f3b9eb64c1d
[INFO] [stderr]                                at /opt/rustwide/workdir/src/builder/mod.rs:113:24
[INFO] [stderr]   18:     0x611d0c64b214 - sabre::command::build::build::h43c3ae3e7d2dc1e2
[INFO] [stderr]                                at /opt/rustwide/workdir/src/command/build.rs:22:5
[INFO] [stderr]   19:     0x611d0c64b72a - sabre::main::h787bf00384fc0381
[INFO] [stderr]                                at /opt/rustwide/workdir/src/main.rs:60:45
[INFO] [stderr]   20:     0x611d0c6401a2 - core::ops::function::FnOnce::call_once::hb1e4e5a7bdd2efe1
[INFO] [stderr]                                at /rustc/df4ca44d3fbc9301ee17f30f4d474e6ae4b05252/library/core/src/ops/function.rs:250:5
[INFO] [stderr]   21:     0x611d0c623895 - std::sys::backtrace::__rust_begin_short_backtrace::h16c76916db1b49e5
[INFO] [stderr]                                at /rustc/df4ca44d3fbc9301ee17f30f4d474e6ae4b05252/library/std/src/sys/backtrace.rs:154:18
[INFO] [stderr]   22:     0x611d0c623856 - std::rt::lang_start::{{closure}}::h50e402f6899885d3
[INFO] [stderr]                                at /rustc/df4ca44d3fbc9301ee17f30f4d474e6ae4b05252/library/std/src/rt.rs:195:18
[INFO] [stderr]   23:     0x611d0c7a7517 - core::ops::function::impls::<impl core::ops::function::FnOnce<A> for &F>::call_once::hd87d66b906e0ccaf
[INFO] [stderr]                                at /rustc/df4ca44d3fbc9301ee17f30f4d474e6ae4b05252/library/core/src/ops/function.rs:284:13
[INFO] [stderr]   24:     0x611d0c7a7517 - std::panicking::try::do_call::hae3703de71fc9e3a
[INFO] [stderr]                                at /rustc/df4ca44d3fbc9301ee17f30f4d474e6ae4b05252/library/std/src/panicking.rs:557:40
[INFO] [stderr]   25:     0x611d0c7a7517 - std::panicking::try::h1178330e9a2b2645
[INFO] [stderr]                                at /rustc/df4ca44d3fbc9301ee17f30f4d474e6ae4b05252/library/std/src/panicking.rs:520:19
[INFO] [stderr]   26:     0x611d0c7a7517 - std::panic::catch_unwind::h0acf49d2305d32ad
[INFO] [stderr]                                at /rustc/df4ca44d3fbc9301ee17f30f4d474e6ae4b05252/library/std/src/panic.rs:358:14
[INFO] [stderr]   27:     0x611d0c7a7517 - std::rt::lang_start_internal::{{closure}}::h2d95182d798177be
[INFO] [stderr]                                at /rustc/df4ca44d3fbc9301ee17f30f4d474e6ae4b05252/library/std/src/rt.rs:174:48
[INFO] [stderr]   28:     0x611d0c7a7517 - std::panicking::try::do_call::hb506f5bfe11fd30c
[INFO] [stderr]                                at /rustc/df4ca44d3fbc9301ee17f30f4d474e6ae4b05252/library/std/src/panicking.rs:557:40
[INFO] [stderr]   29:     0x611d0c7a7517 - std::panicking::try::h54d825c46bd0fa95
[INFO] [stderr]                                at /rustc/df4ca44d3fbc9301ee17f30f4d474e6ae4b05252/library/std/src/panicking.rs:520:19
[INFO] [stderr]   30:     0x611d0c7a7517 - std::panic::catch_unwind::hffbb0ad20c4e9fac
[INFO] [stderr]                                at /rustc/df4ca44d3fbc9301ee17f30f4d474e6ae4b05252/library/std/src/panic.rs:358:14
[INFO] [stderr]   31:     0x611d0c7a7517 - std::rt::lang_start_internal::h52c291ef1962c925
[INFO] [stderr]                                at /rustc/df4ca44d3fbc9301ee17f30f4d474e6ae4b05252/library/std/src/rt.rs:174:20
[INFO] [stderr]   32:     0x611d0c62382a - std::rt::lang_start::h6db040d009d18131
[INFO] [stderr]                                at /rustc/df4ca44d3fbc9301ee17f30f4d474e6ae4b05252/library/std/src/rt.rs:194:17
[INFO] [stderr]   33:     0x611d0c64ca1e - main
[INFO] [stderr]   34:     0x78a7eb506d90 - <unknown>
[INFO] [stderr]   35:     0x78a7eb506e40 - __libc_start_main
[INFO] [stderr]   36:     0x611d0c603c75 - _start
[INFO] [stderr]   37:                0x0 - <unknown>
[INFO] [stderr]    0:     0x5939c5c5d02a - std::backtrace_rs::backtrace::libunwind::trace::h207520d6e9873551
[INFO] [stderr]                                at /rustc/df4ca44d3fbc9301ee17f30f4d474e6ae4b05252/library/std/src/../../backtrace/src/backtrace/libunwind.rs:116:5
[INFO] [stderr]    1:     0x5939c5c5d02a - std::backtrace_rs::backtrace::trace_unsynchronized::h2ed7433f370e3eca
[INFO] [stderr]                                at /rustc/df4ca44d3fbc9301ee17f30f4d474e6ae4b05252/library/std/src/../../backtrace/src/backtrace/mod.rs:66:5
[INFO] [stderr]    2:     0x5939c5c5d02a - std::sys::backtrace::_print_fmt::h916fac51166b18d7
[INFO] [stderr]                                at /rustc/df4ca44d3fbc9301ee17f30f4d474e6ae4b05252/library/std/src/sys/backtrace.rs:66:9
[INFO] [stderr]    3:     0x5939c5c5d02a - <std::sys::backtrace::BacktraceLock::print::DisplayBacktrace as core::fmt::Display>::fmt::ha0a4c9b8ce3802e6
[INFO] [stderr]                                at /rustc/df4ca44d3fbc9301ee17f30f4d474e6ae4b05252/library/std/src/sys/backtrace.rs:39:26
[INFO] [stderr]    4:     0x5939c5c80573 - core::fmt::rt::Argument::fmt::h4cfc8587d52b3eb5
[INFO] [stderr]                                at /rustc/df4ca44d3fbc9301ee17f30f4d474e6ae4b05252/library/core/src/fmt/rt.rs:177:76
[INFO] [stderr]    5:     0x5939c5c80573 - core::fmt::write::h522cc39e5b36ae9f
[INFO] [stderr]                                at /rustc/df4ca44d3fbc9301ee17f30f4d474e6ae4b05252/library/core/src/fmt/mod.rs:1190:21
[INFO] [stderr]    6:     0x5939c5c59653 - std::io::Write::write_fmt::hf1c1dcc8cc1287f0
[INFO] [stderr]                                at /rustc/df4ca44d3fbc9301ee17f30f4d474e6ae4b05252/library/std/src/io/mod.rs:1839:15
[INFO] [stderr]    7:     0x5939c5c5ce72 - std::sys::backtrace::BacktraceLock::print::h4b9e00b29e9c0942
[INFO] [stderr]                                at /rustc/df4ca44d3fbc9301ee17f30f4d474e6ae4b05252/library/std/src/sys/backtrace.rs:42:9
[INFO] [stderr]    8:     0x5939c5c5de3c - std::panicking::default_hook::{{closure}}::hb59b88280d0324d9
[INFO] [stderr]                                at /rustc/df4ca44d3fbc9301ee17f30f4d474e6ae4b05252/library/std/src/panicking.rs:268:22
[INFO] [stderr]    9:     0x5939c5c5dc82 - std::panicking::default_hook::he1dd496665be4a29
[INFO] [stderr]                                at /rustc/df4ca44d3fbc9301ee17f30f4d474e6ae4b05252/library/std/src/panicking.rs:295:9
[INFO] [stderr]   10:     0x5939c5c5e437 - std::panicking::rust_panic_with_hook::h2ff17fe8f26dfcf8
[INFO] [stderr]                                at /rustc/df4ca44d3fbc9301ee17f30f4d474e6ae4b05252/library/std/src/panicking.rs:801:13
[INFO] [stderr]   11:     0x5939c5c5e2ca - std::panicking::begin_panic_handler::{{closure}}::h4fad77951c07e101
[INFO] [stderr]                                at /rustc/df4ca44d3fbc9301ee17f30f4d474e6ae4b05252/library/std/src/panicking.rs:674:13
[INFO] [stderr]   12:     0x5939c5c5d509 - std::sys::backtrace::__rust_end_short_backtrace::hb1a25b3da5d0ea08
[INFO] [stderr]                                at /rustc/df4ca44d3fbc9301ee17f30f4d474e6ae4b05252/library/std/src/sys/backtrace.rs:170:18
[INFO] [stderr]   13:     0x5939c5c5df5c - rust_begin_unwind
[INFO] [stderr]                                at /rustc/df4ca44d3fbc9301ee17f30f4d474e6ae4b05252/library/std/src/panicking.rs:665:5
[INFO] [stderr]   14:     0x5939c5c7f3d0 - core::panicking::panic_fmt::ha9db07b529f9b256
[INFO] [stderr]                                at /rustc/df4ca44d3fbc9301ee17f30f4d474e6ae4b05252/library/core/src/panicking.rs:75:14
[INFO] [stderr]   15:     0x5939c5c7f7e6 - core::result::unwrap_failed::h5e8218e4d4338b8a
[INFO] [stderr]                                at /rustc/df4ca44d3fbc9301ee17f30f4d474e6ae4b05252/library/core/src/result.rs:1698:5
[INFO] [stderr]   16:     0x5939c5aeffdd - core::result::Result<T,E>::expect::h50b098e630691da5
[INFO] [stderr]                                at /rustc/df4ca44d3fbc9301ee17f30f4d474e6ae4b05252/library/core/src/result.rs:1060:23
[INFO] [stderr]   17:     0x5939c5ae0948 - sabre::builder::Builder::generate::h71f04f3b9eb64c1d
[INFO] [stderr]                                at /opt/rustwide/workdir/src/builder/mod.rs:113:24
[INFO] [stderr]   18:     0x5939c5af8214 - sabre::command::build::build::h43c3ae3e7d2dc1e2
[INFO] [stderr]                                at /opt/rustwide/workdir/src/command/build.rs:22:5
[INFO] [stderr]   19:     0x5939c5af872a - sabre::main::h787bf00384fc0381
[INFO] [stderr]                                at /opt/rustwide/workdir/src/main.rs:60:45
[INFO] [stderr]   20:     0x5939c5aed1a2 - core::ops::function::FnOnce::call_once::hb1e4e5a7bdd2efe1
[INFO] [stderr]                                at /rustc/df4ca44d3fbc9301ee17f30f4d474e6ae4b05252/library/core/src/ops/function.rs:250:5
[INFO] [stderr]   21:     0x5939c5ad0895 - std::sys::backtrace::__rust_begin_short_backtrace::h16c76916db1b49e5
[INFO] [stderr]                                at /rustc/df4ca44d3fbc9301ee17f30f4d474e6ae4b05252/library/std/src/sys/backtrace.rs:154:18
[INFO] [stderr]   22:     0x5939c5ad0856 - std::rt::lang_start::{{closure}}::h50e402f6899885d3
[INFO] [stderr]                                at /rustc/df4ca44d3fbc9301ee17f30f4d474e6ae4b05252/library/std/src/rt.rs:195:18
[INFO] [stderr]   23:     0x5939c5c54517 - core::ops::function::impls::<impl core::ops::function::FnOnce<A> for &F>::call_once::hd87d66b906e0ccaf
[INFO] [stderr]                                at /rustc/df4ca44d3fbc9301ee17f30f4d474e6ae4b05252/library/core/src/ops/function.rs:284:13
[INFO] [stderr]   24:     0x5939c5c54517 - std::panicking::try::do_call::hae3703de71fc9e3a
[INFO] [stderr]                                at /rustc/df4ca44d3fbc9301ee17f30f4d474e6ae4b05252/library/std/src/panicking.rs:557:40
[INFO] [stderr]   25:     0x5939c5c54517 - std::panicking::try::h1178330e9a2b2645
[INFO] [stderr]                                at /rustc/df4ca44d3fbc9301ee17f30f4d474e6ae4b05252/library/std/src/panicking.rs:520:19
[INFO] [stderr]   26:     0x5939c5c54517 - std::panic::catch_unwind::h0acf49d2305d32ad
[INFO] [stderr]                                at /rustc/df4ca44d3fbc9301ee17f30f4d474e6ae4b05252/library/std/src/panic.rs:358:14
[INFO] [stderr]   27:     0x5939c5c54517 - std::rt::lang_start_internal::{{closure}}::h2d95182d798177be
[INFO] [stderr]                                at /rustc/df4ca44d3fbc9301ee17f30f4d474e6ae4b05252/library/std/src/rt.rs:174:48
[INFO] [stderr]   28:     0x5939c5c54517 - std::panicking::try::do_call::hb506f5bfe11fd30c
[INFO] [stderr]                                at /rustc/df4ca44d3fbc9301ee17f30f4d474e6ae4b05252/library/std/src/panicking.rs:557:40
[INFO] [stderr]   29:     0x5939c5c54517 - std::panicking::try::h54d825c46bd0fa95
[INFO] [stderr]                                at /rustc/df4ca44d3fbc9301ee17f30f4d474e6ae4b05252/library/std/src/panicking.rs:520:19
[INFO] [stderr]   30:     0x5939c5c54517 - std::panic::catch_unwind::hffbb0ad20c4e9fac
[INFO] [stderr]                                at /rustc/df4ca44d3fbc9301ee17f30f4d474e6ae4b05252/library/std/src/panic.rs:358:14
[INFO] [stderr]   31:     0x5939c5c54517 - std::rt::lang_start_internal::h52c291ef1962c925
[INFO] [stderr]                                at /rustc/df4ca44d3fbc9301ee17f30f4d474e6ae4b05252/library/std/src/rt.rs:174:20
[INFO] [stderr]   32:     0x5939c5ad082a - std::rt::lang_start::h6db040d009d18131
[INFO] [stderr]                                at /rustc/df4ca44d3fbc9301ee17f30f4d474e6ae4b05252/library/std/src/rt.rs:194:17
[INFO] [stderr]   33:     0x5939c5af9a1e - main
[INFO] [stderr]   34:     0x74393a8b1d90 - <unknown>
[INFO] [stderr]   35:     0x74393a8b1e40 - __libc_start_main
[INFO] [stderr]   36:     0x5939c5ab0c75 - _start
[INFO] [stderr]   37:                0x0 - <unknown>
[INFO] [stdout] test tests::test_examples::test_examples ... FAILED
[INFO] [stdout] test tests::test_examples::test_testcases ... FAILED
[INFO] [stdout] 
[INFO] [stdout] failures:
[INFO] [stdout] 
[INFO] [stdout] ---- tests::test_examples::test_examples stdout ----
[INFO] [stdout] thread 'tests::test_examples::test_examples' panicked at src/tests/test_examples.rs:60:9:
[INFO] [stdout] assertion `left == right` failed: "/opt/rustwide/workdir/examples/loops.sb"
[INFO] [stdout]   left: false
[INFO] [stdout]  right: true
[INFO] [stdout] stack backtrace:
[INFO] [stdout]    0:     0x55aa925addaa - std::backtrace_rs::backtrace::libunwind::trace::h207520d6e9873551
[INFO] [stdout]                                at /rustc/df4ca44d3fbc9301ee17f30f4d474e6ae4b05252/library/std/src/../../backtrace/src/backtrace/libunwind.rs:116:5
[INFO] [stdout]    1:     0x55aa925addaa - std::backtrace_rs::backtrace::trace_unsynchronized::h2ed7433f370e3eca
[INFO] [stdout]                                at /rustc/df4ca44d3fbc9301ee17f30f4d474e6ae4b05252/library/std/src/../../backtrace/src/backtrace/mod.rs:66:5
[INFO] [stdout]    2:     0x55aa925addaa - std::sys::backtrace::_print_fmt::h916fac51166b18d7
[INFO] [stdout]                                at /rustc/df4ca44d3fbc9301ee17f30f4d474e6ae4b05252/library/std/src/sys/backtrace.rs:66:9
[INFO] [stdout]    3:     0x55aa925addaa - <std::sys::backtrace::BacktraceLock::print::DisplayBacktrace as core::fmt::Display>::fmt::ha0a4c9b8ce3802e6
[INFO] [stdout]                                at /rustc/df4ca44d3fbc9301ee17f30f4d474e6ae4b05252/library/std/src/sys/backtrace.rs:39:26
[INFO] [stdout]    4:     0x55aa925d4ca3 - core::fmt::rt::Argument::fmt::h4cfc8587d52b3eb5
[INFO] [stdout]                                at /rustc/df4ca44d3fbc9301ee17f30f4d474e6ae4b05252/library/core/src/fmt/rt.rs:177:76
[INFO] [stdout]    5:     0x55aa925d4ca3 - core::fmt::write::h522cc39e5b36ae9f
[INFO] [stdout]                                at /rustc/df4ca44d3fbc9301ee17f30f4d474e6ae4b05252/library/core/src/fmt/mod.rs:1190:21
[INFO] [stdout]    6:     0x55aa925aa673 - std::io::Write::write_fmt::h7d3c26752da97734
[INFO] [stdout]                                at /rustc/df4ca44d3fbc9301ee17f30f4d474e6ae4b05252/library/std/src/io/mod.rs:1839:15
[INFO] [stdout]    7:     0x55aa925adbf2 - std::sys::backtrace::BacktraceLock::print::h4b9e00b29e9c0942
[INFO] [stdout]                                at /rustc/df4ca44d3fbc9301ee17f30f4d474e6ae4b05252/library/std/src/sys/backtrace.rs:42:9
[INFO] [stdout]    8:     0x55aa925af23a - std::panicking::default_hook::{{closure}}::hb59b88280d0324d9
[INFO] [stdout]                                at /rustc/df4ca44d3fbc9301ee17f30f4d474e6ae4b05252/library/std/src/panicking.rs:268:22
[INFO] [stdout]    9:     0x55aa925af044 - std::panicking::default_hook::he1dd496665be4a29
[INFO] [stdout]                                at /rustc/df4ca44d3fbc9301ee17f30f4d474e6ae4b05252/library/std/src/panicking.rs:292:9
[INFO] [stdout]   10:     0x55aa92569579 - <alloc::boxed::Box<F,A> as core::ops::function::Fn<Args>>::call::h4ff71de18744e1dc
[INFO] [stdout]                                at /rustc/df4ca44d3fbc9301ee17f30f4d474e6ae4b05252/library/alloc/src/boxed.rs:2468:9
[INFO] [stdout]   11:     0x55aa92569579 - test::test_main::{{closure}}::hcf7c055ce117aa81
[INFO] [stdout]                                at /rustc/df4ca44d3fbc9301ee17f30f4d474e6ae4b05252/library/test/src/lib.rs:133:21
[INFO] [stdout]   12:     0x55aa925af938 - <alloc::boxed::Box<F,A> as core::ops::function::Fn<Args>>::call::h1d66c6bbd60c9692
[INFO] [stdout]                                at /rustc/df4ca44d3fbc9301ee17f30f4d474e6ae4b05252/library/alloc/src/boxed.rs:2468:9
[INFO] [stdout]   13:     0x55aa925af938 - std::panicking::rust_panic_with_hook::h2ff17fe8f26dfcf8
[INFO] [stdout]                                at /rustc/df4ca44d3fbc9301ee17f30f4d474e6ae4b05252/library/std/src/panicking.rs:809:13
[INFO] [stdout]   14:     0x55aa925af6fa - std::panicking::begin_panic_handler::{{closure}}::h4fad77951c07e101
[INFO] [stdout]                                at /rustc/df4ca44d3fbc9301ee17f30f4d474e6ae4b05252/library/std/src/panicking.rs:674:13
[INFO] [stdout]   15:     0x55aa925ae289 - std::sys::backtrace::__rust_end_short_backtrace::hb1a25b3da5d0ea08
[INFO] [stdout]                                at /rustc/df4ca44d3fbc9301ee17f30f4d474e6ae4b05252/library/std/src/sys/backtrace.rs:170:18
[INFO] [stdout]   16:     0x55aa925af38c - rust_begin_unwind
[INFO] [stdout]                                at /rustc/df4ca44d3fbc9301ee17f30f4d474e6ae4b05252/library/std/src/panicking.rs:665:5
[INFO] [stdout]   17:     0x55aa925d33f0 - core::panicking::panic_fmt::ha9db07b529f9b256
[INFO] [stdout]                                at /rustc/df4ca44d3fbc9301ee17f30f4d474e6ae4b05252/library/core/src/panicking.rs:75:14
[INFO] [stdout]   18:     0x55aa925d371b - core::panicking::assert_failed_inner::h04f38944d74a80a8
[INFO] [stdout]   19:     0x55aa92524deb - core::panicking::assert_failed::hd1b57c6ff20c88e7
[INFO] [stdout]                                at /rustc/df4ca44d3fbc9301ee17f30f4d474e6ae4b05252/library/core/src/panicking.rs:377:5
[INFO] [stdout]   20:     0x55aa92511f6b - sabre::tests::test_examples::test_directory::h944bb81d0e191854
[INFO] [stdout]                                at /opt/rustwide/workdir/src/tests/test_examples.rs:60:9
[INFO] [stdout]   21:     0x55aa92513995 - sabre::tests::test_examples::test_examples::hce74c0a19841bc48
[INFO] [stdout]                                at /opt/rustwide/workdir/src/tests/test_examples.rs:79:5
[INFO] [stdout]   22:     0x55aa92513967 - sabre::tests::test_examples::test_examples::{{closure}}::he6aaf628b4af9bbb
[INFO] [stdout]                                at /opt/rustwide/workdir/src/tests/test_examples.rs:78:23
[INFO] [stdout]   23:     0x55aa92520fe6 - core::ops::function::FnOnce::call_once::h117687504d82ce9b
[INFO] [stdout]                                at /rustc/df4ca44d3fbc9301ee17f30f4d474e6ae4b05252/library/core/src/ops/function.rs:250:5
[INFO] [stdout]   24:     0x55aa9256de4b - core::ops::function::FnOnce::call_once::h22c3ba5715e93f05
[INFO] [stdout]                                at /rustc/df4ca44d3fbc9301ee17f30f4d474e6ae4b05252/library/core/src/ops/function.rs:250:5
[INFO] [stdout]   25:     0x55aa9256de4b - test::__rust_begin_short_backtrace::h8e82d8113d0da17f
[INFO] [stdout]                                at /rustc/df4ca44d3fbc9301ee17f30f4d474e6ae4b05252/library/test/src/lib.rs:621:18
[INFO] [stdout]   26:     0x55aa9256d7c7 - test::run_test_in_process::{{closure}}::h33235f4f20b7b7c7
[INFO] [stdout]                                at /rustc/df4ca44d3fbc9301ee17f30f4d474e6ae4b05252/library/test/src/lib.rs:644:60
[INFO] [stdout]   27:     0x55aa9256d7c7 - <core::panic::unwind_safe::AssertUnwindSafe<F> as core::ops::function::FnOnce<()>>::call_once::hb5043206310c586f
[INFO] [stdout]                                at /rustc/df4ca44d3fbc9301ee17f30f4d474e6ae4b05252/library/core/src/panic/unwind_safe.rs:272:9
[INFO] [stdout]   28:     0x55aa9256d7c7 - std::panicking::try::do_call::h9ad4731a60ab23e2
[INFO] [stdout]                                at /rustc/df4ca44d3fbc9301ee17f30f4d474e6ae4b05252/library/std/src/panicking.rs:557:40
[INFO] [stdout]   29:     0x55aa9256d7c7 - std::panicking::try::h3824d23db772a716
[INFO] [stdout]                                at /rustc/df4ca44d3fbc9301ee17f30f4d474e6ae4b05252/library/std/src/panicking.rs:520:19
[INFO] [stdout]   30:     0x55aa9256d7c7 - std::panic::catch_unwind::h5afd514605fde46b
[INFO] [stdout]                                at /rustc/df4ca44d3fbc9301ee17f30f4d474e6ae4b05252/library/std/src/panic.rs:358:14
[INFO] [stdout]   31:     0x55aa9256d7c7 - test::run_test_in_process::h0d5cbfa7067d1720
[INFO] [stdout]                                at /rustc/df4ca44d3fbc9301ee17f30f4d474e6ae4b05252/library/test/src/lib.rs:644:27
[INFO] [stdout]   32:     0x55aa9256d7c7 - test::run_test::{{closure}}::h708eb8872708115d
[INFO] [stdout]                                at /rustc/df4ca44d3fbc9301ee17f30f4d474e6ae4b05252/library/test/src/lib.rs:565:43
[INFO] [stdout]   33:     0x55aa92530ee4 - test::run_test::{{closure}}::h392c51cee94713ab
[INFO] [stdout]                                at /rustc/df4ca44d3fbc9301ee17f30f4d474e6ae4b05252/library/test/src/lib.rs:595:41
[INFO] [stdout]   34:     0x55aa92530ee4 - std::sys::backtrace::__rust_begin_short_backtrace::h2f40290710935a8b
[INFO] [stdout]                                at /rustc/df4ca44d3fbc9301ee17f30f4d474e6ae4b05252/library/std/src/sys/backtrace.rs:154:18
[INFO] [stdout]   35:     0x55aa9253468e - std::thread::Builder::spawn_unchecked_::{{closure}}::{{closure}}::h3fd968d89053a903
[INFO] [stdout]                                at /rustc/df4ca44d3fbc9301ee17f30f4d474e6ae4b05252/library/std/src/thread/mod.rs:541:17
[INFO] [stdout]   36:     0x55aa9253468e - <core::panic::unwind_safe::AssertUnwindSafe<F> as core::ops::function::FnOnce<()>>::call_once::h743f637ba4229880
[INFO] [stdout]                                at /rustc/df4ca44d3fbc9301ee17f30f4d474e6ae4b05252/library/core/src/panic/unwind_safe.rs:272:9
[INFO] [stdout]   37:     0x55aa9253468e - std::panicking::try::do_call::h07440897322525a6
[INFO] [stdout]                                at /rustc/df4ca44d3fbc9301ee17f30f4d474e6ae4b05252/library/std/src/panicking.rs:557:40
[INFO] [stdout]   38:     0x55aa9253468e - std::panicking::try::he5a2e00188156637
[INFO] [stdout]                                at /rustc/df4ca44d3fbc9301ee17f30f4d474e6ae4b05252/library/std/src/panicking.rs:520:19
[INFO] [stdout]   39:     0x55aa9253468e - std::panic::catch_unwind::hbaf3cae49b3c6433
[INFO] [stdout]                                at /rustc/df4ca44d3fbc9301ee17f30f4d474e6ae4b05252/library/std/src/panic.rs:358:14
[INFO] [stdout]   40:     0x55aa9253468e - std::thread::Builder::spawn_unchecked_::{{closure}}::h8e141ea224820bce
[INFO] [stdout]                                at /rustc/df4ca44d3fbc9301ee17f30f4d474e6ae4b05252/library/std/src/thread/mod.rs:540:30
[INFO] [stdout]   41:     0x55aa9253468e - core::ops::function::FnOnce::call_once{{vtable.shim}}::h90d312fedd7b8ea8
[INFO] [stdout]                                at /rustc/df4ca44d3fbc9301ee17f30f4d474e6ae4b05252/library/core/src/ops/function.rs:250:5
[INFO] [stdout]   42:     0x55aa925b3cab - <alloc::boxed::Box<F,A> as core::ops::function::FnOnce<Args>>::call_once::h69aa08ddb6adb8b6
[INFO] [stdout]                                at /rustc/df4ca44d3fbc9301ee17f30f4d474e6ae4b05252/library/alloc/src/boxed.rs:2454:9
[INFO] [stdout]   43:     0x55aa925b3cab - <alloc::boxed::Box<F,A> as core::ops::function::FnOnce<Args>>::call_once::h5aa36efdb79c806f
[INFO] [stdout]                                at /rustc/df4ca44d3fbc9301ee17f30f4d474e6ae4b05252/library/alloc/src/boxed.rs:2454:9
[INFO] [stdout]   44:     0x55aa925b3cab - std::sys::pal::unix::thread::Thread::new::thread_start::h6cd80a1b4be5158d
[INFO] [stdout]                                at /rustc/df4ca44d3fbc9301ee17f30f4d474e6ae4b05252/library/std/src/sys/pal/unix/thread.rs:105:17
[INFO] [stdout]   45:     0x7056297cfac3 - <unknown>
[INFO] [stdout]   46:     0x705629860a04 - clone
[INFO] [stdout]   47:                0x0 - <unknown>
[INFO] [stdout] 
[INFO] [stdout] ---- tests::test_examples::test_testcases stdout ----
[INFO] [stdout] thread 'tests::test_examples::test_testcases' panicked at src/tests/test_examples.rs:60:9:
[INFO] [stdout] assertion `left == right` failed: "/opt/rustwide/workdir/tests/operator_assignments.sb"
[INFO] [stdout]   left: false
[INFO] [stdout]  right: true
[INFO] [stdout] stack backtrace:
[INFO] [stdout]    0:     0x55aa925addaa - std::backtrace_rs::backtrace::libunwind::trace::h207520d6e9873551
[INFO] [stdout]                                at /rustc/df4ca44d3fbc9301ee17f30f4d474e6ae4b05252/library/std/src/../../backtrace/src/backtrace/libunwind.rs:116:5
[INFO] [stdout]    1:     0x55aa925addaa - std::backtrace_rs::backtrace::trace_unsynchronized::h2ed7433f370e3eca
[INFO] [stdout]                                at /rustc/df4ca44d3fbc9301ee17f30f4d474e6ae4b05252/library/std/src/../../backtrace/src/backtrace/mod.rs:66:5
[INFO] [stdout]    2:     0x55aa925addaa - std::sys::backtrace::_print_fmt::h916fac51166b18d7
[INFO] [stdout]                                at /rustc/df4ca44d3fbc9301ee17f30f4d474e6ae4b05252/library/std/src/sys/backtrace.rs:66:9
[INFO] [stdout]    3:     0x55aa925addaa - <std::sys::backtrace::BacktraceLock::print::DisplayBacktrace as core::fmt::Display>::fmt::ha0a4c9b8ce3802e6
[INFO] [stdout]                                at /rustc/df4ca44d3fbc9301ee17f30f4d474e6ae4b05252/library/std/src/sys/backtrace.rs:39:26
[INFO] [stdout]    4:     0x55aa925d4ca3 - core::fmt::rt::Argument::fmt::h4cfc8587d52b3eb5
[INFO] [stdout]                                at /rustc/df4ca44d3fbc9301ee17f30f4d474e6ae4b05252/library/core/src/fmt/rt.rs:177:76
[INFO] [stdout]    5:     0x55aa925d4ca3 - core::fmt::write::h522cc39e5b36ae9f
[INFO] [stdout]                                at /rustc/df4ca44d3fbc9301ee17f30f4d474e6ae4b05252/library/core/src/fmt/mod.rs:1190:21
[INFO] [stdout]    6:     0x55aa925aa673 - std::io::Write::write_fmt::h7d3c26752da97734
[INFO] [stdout]                                at /rustc/df4ca44d3fbc9301ee17f30f4d474e6ae4b05252/library/std/src/io/mod.rs:1839:15
[INFO] [stdout]    7:     0x55aa925adbf2 - std::sys::backtrace::BacktraceLock::print::h4b9e00b29e9c0942
[INFO] [stdout]                                at /rustc/df4ca44d3fbc9301ee17f30f4d474e6ae4b05252/library/std/src/sys/backtrace.rs:42:9
[INFO] [stdout]    8:     0x55aa925af23a - std::panicking::default_hook::{{closure}}::hb59b88280d0324d9
[INFO] [stdout]                                at /rustc/df4ca44d3fbc9301ee17f30f4d474e6ae4b05252/library/std/src/panicking.rs:268:22
[INFO] [stdout]    9:     0x55aa925af044 - std::panicking::default_hook::he1dd496665be4a29
[INFO] [stdout]                                at /rustc/df4ca44d3fbc9301ee17f30f4d474e6ae4b05252/library/std/src/panicking.rs:292:9
[INFO] [stdout]   10:     0x55aa92569579 - <alloc::boxed::Box<F,A> as core::ops::function::Fn<Args>>::call::h4ff71de18744e1dc
[INFO] [stdout]                                at /rustc/df4ca44d3fbc9301ee17f30f4d474e6ae4b05252/library/alloc/src/boxed.rs:2468:9
[INFO] [stdout]   11:     0x55aa92569579 - test::test_main::{{closure}}::hcf7c055ce117aa81
[INFO] [stdout]                                at /rustc/df4ca44d3fbc9301ee17f30f4d474e6ae4b05252/library/test/src/lib.rs:133:21
[INFO] [stdout]   12:     0x55aa925af938 - <alloc::boxed::Box<F,A> as core::ops::function::Fn<Args>>::call::h1d66c6bbd60c9692
[INFO] [stdout]                                at /rustc/df4ca44d3fbc9301ee17f30f4d474e6ae4b05252/library/alloc/src/boxed.rs:2468:9
[INFO] [stdout]   13:     0x55aa925af938 - std::panicking::rust_panic_with_hook::h2ff17fe8f26dfcf8
[INFO] [stdout]                                at /rustc/df4ca44d3fbc9301ee17f30f4d474e6ae4b05252/library/std/src/panicking.rs:809:13
[INFO] [stdout]   14:     0x55aa925af6fa - std::panicking::begin_panic_handler::{{closure}}::h4fad77951c07e101
[INFO] [stdout]                                at /rustc/df4ca44d3fbc9301ee17f30f4d474e6ae4b05252/library/std/src/panicking.rs:674:13
[INFO] [stdout]   15:     0x55aa925ae289 - std::sys::backtrace::__rust_end_short_backtrace::hb1a25b3da5d0ea08
[INFO] [stdout]                                at /rustc/df4ca44d3fbc9301ee17f30f4d474e6ae4b05252/library/std/src/sys/backtrace.rs:170:18
[INFO] [stdout]   16:     0x55aa925af38c - rust_begin_unwind
[INFO] [stdout]                                at /rustc/df4ca44d3fbc9301ee17f30f4d474e6ae4b05252/library/std/src/panicking.rs:665:5
[INFO] [stdout]   17:     0x55aa925d33f0 - core::panicking::panic_fmt::ha9db07b529f9b256
[INFO] [stdout]                                at /rustc/df4ca44d3fbc9301ee17f30f4d474e6ae4b05252/library/core/src/panicking.rs:75:14
[INFO] [stdout]   18:     0x55aa925d371b - core::panicking::assert_failed_inner::h04f38944d74a80a8
[INFO] [stdout]   19:     0x55aa92524deb - core::panicking::assert_failed::hd1b57c6ff20c88e7
[INFO] [stdout]                                at /rustc/df4ca44d3fbc9301ee17f30f4d474e6ae4b05252/library/core/src/panicking.rs:377:5
[INFO] [stdout]   20:     0x55aa92511f6b - sabre::tests::test_examples::test_directory::h944bb81d0e191854
[INFO] [stdout]                                at /opt/rustwide/workdir/src/tests/test_examples.rs:60:9
[INFO] [stdout]   21:     0x55aa92513a35 - sabre::tests::test_examples::test_testcases::h1948228d9650b5b4
[INFO] [stdout]                                at /opt/rustwide/workdir/src/tests/test_examples.rs:85:5
[INFO] [stdout]   22:     0x55aa92513a07 - sabre::tests::test_examples::test_testcases::{{closure}}::h208f2d2cbc7a87c1
[INFO] [stdout]                                at /opt/rustwide/workdir/src/tests/test_examples.rs:84:24
[INFO] [stdout]   23:     0x55aa92521c26 - core::ops::function::FnOnce::call_once::hcb8e08800dd6ce45
[INFO] [stdout]                                at /rustc/df4ca44d3fbc9301ee17f30f4d474e6ae4b05252/library/core/src/ops/function.rs:250:5
[INFO] [stdout]   24:     0x55aa9256de4b - core::ops::function::FnOnce::call_once::h22c3ba5715e93f05
[INFO] [stdout]                                at /rustc/df4ca44d3fbc9301ee17f30f4d474e6ae4b05252/library/core/src/ops/function.rs:250:5
[INFO] [stdout]   25:     0x55aa9256de4b - test::__rust_begin_short_backtrace::h8e82d8113d0da17f
[INFO] [stdout]                                at /rustc/df4ca44d3fbc9301ee17f30f4d474e6ae4b05252/library/test/src/lib.rs:621:18
[INFO] [stdout]   26:     0x55aa9256d7c7 - test::run_test_in_process::{{closure}}::h33235f4f20b7b7c7
[INFO] [stdout]                                at /rustc/df4ca44d3fbc9301ee17f30f4d474e6ae4b05252/library/test/src/lib.rs:644:60
[INFO] [stdout]   27:     0x55aa9256d7c7 - <core::panic::unwind_safe::AssertUnwindSafe<F> as core::ops::function::FnOnce<()>>::call_once::hb5043206310c586f
[INFO] [stdout]                                at /rustc/df4ca44d3fbc9301ee17f30f4d474e6ae4b05252/library/core/src/panic/unwind_safe.rs:272:9
[INFO] [stdout]   28:     0x55aa9256d7c7 - std::panicking::try::do_call::h9ad4731a60ab23e2
[INFO] [stdout]                                at /rustc/df4ca44d3fbc9301ee17f30f4d474e6ae4b05252/library/std/src/panicking.rs:557:40
[INFO] [stdout]   29:     0x55aa9256d7c7 - std::panicking::try::h3824d23db772a716
[INFO] [stdout]                                at /rustc/df4ca44d3fbc9301ee17f30f4d474e6ae4b05252/library/std/src/panicking.rs:520:19
[INFO] [stdout]   30:     0x55aa9256d7c7 - std::panic::catch_unwind::h5afd514605fde46b
[INFO] [stdout]                                at /rustc/df4ca44d3fbc9301ee17f30f4d474e6ae4b05252/library/std/src/panic.rs:358:14
[INFO] [stdout]   31:     0x55aa9256d7c7 - test::run_test_in_process::h0d5cbfa7067d1720
[INFO] [stdout]                                at /rustc/df4ca44d3fbc9301ee17f30f4d474e6ae4b05252/library/test/src/lib.rs:644:27
[INFO] [stdout]   32:     0x55aa9256d7c7 - test::run_test::{{closure}}::h708eb8872708115d
[INFO] [stdout]                                at /rustc/df4ca44d3fbc9301ee17f30f4d474e6ae4b05252/library/test/src/lib.rs:565:43
[INFO] [stdout]   33:     0x55aa92530ee4 - test::run_test::{{closure}}::h392c51cee94713ab
[INFO] [stdout]                                at /rustc/df4ca44d3fbc9301ee17f30f4d474e6ae4b05252/library/test/src/lib.rs:595:41
[INFO] [stdout]   34:     0x55aa92530ee4 - std::sys::backtrace::__rust_begin_short_backtrace::h2f40290710935a8b
[INFO] [stdout]                                at /rustc/df4ca44d3fbc9301ee17f30f4d474e6ae4b05252/library/std/src/sys/backtrace.rs:154:18
[INFO] [stdout]   35:     0x55aa9253468e - std::thread::Builder::spawn_unchecked_::{{closure}}::{{closure}}::h3fd968d89053a903
[INFO] [stdout]                                at /rustc/df4ca44d3fbc9301ee17f30f4d474e6ae4b05252/library/std/src/thread/mod.rs:541:17
[INFO] [stdout]   36:     0x55aa9253468e - <core::panic::unwind_safe::AssertUnwindSafe<F> as core::ops::function::FnOnce<()>>::call_once::h743f637ba4229880
[INFO] [stdout]                                at /rustc/df4ca44d3fbc9301ee17f30f4d474e6ae4b05252/library/core/src/panic/unwind_safe.rs:272:9
[INFO] [stdout]   37:     0x55aa9253468e - std::panicking::try::do_call::h07440897322525a6
[INFO] [stdout]                                at /rustc/df4ca44d3fbc9301ee17f30f4d474e6ae4b05252/library/std/src/panicking.rs:557:40
[INFO] [stdout]   38:     0x55aa9253468e - std::panicking::try::he5a2e00188156637
[INFO] [stdout]                                at /rustc/df4ca44d3fbc9301ee17f30f4d474e6ae4b05252/library/std/src/panicking.rs:520:19
[INFO] [stdout]   39:     0x55aa9253468e - std::panic::catch_unwind::hbaf3cae49b3c6433
[INFO] [stdout]                                at /rustc/df4ca44d3fbc9301ee17f30f4d474e6ae4b05252/library/std/src/panic.rs:358:14
[INFO] [stdout]   40:     0x55aa9253468e - std::thread::Builder::spawn_unchecked_::{{closure}}::h8e141ea224820bce
[INFO] [stdout]                                at /rustc/df4ca44d3fbc9301ee17f30f4d474e6ae4b05252/library/std/src/thread/mod.rs:540:30
[INFO] [stdout]   41:     0x55aa9253468e - core::ops::function::FnOnce::call_once{{vtable.shim}}::h90d312fedd7b8ea8
[INFO] [stdout]                                at /rustc/df4ca44d3fbc9301ee17f30f4d474e6ae4b05252/library/core/src/ops/function.rs:250:5
[INFO] [stdout]   42:     0x55aa925b3cab - <alloc::boxed::Box<F,A> as core::ops::function::FnOnce<Args>>::call_once::h69aa08ddb6adb8b6
[INFO] [stdout]                                at /rustc/df4ca44d3fbc9301ee17f30f4d474e6ae4b05252/library/alloc/src/boxed.rs:2454:9
[INFO] [stdout]   43:     0x55aa925b3cab - <alloc::boxed::Box<F,A> as core::ops::function::FnOnce<Args>>::call_once::h5aa36efdb79c806f
[INFO] [stdout]                                at /rustc/df4ca44d3fbc9301ee17f30f4d474e6ae4b05252/library/alloc/src/boxed.rs:2454:9
[INFO] [stdout]   44:     0x55aa925b3cab - std::sys::pal::unix::thread::Thread::new::thread_start::h6cd80a1b4be5158d
[INFO] [stdout]                                at /rustc/df4ca44d3fbc9301ee17f30f4d474e6ae4b05252/library/std/src/sys/pal/unix/thread.rs:105:17
[INFO] [stdout]   45:     0x7056297cfac3 - <unknown>
[INFO] [stdout]   46:     0x705629860a04 - clone
[INFO] [stdout]   47:                0x0 - <unknown>
[INFO] [stdout] 
[INFO] [stdout] 
[INFO] [stdout] failures:
[INFO] [stdout]     tests::test_examples::test_examples
[INFO] [stdout]     tests::test_examples::test_testcases
[INFO] [stdout] 
[INFO] [stdout] test result: FAILED. 59 passed; 2 failed; 0 ignored; 0 measured; 0 filtered out; finished in 0.12s
[INFO] [stdout] 
[INFO] [stderr] error: test failed, to rerun pass `--bin sabre`
[INFO] running `Command { std: "docker" "inspect" "072e7a047e48760a72bc844c5c7a4c5317ce9e637c222a77f5add50c70d0042b", kill_on_drop: false }`
[INFO] running `Command { std: "docker" "rm" "-f" "072e7a047e48760a72bc844c5c7a4c5317ce9e637c222a77f5add50c70d0042b", kill_on_drop: false }`
[INFO] [stdout] 072e7a047e48760a72bc844c5c7a4c5317ce9e637c222a77f5add50c70d0042b
