[INFO] fetching crate saa-common 0.11.3...
[INFO] testing saa-common-0.11.3 against nightly-2024-10-28 for randomize-layout
[INFO] extracting crate saa-common 0.11.3 into /workspace/builds/worker-7-tc1/source
[INFO] validating manifest of crates.io crate saa-common 0.11.3 on toolchain nightly-2024-10-28
[INFO] running `Command { std: CARGO_HOME="/workspace/cargo-home" RUSTUP_HOME="/workspace/rustup-home" "/workspace/cargo-home/bin/cargo" "+nightly-2024-10-28" "metadata" "--manifest-path" "Cargo.toml" "--no-deps", kill_on_drop: false }`
[INFO] started tweaking crates.io crate saa-common 0.11.3
[INFO] finished tweaking crates.io crate saa-common 0.11.3
[INFO] tweaked toml for crates.io crate saa-common 0.11.3 written to /workspace/builds/worker-7-tc1/source/Cargo.toml
[INFO] running `Command { std: CARGO_HOME="/workspace/cargo-home" RUSTUP_HOME="/workspace/rustup-home" "/workspace/cargo-home/bin/cargo" "+nightly-2024-10-28" "generate-lockfile" "--manifest-path" "Cargo.toml", kill_on_drop: false }`
[INFO] [stderr]     Updating crates.io index
[INFO] [stderr]      Locking 177 packages to latest compatible versions
[INFO] [stderr]       Adding const_env_impl v0.1.2 (available: v0.1.3)
[INFO] [stderr]       Adding cosmwasm-crypto v1.5.8 (available: v2.1.4)
[INFO] [stderr]       Adding cosmwasm-std v1.5.8 (available: v2.1.4)
[INFO] [stderr]       Adding curve25519-dalek v3.2.0 (available: v3.2.1)
[INFO] [stderr]       Adding saa-schema v0.11.3 (available: v0.14.7)
[INFO] running `Command { std: CARGO_HOME="/workspace/cargo-home" RUSTUP_HOME="/workspace/rustup-home" "/workspace/cargo-home/bin/cargo" "+nightly-2024-10-28" "fetch" "--manifest-path" "Cargo.toml", kill_on_drop: false }`
[INFO] [stderr]  Downloading crates ...
[INFO] [stderr]   Downloaded polkavm-derive v0.5.0
[INFO] [stderr]   Downloaded pallet-contracts-uapi-next v6.0.3
[INFO] [stderr]   Downloaded ink v5.0.0
[INFO] [stderr]   Downloaded ink_storage v5.0.0
[INFO] [stderr]   Downloaded polkavm-derive-impl v0.5.0
[INFO] [stderr]   Downloaded saa-macros-proto v0.11.3
[INFO] [stderr]   Downloaded polkavm-common v0.5.0
[INFO] [stderr]   Downloaded saa-schema v0.11.3
[INFO] [stderr]   Downloaded ink_allocator v5.0.0
[INFO] [stderr]   Downloaded linkme v0.3.29
[INFO] [stderr]   Downloaded ink_ir v5.0.0
[INFO] [stderr]   Downloaded const_env v0.1.2
[INFO] [stderr]   Downloaded ink_env v5.0.0
[INFO] [stderr]   Downloaded const_env_impl v0.1.2
[INFO] [stderr]   Downloaded ink_codegen v5.0.0
[INFO] [stderr]   Downloaded scale-decode v0.10.0
[INFO] [stderr]   Downloaded ink_macro v5.0.0
[INFO] [stderr]   Downloaded ink_engine v5.0.0
[INFO] [stderr]   Downloaded ink_metadata v5.0.0
[INFO] [stderr]   Downloaded ink_prelude v5.0.0
[INFO] [stderr]   Downloaded ink_primitives v5.0.0
[INFO] [stderr]   Downloaded ink_storage_traits v5.0.0
[INFO] [stderr]   Downloaded linkme-impl v0.3.29
[INFO] [stderr]   Downloaded scale-decode-derive v0.10.0
[INFO] running `Command { std: "docker" "create" "-v" "/var/lib/crater-agent-workspace/builds/worker-7-tc1/target:/opt/rustwide/target:rw,Z" "-v" "/var/lib/crater-agent-workspace/builds/worker-7-tc1/source:/opt/rustwide/workdir:ro,Z" "-v" "/var/lib/crater-agent-workspace/cargo-home:/opt/rustwide/cargo-home:ro,Z" "-v" "/var/lib/crater-agent-workspace/rustup-home:/opt/rustwide/rustup-home:ro,Z" "-e" "SOURCE_DIR=/opt/rustwide/workdir" "-e" "CARGO_TARGET_DIR=/opt/rustwide/target" "-e" "CARGO_HOME=/opt/rustwide/cargo-home" "-e" "RUSTUP_HOME=/opt/rustwide/rustup-home" "-w" "/opt/rustwide/workdir" "-m" "1610612736" "--user" "0:0" "--network" "none" "ghcr.io/rust-lang/crates-build-env/linux@sha256:4a844ea9eb2546a2d2c7022eacef16ef2e8229c7fbb2c7d4d55a9ceca922f72d" "/opt/rustwide/cargo-home/bin/cargo" "+nightly-2024-10-28" "metadata" "--no-deps" "--format-version=1", kill_on_drop: false }`
[INFO] [stdout] aef42567eac0d7d0e37a540545c0efcf6ba089c9640f017bd6775f9bc5e2ca67
[INFO] running `Command { std: "docker" "start" "-a" "aef42567eac0d7d0e37a540545c0efcf6ba089c9640f017bd6775f9bc5e2ca67", kill_on_drop: false }`
[INFO] running `Command { std: "docker" "inspect" "aef42567eac0d7d0e37a540545c0efcf6ba089c9640f017bd6775f9bc5e2ca67", kill_on_drop: false }`
[INFO] running `Command { std: "docker" "rm" "-f" "aef42567eac0d7d0e37a540545c0efcf6ba089c9640f017bd6775f9bc5e2ca67", kill_on_drop: false }`
[INFO] [stdout] aef42567eac0d7d0e37a540545c0efcf6ba089c9640f017bd6775f9bc5e2ca67
[INFO] running `Command { std: "docker" "create" "-v" "/var/lib/crater-agent-workspace/builds/worker-7-tc1/target:/opt/rustwide/target:rw,Z" "-v" "/var/lib/crater-agent-workspace/builds/worker-7-tc1/source:/opt/rustwide/workdir:ro,Z" "-v" "/var/lib/crater-agent-workspace/cargo-home:/opt/rustwide/cargo-home:ro,Z" "-v" "/var/lib/crater-agent-workspace/rustup-home:/opt/rustwide/rustup-home:ro,Z" "-e" "SOURCE_DIR=/opt/rustwide/workdir" "-e" "CARGO_TARGET_DIR=/opt/rustwide/target" "-e" "CARGO_INCREMENTAL=0" "-e" "RUST_BACKTRACE=full" "-e" "RUSTFLAGS=--cap-lints=forbid" "-e" "RUSTDOCFLAGS=--cap-lints=forbid" "-e" "CARGO_HOME=/opt/rustwide/cargo-home" "-e" "RUSTUP_HOME=/opt/rustwide/rustup-home" "-w" "/opt/rustwide/workdir" "-m" "1610612736" "--user" "0:0" "--network" "none" "ghcr.io/rust-lang/crates-build-env/linux@sha256:4a844ea9eb2546a2d2c7022eacef16ef2e8229c7fbb2c7d4d55a9ceca922f72d" "/opt/rustwide/cargo-home/bin/cargo" "+nightly-2024-10-28" "build" "--frozen" "--message-format=json", kill_on_drop: false }`
[INFO] [stdout] 84945c4f911c67c8661ba5e521ca34532a65c32a7fc4c5e18da93d0b99322784
[INFO] running `Command { std: "docker" "start" "-a" "84945c4f911c67c8661ba5e521ca34532a65c32a7fc4c5e18da93d0b99322784", kill_on_drop: false }`
[INFO] [stderr]    Compiling serde v1.0.214
[INFO] [stderr]    Compiling syn v1.0.109
[INFO] [stderr]    Compiling crunchy v0.2.2
[INFO] [stderr]    Compiling generic-array v0.14.7
[INFO] [stderr]    Compiling libc v0.2.161
[INFO] [stderr]    Compiling syn v2.0.86
[INFO] [stderr]    Compiling schemars v0.8.21
[INFO] [stderr]    Compiling tiny-keccak v2.0.2
[INFO] [stderr]    Compiling dyn-clone v1.0.17
[INFO] [stderr]    Compiling base64 v0.22.1
[INFO] [stderr]    Compiling bech32 v0.11.0
[INFO] [stderr]    Compiling block-buffer v0.10.4
[INFO] [stderr]    Compiling crypto-common v0.1.6
[INFO] [stderr]    Compiling digest v0.10.7
[INFO] [stderr]    Compiling getrandom v0.2.15
[INFO] [stderr]    Compiling sha2 v0.10.8
[INFO] [stderr]    Compiling ripemd v0.1.3
[INFO] [stderr]    Compiling serde_derive_internals v0.29.1
[INFO] [stderr]    Compiling serde_derive v1.0.214
[INFO] [stderr]    Compiling thiserror-impl v1.0.66
[INFO] [stderr]    Compiling schemars_derive v0.8.21
[INFO] [stderr]    Compiling thiserror v1.0.66
[INFO] [stderr]    Compiling saa-macros-proto v0.11.3
[INFO] [stderr]    Compiling saa-schema v0.11.3
[INFO] [stderr]    Compiling serde_json v1.0.132
[INFO] [stderr]    Compiling serde-json-wasm v1.0.1
[INFO] [stderr]    Compiling saa-common v0.11.3 (/opt/rustwide/workdir)
[INFO] [stderr]     Finished `dev` profile [unoptimized + debuginfo] target(s) in 6.38s
[INFO] running `Command { std: "docker" "inspect" "84945c4f911c67c8661ba5e521ca34532a65c32a7fc4c5e18da93d0b99322784", kill_on_drop: false }`
[INFO] running `Command { std: "docker" "rm" "-f" "84945c4f911c67c8661ba5e521ca34532a65c32a7fc4c5e18da93d0b99322784", kill_on_drop: false }`
[INFO] [stdout] 84945c4f911c67c8661ba5e521ca34532a65c32a7fc4c5e18da93d0b99322784
[INFO] running `Command { std: "docker" "create" "-v" "/var/lib/crater-agent-workspace/builds/worker-7-tc1/target:/opt/rustwide/target:rw,Z" "-v" "/var/lib/crater-agent-workspace/builds/worker-7-tc1/source:/opt/rustwide/workdir:ro,Z" "-v" "/var/lib/crater-agent-workspace/cargo-home:/opt/rustwide/cargo-home:ro,Z" "-v" "/var/lib/crater-agent-workspace/rustup-home:/opt/rustwide/rustup-home:ro,Z" "-e" "SOURCE_DIR=/opt/rustwide/workdir" "-e" "CARGO_TARGET_DIR=/opt/rustwide/target" "-e" "CARGO_INCREMENTAL=0" "-e" "RUST_BACKTRACE=full" "-e" "RUSTFLAGS=--cap-lints=forbid" "-e" "RUSTDOCFLAGS=--cap-lints=forbid" "-e" "CARGO_HOME=/opt/rustwide/cargo-home" "-e" "RUSTUP_HOME=/opt/rustwide/rustup-home" "-w" "/opt/rustwide/workdir" "-m" "1610612736" "--user" "0:0" "--network" "none" "ghcr.io/rust-lang/crates-build-env/linux@sha256:4a844ea9eb2546a2d2c7022eacef16ef2e8229c7fbb2c7d4d55a9ceca922f72d" "/opt/rustwide/cargo-home/bin/cargo" "+nightly-2024-10-28" "test" "--frozen" "--no-run" "--message-format=json", kill_on_drop: false }`
[INFO] [stdout] 4e9f5c6ce45557aabfdb096437c1a7ef55fd4f5134938272f24a1df9d4b1cea1
[INFO] running `Command { std: "docker" "start" "-a" "4e9f5c6ce45557aabfdb096437c1a7ef55fd4f5134938272f24a1df9d4b1cea1", kill_on_drop: false }`
[INFO] [stderr]    Compiling saa-common v0.11.3 (/opt/rustwide/workdir)
[INFO] [stderr]     Finished `test` profile [unoptimized + debuginfo] target(s) in 0.20s
[INFO] running `Command { std: "docker" "inspect" "4e9f5c6ce45557aabfdb096437c1a7ef55fd4f5134938272f24a1df9d4b1cea1", kill_on_drop: false }`
[INFO] running `Command { std: "docker" "rm" "-f" "4e9f5c6ce45557aabfdb096437c1a7ef55fd4f5134938272f24a1df9d4b1cea1", kill_on_drop: false }`
[INFO] [stdout] 4e9f5c6ce45557aabfdb096437c1a7ef55fd4f5134938272f24a1df9d4b1cea1
[INFO] running `Command { std: "docker" "create" "-v" "/var/lib/crater-agent-workspace/builds/worker-7-tc1/target:/opt/rustwide/target:rw,Z" "-v" "/var/lib/crater-agent-workspace/builds/worker-7-tc1/source:/opt/rustwide/workdir:ro,Z" "-v" "/var/lib/crater-agent-workspace/cargo-home:/opt/rustwide/cargo-home:ro,Z" "-v" "/var/lib/crater-agent-workspace/rustup-home:/opt/rustwide/rustup-home:ro,Z" "-e" "SOURCE_DIR=/opt/rustwide/workdir" "-e" "CARGO_TARGET_DIR=/opt/rustwide/target" "-e" "CARGO_INCREMENTAL=0" "-e" "RUST_BACKTRACE=full" "-e" "RUSTFLAGS=--cap-lints=forbid" "-e" "RUSTDOCFLAGS=--cap-lints=forbid" "-e" "CARGO_HOME=/opt/rustwide/cargo-home" "-e" "RUSTUP_HOME=/opt/rustwide/rustup-home" "-w" "/opt/rustwide/workdir" "-m" "1610612736" "--user" "0:0" "--network" "none" "ghcr.io/rust-lang/crates-build-env/linux@sha256:4a844ea9eb2546a2d2c7022eacef16ef2e8229c7fbb2c7d4d55a9ceca922f72d" "/opt/rustwide/cargo-home/bin/cargo" "+nightly-2024-10-28" "test" "--frozen", kill_on_drop: false }`
[INFO] [stdout] 9b12853e12d3dfecda60d1b65538c9c5fe5de1296f562e1111d5032628350df3
[INFO] running `Command { std: "docker" "start" "-a" "9b12853e12d3dfecda60d1b65538c9c5fe5de1296f562e1111d5032628350df3", kill_on_drop: false }`
[INFO] [stderr]     Finished `test` profile [unoptimized + debuginfo] target(s) in 0.07s
[INFO] [stderr]      Running unittests src/lib.rs (/opt/rustwide/target/debug/deps/saa_common-bde3d65693dfd665)
[INFO] [stdout] 
[INFO] [stdout] running 0 tests
[INFO] [stdout] 
[INFO] [stdout] test result: ok. 0 passed; 0 failed; 0 ignored; 0 measured; 0 filtered out; finished in 0.00s
[INFO] [stdout] 
[INFO] [stderr]    Doc-tests saa_common
[INFO] [stdout] 
[INFO] [stdout] running 2 tests
[INFO] [stdout] test src/binary.rs - binary::Binary::to_array (line 60) ... FAILED
[INFO] [stdout] test src/binary.rs - binary::Binary::to_array (line 69) ... FAILED
[INFO] [stdout] 
[INFO] [stdout] failures:
[INFO] [stdout] 
[INFO] [stdout] ---- src/binary.rs - binary::Binary::to_array (line 60) stdout ----
[INFO] [stdout] error[E0432]: unresolved import `cosmwasm_std`
[INFO] [stdout]  --> src/binary.rs:61:5
[INFO] [stdout]   |
[INFO] [stdout] 3 | use cosmwasm_std::Binary;
[INFO] [stdout]   |     ^^^^^^^^^^^^ use of undeclared crate or module `cosmwasm_std`
[INFO] [stdout] 
[INFO] [stdout] error: aborting due to 1 previous error
[INFO] [stdout] 
[INFO] [stdout] For more information about this error, try `rustc --explain E0432`.
[INFO] [stdout] Couldn't compile the test.
[INFO] [stdout] ---- src/binary.rs - binary::Binary::to_array (line 69) stdout ----
[INFO] [stdout] error[E0432]: unresolved import `cosmwasm_std`
[INFO] [stdout]  --> src/binary.rs:70:5
[INFO] [stdout]   |
[INFO] [stdout] 3 | use cosmwasm_std::Binary;
[INFO] [stdout]   |     ^^^^^^^^^^^^ use of undeclared crate or module `cosmwasm_std`
[INFO] [stdout] 
[INFO] [stdout] error: aborting due to 1 previous error
[INFO] [stdout] 
[INFO] [stdout] For more information about this error, try `rustc --explain E0432`.
[INFO] [stdout] Couldn't compile the test.
[INFO] [stdout] 
[INFO] [stdout] failures:
[INFO] [stdout]     src/binary.rs - binary::Binary::to_array (line 60)
[INFO] [stdout]     src/binary.rs - binary::Binary::to_array (line 69)
[INFO] [stdout] 
[INFO] [stdout] test result: FAILED. 0 passed; 2 failed; 0 ignored; 0 measured; 0 filtered out; finished in 0.03s
[INFO] [stdout] 
[INFO] [stderr] error: doctest failed, to rerun pass `--doc`
[INFO] running `Command { std: "docker" "inspect" "9b12853e12d3dfecda60d1b65538c9c5fe5de1296f562e1111d5032628350df3", kill_on_drop: false }`
[INFO] running `Command { std: "docker" "rm" "-f" "9b12853e12d3dfecda60d1b65538c9c5fe5de1296f562e1111d5032628350df3", kill_on_drop: false }`
[INFO] [stdout] 9b12853e12d3dfecda60d1b65538c9c5fe5de1296f562e1111d5032628350df3
