[INFO] fetching crate s3_put 0.1.11...
[INFO] testing s3_put-0.1.11 against nightly-2024-10-28 for randomize-layout
[INFO] extracting crate s3_put 0.1.11 into /workspace/builds/worker-7-tc1/source
[INFO] validating manifest of crates.io crate s3_put 0.1.11 on toolchain nightly-2024-10-28
[INFO] running `Command { std: CARGO_HOME="/workspace/cargo-home" RUSTUP_HOME="/workspace/rustup-home" "/workspace/cargo-home/bin/cargo" "+nightly-2024-10-28" "metadata" "--manifest-path" "Cargo.toml" "--no-deps", kill_on_drop: false }`
[INFO] started tweaking crates.io crate s3_put 0.1.11
[INFO] removed 0 missing tests
[INFO] finished tweaking crates.io crate s3_put 0.1.11
[INFO] tweaked toml for crates.io crate s3_put 0.1.11 written to /workspace/builds/worker-7-tc1/source/Cargo.toml
[INFO] running `Command { std: CARGO_HOME="/workspace/cargo-home" RUSTUP_HOME="/workspace/rustup-home" "/workspace/cargo-home/bin/cargo" "+nightly-2024-10-28" "generate-lockfile" "--manifest-path" "Cargo.toml", kill_on_drop: false }`
[INFO] [stderr]     Updating crates.io index
[INFO] [stderr]      Locking 217 packages to latest compatible versions
[INFO] running `Command { std: CARGO_HOME="/workspace/cargo-home" RUSTUP_HOME="/workspace/rustup-home" "/workspace/cargo-home/bin/cargo" "+nightly-2024-10-28" "fetch" "--manifest-path" "Cargo.toml", kill_on_drop: false }`
[INFO] [stderr]  Downloading crates ...
[INFO] [stderr]   Downloaded map_await v0.1.10
[INFO] [stderr]   Downloaded genv v0.1.15
[INFO] running `Command { std: "docker" "create" "-v" "/var/lib/crater-agent-workspace/builds/worker-7-tc1/target:/opt/rustwide/target:rw,Z" "-v" "/var/lib/crater-agent-workspace/builds/worker-7-tc1/source:/opt/rustwide/workdir:ro,Z" "-v" "/var/lib/crater-agent-workspace/cargo-home:/opt/rustwide/cargo-home:ro,Z" "-v" "/var/lib/crater-agent-workspace/rustup-home:/opt/rustwide/rustup-home:ro,Z" "-e" "SOURCE_DIR=/opt/rustwide/workdir" "-e" "CARGO_TARGET_DIR=/opt/rustwide/target" "-e" "CARGO_HOME=/opt/rustwide/cargo-home" "-e" "RUSTUP_HOME=/opt/rustwide/rustup-home" "-w" "/opt/rustwide/workdir" "-m" "1610612736" "--user" "0:0" "--network" "none" "ghcr.io/rust-lang/crates-build-env/linux@sha256:4a844ea9eb2546a2d2c7022eacef16ef2e8229c7fbb2c7d4d55a9ceca922f72d" "/opt/rustwide/cargo-home/bin/cargo" "+nightly-2024-10-28" "metadata" "--no-deps" "--format-version=1", kill_on_drop: false }`
[INFO] [stdout] e1437a78fa59bf93325fb153c507fd00984c91503cd51a1b184ef2a2efea27c1
[INFO] running `Command { std: "docker" "start" "-a" "e1437a78fa59bf93325fb153c507fd00984c91503cd51a1b184ef2a2efea27c1", kill_on_drop: false }`
[INFO] running `Command { std: "docker" "inspect" "e1437a78fa59bf93325fb153c507fd00984c91503cd51a1b184ef2a2efea27c1", kill_on_drop: false }`
[INFO] running `Command { std: "docker" "rm" "-f" "e1437a78fa59bf93325fb153c507fd00984c91503cd51a1b184ef2a2efea27c1", kill_on_drop: false }`
[INFO] [stdout] e1437a78fa59bf93325fb153c507fd00984c91503cd51a1b184ef2a2efea27c1
[INFO] running `Command { std: "docker" "create" "-v" "/var/lib/crater-agent-workspace/builds/worker-7-tc1/target:/opt/rustwide/target:rw,Z" "-v" "/var/lib/crater-agent-workspace/builds/worker-7-tc1/source:/opt/rustwide/workdir:ro,Z" "-v" "/var/lib/crater-agent-workspace/cargo-home:/opt/rustwide/cargo-home:ro,Z" "-v" "/var/lib/crater-agent-workspace/rustup-home:/opt/rustwide/rustup-home:ro,Z" "-e" "SOURCE_DIR=/opt/rustwide/workdir" "-e" "CARGO_TARGET_DIR=/opt/rustwide/target" "-e" "CARGO_INCREMENTAL=0" "-e" "RUST_BACKTRACE=full" "-e" "RUSTFLAGS=--cap-lints=forbid" "-e" "RUSTDOCFLAGS=--cap-lints=forbid" "-e" "CARGO_HOME=/opt/rustwide/cargo-home" "-e" "RUSTUP_HOME=/opt/rustwide/rustup-home" "-w" "/opt/rustwide/workdir" "-m" "1610612736" "--user" "0:0" "--network" "none" "ghcr.io/rust-lang/crates-build-env/linux@sha256:4a844ea9eb2546a2d2c7022eacef16ef2e8229c7fbb2c7d4d55a9ceca922f72d" "/opt/rustwide/cargo-home/bin/cargo" "+nightly-2024-10-28" "build" "--frozen" "--message-format=json", kill_on_drop: false }`
[INFO] [stdout] 626208a0d7436ba95193aaeec35cbb3243946fa65c8b92f216f916c959f5c4f3
[INFO] running `Command { std: "docker" "start" "-a" "626208a0d7436ba95193aaeec35cbb3243946fa65c8b92f216f916c959f5c4f3", kill_on_drop: false }`
[INFO] [stderr]    Compiling futures-task v0.3.31
[INFO] [stderr]    Compiling subtle v2.6.1
[INFO] [stderr]    Compiling num-traits v0.2.19
[INFO] [stderr]    Compiling vsimd v0.8.0
[INFO] [stderr]    Compiling either v1.13.0
[INFO] [stderr]    Compiling getrandom v0.2.15
[INFO] [stderr]    Compiling signal-hook-registry v1.4.2
[INFO] [stderr]    Compiling generic-array v0.14.7
[INFO] [stderr]    Compiling outref v0.5.1
[INFO] [stderr]    Compiling const-oid v0.9.6
[INFO] [stderr]    Compiling syn v2.0.86
[INFO] [stderr]    Compiling time v0.3.36
[INFO] [stderr]    Compiling ring v0.17.8
[INFO] [stderr]    Compiling base64ct v1.6.0
[INFO] [stderr]    Compiling foldhash v0.1.3
[INFO] [stderr]    Compiling allocator-api2 v0.2.18
[INFO] [stderr]    Compiling futures-util v0.3.31
[INFO] [stderr]    Compiling base16ct v0.1.1
[INFO] [stderr]    Compiling bytes-utils v0.1.4
[INFO] [stderr]    Compiling der v0.6.1
[INFO] [stderr]    Compiling rustls v0.21.12
[INFO] [stderr]    Compiling rand_core v0.6.4
[INFO] [stderr]    Compiling base64 v0.21.7
[INFO] [stderr]    Compiling futures-channel v0.3.31
[INFO] [stderr]    Compiling aws-types v1.3.3
[INFO] [stderr]    Compiling ff v0.12.1
[INFO] [stderr]    Compiling crypto-bigint v0.5.5
[INFO] [stderr]    Compiling hashbrown v0.15.0
[INFO] [stderr]    Compiling group v0.12.1
[INFO] [stderr]    Compiling base64-simd v0.8.0
[INFO] [stderr]    Compiling cfg_aliases v0.1.1
[INFO] [stderr]    Compiling uuid v1.11.0
[INFO] [stderr]    Compiling regex-lite v0.1.6
[INFO] [stderr]    Compiling parking_lot_core v0.8.6
[INFO] [stderr]    Compiling static_init_macro v1.0.2
[INFO] [stderr]    Compiling rustls-pemfile v1.0.4
[INFO] [stderr]    Compiling rustls-native-certs v0.6.3
[INFO] [stderr]    Compiling lock_api v0.4.12
[INFO] [stderr]    Compiling crc32c v0.6.8
[INFO] [stderr]    Compiling instant v0.1.13
[INFO] [stderr]    Compiling num-integer v0.1.46
[INFO] [stderr]    Compiling scopeguard v1.2.0
[INFO] [stderr]    Compiling smallvec v1.13.2
[INFO] [stderr]    Compiling xmlparser v0.13.6
[INFO] [stderr]    Compiling syn v1.0.109
[INFO] [stderr]    Compiling crypto-common v0.1.6
[INFO] [stderr]    Compiling block-buffer v0.10.4
[INFO] [stderr]    Compiling crypto-bigint v0.4.9
[INFO] [stderr]    Compiling spki v0.6.0
[INFO] [stderr]    Compiling digest v0.10.7
[INFO] [stderr]    Compiling indexmap v2.6.0
[INFO] [stderr]    Compiling pkcs8 v0.9.0
[INFO] [stderr]    Compiling aws-smithy-xml v0.60.9
[INFO] [stderr]    Compiling hmac v0.12.1
[INFO] [stderr]    Compiling sec1 v0.3.0
[INFO] [stderr]    Compiling signature v1.6.4
[INFO] [stderr]    Compiling sha2 v0.10.8
[INFO] [stderr]    Compiling static_init v1.0.3
[INFO] [stderr]    Compiling urlencoding v2.1.3
[INFO] [stderr]    Compiling anyhow v1.0.92
[INFO] [stderr]    Compiling http-body-util v0.1.2
[INFO] [stderr]    Compiling parking_lot v0.11.2
[INFO] [stderr]    Compiling md-5 v0.10.6
[INFO] [stderr]    Compiling sha1 v0.10.6
[INFO] [stderr]    Compiling rfc6979 v0.3.1
[INFO] [stderr]    Compiling elliptic-curve v0.12.3
[INFO] [stderr]    Compiling lru v0.12.5
[INFO] [stderr]    Compiling const-str v0.5.7
[INFO] [stderr]    Compiling aok v0.1.15
[INFO] [stderr]    Compiling ecdsa v0.14.8
[INFO] [stderr]    Compiling p256 v0.11.1
[INFO] [stderr]    Compiling tokio-macros v2.4.0
[INFO] [stderr]    Compiling tracing-attributes v0.1.27
[INFO] [stderr]    Compiling tokio v1.41.0
[INFO] [stderr]    Compiling rustls-webpki v0.101.7
[INFO] [stderr]    Compiling sct v0.7.1
[INFO] [stderr]    Compiling tracing v0.1.40
[INFO] [stderr]    Compiling genv v0.1.15
[INFO] [stderr]    Compiling tokio-util v0.7.12
[INFO] [stderr]    Compiling aws-smithy-async v1.2.1
[INFO] [stderr]    Compiling tokio-rustls v0.24.1
[INFO] [stderr]    Compiling aws-smithy-types v1.2.8
[INFO] [stderr]    Compiling h2 v0.3.26
[INFO] [stderr]    Compiling aws-smithy-runtime-api v1.7.2
[INFO] [stderr]    Compiling aws-smithy-eventstream v0.60.5
[INFO] [stderr]    Compiling aws-smithy-json v0.60.7
[INFO] [stderr]    Compiling aws-smithy-query v0.60.7
[INFO] [stderr]    Compiling aws-smithy-http v0.60.11
[INFO] [stderr]    Compiling aws-credential-types v1.2.1
[INFO] [stderr]    Compiling aws-sigv4 v1.2.5
[INFO] [stderr]    Compiling aws-smithy-checksums v0.60.13
[INFO] [stderr]    Compiling hyper v0.14.31
[INFO] [stderr]    Compiling hyper-rustls v0.24.2
[INFO] [stderr]    Compiling aws-smithy-runtime v1.7.3
[INFO] [stderr]    Compiling aws-runtime v1.4.3
[INFO] [stderr]    Compiling aws-sdk-sts v1.48.0
[INFO] [stderr]    Compiling aws-sdk-sso v1.48.0
[INFO] [stderr]    Compiling aws-sdk-ssooidc v1.49.0
[INFO] [stderr]    Compiling aws-sdk-s3 v1.59.0
[INFO] [stderr]    Compiling aws-config v1.5.9
[INFO] [stderr]    Compiling s3_put v0.1.11 (/opt/rustwide/workdir)
[INFO] [stderr]     Finished `dev` profile [unoptimized + debuginfo] target(s) in 49.07s
[INFO] running `Command { std: "docker" "inspect" "626208a0d7436ba95193aaeec35cbb3243946fa65c8b92f216f916c959f5c4f3", kill_on_drop: false }`
[INFO] running `Command { std: "docker" "rm" "-f" "626208a0d7436ba95193aaeec35cbb3243946fa65c8b92f216f916c959f5c4f3", kill_on_drop: false }`
[INFO] [stdout] 626208a0d7436ba95193aaeec35cbb3243946fa65c8b92f216f916c959f5c4f3
[INFO] running `Command { std: "docker" "create" "-v" "/var/lib/crater-agent-workspace/builds/worker-7-tc1/target:/opt/rustwide/target:rw,Z" "-v" "/var/lib/crater-agent-workspace/builds/worker-7-tc1/source:/opt/rustwide/workdir:ro,Z" "-v" "/var/lib/crater-agent-workspace/cargo-home:/opt/rustwide/cargo-home:ro,Z" "-v" "/var/lib/crater-agent-workspace/rustup-home:/opt/rustwide/rustup-home:ro,Z" "-e" "SOURCE_DIR=/opt/rustwide/workdir" "-e" "CARGO_TARGET_DIR=/opt/rustwide/target" "-e" "CARGO_INCREMENTAL=0" "-e" "RUST_BACKTRACE=full" "-e" "RUSTFLAGS=--cap-lints=forbid" "-e" "RUSTDOCFLAGS=--cap-lints=forbid" "-e" "CARGO_HOME=/opt/rustwide/cargo-home" "-e" "RUSTUP_HOME=/opt/rustwide/rustup-home" "-w" "/opt/rustwide/workdir" "-m" "1610612736" "--user" "0:0" "--network" "none" "ghcr.io/rust-lang/crates-build-env/linux@sha256:4a844ea9eb2546a2d2c7022eacef16ef2e8229c7fbb2c7d4d55a9ceca922f72d" "/opt/rustwide/cargo-home/bin/cargo" "+nightly-2024-10-28" "test" "--frozen" "--no-run" "--message-format=json", kill_on_drop: false }`
[INFO] [stdout] a15612acf32c830d8f2ebc5e72a21f61c67dad2d5dd4071c0997a18c7d1a0d3e
[INFO] running `Command { std: "docker" "start" "-a" "a15612acf32c830d8f2ebc5e72a21f61c67dad2d5dd4071c0997a18c7d1a0d3e", kill_on_drop: false }`
[INFO] [stderr]    Compiling tracing-core v0.1.32
[INFO] [stderr]    Compiling rustls v0.21.12
[INFO] [stderr]    Compiling regex-syntax v0.8.5
[INFO] [stderr]    Compiling regex-syntax v0.6.29
[INFO] [stderr]    Compiling overload v0.1.1
[INFO] [stderr]    Compiling async-stream-impl v0.3.6
[INFO] [stderr]    Compiling thread_local v1.1.8
[INFO] [stderr]    Compiling sharded-slab v0.1.7
[INFO] [stderr]    Compiling kanal v0.1.0-pre8
[INFO] [stderr]    Compiling tokio-stream v0.1.16
[INFO] [stderr]    Compiling atty v0.2.14
[INFO] [stderr]    Compiling nu-ansi-term v0.46.0
[INFO] [stderr]    Compiling tracing v0.1.40
[INFO] [stderr]    Compiling tracing-log v0.2.0
[INFO] [stderr]    Compiling aws-smithy-runtime-api v1.7.2
[INFO] [stderr]    Compiling h2 v0.3.26
[INFO] [stderr]    Compiling genv v0.1.15
[INFO] [stderr]    Compiling async-stream v0.3.6
[INFO] [stderr]    Compiling map_await v0.1.10
[INFO] [stderr]    Compiling regex-automata v0.4.8
[INFO] [stderr]    Compiling aws-smithy-http v0.60.11
[INFO] [stderr]    Compiling aws-credential-types v1.2.1
[INFO] [stderr]    Compiling regex-automata v0.1.10
[INFO] [stderr]    Compiling aws-types v1.3.3
[INFO] [stderr]    Compiling aws-sigv4 v1.2.5
[INFO] [stderr]    Compiling aws-smithy-checksums v0.60.13
[INFO] [stderr]    Compiling tokio-rustls v0.24.1
[INFO] [stderr]    Compiling matchers v0.1.0
[INFO] [stderr]    Compiling regex v1.11.1
[INFO] [stderr]    Compiling hyper v0.14.31
[INFO] [stderr]    Compiling tracing-subscriber v0.3.18
[INFO] [stderr]    Compiling loginit v0.1.13
[INFO] [stderr]    Compiling hyper-rustls v0.24.2
[INFO] [stderr]    Compiling aws-smithy-runtime v1.7.3
[INFO] [stderr]    Compiling aws-runtime v1.4.3
[INFO] [stderr]    Compiling aws-sdk-sso v1.48.0
[INFO] [stderr]    Compiling aws-sdk-ssooidc v1.49.0
[INFO] [stderr]    Compiling aws-sdk-sts v1.48.0
[INFO] [stderr]    Compiling aws-sdk-s3 v1.59.0
[INFO] [stderr]    Compiling aws-config v1.5.9
[INFO] [stderr]    Compiling s3_put v0.1.11 (/opt/rustwide/workdir)
[INFO] [stderr]     Finished `test` profile [unoptimized + debuginfo] target(s) in 39.68s
[INFO] running `Command { std: "docker" "inspect" "a15612acf32c830d8f2ebc5e72a21f61c67dad2d5dd4071c0997a18c7d1a0d3e", kill_on_drop: false }`
[INFO] running `Command { std: "docker" "rm" "-f" "a15612acf32c830d8f2ebc5e72a21f61c67dad2d5dd4071c0997a18c7d1a0d3e", kill_on_drop: false }`
[INFO] [stdout] a15612acf32c830d8f2ebc5e72a21f61c67dad2d5dd4071c0997a18c7d1a0d3e
[INFO] running `Command { std: "docker" "create" "-v" "/var/lib/crater-agent-workspace/builds/worker-7-tc1/target:/opt/rustwide/target:rw,Z" "-v" "/var/lib/crater-agent-workspace/builds/worker-7-tc1/source:/opt/rustwide/workdir:ro,Z" "-v" "/var/lib/crater-agent-workspace/cargo-home:/opt/rustwide/cargo-home:ro,Z" "-v" "/var/lib/crater-agent-workspace/rustup-home:/opt/rustwide/rustup-home:ro,Z" "-e" "SOURCE_DIR=/opt/rustwide/workdir" "-e" "CARGO_TARGET_DIR=/opt/rustwide/target" "-e" "CARGO_INCREMENTAL=0" "-e" "RUST_BACKTRACE=full" "-e" "RUSTFLAGS=--cap-lints=forbid" "-e" "RUSTDOCFLAGS=--cap-lints=forbid" "-e" "CARGO_HOME=/opt/rustwide/cargo-home" "-e" "RUSTUP_HOME=/opt/rustwide/rustup-home" "-w" "/opt/rustwide/workdir" "-m" "1610612736" "--user" "0:0" "--network" "none" "ghcr.io/rust-lang/crates-build-env/linux@sha256:4a844ea9eb2546a2d2c7022eacef16ef2e8229c7fbb2c7d4d55a9ceca922f72d" "/opt/rustwide/cargo-home/bin/cargo" "+nightly-2024-10-28" "test" "--frozen", kill_on_drop: false }`
[INFO] [stdout] 5a5a3ed5466d00a88318c0b571c5349de2a42d3378902c8a7c5efc5c65634f52
[INFO] running `Command { std: "docker" "start" "-a" "5a5a3ed5466d00a88318c0b571c5349de2a42d3378902c8a7c5efc5c65634f52", kill_on_drop: false }`
[INFO] [stderr]     Finished `test` profile [unoptimized + debuginfo] target(s) in 0.33s
[INFO] [stderr]      Running unittests src/lib.rs (/opt/rustwide/target/debug/deps/s3_put-90803e656e82633b)
[INFO] [stdout] 
[INFO] [stdout] running 0 tests
[INFO] [stdout] 
[INFO] [stdout] test result: ok. 0 passed; 0 failed; 0 ignored; 0 measured; 0 filtered out; finished in 0.00s
[INFO] [stdout] 
[INFO] [stderr]      Running tests/main.rs (/opt/rustwide/target/debug/deps/main-489d7ee62d5b763a)
[INFO] [stdout] 
[INFO] [stdout] running 1 test
[INFO] [stdout] test test ... FAILED
[INFO] [stdout] 
[INFO] [stdout] failures:
[INFO] [stdout] 
[INFO] [stdout] ---- test stdout ----
[INFO] [stdout] thread 'test' panicked at /opt/rustwide/cargo-home/registry/src/index.crates.io-6f17d22bba15001f/genv-0.1.15/src/lib.rs:37:7:
[INFO] [stdout] ❌ environment variable not found S3_AK
[INFO] [stdout] stack backtrace:
[INFO] [stdout]    0:     0x647539c814ca - std::backtrace_rs::backtrace::libunwind::trace::h207520d6e9873551
[INFO] [stdout]                                at /rustc/df4ca44d3fbc9301ee17f30f4d474e6ae4b05252/library/std/src/../../backtrace/src/backtrace/libunwind.rs:116:5
[INFO] [stdout]    1:     0x647539c814ca - std::backtrace_rs::backtrace::trace_unsynchronized::h2ed7433f370e3eca
[INFO] [stdout]                                at /rustc/df4ca44d3fbc9301ee17f30f4d474e6ae4b05252/library/std/src/../../backtrace/src/backtrace/mod.rs:66:5
[INFO] [stdout]    2:     0x647539c814ca - std::sys::backtrace::_print_fmt::h916fac51166b18d7
[INFO] [stdout]                                at /rustc/df4ca44d3fbc9301ee17f30f4d474e6ae4b05252/library/std/src/sys/backtrace.rs:66:9
[INFO] [stdout]    3:     0x647539c814ca - <std::sys::backtrace::BacktraceLock::print::DisplayBacktrace as core::fmt::Display>::fmt::ha0a4c9b8ce3802e6
[INFO] [stdout]                                at /rustc/df4ca44d3fbc9301ee17f30f4d474e6ae4b05252/library/std/src/sys/backtrace.rs:39:26
[INFO] [stdout]    4:     0x647539cae633 - core::fmt::rt::Argument::fmt::h4cfc8587d52b3eb5
[INFO] [stdout]                                at /rustc/df4ca44d3fbc9301ee17f30f4d474e6ae4b05252/library/core/src/fmt/rt.rs:177:76
[INFO] [stdout]    5:     0x647539cae633 - core::fmt::write::h522cc39e5b36ae9f
[INFO] [stdout]                                at /rustc/df4ca44d3fbc9301ee17f30f4d474e6ae4b05252/library/core/src/fmt/mod.rs:1190:21
[INFO] [stdout]    6:     0x647539c7cfa3 - std::io::Write::write_fmt::h7d3c26752da97734
[INFO] [stdout]                                at /rustc/df4ca44d3fbc9301ee17f30f4d474e6ae4b05252/library/std/src/io/mod.rs:1839:15
[INFO] [stdout]    7:     0x647539c81312 - std::sys::backtrace::BacktraceLock::print::h4b9e00b29e9c0942
[INFO] [stdout]                                at /rustc/df4ca44d3fbc9301ee17f30f4d474e6ae4b05252/library/std/src/sys/backtrace.rs:42:9
[INFO] [stdout]    8:     0x647539c8295a - std::panicking::default_hook::{{closure}}::hb59b88280d0324d9
[INFO] [stdout]                                at /rustc/df4ca44d3fbc9301ee17f30f4d474e6ae4b05252/library/std/src/panicking.rs:268:22
[INFO] [stdout]    9:     0x647539c82764 - std::panicking::default_hook::he1dd496665be4a29
[INFO] [stdout]                                at /rustc/df4ca44d3fbc9301ee17f30f4d474e6ae4b05252/library/std/src/panicking.rs:292:9
[INFO] [stdout]   10:     0x647539382a19 - <alloc::boxed::Box<F,A> as core::ops::function::Fn<Args>>::call::h4ff71de18744e1dc
[INFO] [stdout]                                at /rustc/df4ca44d3fbc9301ee17f30f4d474e6ae4b05252/library/alloc/src/boxed.rs:2468:9
[INFO] [stdout]   11:     0x647539382a19 - test::test_main::{{closure}}::hcf7c055ce117aa81
[INFO] [stdout]                                at /rustc/df4ca44d3fbc9301ee17f30f4d474e6ae4b05252/library/test/src/lib.rs:133:21
[INFO] [stdout]   12:     0x647539c83058 - <alloc::boxed::Box<F,A> as core::ops::function::Fn<Args>>::call::h1d66c6bbd60c9692
[INFO] [stdout]                                at /rustc/df4ca44d3fbc9301ee17f30f4d474e6ae4b05252/library/alloc/src/boxed.rs:2468:9
[INFO] [stdout]   13:     0x647539c83058 - std::panicking::rust_panic_with_hook::h2ff17fe8f26dfcf8
[INFO] [stdout]                                at /rustc/df4ca44d3fbc9301ee17f30f4d474e6ae4b05252/library/std/src/panicking.rs:809:13
[INFO] [stdout]   14:     0x647539c82e1a - std::panicking::begin_panic_handler::{{closure}}::h4fad77951c07e101
[INFO] [stdout]                                at /rustc/df4ca44d3fbc9301ee17f30f4d474e6ae4b05252/library/std/src/panicking.rs:674:13
[INFO] [stdout]   15:     0x647539c819a9 - std::sys::backtrace::__rust_end_short_backtrace::hb1a25b3da5d0ea08
[INFO] [stdout]                                at /rustc/df4ca44d3fbc9301ee17f30f4d474e6ae4b05252/library/std/src/sys/backtrace.rs:170:18
[INFO] [stdout]   16:     0x647539c82aac - rust_begin_unwind
[INFO] [stdout]                                at /rustc/df4ca44d3fbc9301ee17f30f4d474e6ae4b05252/library/std/src/panicking.rs:665:5
[INFO] [stdout]   17:     0x647539cabf70 - core::panicking::panic_fmt::ha9db07b529f9b256
[INFO] [stdout]                                at /rustc/df4ca44d3fbc9301ee17f30f4d474e6ae4b05252/library/core/src/panicking.rs:75:14
[INFO] [stdout]   18:     0x64753939edc9 - genv::get::h3f525e3700b7fc97
[INFO] [stdout]                                at /opt/rustwide/cargo-home/registry/src/index.crates.io-6f17d22bba15001f/genv-0.1.15/src/lib.rs:37:7
[INFO] [stdout]   19:     0x64753939f7ab - s3_put::_S3::from_env::h43d3fe7810a7636f
[INFO] [stdout]                                at /opt/rustwide/workdir/src/lib.rs:62:7
[INFO] [stdout]   20:     0x6475390f3785 - s3_put::S3Bucket::from_env::hc2cc914677dd4b83
[INFO] [stdout]                                at /opt/rustwide/workdir/src/lib.rs:146:11
[INFO] [stdout]   21:     0x6475390eb6b9 - main::test::{{closure}}::hbee56721eb92ba74
[INFO] [stdout]                                at /opt/rustwide/workdir/tests/main.rs:23:21
[INFO] [stdout]   22:     0x6475390ea6e5 - <core::pin::Pin<P> as core::future::future::Future>::poll::h5c7bc0c1bb7f481b
[INFO] [stdout]                                at /rustc/df4ca44d3fbc9301ee17f30f4d474e6ae4b05252/library/core/src/future/future.rs:123:9
[INFO] [stdout]   23:     0x6475390ea75d - <core::pin::Pin<P> as core::future::future::Future>::poll::had6eeffe785414b7
[INFO] [stdout]                                at /rustc/df4ca44d3fbc9301ee17f30f4d474e6ae4b05252/library/core/src/future/future.rs:123:9
[INFO] [stdout]   24:     0x64753910f53f - tokio::runtime::scheduler::current_thread::CoreGuard::block_on::{{closure}}::{{closure}}::{{closure}}::hd47ac6f2a5f44f0b
[INFO] [stdout]                                at /opt/rustwide/cargo-home/registry/src/index.crates.io-6f17d22bba15001f/tokio-1.41.0/src/runtime/scheduler/current_thread/mod.rs:729:57
[INFO] [stdout]   25:     0x64753910f476 - tokio::runtime::coop::with_budget::h55b4b8caf6e314c4
[INFO] [stdout]                                at /opt/rustwide/cargo-home/registry/src/index.crates.io-6f17d22bba15001f/tokio-1.41.0/src/runtime/coop.rs:107:5
[INFO] [stdout]   26:     0x64753910f476 - tokio::runtime::coop::budget::h8d6c76d20ad8b8f4
[INFO] [stdout]                                at /opt/rustwide/cargo-home/registry/src/index.crates.io-6f17d22bba15001f/tokio-1.41.0/src/runtime/coop.rs:73:5
[INFO] [stdout]   27:     0x64753910f476 - tokio::runtime::scheduler::current_thread::CoreGuard::block_on::{{closure}}::{{closure}}::he042f3f5d29cb435
[INFO] [stdout]                                at /opt/rustwide/cargo-home/registry/src/index.crates.io-6f17d22bba15001f/tokio-1.41.0/src/runtime/scheduler/current_thread/mod.rs:729:25
[INFO] [stdout]   28:     0x64753910c51a - tokio::runtime::scheduler::current_thread::Context::enter::h5e8a08969abb1fcc
[INFO] [stdout]                                at /opt/rustwide/cargo-home/registry/src/index.crates.io-6f17d22bba15001f/tokio-1.41.0/src/runtime/scheduler/current_thread/mod.rs:428:19
[INFO] [stdout]   29:     0x64753910ea6e - tokio::runtime::scheduler::current_thread::CoreGuard::block_on::{{closure}}::h9f10cb6a7235af2b
[INFO] [stdout]                                at /opt/rustwide/cargo-home/registry/src/index.crates.io-6f17d22bba15001f/tokio-1.41.0/src/runtime/scheduler/current_thread/mod.rs:728:36
[INFO] [stdout]   30:     0x64753910de3b - tokio::runtime::scheduler::current_thread::CoreGuard::enter::{{closure}}::h67321040ffaec68c
[INFO] [stdout]                                at /opt/rustwide/cargo-home/registry/src/index.crates.io-6f17d22bba15001f/tokio-1.41.0/src/runtime/scheduler/current_thread/mod.rs:807:68
[INFO] [stdout]   31:     0x6475390f766a - tokio::runtime::context::scoped::Scoped<T>::set::hacb7a7951074a022
[INFO] [stdout]                                at /opt/rustwide/cargo-home/registry/src/index.crates.io-6f17d22bba15001f/tokio-1.41.0/src/runtime/context/scoped.rs:40:9
[INFO] [stdout]   32:     0x6475390f012a - tokio::runtime::context::set_scheduler::{{closure}}::habc076227b9ce93c
[INFO] [stdout]                                at /opt/rustwide/cargo-home/registry/src/index.crates.io-6f17d22bba15001f/tokio-1.41.0/src/runtime/context.rs:180:26
[INFO] [stdout]   33:     0x6475390edf91 - std::thread::local::LocalKey<T>::try_with::h279f3e5016131c73
[INFO] [stdout]                                at /rustc/df4ca44d3fbc9301ee17f30f4d474e6ae4b05252/library/std/src/thread/local.rs:283:12
[INFO] [stdout]   34:     0x6475390edb9d - std::thread::local::LocalKey<T>::with::h91c59412a7428a03
[INFO] [stdout]                                at /rustc/df4ca44d3fbc9301ee17f30f4d474e6ae4b05252/library/std/src/thread/local.rs:260:9
[INFO] [stdout]   35:     0x6475390f0021 - tokio::runtime::context::set_scheduler::h9ad5b297e5d13f14
[INFO] [stdout]                                at /opt/rustwide/cargo-home/registry/src/index.crates.io-6f17d22bba15001f/tokio-1.41.0/src/runtime/context.rs:180:9
[INFO] [stdout]   36:     0x64753910db79 - tokio::runtime::scheduler::current_thread::CoreGuard::enter::hc6609a401f7d1bc7
[INFO] [stdout]                                at /opt/rustwide/cargo-home/registry/src/index.crates.io-6f17d22bba15001f/tokio-1.41.0/src/runtime/scheduler/current_thread/mod.rs:807:27
[INFO] [stdout]   37:     0x64753910ded3 - tokio::runtime::scheduler::current_thread::CoreGuard::block_on::hf57bc1ecdac5cde7
[INFO] [stdout]                                at /opt/rustwide/cargo-home/registry/src/index.crates.io-6f17d22bba15001f/tokio-1.41.0/src/runtime/scheduler/current_thread/mod.rs:716:19
[INFO] [stdout]   38:     0x64753910b23e - tokio::runtime::scheduler::current_thread::CurrentThread::block_on::{{closure}}::ha948b5e6e96e38c2
[INFO] [stdout]                                at /opt/rustwide/cargo-home/registry/src/index.crates.io-6f17d22bba15001f/tokio-1.41.0/src/runtime/scheduler/current_thread/mod.rs:196:28
[INFO] [stdout]   39:     0x647539105d96 - tokio::runtime::context::runtime::enter_runtime::h431f93b026665e12
[INFO] [stdout]                                at /opt/rustwide/cargo-home/registry/src/index.crates.io-6f17d22bba15001f/tokio-1.41.0/src/runtime/context/runtime.rs:65:16
[INFO] [stdout]   40:     0x64753910a9e1 - tokio::runtime::scheduler::current_thread::CurrentThread::block_on::h16b8be205bcb681b
[INFO] [stdout]                                at /opt/rustwide/cargo-home/registry/src/index.crates.io-6f17d22bba15001f/tokio-1.41.0/src/runtime/scheduler/current_thread/mod.rs:184:9
[INFO] [stdout]   41:     0x6475390f7779 - tokio::runtime::runtime::Runtime::block_on_inner::h4dd35e0d535e1b62
[INFO] [stdout]                                at /opt/rustwide/cargo-home/registry/src/index.crates.io-6f17d22bba15001f/tokio-1.41.0/src/runtime/runtime.rs:368:47
[INFO] [stdout]   42:     0x6475390f7ad0 - tokio::runtime::runtime::Runtime::block_on::h07fab43c56e5171f
[INFO] [stdout]                                at /opt/rustwide/cargo-home/registry/src/index.crates.io-6f17d22bba15001f/tokio-1.41.0/src/runtime/runtime.rs:342:13
[INFO] [stdout]   43:     0x6475390eb071 - main::test::h48e3c41e0e9a308e
[INFO] [stdout]                                at /opt/rustwide/workdir/tests/main.rs:42:3
[INFO] [stdout]   44:     0x6475390eaf27 - main::test::{{closure}}::h2f3bb9b0eeffeb03
[INFO] [stdout]                                at /opt/rustwide/workdir/tests/main.rs:19:20
[INFO] [stdout]   45:     0x6475390e0e06 - core::ops::function::FnOnce::call_once::h075594dee8c5a6af
[INFO] [stdout]                                at /rustc/df4ca44d3fbc9301ee17f30f4d474e6ae4b05252/library/core/src/ops/function.rs:250:5
[INFO] [stdout]   46:     0x6475393872eb - core::ops::function::FnOnce::call_once::h22c3ba5715e93f05
[INFO] [stdout]                                at /rustc/df4ca44d3fbc9301ee17f30f4d474e6ae4b05252/library/core/src/ops/function.rs:250:5
[INFO] [stdout]   47:     0x6475393872eb - test::__rust_begin_short_backtrace::h8e82d8113d0da17f
[INFO] [stdout]                                at /rustc/df4ca44d3fbc9301ee17f30f4d474e6ae4b05252/library/test/src/lib.rs:621:18
[INFO] [stdout]   48:     0x647539386c67 - test::run_test_in_process::{{closure}}::h33235f4f20b7b7c7
[INFO] [stdout]                                at /rustc/df4ca44d3fbc9301ee17f30f4d474e6ae4b05252/library/test/src/lib.rs:644:60
[INFO] [stdout]   49:     0x647539386c67 - <core::panic::unwind_safe::AssertUnwindSafe<F> as core::ops::function::FnOnce<()>>::call_once::hb5043206310c586f
[INFO] [stdout]                                at /rustc/df4ca44d3fbc9301ee17f30f4d474e6ae4b05252/library/core/src/panic/unwind_safe.rs:272:9
[INFO] [stdout]   50:     0x647539386c67 - std::panicking::try::do_call::h9ad4731a60ab23e2
[INFO] [stdout]                                at /rustc/df4ca44d3fbc9301ee17f30f4d474e6ae4b05252/library/std/src/panicking.rs:557:40
[INFO] [stdout]   51:     0x647539386c67 - std::panicking::try::h3824d23db772a716
[INFO] [stdout]                                at /rustc/df4ca44d3fbc9301ee17f30f4d474e6ae4b05252/library/std/src/panicking.rs:520:19
[INFO] [stdout]   52:     0x647539386c67 - std::panic::catch_unwind::h5afd514605fde46b
[INFO] [stdout]                                at /rustc/df4ca44d3fbc9301ee17f30f4d474e6ae4b05252/library/std/src/panic.rs:358:14
[INFO] [stdout]   53:     0x647539386c67 - test::run_test_in_process::h0d5cbfa7067d1720
[INFO] [stdout]                                at /rustc/df4ca44d3fbc9301ee17f30f4d474e6ae4b05252/library/test/src/lib.rs:644:27
[INFO] [stdout]   54:     0x647539386c67 - test::run_test::{{closure}}::h708eb8872708115d
[INFO] [stdout]                                at /rustc/df4ca44d3fbc9301ee17f30f4d474e6ae4b05252/library/test/src/lib.rs:565:43
[INFO] [stdout]   55:     0x64753934a384 - test::run_test::{{closure}}::h392c51cee94713ab
[INFO] [stdout]                                at /rustc/df4ca44d3fbc9301ee17f30f4d474e6ae4b05252/library/test/src/lib.rs:595:41
[INFO] [stdout]   56:     0x64753934a384 - std::sys::backtrace::__rust_begin_short_backtrace::h2f40290710935a8b
[INFO] [stdout]                                at /rustc/df4ca44d3fbc9301ee17f30f4d474e6ae4b05252/library/std/src/sys/backtrace.rs:154:18
[INFO] [stdout]   57:     0x64753934db2e - std::thread::Builder::spawn_unchecked_::{{closure}}::{{closure}}::h3fd968d89053a903
[INFO] [stdout]                                at /rustc/df4ca44d3fbc9301ee17f30f4d474e6ae4b05252/library/std/src/thread/mod.rs:541:17
[INFO] [stdout]   58:     0x64753934db2e - <core::panic::unwind_safe::AssertUnwindSafe<F> as core::ops::function::FnOnce<()>>::call_once::h743f637ba4229880
[INFO] [stdout]                                at /rustc/df4ca44d3fbc9301ee17f30f4d474e6ae4b05252/library/core/src/panic/unwind_safe.rs:272:9
[INFO] [stdout]   59:     0x64753934db2e - std::panicking::try::do_call::h07440897322525a6
[INFO] [stdout]                                at /rustc/df4ca44d3fbc9301ee17f30f4d474e6ae4b05252/library/std/src/panicking.rs:557:40
[INFO] [stdout]   60:     0x64753934db2e - std::panicking::try::he5a2e00188156637
[INFO] [stdout]                                at /rustc/df4ca44d3fbc9301ee17f30f4d474e6ae4b05252/library/std/src/panicking.rs:520:19
[INFO] [stdout]   61:     0x64753934db2e - std::panic::catch_unwind::hbaf3cae49b3c6433
[INFO] [stdout]                                at /rustc/df4ca44d3fbc9301ee17f30f4d474e6ae4b05252/library/std/src/panic.rs:358:14
[INFO] [stdout]   62:     0x64753934db2e - std::thread::Builder::spawn_unchecked_::{{closure}}::h8e141ea224820bce
[INFO] [stdout]                                at /rustc/df4ca44d3fbc9301ee17f30f4d474e6ae4b05252/library/std/src/thread/mod.rs:540:30
[INFO] [stdout]   63:     0x64753934db2e - core::ops::function::FnOnce::call_once{{vtable.shim}}::h90d312fedd7b8ea8
[INFO] [stdout]                                at /rustc/df4ca44d3fbc9301ee17f30f4d474e6ae4b05252/library/core/src/ops/function.rs:250:5
[INFO] [stdout]   64:     0x647539c87bdb - <alloc::boxed::Box<F,A> as core::ops::function::FnOnce<Args>>::call_once::h69aa08ddb6adb8b6
[INFO] [stdout]                                at /rustc/df4ca44d3fbc9301ee17f30f4d474e6ae4b05252/library/alloc/src/boxed.rs:2454:9
[INFO] [stdout]   65:     0x647539c87bdb - <alloc::boxed::Box<F,A> as core::ops::function::FnOnce<Args>>::call_once::h5aa36efdb79c806f
[INFO] [stdout]                                at /rustc/df4ca44d3fbc9301ee17f30f4d474e6ae4b05252/library/alloc/src/boxed.rs:2454:9
[INFO] [stdout]   66:     0x647539c87bdb - std::sys::pal::unix::thread::Thread::new::thread_start::h6cd80a1b4be5158d
[INFO] [stdout]                                at /rustc/df4ca44d3fbc9301ee17f30f4d474e6ae4b05252/library/std/src/sys/pal/unix/thread.rs:105:17
[INFO] [stdout]   67:     0x77cc48728ac3 - <unknown>
[INFO] [stdout]   68:     0x77cc487b9a04 - clone
[INFO] [stdout]   69:                0x0 - <unknown>
[INFO] [stdout] 
[INFO] [stdout] 
[INFO] [stdout] failures:
[INFO] [stdout]     test
[INFO] [stdout] 
[INFO] [stdout] test result: FAILED. 0 passed; 1 failed; 0 ignored; 0 measured; 0 filtered out; finished in 0.06s
[INFO] [stdout] 
[INFO] [stderr] error: test failed, to rerun pass `--test main`
[INFO] running `Command { std: "docker" "inspect" "5a5a3ed5466d00a88318c0b571c5349de2a42d3378902c8a7c5efc5c65634f52", kill_on_drop: false }`
[INFO] running `Command { std: "docker" "rm" "-f" "5a5a3ed5466d00a88318c0b571c5349de2a42d3378902c8a7c5efc5c65634f52", kill_on_drop: false }`
[INFO] [stdout] 5a5a3ed5466d00a88318c0b571c5349de2a42d3378902c8a7c5efc5c65634f52
