[INFO] fetching crate s3-tokio 0.39.4...
[INFO] testing s3-tokio-0.39.4 against nightly-2024-10-28+rustflags=-Zrandomize-layout for randomize-layout
[INFO] extracting crate s3-tokio 0.39.4 into /workspace/builds/worker-6-tc2/source
[INFO] validating manifest of crates.io crate s3-tokio 0.39.4 on toolchain nightly-2024-10-28
[INFO] running `Command { std: CARGO_HOME="/workspace/cargo-home" RUSTUP_HOME="/workspace/rustup-home" "/workspace/cargo-home/bin/cargo" "+nightly-2024-10-28" "metadata" "--manifest-path" "Cargo.toml" "--no-deps", kill_on_drop: false }`
[INFO] started tweaking crates.io crate s3-tokio 0.39.4
[INFO] removed 4 missing examples
[INFO] finished tweaking crates.io crate s3-tokio 0.39.4
[INFO] tweaked toml for crates.io crate s3-tokio 0.39.4 written to /workspace/builds/worker-6-tc2/source/Cargo.toml
[INFO] crate crates.io crate s3-tokio 0.39.4 already has a lockfile, it will not be regenerated
[INFO] running `Command { std: CARGO_HOME="/workspace/cargo-home" RUSTUP_HOME="/workspace/rustup-home" "/workspace/cargo-home/bin/cargo" "+nightly-2024-10-28" "fetch" "--manifest-path" "Cargo.toml", kill_on_drop: false }`
[INFO] running `Command { std: "docker" "create" "-v" "/var/lib/crater-agent-workspace/builds/worker-6-tc2/target:/opt/rustwide/target:rw,Z" "-v" "/var/lib/crater-agent-workspace/builds/worker-6-tc2/source:/opt/rustwide/workdir:ro,Z" "-v" "/var/lib/crater-agent-workspace/cargo-home:/opt/rustwide/cargo-home:ro,Z" "-v" "/var/lib/crater-agent-workspace/rustup-home:/opt/rustwide/rustup-home:ro,Z" "-e" "SOURCE_DIR=/opt/rustwide/workdir" "-e" "CARGO_TARGET_DIR=/opt/rustwide/target" "-e" "CARGO_HOME=/opt/rustwide/cargo-home" "-e" "RUSTUP_HOME=/opt/rustwide/rustup-home" "-w" "/opt/rustwide/workdir" "-m" "1610612736" "--user" "0:0" "--network" "none" "ghcr.io/rust-lang/crates-build-env/linux@sha256:4a844ea9eb2546a2d2c7022eacef16ef2e8229c7fbb2c7d4d55a9ceca922f72d" "/opt/rustwide/cargo-home/bin/cargo" "+nightly-2024-10-28" "metadata" "--no-deps" "--format-version=1", kill_on_drop: false }`
[INFO] [stdout] eb8e402521a5dc149ffa5fd7f63cc9359c61496e99ec391f868cbb9ddfb86ad4
[INFO] running `Command { std: "docker" "start" "-a" "eb8e402521a5dc149ffa5fd7f63cc9359c61496e99ec391f868cbb9ddfb86ad4", kill_on_drop: false }`
[INFO] running `Command { std: "docker" "inspect" "eb8e402521a5dc149ffa5fd7f63cc9359c61496e99ec391f868cbb9ddfb86ad4", kill_on_drop: false }`
[INFO] running `Command { std: "docker" "rm" "-f" "eb8e402521a5dc149ffa5fd7f63cc9359c61496e99ec391f868cbb9ddfb86ad4", kill_on_drop: false }`
[INFO] [stdout] eb8e402521a5dc149ffa5fd7f63cc9359c61496e99ec391f868cbb9ddfb86ad4
[INFO] running `Command { std: "docker" "create" "-v" "/var/lib/crater-agent-workspace/builds/worker-6-tc2/target:/opt/rustwide/target:rw,Z" "-v" "/var/lib/crater-agent-workspace/builds/worker-6-tc2/source:/opt/rustwide/workdir:ro,Z" "-v" "/var/lib/crater-agent-workspace/cargo-home:/opt/rustwide/cargo-home:ro,Z" "-v" "/var/lib/crater-agent-workspace/rustup-home:/opt/rustwide/rustup-home:ro,Z" "-e" "SOURCE_DIR=/opt/rustwide/workdir" "-e" "CARGO_TARGET_DIR=/opt/rustwide/target" "-e" "CARGO_INCREMENTAL=0" "-e" "RUST_BACKTRACE=full" "-e" "RUSTFLAGS=--cap-lints=forbid -Zrandomize-layout" "-e" "RUSTDOCFLAGS=--cap-lints=forbid" "-e" "CARGO_HOME=/opt/rustwide/cargo-home" "-e" "RUSTUP_HOME=/opt/rustwide/rustup-home" "-w" "/opt/rustwide/workdir" "-m" "1610612736" "--user" "0:0" "--network" "none" "ghcr.io/rust-lang/crates-build-env/linux@sha256:4a844ea9eb2546a2d2c7022eacef16ef2e8229c7fbb2c7d4d55a9ceca922f72d" "/opt/rustwide/cargo-home/bin/cargo" "+nightly-2024-10-28" "build" "--frozen" "--message-format=json", kill_on_drop: false }`
[INFO] [stdout] 94b08070404d0612ab8d68f3091588396fea4d681c920b75febd70ae09d1032c
[INFO] running `Command { std: "docker" "start" "-a" "94b08070404d0612ab8d68f3091588396fea4d681c920b75febd70ae09d1032c", kill_on_drop: false }`
[INFO] [stderr]    Compiling proc-macro2 v1.0.82
[INFO] [stderr]    Compiling libc v0.2.154
[INFO] [stderr]    Compiling bytes v1.6.0
[INFO] [stderr]    Compiling cc v1.0.97
[INFO] [stderr]    Compiling log v0.4.21
[INFO] [stderr]    Compiling crunchy v0.2.2
[INFO] [stderr]    Compiling futures-task v0.3.30
[INFO] [stderr]    Compiling spin v0.9.8
[INFO] [stderr]    Compiling rustls-pki-types v1.7.0
[INFO] [stderr]    Compiling tiny-keccak v2.0.2
[INFO] [stderr]    Compiling serde v1.0.202
[INFO] [stderr]    Compiling once_cell v1.19.0
[INFO] [stderr]    Compiling generic-array v0.14.7
[INFO] [stderr]    Compiling unicode-normalization v0.1.23
[INFO] [stderr]    Compiling smartstring v1.0.1
[INFO] [stderr]    Compiling rustls v0.23.5
[INFO] [stderr]    Compiling futures-util v0.3.30
[INFO] [stderr]    Compiling tracing v0.1.40
[INFO] [stderr]    Compiling rustls v0.22.4
[INFO] [stderr]    Compiling thiserror v1.0.60
[INFO] [stderr]    Compiling tower-layer v0.3.2
[INFO] [stderr]    Compiling serde_json v1.0.117
[INFO] [stderr]    Compiling smallvec v1.13.2
[INFO] [stderr]    Compiling webpki-roots v0.26.1
[INFO] [stderr]    Compiling powerfmt v0.2.0
[INFO] [stderr]    Compiling rustversion v1.0.17
[INFO] [stderr]    Compiling time-core v0.1.2
[INFO] [stderr]    Compiling num-conv v0.1.0
[INFO] [stderr]    Compiling http v1.1.0
[INFO] [stderr]    Compiling memchr v2.7.2
[INFO] [stderr]    Compiling trim-in-place v0.1.7
[INFO] [stderr]    Compiling rxml_validation v0.9.1
[INFO] [stderr]    Compiling idna v0.5.0
[INFO] [stderr]    Compiling time-macros v0.2.18
[INFO] [stderr]    Compiling home v0.5.9
[INFO] [stderr]    Compiling futures-io v0.3.30
[INFO] [stderr]    Compiling cpufeatures v0.2.12
[INFO] [stderr]    Compiling md5 v0.7.0
[INFO] [stderr]    Compiling block-buffer v0.10.4
[INFO] [stderr]    Compiling crypto-common v0.1.6
[INFO] [stderr]    Compiling rxml v0.9.1
[INFO] [stderr]    Compiling digest v0.10.7
[INFO] [stderr]    Compiling quote v1.0.36
[INFO] [stderr]    Compiling sha2 v0.10.8
[INFO] [stderr]    Compiling syn v2.0.63
[INFO] [stderr]    Compiling socket2 v0.5.7
[INFO] [stderr]    Compiling mio v0.8.11
[INFO] [stderr]    Compiling getrandom v0.2.15
[INFO] [stderr]    Compiling hmac v0.12.1
[INFO] [stderr]    Compiling url v2.5.0
[INFO] [stderr]    Compiling const-random-macro v0.1.16
[INFO] [stderr]    Compiling ring v0.17.8
[INFO] [stderr]    Compiling http-body v1.0.0
[INFO] [stderr]    Compiling tokio v1.37.0
[INFO] [stderr]    Compiling http-body-util v0.1.1
[INFO] [stderr]    Compiling minidom v0.15.2
[INFO] [stderr]    Compiling const-random v0.1.18
[INFO] [stderr]    Compiling dlv-list v0.5.2
[INFO] [stderr]    Compiling ordered-multimap v0.7.3
[INFO] [stderr]    Compiling rust-ini v0.21.0
[INFO] [stderr]    Compiling futures v0.3.30
[INFO] [stderr]    Compiling serde_derive v1.0.202
[INFO] [stderr]    Compiling pin-project-internal v1.1.5
[INFO] [stderr]    Compiling thiserror-impl v1.0.60
[INFO] [stderr]    Compiling strum_macros v0.26.2
[INFO] [stderr]    Compiling rustls-webpki v0.102.3
[INFO] [stderr]    Compiling tokio-util v0.7.11
[INFO] [stderr]    Compiling tokio-stream v0.1.15
[INFO] [stderr]    Compiling h2 v0.4.4
[INFO] [stderr]    Compiling pin-project v1.1.5
[INFO] [stderr]    Compiling tower v0.4.13
[INFO] [stderr]    Compiling aws-region v0.25.4
[INFO] [stderr]    Compiling tokio-rustls v0.26.0
[INFO] [stderr]    Compiling deranged v0.3.11
[INFO] [stderr]    Compiling quick-xml v0.31.0
[INFO] [stderr]    Compiling hyper v1.3.1
[INFO] [stderr]    Compiling time v0.3.36
[INFO] [stderr]    Compiling attohttpc v0.28.0
[INFO] [stderr]    Compiling hyper-util v0.1.3
[INFO] [stderr]    Compiling hyper-timeout v0.5.1
[INFO] [stderr]    Compiling hyper-rustls v0.27.1
[INFO] [stderr]    Compiling femlol-aws-creds v0.39.0
[INFO] [stderr]    Compiling s3-tokio v0.39.4 (/opt/rustwide/workdir)
[INFO] [stderr]     Finished `dev` profile [unoptimized + debuginfo] target(s) in 13.94s
[INFO] running `Command { std: "docker" "inspect" "94b08070404d0612ab8d68f3091588396fea4d681c920b75febd70ae09d1032c", kill_on_drop: false }`
[INFO] running `Command { std: "docker" "rm" "-f" "94b08070404d0612ab8d68f3091588396fea4d681c920b75febd70ae09d1032c", kill_on_drop: false }`
[INFO] [stdout] 94b08070404d0612ab8d68f3091588396fea4d681c920b75febd70ae09d1032c
[INFO] running `Command { std: "docker" "create" "-v" "/var/lib/crater-agent-workspace/builds/worker-6-tc2/target:/opt/rustwide/target:rw,Z" "-v" "/var/lib/crater-agent-workspace/builds/worker-6-tc2/source:/opt/rustwide/workdir:ro,Z" "-v" "/var/lib/crater-agent-workspace/cargo-home:/opt/rustwide/cargo-home:ro,Z" "-v" "/var/lib/crater-agent-workspace/rustup-home:/opt/rustwide/rustup-home:ro,Z" "-e" "SOURCE_DIR=/opt/rustwide/workdir" "-e" "CARGO_TARGET_DIR=/opt/rustwide/target" "-e" "CARGO_INCREMENTAL=0" "-e" "RUST_BACKTRACE=full" "-e" "RUSTFLAGS=--cap-lints=forbid -Zrandomize-layout" "-e" "RUSTDOCFLAGS=--cap-lints=forbid" "-e" "CARGO_HOME=/opt/rustwide/cargo-home" "-e" "RUSTUP_HOME=/opt/rustwide/rustup-home" "-w" "/opt/rustwide/workdir" "-m" "1610612736" "--user" "0:0" "--network" "none" "ghcr.io/rust-lang/crates-build-env/linux@sha256:4a844ea9eb2546a2d2c7022eacef16ef2e8229c7fbb2c7d4d55a9ceca922f72d" "/opt/rustwide/cargo-home/bin/cargo" "+nightly-2024-10-28" "test" "--frozen" "--no-run" "--message-format=json", kill_on_drop: false }`
[INFO] [stdout] f5f893d5aecf1293577cfbe2b92682aae115e8fa94688b8ba2d98d4d6a5fc21b
[INFO] running `Command { std: "docker" "start" "-a" "f5f893d5aecf1293577cfbe2b92682aae115e8fa94688b8ba2d98d4d6a5fc21b", kill_on_drop: false }`
[INFO] [stderr]    Compiling log v0.4.21
[INFO] [stderr]    Compiling num_cpus v1.16.0
[INFO] [stderr]    Compiling tokio-macros v2.2.0
[INFO] [stderr]    Compiling aho-corasick v1.1.3
[INFO] [stderr]    Compiling regex-syntax v0.8.3
[INFO] [stderr]    Compiling anstyle-parse v0.2.4
[INFO] [stderr]    Compiling anyhow v1.0.83
[INFO] [stderr]    Compiling anstyle v1.0.7
[INFO] [stderr]    Compiling anstyle-query v1.0.3
[INFO] [stderr]    Compiling colorchoice v1.0.1
[INFO] [stderr]    Compiling is_terminal_polyfill v1.70.0
[INFO] [stderr]    Compiling uuid v1.8.0
[INFO] [stderr]    Compiling tracing v0.1.40
[INFO] [stderr]    Compiling rustls v0.22.4
[INFO] [stderr]    Compiling anstream v0.6.14
[INFO] [stderr]    Compiling tokio v1.37.0
[INFO] [stderr]    Compiling regex-automata v0.4.6
[INFO] [stderr]    Compiling attohttpc v0.28.0
[INFO] [stderr]    Compiling femlol-aws-creds v0.39.0
[INFO] [stderr]    Compiling regex v1.10.4
[INFO] [stderr]    Compiling env_filter v0.1.0
[INFO] [stderr]    Compiling env_logger v0.11.3
[INFO] [stderr]    Compiling tokio-util v0.7.11
[INFO] [stderr]    Compiling tower v0.4.13
[INFO] [stderr]    Compiling tokio-rustls v0.26.0
[INFO] [stderr]    Compiling tokio-stream v0.1.15
[INFO] [stderr]    Compiling h2 v0.4.4
[INFO] [stderr]    Compiling hyper v1.3.1
[INFO] [stderr]    Compiling hyper-util v0.1.3
[INFO] [stderr]    Compiling hyper-timeout v0.5.1
[INFO] [stderr]    Compiling hyper-rustls v0.27.1
[INFO] [stderr]    Compiling s3-tokio v0.39.4 (/opt/rustwide/workdir)
[INFO] [stdout] warning: unexpected `cfg` condition value: `tags`
[INFO] [stdout]    --> src/bucket_tests.rs:173:11
[INFO] [stdout]     |
[INFO] [stdout] 173 |     #[cfg(feature = "tags")]
[INFO] [stdout]     |           ^^^^^^^^^^^^^^^^
[INFO] [stdout]     |
[INFO] [stdout]     = note: expected values for `feature` are: `default`, `fail-on-err`, `no-verify-ssl`, and `tracing`
[INFO] [stdout]     = help: consider adding `tags` as a feature in `Cargo.toml`
[INFO] [stdout]     = note: see <https://doc.rust-lang.org/nightly/rustc/check-cfg/cargo-specifics.html> for more information about checking conditional configuration
[INFO] [stdout]     = note: `#[warn(unexpected_cfgs)]` on by default
[INFO] [stdout] 
[INFO] [stdout] 
[INFO] [stdout] warning: unexpected `cfg` condition value: `tags`
[INFO] [stdout]    --> src/bucket_tests.rs:214:11
[INFO] [stdout]     |
[INFO] [stdout] 214 |     #[cfg(feature = "tags")]
[INFO] [stdout]     |           ^^^^^^^^^^^^^^^^
[INFO] [stdout]     |
[INFO] [stdout]     = note: expected values for `feature` are: `default`, `fail-on-err`, `no-verify-ssl`, and `tracing`
[INFO] [stdout]     = help: consider adding `tags` as a feature in `Cargo.toml`
[INFO] [stdout]     = note: see <https://doc.rust-lang.org/nightly/rustc/check-cfg/cargo-specifics.html> for more information about checking conditional configuration
[INFO] [stdout] 
[INFO] [stdout] 
[INFO] [stderr]     Finished `test` profile [unoptimized + debuginfo] target(s) in 15.45s
[INFO] running `Command { std: "docker" "inspect" "f5f893d5aecf1293577cfbe2b92682aae115e8fa94688b8ba2d98d4d6a5fc21b", kill_on_drop: false }`
[INFO] running `Command { std: "docker" "rm" "-f" "f5f893d5aecf1293577cfbe2b92682aae115e8fa94688b8ba2d98d4d6a5fc21b", kill_on_drop: false }`
[INFO] [stdout] f5f893d5aecf1293577cfbe2b92682aae115e8fa94688b8ba2d98d4d6a5fc21b
[INFO] running `Command { std: "docker" "create" "-v" "/var/lib/crater-agent-workspace/builds/worker-6-tc2/target:/opt/rustwide/target:rw,Z" "-v" "/var/lib/crater-agent-workspace/builds/worker-6-tc2/source:/opt/rustwide/workdir:ro,Z" "-v" "/var/lib/crater-agent-workspace/cargo-home:/opt/rustwide/cargo-home:ro,Z" "-v" "/var/lib/crater-agent-workspace/rustup-home:/opt/rustwide/rustup-home:ro,Z" "-e" "SOURCE_DIR=/opt/rustwide/workdir" "-e" "CARGO_TARGET_DIR=/opt/rustwide/target" "-e" "CARGO_INCREMENTAL=0" "-e" "RUST_BACKTRACE=full" "-e" "RUSTFLAGS=--cap-lints=forbid -Zrandomize-layout" "-e" "RUSTDOCFLAGS=--cap-lints=forbid" "-e" "CARGO_HOME=/opt/rustwide/cargo-home" "-e" "RUSTUP_HOME=/opt/rustwide/rustup-home" "-w" "/opt/rustwide/workdir" "-m" "1610612736" "--user" "0:0" "--network" "none" "ghcr.io/rust-lang/crates-build-env/linux@sha256:4a844ea9eb2546a2d2c7022eacef16ef2e8229c7fbb2c7d4d55a9ceca922f72d" "/opt/rustwide/cargo-home/bin/cargo" "+nightly-2024-10-28" "test" "--frozen", kill_on_drop: false }`
[INFO] [stdout] deff7e3036a37bfcb93952ff7242d65f6d737032e5043300d580841274e180db
[INFO] running `Command { std: "docker" "start" "-a" "deff7e3036a37bfcb93952ff7242d65f6d737032e5043300d580841274e180db", kill_on_drop: false }`
[INFO] [stderr] warning: unexpected `cfg` condition value: `tags`
[INFO] [stderr]    --> src/bucket_tests.rs:173:11
[INFO] [stderr]     |
[INFO] [stderr] 173 |     #[cfg(feature = "tags")]
[INFO] [stderr]     |           ^^^^^^^^^^^^^^^^
[INFO] [stderr]     |
[INFO] [stderr]     = note: expected values for `feature` are: `default`, `fail-on-err`, `no-verify-ssl`, and `tracing`
[INFO] [stderr]     = help: consider adding `tags` as a feature in `Cargo.toml`
[INFO] [stderr]     = note: see <https://doc.rust-lang.org/nightly/rustc/check-cfg/cargo-specifics.html> for more information about checking conditional configuration
[INFO] [stderr]     = note: `#[warn(unexpected_cfgs)]` on by default
[INFO] [stderr] 
[INFO] [stderr] warning: unexpected `cfg` condition value: `tags`
[INFO] [stderr]    --> src/bucket_tests.rs:214:11
[INFO] [stderr]     |
[INFO] [stderr] 214 |     #[cfg(feature = "tags")]
[INFO] [stderr]     |           ^^^^^^^^^^^^^^^^
[INFO] [stderr]     |
[INFO] [stderr]     = note: expected values for `feature` are: `default`, `fail-on-err`, `no-verify-ssl`, and `tracing`
[INFO] [stderr]     = help: consider adding `tags` as a feature in `Cargo.toml`
[INFO] [stderr]     = note: see <https://doc.rust-lang.org/nightly/rustc/check-cfg/cargo-specifics.html> for more information about checking conditional configuration
[INFO] [stderr] 
[INFO] [stderr] warning: `s3-tokio` (lib test) generated 2 warnings
[INFO] [stderr]     Finished `test` profile [unoptimized + debuginfo] target(s) in 0.22s
[INFO] [stderr]      Running unittests src/lib.rs (/opt/rustwide/target/debug/deps/s3-b8cf4e32207a2456)
[INFO] [stdout] 
[INFO] [stdout] running 44 tests
[INFO] [stdout] test bucket_tests::test::aws_put_head_get_delete_object ... ignored
[INFO] [stdout] test bucket_tests::test::digital_ocean_test_put_head_get_delete_object ... ignored
[INFO] [stdout] test bucket_tests::test::gc_test_put_head_get_delete_object ... ignored
[INFO] [stdout] test bucket_tests::test::minio_test_put_head_get_delete_object ... ignored
[INFO] [stdout] test bucket_tests::test::r2_test_put_head_get_delete_object ... ignored
[INFO] [stdout] test bucket_tests::test::streaming_aws_put_head_get_delete_object ... ignored
[INFO] [stdout] test bucket_tests::test::streaming_big_aws_put_head_get_delete_object ... ignored
[INFO] [stdout] test bucket_tests::test::streaming_big_gc_put_head_get_delete_object ... ignored
[INFO] [stdout] test bucket_tests::test::streaming_big_minio_put_head_get_delete_object ... ignored
[INFO] [stdout] test bucket_tests::test::streaming_digital_ocean_put_head_get_delete_object ... ignored
[INFO] [stdout] test bucket_tests::test::streaming_gc_put_head_get_delete_object ... ignored
[INFO] [stdout] test bucket_tests::test::streaming_minio_put_head_get_delete_object ... ignored
[INFO] [stdout] test bucket_tests::test::streaming_r2_put_head_get_delete_object ... ignored
[INFO] [stdout] test bucket_tests::test::test_bucket_create_delete_default_region ... ignored
[INFO] [stdout] test bucket_tests::test::test_bucket_create_delete_non_default_region ... ignored
[INFO] [stdout] test bucket_tests::test::test_bucket_create_delete_non_default_region_public ... ignored
[INFO] [stdout] test bucket_tests::test::test_builder_composition ... ignored
[INFO] [stdout] test bucket_tests::test::test_presign_delete ... ignored
[INFO] [stdout] test bucket_tests::test::test_presign_get ... ignored
[INFO] [stdout] test bucket_tests::test::test_presign_put ... ignored
[INFO] [stdout] test bucket_tests::test::test_put_bucket_cors ... ignored
[INFO] [stdout] test bucket_tests::test::wasabi_test_put_head_get_delete_object ... ignored
[INFO] [stdout] test bucket::list::tests::parse_list_buckets_response_when_no_buckets_exist ... ok
[INFO] [stdout] test bucket::list::tests::parse_list_buckets_response ... ok
[INFO] [stdout] test bucket_tests::test::test_tag_has_key_and_value_functions ... ok
[INFO] [stdout] test serde_types::test::cors_config_serde ... ok
[INFO] [stdout] test signing::tests::test_base_url_encode ... ok
[INFO] [stdout] test signing::tests::test_aws_signing_key ... ok
[INFO] [stdout] test signing::tests::test_headers_encode ... ok
[INFO] [stdout] test request::tokio_backend::tests::url_uses_https_by_default_path_style ... ok
[INFO] [stdout] test request::tokio_backend::tests::url_uses_scheme_from_custom_region_if_defined ... ok
[INFO] [stdout] test request::tokio_backend::tests::url_uses_https_by_default ... ok
[INFO] [stdout] test request::tokio_backend::tests::url_uses_scheme_from_custom_region_if_defined_with_path_style ... ok
[INFO] [stdout] test signing::tests::test_path_encode ... ok
[INFO] [stdout] test signing::tests::test_path_slash_encode ... ok
[INFO] [stdout] test request::tokio_backend::tests::test_get_object_range_header ... ok
[INFO] [stdout] test signing::tests::test_uri_encode ... ok
[INFO] [stdout] test signing::tests::test_query_string_encode ... ok
[INFO] [stdout] test signing::tests::test_parse_list_bucket_result ... ok
[INFO] [stdout] test signing::tests::test_signing ... ok
[INFO] [stdout] test utils::test::test_read_chunk_all_zero ... ok
[INFO] [stdout] test utils::test::test_read_chunk_multi_chunk ... ok
[INFO] [stdout] test utils::test::test_etag_small_file ... FAILED
[INFO] [stdout] test utils::test::test_etag_large_file ... FAILED
[INFO] [stdout] 
[INFO] [stdout] failures:
[INFO] [stdout] 
[INFO] [stdout] ---- utils::test::test_etag_small_file stdout ----
[INFO] [stdout] thread 'utils::test::test_etag_small_file' panicked at src/utils.rs:186:43:
[INFO] [stdout] called `Result::unwrap()` on an `Err` value: Os { code: 30, kind: ReadOnlyFilesystem, message: "Read-only file system" }
[INFO] [stdout] stack backtrace:
[INFO] [stdout]    0:     0x58c2b385630a - std::backtrace_rs::backtrace::libunwind::trace::h207520d6e9873551
[INFO] [stdout]                                at /rustc/df4ca44d3fbc9301ee17f30f4d474e6ae4b05252/library/std/src/../../backtrace/src/backtrace/libunwind.rs:116:5
[INFO] [stdout]    1:     0x58c2b385630a - std::backtrace_rs::backtrace::trace_unsynchronized::h2ed7433f370e3eca
[INFO] [stdout]                                at /rustc/df4ca44d3fbc9301ee17f30f4d474e6ae4b05252/library/std/src/../../backtrace/src/backtrace/mod.rs:66:5
[INFO] [stdout]    2:     0x58c2b385630a - std::sys::backtrace::_print_fmt::h916fac51166b18d7
[INFO] [stdout]                                at /rustc/df4ca44d3fbc9301ee17f30f4d474e6ae4b05252/library/std/src/sys/backtrace.rs:66:9
[INFO] [stdout]    3:     0x58c2b385630a - <std::sys::backtrace::BacktraceLock::print::DisplayBacktrace as core::fmt::Display>::fmt::ha0a4c9b8ce3802e6
[INFO] [stdout]                                at /rustc/df4ca44d3fbc9301ee17f30f4d474e6ae4b05252/library/std/src/sys/backtrace.rs:39:26
[INFO] [stdout]    4:     0x58c2b3881813 - core::fmt::rt::Argument::fmt::h4cfc8587d52b3eb5
[INFO] [stdout]                                at /rustc/df4ca44d3fbc9301ee17f30f4d474e6ae4b05252/library/core/src/fmt/rt.rs:177:76
[INFO] [stdout]    5:     0x58c2b3881813 - core::fmt::write::h522cc39e5b36ae9f
[INFO] [stdout]                                at /rustc/df4ca44d3fbc9301ee17f30f4d474e6ae4b05252/library/core/src/fmt/mod.rs:1190:21
[INFO] [stdout]    6:     0x58c2b3851b83 - std::io::Write::write_fmt::h7d3c26752da97734
[INFO] [stdout]                                at /rustc/df4ca44d3fbc9301ee17f30f4d474e6ae4b05252/library/std/src/io/mod.rs:1839:15
[INFO] [stdout]    7:     0x58c2b3856152 - std::sys::backtrace::BacktraceLock::print::h4b9e00b29e9c0942
[INFO] [stdout]                                at /rustc/df4ca44d3fbc9301ee17f30f4d474e6ae4b05252/library/std/src/sys/backtrace.rs:42:9
[INFO] [stdout]    8:     0x58c2b385779a - std::panicking::default_hook::{{closure}}::hb59b88280d0324d9
[INFO] [stdout]                                at /rustc/df4ca44d3fbc9301ee17f30f4d474e6ae4b05252/library/std/src/panicking.rs:268:22
[INFO] [stdout]    9:     0x58c2b38575a4 - std::panicking::default_hook::he1dd496665be4a29
[INFO] [stdout]                                at /rustc/df4ca44d3fbc9301ee17f30f4d474e6ae4b05252/library/std/src/panicking.rs:292:9
[INFO] [stdout]   10:     0x58c2b3218669 - <alloc::boxed::Box<F,A> as core::ops::function::Fn<Args>>::call::h4ff71de18744e1dc
[INFO] [stdout]                                at /rustc/df4ca44d3fbc9301ee17f30f4d474e6ae4b05252/library/alloc/src/boxed.rs:2468:9
[INFO] [stdout]   11:     0x58c2b3218669 - test::test_main::{{closure}}::hcf7c055ce117aa81
[INFO] [stdout]                                at /rustc/df4ca44d3fbc9301ee17f30f4d474e6ae4b05252/library/test/src/lib.rs:133:21
[INFO] [stdout]   12:     0x58c2b3857e98 - <alloc::boxed::Box<F,A> as core::ops::function::Fn<Args>>::call::h1d66c6bbd60c9692
[INFO] [stdout]                                at /rustc/df4ca44d3fbc9301ee17f30f4d474e6ae4b05252/library/alloc/src/boxed.rs:2468:9
[INFO] [stdout]   13:     0x58c2b3857e98 - std::panicking::rust_panic_with_hook::h2ff17fe8f26dfcf8
[INFO] [stdout]                                at /rustc/df4ca44d3fbc9301ee17f30f4d474e6ae4b05252/library/std/src/panicking.rs:809:13
[INFO] [stdout]   14:     0x58c2b3857c5a - std::panicking::begin_panic_handler::{{closure}}::h4fad77951c07e101
[INFO] [stdout]                                at /rustc/df4ca44d3fbc9301ee17f30f4d474e6ae4b05252/library/std/src/panicking.rs:674:13
[INFO] [stdout]   15:     0x58c2b38567e9 - std::sys::backtrace::__rust_end_short_backtrace::hb1a25b3da5d0ea08
[INFO] [stdout]                                at /rustc/df4ca44d3fbc9301ee17f30f4d474e6ae4b05252/library/std/src/sys/backtrace.rs:170:18
[INFO] [stdout]   16:     0x58c2b38578ec - rust_begin_unwind
[INFO] [stdout]                                at /rustc/df4ca44d3fbc9301ee17f30f4d474e6ae4b05252/library/std/src/panicking.rs:665:5
[INFO] [stdout]   17:     0x58c2b387f150 - core::panicking::panic_fmt::ha9db07b529f9b256
[INFO] [stdout]                                at /rustc/df4ca44d3fbc9301ee17f30f4d474e6ae4b05252/library/core/src/panicking.rs:75:14
[INFO] [stdout]   18:     0x58c2b387f636 - core::result::unwrap_failed::h5e8218e4d4338b8a
[INFO] [stdout]                                at /rustc/df4ca44d3fbc9301ee17f30f4d474e6ae4b05252/library/core/src/result.rs:1698:5
[INFO] [stdout]   19:     0x58c2b2f51c2f - core::result::Result<T,E>::unwrap::h09585be72594f11f
[INFO] [stdout]                                at /rustc/df4ca44d3fbc9301ee17f30f4d474e6ae4b05252/library/core/src/result.rs:1103:23
[INFO] [stdout]   20:     0x58c2b2f51c2f - s3::utils::test::test_etag_small_file::hc3488dc87ba0b59c
[INFO] [stdout]                                at /opt/rustwide/workdir/src/utils.rs:186:24
[INFO] [stdout]   21:     0x58c2b2f51b27 - s3::utils::test::test_etag_small_file::{{closure}}::ha8c4afc1a832fd54
[INFO] [stdout]                                at /opt/rustwide/workdir/src/utils.rs:181:30
[INFO] [stdout]   22:     0x58c2b2dad0f6 - core::ops::function::FnOnce::call_once::h864581a2a7a47141
[INFO] [stdout]                                at /rustc/df4ca44d3fbc9301ee17f30f4d474e6ae4b05252/library/core/src/ops/function.rs:250:5
[INFO] [stdout]   23:     0x58c2b321cf3b - core::ops::function::FnOnce::call_once::h22c3ba5715e93f05
[INFO] [stdout]                                at /rustc/df4ca44d3fbc9301ee17f30f4d474e6ae4b05252/library/core/src/ops/function.rs:250:5
[INFO] [stdout]   24:     0x58c2b321cf3b - test::__rust_begin_short_backtrace::h8e82d8113d0da17f
[INFO] [stdout]                                at /rustc/df4ca44d3fbc9301ee17f30f4d474e6ae4b05252/library/test/src/lib.rs:621:18
[INFO] [stdout]   25:     0x58c2b321c8b7 - test::run_test_in_process::{{closure}}::h33235f4f20b7b7c7
[INFO] [stdout]                                at /rustc/df4ca44d3fbc9301ee17f30f4d474e6ae4b05252/library/test/src/lib.rs:644:60
[INFO] [stdout]   26:     0x58c2b321c8b7 - <core::panic::unwind_safe::AssertUnwindSafe<F> as core::ops::function::FnOnce<()>>::call_once::hb5043206310c586f
[INFO] [stdout]                                at /rustc/df4ca44d3fbc9301ee17f30f4d474e6ae4b05252/library/core/src/panic/unwind_safe.rs:272:9
[INFO] [stdout]   27:     0x58c2b321c8b7 - std::panicking::try::do_call::h9ad4731a60ab23e2
[INFO] [stdout]                                at /rustc/df4ca44d3fbc9301ee17f30f4d474e6ae4b05252/library/std/src/panicking.rs:557:40
[INFO] [stdout]   28:     0x58c2b321c8b7 - std::panicking::try::h3824d23db772a716
[INFO] [stdout]                                at /rustc/df4ca44d3fbc9301ee17f30f4d474e6ae4b05252/library/std/src/panicking.rs:520:19
[INFO] [stdout]   29:     0x58c2b321c8b7 - std::panic::catch_unwind::h5afd514605fde46b
[INFO] [stdout]                                at /rustc/df4ca44d3fbc9301ee17f30f4d474e6ae4b05252/library/std/src/panic.rs:358:14
[INFO] [stdout]   30:     0x58c2b321c8b7 - test::run_test_in_process::h0d5cbfa7067d1720
[INFO] [stdout]                                at /rustc/df4ca44d3fbc9301ee17f30f4d474e6ae4b05252/library/test/src/lib.rs:644:27
[INFO] [stdout]   31:     0x58c2b321c8b7 - test::run_test::{{closure}}::h708eb8872708115d
[INFO] [stdout]                                at /rustc/df4ca44d3fbc9301ee17f30f4d474e6ae4b05252/library/test/src/lib.rs:565:43
[INFO] [stdout]   32:     0x58c2b31dffd4 - test::run_test::{{closure}}::h392c51cee94713ab
[INFO] [stdout]                                at /rustc/df4ca44d3fbc9301ee17f30f4d474e6ae4b05252/library/test/src/lib.rs:595:41
[INFO] [stdout]   33:     0x58c2b31dffd4 - std::sys::backtrace::__rust_begin_short_backtrace::h2f40290710935a8b
[INFO] [stdout]                                at /rustc/df4ca44d3fbc9301ee17f30f4d474e6ae4b05252/library/std/src/sys/backtrace.rs:154:18
[INFO] [stdout]   34:     0x58c2b31e377e - std::thread::Builder::spawn_unchecked_::{{closure}}::{{closure}}::h3fd968d89053a903
[INFO] [stdout]                                at /rustc/df4ca44d3fbc9301ee17f30f4d474e6ae4b05252/library/std/src/thread/mod.rs:541:17
[INFO] [stdout]   35:     0x58c2b31e377e - <core::panic::unwind_safe::AssertUnwindSafe<F> as core::ops::function::FnOnce<()>>::call_once::h743f637ba4229880
[INFO] [stdout]                                at /rustc/df4ca44d3fbc9301ee17f30f4d474e6ae4b05252/library/core/src/panic/unwind_safe.rs:272:9
[INFO] [stdout]   36:     0x58c2b31e377e - std::panicking::try::do_call::h07440897322525a6
[INFO] [stdout]                                at /rustc/df4ca44d3fbc9301ee17f30f4d474e6ae4b05252/library/std/src/panicking.rs:557:40
[INFO] [stdout]   37:     0x58c2b31e377e - std::panicking::try::he5a2e00188156637
[INFO] [stdout]                                at /rustc/df4ca44d3fbc9301ee17f30f4d474e6ae4b05252/library/std/src/panicking.rs:520:19
[INFO] [stdout]   38:     0x58c2b31e377e - std::panic::catch_unwind::hbaf3cae49b3c6433
[INFO] [stdout]                                at /rustc/df4ca44d3fbc9301ee17f30f4d474e6ae4b05252/library/std/src/panic.rs:358:14
[INFO] [stdout]   39:     0x58c2b31e377e - std::thread::Builder::spawn_unchecked_::{{closure}}::h8e141ea224820bce
[INFO] [stdout]                                at /rustc/df4ca44d3fbc9301ee17f30f4d474e6ae4b05252/library/std/src/thread/mod.rs:540:30
[INFO] [stdout]   40:     0x58c2b31e377e - core::ops::function::FnOnce::call_once{{vtable.shim}}::h90d312fedd7b8ea8
[INFO] [stdout]                                at /rustc/df4ca44d3fbc9301ee17f30f4d474e6ae4b05252/library/core/src/ops/function.rs:250:5
[INFO] [stdout]   41:     0x58c2b385bfdb - <alloc::boxed::Box<F,A> as core::ops::function::FnOnce<Args>>::call_once::h69aa08ddb6adb8b6
[INFO] [stdout]                                at /rustc/df4ca44d3fbc9301ee17f30f4d474e6ae4b05252/library/alloc/src/boxed.rs:2454:9
[INFO] [stdout]   42:     0x58c2b385bfdb - <alloc::boxed::Box<F,A> as core::ops::function::FnOnce<Args>>::call_once::h5aa36efdb79c806f
[INFO] [stdout]                                at /rustc/df4ca44d3fbc9301ee17f30f4d474e6ae4b05252/library/alloc/src/boxed.rs:2454:9
[INFO] [stdout]   43:     0x58c2b385bfdb - std::sys::pal::unix::thread::Thread::new::thread_start::h6cd80a1b4be5158d
[INFO] [stdout]                                at /rustc/df4ca44d3fbc9301ee17f30f4d474e6ae4b05252/library/std/src/sys/pal/unix/thread.rs:105:17
[INFO] [stdout]   44:     0x7985c8d6fac3 - <unknown>
[INFO] [stdout]   45:     0x7985c8e00a04 - clone
[INFO] [stdout]   46:                0x0 - <unknown>
[INFO] [stdout] 
[INFO] [stdout] ---- utils::test::test_etag_large_file stdout ----
[INFO] [stdout] thread 'utils::test::test_etag_large_file' panicked at src/utils.rs:170:43:
[INFO] [stdout] called `Result::unwrap()` on an `Err` value: Os { code: 30, kind: ReadOnlyFilesystem, message: "Read-only file system" }
[INFO] [stdout] stack backtrace:
[INFO] [stdout]    0:     0x58c2b385630a - std::backtrace_rs::backtrace::libunwind::trace::h207520d6e9873551
[INFO] [stdout]                                at /rustc/df4ca44d3fbc9301ee17f30f4d474e6ae4b05252/library/std/src/../../backtrace/src/backtrace/libunwind.rs:116:5
[INFO] [stdout]    1:     0x58c2b385630a - std::backtrace_rs::backtrace::trace_unsynchronized::h2ed7433f370e3eca
[INFO] [stdout]                                at /rustc/df4ca44d3fbc9301ee17f30f4d474e6ae4b05252/library/std/src/../../backtrace/src/backtrace/mod.rs:66:5
[INFO] [stdout]    2:     0x58c2b385630a - std::sys::backtrace::_print_fmt::h916fac51166b18d7
[INFO] [stdout]                                at /rustc/df4ca44d3fbc9301ee17f30f4d474e6ae4b05252/library/std/src/sys/backtrace.rs:66:9
[INFO] [stdout]    3:     0x58c2b385630a - <std::sys::backtrace::BacktraceLock::print::DisplayBacktrace as core::fmt::Display>::fmt::ha0a4c9b8ce3802e6
[INFO] [stdout]                                at /rustc/df4ca44d3fbc9301ee17f30f4d474e6ae4b05252/library/std/src/sys/backtrace.rs:39:26
[INFO] [stdout]    4:     0x58c2b3881813 - core::fmt::rt::Argument::fmt::h4cfc8587d52b3eb5
[INFO] [stdout]                                at /rustc/df4ca44d3fbc9301ee17f30f4d474e6ae4b05252/library/core/src/fmt/rt.rs:177:76
[INFO] [stdout]    5:     0x58c2b3881813 - core::fmt::write::h522cc39e5b36ae9f
[INFO] [stdout]                                at /rustc/df4ca44d3fbc9301ee17f30f4d474e6ae4b05252/library/core/src/fmt/mod.rs:1190:21
[INFO] [stdout]    6:     0x58c2b3851b83 - std::io::Write::write_fmt::h7d3c26752da97734
[INFO] [stdout]                                at /rustc/df4ca44d3fbc9301ee17f30f4d474e6ae4b05252/library/std/src/io/mod.rs:1839:15
[INFO] [stdout]    7:     0x58c2b3856152 - std::sys::backtrace::BacktraceLock::print::h4b9e00b29e9c0942
[INFO] [stdout]                                at /rustc/df4ca44d3fbc9301ee17f30f4d474e6ae4b05252/library/std/src/sys/backtrace.rs:42:9
[INFO] [stdout]    8:     0x58c2b385779a - std::panicking::default_hook::{{closure}}::hb59b88280d0324d9
[INFO] [stdout]                                at /rustc/df4ca44d3fbc9301ee17f30f4d474e6ae4b05252/library/std/src/panicking.rs:268:22
[INFO] [stdout]    9:     0x58c2b38575a4 - std::panicking::default_hook::he1dd496665be4a29
[INFO] [stdout]                                at /rustc/df4ca44d3fbc9301ee17f30f4d474e6ae4b05252/library/std/src/panicking.rs:292:9
[INFO] [stdout]   10:     0x58c2b3218669 - <alloc::boxed::Box<F,A> as core::ops::function::Fn<Args>>::call::h4ff71de18744e1dc
[INFO] [stdout]                                at /rustc/df4ca44d3fbc9301ee17f30f4d474e6ae4b05252/library/alloc/src/boxed.rs:2468:9
[INFO] [stdout]   11:     0x58c2b3218669 - test::test_main::{{closure}}::hcf7c055ce117aa81
[INFO] [stdout]                                at /rustc/df4ca44d3fbc9301ee17f30f4d474e6ae4b05252/library/test/src/lib.rs:133:21
[INFO] [stdout]   12:     0x58c2b3857e98 - <alloc::boxed::Box<F,A> as core::ops::function::Fn<Args>>::call::h1d66c6bbd60c9692
[INFO] [stdout]                                at /rustc/df4ca44d3fbc9301ee17f30f4d474e6ae4b05252/library/alloc/src/boxed.rs:2468:9
[INFO] [stdout]   13:     0x58c2b3857e98 - std::panicking::rust_panic_with_hook::h2ff17fe8f26dfcf8
[INFO] [stdout]                                at /rustc/df4ca44d3fbc9301ee17f30f4d474e6ae4b05252/library/std/src/panicking.rs:809:13
[INFO] [stdout]   14:     0x58c2b3857c5a - std::panicking::begin_panic_handler::{{closure}}::h4fad77951c07e101
[INFO] [stdout]                                at /rustc/df4ca44d3fbc9301ee17f30f4d474e6ae4b05252/library/std/src/panicking.rs:674:13
[INFO] [stdout]   15:     0x58c2b38567e9 - std::sys::backtrace::__rust_end_short_backtrace::hb1a25b3da5d0ea08
[INFO] [stdout]                                at /rustc/df4ca44d3fbc9301ee17f30f4d474e6ae4b05252/library/std/src/sys/backtrace.rs:170:18
[INFO] [stdout]   16:     0x58c2b38578ec - rust_begin_unwind
[INFO] [stdout]                                at /rustc/df4ca44d3fbc9301ee17f30f4d474e6ae4b05252/library/std/src/panicking.rs:665:5
[INFO] [stdout]   17:     0x58c2b387f150 - core::panicking::panic_fmt::ha9db07b529f9b256
[INFO] [stdout]                                at /rustc/df4ca44d3fbc9301ee17f30f4d474e6ae4b05252/library/core/src/panicking.rs:75:14
[INFO] [stdout]   18:     0x58c2b387f636 - core::result::unwrap_failed::h5e8218e4d4338b8a
[INFO] [stdout]                                at /rustc/df4ca44d3fbc9301ee17f30f4d474e6ae4b05252/library/core/src/result.rs:1698:5
[INFO] [stdout]   19:     0x58c2b2f5172f - core::result::Result<T,E>::unwrap::h09585be72594f11f
[INFO] [stdout]                                at /rustc/df4ca44d3fbc9301ee17f30f4d474e6ae4b05252/library/core/src/result.rs:1103:23
[INFO] [stdout]   20:     0x58c2b2f5172f - s3::utils::test::test_etag_large_file::h51876c8f0b0eb0a5
[INFO] [stdout]                                at /opt/rustwide/workdir/src/utils.rs:170:24
[INFO] [stdout]   21:     0x58c2b2f51627 - s3::utils::test::test_etag_large_file::{{closure}}::h0d61c192877a5fce
[INFO] [stdout]                                at /opt/rustwide/workdir/src/utils.rs:165:30
[INFO] [stdout]   22:     0x58c2b2dadb76 - core::ops::function::FnOnce::call_once::hde6e8125e49c6a3b
[INFO] [stdout]                                at /rustc/df4ca44d3fbc9301ee17f30f4d474e6ae4b05252/library/core/src/ops/function.rs:250:5
[INFO] [stdout]   23:     0x58c2b321cf3b - core::ops::function::FnOnce::call_once::h22c3ba5715e93f05
[INFO] [stdout]                                at /rustc/df4ca44d3fbc9301ee17f30f4d474e6ae4b05252/library/core/src/ops/function.rs:250:5
[INFO] [stdout]   24:     0x58c2b321cf3b - test::__rust_begin_short_backtrace::h8e82d8113d0da17f
[INFO] [stdout]                                at /rustc/df4ca44d3fbc9301ee17f30f4d474e6ae4b05252/library/test/src/lib.rs:621:18
[INFO] [stdout]   25:     0x58c2b321c8b7 - test::run_test_in_process::{{closure}}::h33235f4f20b7b7c7
[INFO] [stdout]                                at /rustc/df4ca44d3fbc9301ee17f30f4d474e6ae4b05252/library/test/src/lib.rs:644:60
[INFO] [stdout]   26:     0x58c2b321c8b7 - <core::panic::unwind_safe::AssertUnwindSafe<F> as core::ops::function::FnOnce<()>>::call_once::hb5043206310c586f
[INFO] [stdout]                                at /rustc/df4ca44d3fbc9301ee17f30f4d474e6ae4b05252/library/core/src/panic/unwind_safe.rs:272:9
[INFO] [stdout]   27:     0x58c2b321c8b7 - std::panicking::try::do_call::h9ad4731a60ab23e2
[INFO] [stdout]                                at /rustc/df4ca44d3fbc9301ee17f30f4d474e6ae4b05252/library/std/src/panicking.rs:557:40
[INFO] [stdout]   28:     0x58c2b321c8b7 - std::panicking::try::h3824d23db772a716
[INFO] [stdout]                                at /rustc/df4ca44d3fbc9301ee17f30f4d474e6ae4b05252/library/std/src/panicking.rs:520:19
[INFO] [stdout]   29:     0x58c2b321c8b7 - std::panic::catch_unwind::h5afd514605fde46b
[INFO] [stdout]                                at /rustc/df4ca44d3fbc9301ee17f30f4d474e6ae4b05252/library/std/src/panic.rs:358:14
[INFO] [stdout]   30:     0x58c2b321c8b7 - test::run_test_in_process::h0d5cbfa7067d1720
[INFO] [stdout]                                at /rustc/df4ca44d3fbc9301ee17f30f4d474e6ae4b05252/library/test/src/lib.rs:644:27
[INFO] [stdout]   31:     0x58c2b321c8b7 - test::run_test::{{closure}}::h708eb8872708115d
[INFO] [stdout]                                at /rustc/df4ca44d3fbc9301ee17f30f4d474e6ae4b05252/library/test/src/lib.rs:565:43
[INFO] [stdout]   32:     0x58c2b31dffd4 - test::run_test::{{closure}}::h392c51cee94713ab
[INFO] [stdout]                                at /rustc/df4ca44d3fbc9301ee17f30f4d474e6ae4b05252/library/test/src/lib.rs:595:41
[INFO] [stdout]   33:     0x58c2b31dffd4 - std::sys::backtrace::__rust_begin_short_backtrace::h2f40290710935a8b
[INFO] [stdout]                                at /rustc/df4ca44d3fbc9301ee17f30f4d474e6ae4b05252/library/std/src/sys/backtrace.rs:154:18
[INFO] [stdout]   34:     0x58c2b31e377e - std::thread::Builder::spawn_unchecked_::{{closure}}::{{closure}}::h3fd968d89053a903
[INFO] [stdout]                                at /rustc/df4ca44d3fbc9301ee17f30f4d474e6ae4b05252/library/std/src/thread/mod.rs:541:17
[INFO] [stdout]   35:     0x58c2b31e377e - <core::panic::unwind_safe::AssertUnwindSafe<F> as core::ops::function::FnOnce<()>>::call_once::h743f637ba4229880
[INFO] [stdout]                                at /rustc/df4ca44d3fbc9301ee17f30f4d474e6ae4b05252/library/core/src/panic/unwind_safe.rs:272:9
[INFO] [stdout]   36:     0x58c2b31e377e - std::panicking::try::do_call::h07440897322525a6
[INFO] [stdout]                                at /rustc/df4ca44d3fbc9301ee17f30f4d474e6ae4b05252/library/std/src/panicking.rs:557:40
[INFO] [stdout]   37:     0x58c2b31e377e - std::panicking::try::he5a2e00188156637
[INFO] [stdout]                                at /rustc/df4ca44d3fbc9301ee17f30f4d474e6ae4b05252/library/std/src/panicking.rs:520:19
[INFO] [stdout]   38:     0x58c2b31e377e - std::panic::catch_unwind::hbaf3cae49b3c6433
[INFO] [stdout]                                at /rustc/df4ca44d3fbc9301ee17f30f4d474e6ae4b05252/library/std/src/panic.rs:358:14
[INFO] [stdout]   39:     0x58c2b31e377e - std::thread::Builder::spawn_unchecked_::{{closure}}::h8e141ea224820bce
[INFO] [stdout]                                at /rustc/df4ca44d3fbc9301ee17f30f4d474e6ae4b05252/library/std/src/thread/mod.rs:540:30
[INFO] [stdout]   40:     0x58c2b31e377e - core::ops::function::FnOnce::call_once{{vtable.shim}}::h90d312fedd7b8ea8
[INFO] [stdout]                                at /rustc/df4ca44d3fbc9301ee17f30f4d474e6ae4b05252/library/core/src/ops/function.rs:250:5
[INFO] [stdout]   41:     0x58c2b385bfdb - <alloc::boxed::Box<F,A> as core::ops::function::FnOnce<Args>>::call_once::h69aa08ddb6adb8b6
[INFO] [stdout]                                at /rustc/df4ca44d3fbc9301ee17f30f4d474e6ae4b05252/library/alloc/src/boxed.rs:2454:9
[INFO] [stdout]   42:     0x58c2b385bfdb - <alloc::boxed::Box<F,A> as core::ops::function::FnOnce<Args>>::call_once::h5aa36efdb79c806f
[INFO] [stdout]                                at /rustc/df4ca44d3fbc9301ee17f30f4d474e6ae4b05252/library/alloc/src/boxed.rs:2454:9
[INFO] [stdout]   43:     0x58c2b385bfdb - std::sys::pal::unix::thread::Thread::new::thread_start::h6cd80a1b4be5158d
[INFO] [stdout]                                at /rustc/df4ca44d3fbc9301ee17f30f4d474e6ae4b05252/library/std/src/sys/pal/unix/thread.rs:105:17
[INFO] [stdout]   44:     0x7985c8d6fac3 - <unknown>
[INFO] [stdout]   45:     0x7985c8e00a04 - clone
[INFO] [stdout]   46:                0x0 - <unknown>
[INFO] [stdout] 
[INFO] [stdout] 
[INFO] [stdout] failures:
[INFO] [stdout]     utils::test::test_etag_large_file
[INFO] [stdout]     utils::test::test_etag_small_file
[INFO] [stdout] 
[INFO] [stdout] test result: FAILED. 20 passed; 2 failed; 22 ignored; 0 measured; 0 filtered out; finished in 0.16s
[INFO] [stdout] 
[INFO] [stderr] error: test failed, to rerun pass `--lib`
[INFO] running `Command { std: "docker" "inspect" "deff7e3036a37bfcb93952ff7242d65f6d737032e5043300d580841274e180db", kill_on_drop: false }`
[INFO] running `Command { std: "docker" "rm" "-f" "deff7e3036a37bfcb93952ff7242d65f6d737032e5043300d580841274e180db", kill_on_drop: false }`
[INFO] [stdout] deff7e3036a37bfcb93952ff7242d65f6d737032e5043300d580841274e180db
