[INFO] fetching crate rytm-rs 0.1.1...
[INFO] testing rytm-rs-0.1.1 against nightly-2024-10-28+rustflags=-Zrandomize-layout for randomize-layout
[INFO] extracting crate rytm-rs 0.1.1 into /workspace/builds/worker-2-tc2/source
[INFO] validating manifest of crates.io crate rytm-rs 0.1.1 on toolchain nightly-2024-10-28
[INFO] running `Command { std: CARGO_HOME="/workspace/cargo-home" RUSTUP_HOME="/workspace/rustup-home" "/workspace/cargo-home/bin/cargo" "+nightly-2024-10-28" "metadata" "--manifest-path" "Cargo.toml" "--no-deps", kill_on_drop: false }`
[INFO] started tweaking crates.io crate rytm-rs 0.1.1
[INFO] finished tweaking crates.io crate rytm-rs 0.1.1
[INFO] tweaked toml for crates.io crate rytm-rs 0.1.1 written to /workspace/builds/worker-2-tc2/source/Cargo.toml
[INFO] running `Command { std: CARGO_HOME="/workspace/cargo-home" RUSTUP_HOME="/workspace/rustup-home" "/workspace/cargo-home/bin/cargo" "+nightly-2024-10-28" "generate-lockfile" "--manifest-path" "Cargo.toml", kill_on_drop: false }`
[INFO] [stderr]     Updating crates.io index
[INFO] [stderr]     Blocking waiting for file lock on package cache
[INFO] [stderr]      Locking 106 packages to latest compatible versions
[INFO] [stderr]       Adding clearscreen v2.0.1 (available: v3.0.0)
[INFO] [stderr]       Adding midir v0.9.1 (available: v0.10.0)
[INFO] running `Command { std: CARGO_HOME="/workspace/cargo-home" RUSTUP_HOME="/workspace/rustup-home" "/workspace/cargo-home/bin/cargo" "+nightly-2024-10-28" "fetch" "--manifest-path" "Cargo.toml", kill_on_drop: false }`
[INFO] [stderr]     Blocking waiting for file lock on package cache
[INFO] running `Command { std: "docker" "create" "-v" "/var/lib/crater-agent-workspace/builds/worker-2-tc2/target:/opt/rustwide/target:rw,Z" "-v" "/var/lib/crater-agent-workspace/builds/worker-2-tc2/source:/opt/rustwide/workdir:ro,Z" "-v" "/var/lib/crater-agent-workspace/cargo-home:/opt/rustwide/cargo-home:ro,Z" "-v" "/var/lib/crater-agent-workspace/rustup-home:/opt/rustwide/rustup-home:ro,Z" "-e" "SOURCE_DIR=/opt/rustwide/workdir" "-e" "CARGO_TARGET_DIR=/opt/rustwide/target" "-e" "CARGO_HOME=/opt/rustwide/cargo-home" "-e" "RUSTUP_HOME=/opt/rustwide/rustup-home" "-w" "/opt/rustwide/workdir" "-m" "1610612736" "--user" "0:0" "--network" "none" "ghcr.io/rust-lang/crates-build-env/linux@sha256:4a844ea9eb2546a2d2c7022eacef16ef2e8229c7fbb2c7d4d55a9ceca922f72d" "/opt/rustwide/cargo-home/bin/cargo" "+nightly-2024-10-28" "metadata" "--no-deps" "--format-version=1", kill_on_drop: false }`
[INFO] [stdout] 680e20e4e3137edcb257b89281fe5bc32562f814b68d787c2ba64ae0dd05b614
[INFO] running `Command { std: "docker" "start" "-a" "680e20e4e3137edcb257b89281fe5bc32562f814b68d787c2ba64ae0dd05b614", kill_on_drop: false }`
[INFO] running `Command { std: "docker" "inspect" "680e20e4e3137edcb257b89281fe5bc32562f814b68d787c2ba64ae0dd05b614", kill_on_drop: false }`
[INFO] running `Command { std: "docker" "rm" "-f" "680e20e4e3137edcb257b89281fe5bc32562f814b68d787c2ba64ae0dd05b614", kill_on_drop: false }`
[INFO] [stdout] 680e20e4e3137edcb257b89281fe5bc32562f814b68d787c2ba64ae0dd05b614
[INFO] running `Command { std: "docker" "create" "-v" "/var/lib/crater-agent-workspace/builds/worker-2-tc2/target:/opt/rustwide/target:rw,Z" "-v" "/var/lib/crater-agent-workspace/builds/worker-2-tc2/source:/opt/rustwide/workdir:ro,Z" "-v" "/var/lib/crater-agent-workspace/cargo-home:/opt/rustwide/cargo-home:ro,Z" "-v" "/var/lib/crater-agent-workspace/rustup-home:/opt/rustwide/rustup-home:ro,Z" "-e" "SOURCE_DIR=/opt/rustwide/workdir" "-e" "CARGO_TARGET_DIR=/opt/rustwide/target" "-e" "CARGO_INCREMENTAL=0" "-e" "RUST_BACKTRACE=full" "-e" "RUSTFLAGS=--cap-lints=forbid -Zrandomize-layout" "-e" "RUSTDOCFLAGS=--cap-lints=forbid" "-e" "CARGO_HOME=/opt/rustwide/cargo-home" "-e" "RUSTUP_HOME=/opt/rustwide/rustup-home" "-w" "/opt/rustwide/workdir" "-m" "1610612736" "--user" "0:0" "--network" "none" "ghcr.io/rust-lang/crates-build-env/linux@sha256:4a844ea9eb2546a2d2c7022eacef16ef2e8229c7fbb2c7d4d55a9ceca922f72d" "/opt/rustwide/cargo-home/bin/cargo" "+nightly-2024-10-28" "build" "--frozen" "--message-format=json", kill_on_drop: false }`
[INFO] [stdout] 8880311d0b8701154dd83b2a9bc5050bfb36ee5a40857814b072ccbccb7ad792
[INFO] running `Command { std: "docker" "start" "-a" "8880311d0b8701154dd83b2a9bc5050bfb36ee5a40857814b072ccbccb7ad792", kill_on_drop: false }`
[INFO] [stderr]    Compiling rustix v0.38.38
[INFO] [stderr]    Compiling either v1.13.0
[INFO] [stderr]    Compiling libc v0.2.161
[INFO] [stderr]    Compiling cfg-if v1.0.0
[INFO] [stderr]    Compiling linux-raw-sys v0.4.14
[INFO] [stderr]    Compiling bitflags v2.6.0
[INFO] [stderr]    Compiling regex-syntax v0.8.5
[INFO] [stderr]    Compiling home v0.5.9
[INFO] [stderr]    Compiling libloading v0.8.5
[INFO] [stderr]    Compiling bindgen v0.69.5
[INFO] [stderr]    Compiling itertools v0.12.1
[INFO] [stderr]    Compiling lazy_static v1.5.0
[INFO] [stderr]    Compiling lazycell v1.3.0
[INFO] [stderr]    Compiling serde_derive v1.0.214
[INFO] [stderr]    Compiling thiserror-impl v1.0.66
[INFO] [stderr]    Compiling derivative v2.2.0
[INFO] [stderr]    Compiling rytm-rs-macro v0.1.2
[INFO] [stderr]    Compiling clang-sys v1.8.1
[INFO] [stderr]    Compiling regex-automata v0.4.8
[INFO] [stderr]    Compiling bitstream-io v2.5.3
[INFO] [stderr]    Compiling thiserror v1.0.66
[INFO] [stderr]    Compiling which v4.4.2
[INFO] [stderr]    Compiling regex v1.11.1
[INFO] [stderr]    Compiling serde v1.0.214
[INFO] [stderr]    Compiling serde-big-array v0.5.1
[INFO] [stderr]    Compiling serde_json v1.0.132
[INFO] [stderr]    Compiling rytm-sys v0.1.5
[INFO] [stderr]    Compiling rytm-rs v0.1.1 (/opt/rustwide/workdir)
[INFO] [stdout] warning: unused variable: `err`
[INFO] [stdout]    --> src/object/global/types.rs:576:31
[INFO] [stdout]     |
[INFO] [stdout] 576 |                     .map_err(|err| ConversionError::Range {
[INFO] [stdout]     |                               ^^^ help: if this is intentional, prefix it with an underscore: `_err`
[INFO] [stdout]     |
[INFO] [stdout]     = note: `#[warn(unused_variables)]` on by default
[INFO] [stdout] 
[INFO] [stdout] 
[INFO] [stdout] warning: constant `PAD_SCALE_ROOT_NOTE_BASE` is never used
[INFO] [stdout]  --> src/object/pattern/track/types.rs:3:7
[INFO] [stdout]   |
[INFO] [stdout] 3 | const PAD_SCALE_ROOT_NOTE_BASE: u8 = 96;
[INFO] [stdout]   |       ^^^^^^^^^^^^^^^^^^^^^^^^
[INFO] [stdout]   |
[INFO] [stdout]   = note: `#[warn(dead_code)]` on by default
[INFO] [stdout] 
[INFO] [stdout] 
[INFO] [stderr]     Finished `dev` profile [unoptimized + debuginfo] target(s) in 29.51s
[INFO] running `Command { std: "docker" "inspect" "8880311d0b8701154dd83b2a9bc5050bfb36ee5a40857814b072ccbccb7ad792", kill_on_drop: false }`
[INFO] running `Command { std: "docker" "rm" "-f" "8880311d0b8701154dd83b2a9bc5050bfb36ee5a40857814b072ccbccb7ad792", kill_on_drop: false }`
[INFO] [stdout] 8880311d0b8701154dd83b2a9bc5050bfb36ee5a40857814b072ccbccb7ad792
[INFO] running `Command { std: "docker" "create" "-v" "/var/lib/crater-agent-workspace/builds/worker-2-tc2/target:/opt/rustwide/target:rw,Z" "-v" "/var/lib/crater-agent-workspace/builds/worker-2-tc2/source:/opt/rustwide/workdir:ro,Z" "-v" "/var/lib/crater-agent-workspace/cargo-home:/opt/rustwide/cargo-home:ro,Z" "-v" "/var/lib/crater-agent-workspace/rustup-home:/opt/rustwide/rustup-home:ro,Z" "-e" "SOURCE_DIR=/opt/rustwide/workdir" "-e" "CARGO_TARGET_DIR=/opt/rustwide/target" "-e" "CARGO_INCREMENTAL=0" "-e" "RUST_BACKTRACE=full" "-e" "RUSTFLAGS=--cap-lints=forbid -Zrandomize-layout" "-e" "RUSTDOCFLAGS=--cap-lints=forbid" "-e" "CARGO_HOME=/opt/rustwide/cargo-home" "-e" "RUSTUP_HOME=/opt/rustwide/rustup-home" "-w" "/opt/rustwide/workdir" "-m" "1610612736" "--user" "0:0" "--network" "none" "ghcr.io/rust-lang/crates-build-env/linux@sha256:4a844ea9eb2546a2d2c7022eacef16ef2e8229c7fbb2c7d4d55a9ceca922f72d" "/opt/rustwide/cargo-home/bin/cargo" "+nightly-2024-10-28" "test" "--frozen" "--no-run" "--message-format=json", kill_on_drop: false }`
[INFO] [stdout] 5acb73c56cee0bd3c428b0157eb09a336a9474d8d9f9d27f422f471f1bc0b6d3
[INFO] running `Command { std: "docker" "start" "-a" "5acb73c56cee0bd3c428b0157eb09a336a9474d8d9f9d27f422f471f1bc0b6d3", kill_on_drop: false }`
[INFO] [stderr]    Compiling siphasher v0.3.11
[INFO] [stderr]    Compiling minimal-lexical v0.2.1
[INFO] [stderr]    Compiling rustix v0.38.38
[INFO] [stderr]    Compiling rand_core v0.6.4
[INFO] [stderr]    Compiling clang-sys v1.8.1
[INFO] [stderr]    Compiling itertools v0.12.1
[INFO] [stderr]    Compiling alsa-sys v0.3.1
[INFO] [stderr]    Compiling dirs-sys v0.3.7
[INFO] [stderr]    Compiling nom v7.1.3
[INFO] [stderr]    Compiling rand v0.8.5
[INFO] [stderr]    Compiling phf_shared v0.11.2
[INFO] [stderr]    Compiling dirs v4.0.0
[INFO] [stderr]    Compiling nix v0.24.3
[INFO] [stderr]    Compiling nix v0.26.4
[INFO] [stderr]    Compiling phf v0.11.2
[INFO] [stderr]    Compiling phf_generator v0.11.2
[INFO] [stderr]    Compiling alsa v0.7.1
[INFO] [stderr]    Compiling phf_codegen v0.11.2
[INFO] [stderr]    Compiling terminfo v0.8.0
[INFO] [stderr]    Compiling midir v0.9.1
[INFO] [stderr]    Compiling cexpr v0.6.0
[INFO] [stderr]    Compiling which v4.4.2
[INFO] [stderr]    Compiling bindgen v0.69.5
[INFO] [stderr]    Compiling clearscreen v2.0.1
[INFO] [stderr]    Compiling rytm-sys v0.1.5
[INFO] [stderr]    Compiling rytm-rs v0.1.1 (/opt/rustwide/workdir)
[INFO] [stdout] warning: unused variable: `err`
[INFO] [stdout]    --> src/object/global/types.rs:576:31
[INFO] [stdout]     |
[INFO] [stdout] 576 |                     .map_err(|err| ConversionError::Range {
[INFO] [stdout]     |                               ^^^ help: if this is intentional, prefix it with an underscore: `_err`
[INFO] [stdout]     |
[INFO] [stdout]     = note: `#[warn(unused_variables)]` on by default
[INFO] [stdout] 
[INFO] [stdout] 
[INFO] [stdout] warning: unused variable: `err`
[INFO] [stdout]    --> src/object/global/types.rs:576:31
[INFO] [stdout]     |
[INFO] [stdout] 576 |                     .map_err(|err| ConversionError::Range {
[INFO] [stdout]     |                               ^^^ help: if this is intentional, prefix it with an underscore: `_err`
[INFO] [stdout]     |
[INFO] [stdout]     = note: `#[warn(unused_variables)]` on by default
[INFO] [stdout] 
[INFO] [stdout] 
[INFO] [stdout] warning: constant `PAD_SCALE_ROOT_NOTE_BASE` is never used
[INFO] [stdout]  --> src/object/pattern/track/types.rs:3:7
[INFO] [stdout]   |
[INFO] [stdout] 3 | const PAD_SCALE_ROOT_NOTE_BASE: u8 = 96;
[INFO] [stdout]   |       ^^^^^^^^^^^^^^^^^^^^^^^^
[INFO] [stdout]   |
[INFO] [stdout]   = note: `#[warn(dead_code)]` on by default
[INFO] [stdout] 
[INFO] [stdout] 
[INFO] [stdout] warning: constant `PAD_SCALE_ROOT_NOTE_BASE` is never used
[INFO] [stdout]  --> src/object/pattern/track/types.rs:3:7
[INFO] [stdout]   |
[INFO] [stdout] 3 | const PAD_SCALE_ROOT_NOTE_BASE: u8 = 96;
[INFO] [stdout]   |       ^^^^^^^^^^^^^^^^^^^^^^^^
[INFO] [stdout]   |
[INFO] [stdout]   = note: `#[warn(dead_code)]` on by default
[INFO] [stdout] 
[INFO] [stdout] 
[INFO] [stderr]     Finished `test` profile [unoptimized + debuginfo] target(s) in 25.81s
[INFO] running `Command { std: "docker" "inspect" "5acb73c56cee0bd3c428b0157eb09a336a9474d8d9f9d27f422f471f1bc0b6d3", kill_on_drop: false }`
[INFO] running `Command { std: "docker" "rm" "-f" "5acb73c56cee0bd3c428b0157eb09a336a9474d8d9f9d27f422f471f1bc0b6d3", kill_on_drop: false }`
[INFO] [stdout] 5acb73c56cee0bd3c428b0157eb09a336a9474d8d9f9d27f422f471f1bc0b6d3
[INFO] running `Command { std: "docker" "create" "-v" "/var/lib/crater-agent-workspace/builds/worker-2-tc2/target:/opt/rustwide/target:rw,Z" "-v" "/var/lib/crater-agent-workspace/builds/worker-2-tc2/source:/opt/rustwide/workdir:ro,Z" "-v" "/var/lib/crater-agent-workspace/cargo-home:/opt/rustwide/cargo-home:ro,Z" "-v" "/var/lib/crater-agent-workspace/rustup-home:/opt/rustwide/rustup-home:ro,Z" "-e" "SOURCE_DIR=/opt/rustwide/workdir" "-e" "CARGO_TARGET_DIR=/opt/rustwide/target" "-e" "CARGO_INCREMENTAL=0" "-e" "RUST_BACKTRACE=full" "-e" "RUSTFLAGS=--cap-lints=forbid -Zrandomize-layout" "-e" "RUSTDOCFLAGS=--cap-lints=forbid" "-e" "CARGO_HOME=/opt/rustwide/cargo-home" "-e" "RUSTUP_HOME=/opt/rustwide/rustup-home" "-w" "/opt/rustwide/workdir" "-m" "1610612736" "--user" "0:0" "--network" "none" "ghcr.io/rust-lang/crates-build-env/linux@sha256:4a844ea9eb2546a2d2c7022eacef16ef2e8229c7fbb2c7d4d55a9ceca922f72d" "/opt/rustwide/cargo-home/bin/cargo" "+nightly-2024-10-28" "test" "--frozen", kill_on_drop: false }`
[INFO] [stdout] 28b71941c35184bb33f995247acfc31ac6a580662ef4bbaabe04008f06127cde
[INFO] running `Command { std: "docker" "start" "-a" "28b71941c35184bb33f995247acfc31ac6a580662ef4bbaabe04008f06127cde", kill_on_drop: false }`
[INFO] [stderr] warning: unused variable: `err`
[INFO] [stderr]    --> src/object/global/types.rs:576:31
[INFO] [stderr]     |
[INFO] [stderr] 576 |                     .map_err(|err| ConversionError::Range {
[INFO] [stderr]     |                               ^^^ help: if this is intentional, prefix it with an underscore: `_err`
[INFO] [stderr]     |
[INFO] [stderr]     = note: `#[warn(unused_variables)]` on by default
[INFO] [stderr] 
[INFO] [stderr] warning: constant `PAD_SCALE_ROOT_NOTE_BASE` is never used
[INFO] [stderr]  --> src/object/pattern/track/types.rs:3:7
[INFO] [stderr]   |
[INFO] [stderr] 3 | const PAD_SCALE_ROOT_NOTE_BASE: u8 = 96;
[INFO] [stderr]   |       ^^^^^^^^^^^^^^^^^^^^^^^^
[INFO] [stderr]   |
[INFO] [stderr]   = note: `#[warn(dead_code)]` on by default
[INFO] [stderr] 
[INFO] [stderr] warning: `rytm-rs` (lib) generated 2 warnings
[INFO] [stderr] warning: `rytm-rs` (lib test) generated 2 warnings (2 duplicates)
[INFO] [stderr]     Finished `test` profile [unoptimized + debuginfo] target(s) in 0.17s
[INFO] [stderr]      Running unittests src/lib.rs (/opt/rustwide/target/debug/deps/rytm_rs-03e915b6dc3b24a4)
[INFO] [stdout] 
[INFO] [stdout] running 0 tests
[INFO] [stdout] 
[INFO] [stdout] test result: ok. 0 passed; 0 failed; 0 ignored; 0 measured; 0 filtered out; finished in 0.00s
[INFO] [stdout] 
[INFO] [stderr]    Doc-tests rytm_rs
[INFO] [stdout] 
[INFO] [stdout] running 2 tests
[INFO] [stdout] test src/query.rs - query (line 9) ... FAILED
[INFO] [stdout] test src/lib.rs - (line 75) ... FAILED
[INFO] [stdout] 
[INFO] [stdout] failures:
[INFO] [stdout] 
[INFO] [stdout] ---- src/query.rs - query (line 9) stdout ----
[INFO] [stdout] error[E0433]: failed to resolve: use of undeclared crate or module `rytm`
[INFO] [stdout]  --> src/query.rs:10:5
[INFO] [stdout]   |
[INFO] [stdout] 3 | use rytm::prelude::*;
[INFO] [stdout]   |     ^^^^ use of undeclared crate or module `rytm`
[INFO] [stdout] 
[INFO] [stdout] error[E0433]: failed to resolve: use of undeclared type `GlobalQuery`
[INFO] [stdout]  --> src/query.rs:12:13
[INFO] [stdout]   |
[INFO] [stdout] 5 | let query = GlobalQuery::new_targeting_work_buffer();
[INFO] [stdout]   |             ^^^^^^^^^^^ use of undeclared type `GlobalQuery`
[INFO] [stdout]   |
[INFO] [stdout] help: consider importing this struct
[INFO] [stdout]   |
[INFO] [stdout] 2 + use rytm_rs::query::GlobalQuery;
[INFO] [stdout]   |
[INFO] [stdout] 
[INFO] [stdout] error: aborting due to 2 previous errors
[INFO] [stdout] 
[INFO] [stdout] For more information about this error, try `rustc --explain E0433`.
[INFO] [stdout] Couldn't compile the test.
[INFO] [stdout] ---- src/lib.rs - (line 75) stdout ----
[INFO] [stdout] error[E0433]: failed to resolve: use of undeclared crate or module `port`
[INFO] [stdout]   --> src/lib.rs:86:18
[INFO] [stdout]    |
[INFO] [stdout] 13 |     let output = port::MidiOut::new("rytm_test_out").unwrap();
[INFO] [stdout]    |                  ^^^^ use of undeclared crate or module `port`
[INFO] [stdout] 
[INFO] [stdout] error[E0433]: failed to resolve: could not find `port` in the crate root
[INFO] [stdout]   --> src/lib.rs:100:28
[INFO] [stdout]    |
[INFO] [stdout] 27 |     let mut input = crate::port::MidiIn::new("rytm_test_in").unwrap();
[INFO] [stdout]    |                            ^^^^ could not find `port` in the crate root
[INFO] [stdout] 
[INFO] [stdout] error: aborting due to 2 previous errors
[INFO] [stdout] 
[INFO] [stdout] For more information about this error, try `rustc --explain E0433`.
[INFO] [stdout] Couldn't compile the test.
[INFO] [stdout] 
[INFO] [stdout] failures:
[INFO] [stdout]     src/lib.rs - (line 75)
[INFO] [stdout]     src/query.rs - query (line 9)
[INFO] [stdout] 
[INFO] [stdout] test result: FAILED. 0 passed; 2 failed; 0 ignored; 0 measured; 0 filtered out; finished in 0.17s
[INFO] [stdout] 
[INFO] [stderr] error: doctest failed, to rerun pass `--doc`
[INFO] running `Command { std: "docker" "inspect" "28b71941c35184bb33f995247acfc31ac6a580662ef4bbaabe04008f06127cde", kill_on_drop: false }`
[INFO] running `Command { std: "docker" "rm" "-f" "28b71941c35184bb33f995247acfc31ac6a580662ef4bbaabe04008f06127cde", kill_on_drop: false }`
[INFO] [stdout] 28b71941c35184bb33f995247acfc31ac6a580662ef4bbaabe04008f06127cde
