[INFO] fetching crate rxpect 0.1.1...
[INFO] testing rxpect-0.1.1 against nightly-2024-10-28+rustflags=-Zrandomize-layout for randomize-layout
[INFO] extracting crate rxpect 0.1.1 into /workspace/builds/worker-6-tc2/source
[INFO] validating manifest of crates.io crate rxpect 0.1.1 on toolchain nightly-2024-10-28
[INFO] running `Command { std: CARGO_HOME="/workspace/cargo-home" RUSTUP_HOME="/workspace/rustup-home" "/workspace/cargo-home/bin/cargo" "+nightly-2024-10-28" "metadata" "--manifest-path" "Cargo.toml" "--no-deps", kill_on_drop: false }`
[INFO] started tweaking crates.io crate rxpect 0.1.1
[INFO] finished tweaking crates.io crate rxpect 0.1.1
[INFO] tweaked toml for crates.io crate rxpect 0.1.1 written to /workspace/builds/worker-6-tc2/source/Cargo.toml
[INFO] running `Command { std: CARGO_HOME="/workspace/cargo-home" RUSTUP_HOME="/workspace/rustup-home" "/workspace/cargo-home/bin/cargo" "+nightly-2024-10-28" "generate-lockfile" "--manifest-path" "Cargo.toml", kill_on_drop: false }`
[INFO] running `Command { std: CARGO_HOME="/workspace/cargo-home" RUSTUP_HOME="/workspace/rustup-home" "/workspace/cargo-home/bin/cargo" "+nightly-2024-10-28" "fetch" "--manifest-path" "Cargo.toml", kill_on_drop: false }`
[INFO] running `Command { std: "docker" "create" "-v" "/var/lib/crater-agent-workspace/builds/worker-6-tc2/target:/opt/rustwide/target:rw,Z" "-v" "/var/lib/crater-agent-workspace/builds/worker-6-tc2/source:/opt/rustwide/workdir:ro,Z" "-v" "/var/lib/crater-agent-workspace/cargo-home:/opt/rustwide/cargo-home:ro,Z" "-v" "/var/lib/crater-agent-workspace/rustup-home:/opt/rustwide/rustup-home:ro,Z" "-e" "SOURCE_DIR=/opt/rustwide/workdir" "-e" "CARGO_TARGET_DIR=/opt/rustwide/target" "-e" "CARGO_HOME=/opt/rustwide/cargo-home" "-e" "RUSTUP_HOME=/opt/rustwide/rustup-home" "-w" "/opt/rustwide/workdir" "-m" "1610612736" "--user" "0:0" "--network" "none" "ghcr.io/rust-lang/crates-build-env/linux@sha256:4a844ea9eb2546a2d2c7022eacef16ef2e8229c7fbb2c7d4d55a9ceca922f72d" "/opt/rustwide/cargo-home/bin/cargo" "+nightly-2024-10-28" "metadata" "--no-deps" "--format-version=1", kill_on_drop: false }`
[INFO] [stdout] 11370bfd50af83f58daea22b0edc4b9741947595dc2804539cb6499de67b99f2
[INFO] running `Command { std: "docker" "start" "-a" "11370bfd50af83f58daea22b0edc4b9741947595dc2804539cb6499de67b99f2", kill_on_drop: false }`
[INFO] running `Command { std: "docker" "inspect" "11370bfd50af83f58daea22b0edc4b9741947595dc2804539cb6499de67b99f2", kill_on_drop: false }`
[INFO] running `Command { std: "docker" "rm" "-f" "11370bfd50af83f58daea22b0edc4b9741947595dc2804539cb6499de67b99f2", kill_on_drop: false }`
[INFO] [stdout] 11370bfd50af83f58daea22b0edc4b9741947595dc2804539cb6499de67b99f2
[INFO] running `Command { std: "docker" "create" "-v" "/var/lib/crater-agent-workspace/builds/worker-6-tc2/target:/opt/rustwide/target:rw,Z" "-v" "/var/lib/crater-agent-workspace/builds/worker-6-tc2/source:/opt/rustwide/workdir:ro,Z" "-v" "/var/lib/crater-agent-workspace/cargo-home:/opt/rustwide/cargo-home:ro,Z" "-v" "/var/lib/crater-agent-workspace/rustup-home:/opt/rustwide/rustup-home:ro,Z" "-e" "SOURCE_DIR=/opt/rustwide/workdir" "-e" "CARGO_TARGET_DIR=/opt/rustwide/target" "-e" "CARGO_INCREMENTAL=0" "-e" "RUST_BACKTRACE=full" "-e" "RUSTFLAGS=--cap-lints=forbid -Zrandomize-layout" "-e" "RUSTDOCFLAGS=--cap-lints=forbid" "-e" "CARGO_HOME=/opt/rustwide/cargo-home" "-e" "RUSTUP_HOME=/opt/rustwide/rustup-home" "-w" "/opt/rustwide/workdir" "-m" "1610612736" "--user" "0:0" "--network" "none" "ghcr.io/rust-lang/crates-build-env/linux@sha256:4a844ea9eb2546a2d2c7022eacef16ef2e8229c7fbb2c7d4d55a9ceca922f72d" "/opt/rustwide/cargo-home/bin/cargo" "+nightly-2024-10-28" "build" "--frozen" "--message-format=json", kill_on_drop: false }`
[INFO] [stdout] cdd3801864637609bd00c6ea9df918a74ffcb4adebcb0ae905f7bb14b309020d
[INFO] running `Command { std: "docker" "start" "-a" "cdd3801864637609bd00c6ea9df918a74ffcb4adebcb0ae905f7bb14b309020d", kill_on_drop: false }`
[INFO] [stderr]    Compiling rxpect v0.1.1 (/opt/rustwide/workdir)
[INFO] [stderr]     Finished `dev` profile [unoptimized + debuginfo] target(s) in 0.13s
[INFO] running `Command { std: "docker" "inspect" "cdd3801864637609bd00c6ea9df918a74ffcb4adebcb0ae905f7bb14b309020d", kill_on_drop: false }`
[INFO] running `Command { std: "docker" "rm" "-f" "cdd3801864637609bd00c6ea9df918a74ffcb4adebcb0ae905f7bb14b309020d", kill_on_drop: false }`
[INFO] [stdout] cdd3801864637609bd00c6ea9df918a74ffcb4adebcb0ae905f7bb14b309020d
[INFO] running `Command { std: "docker" "create" "-v" "/var/lib/crater-agent-workspace/builds/worker-6-tc2/target:/opt/rustwide/target:rw,Z" "-v" "/var/lib/crater-agent-workspace/builds/worker-6-tc2/source:/opt/rustwide/workdir:ro,Z" "-v" "/var/lib/crater-agent-workspace/cargo-home:/opt/rustwide/cargo-home:ro,Z" "-v" "/var/lib/crater-agent-workspace/rustup-home:/opt/rustwide/rustup-home:ro,Z" "-e" "SOURCE_DIR=/opt/rustwide/workdir" "-e" "CARGO_TARGET_DIR=/opt/rustwide/target" "-e" "CARGO_INCREMENTAL=0" "-e" "RUST_BACKTRACE=full" "-e" "RUSTFLAGS=--cap-lints=forbid -Zrandomize-layout" "-e" "RUSTDOCFLAGS=--cap-lints=forbid" "-e" "CARGO_HOME=/opt/rustwide/cargo-home" "-e" "RUSTUP_HOME=/opt/rustwide/rustup-home" "-w" "/opt/rustwide/workdir" "-m" "1610612736" "--user" "0:0" "--network" "none" "ghcr.io/rust-lang/crates-build-env/linux@sha256:4a844ea9eb2546a2d2c7022eacef16ef2e8229c7fbb2c7d4d55a9ceca922f72d" "/opt/rustwide/cargo-home/bin/cargo" "+nightly-2024-10-28" "test" "--frozen" "--no-run" "--message-format=json", kill_on_drop: false }`
[INFO] [stdout] c3dc290ceb05abc53156a0670b4430cc195c5cbc4195c6d727eb4f8cbff16211
[INFO] running `Command { std: "docker" "start" "-a" "c3dc290ceb05abc53156a0670b4430cc195c5cbc4195c6d727eb4f8cbff16211", kill_on_drop: false }`
[INFO] [stderr]    Compiling rxpect v0.1.1 (/opt/rustwide/workdir)
[INFO] [stderr]     Finished `test` profile [unoptimized + debuginfo] target(s) in 0.47s
[INFO] running `Command { std: "docker" "inspect" "c3dc290ceb05abc53156a0670b4430cc195c5cbc4195c6d727eb4f8cbff16211", kill_on_drop: false }`
[INFO] running `Command { std: "docker" "rm" "-f" "c3dc290ceb05abc53156a0670b4430cc195c5cbc4195c6d727eb4f8cbff16211", kill_on_drop: false }`
[INFO] [stdout] c3dc290ceb05abc53156a0670b4430cc195c5cbc4195c6d727eb4f8cbff16211
[INFO] running `Command { std: "docker" "create" "-v" "/var/lib/crater-agent-workspace/builds/worker-6-tc2/target:/opt/rustwide/target:rw,Z" "-v" "/var/lib/crater-agent-workspace/builds/worker-6-tc2/source:/opt/rustwide/workdir:ro,Z" "-v" "/var/lib/crater-agent-workspace/cargo-home:/opt/rustwide/cargo-home:ro,Z" "-v" "/var/lib/crater-agent-workspace/rustup-home:/opt/rustwide/rustup-home:ro,Z" "-e" "SOURCE_DIR=/opt/rustwide/workdir" "-e" "CARGO_TARGET_DIR=/opt/rustwide/target" "-e" "CARGO_INCREMENTAL=0" "-e" "RUST_BACKTRACE=full" "-e" "RUSTFLAGS=--cap-lints=forbid -Zrandomize-layout" "-e" "RUSTDOCFLAGS=--cap-lints=forbid" "-e" "CARGO_HOME=/opt/rustwide/cargo-home" "-e" "RUSTUP_HOME=/opt/rustwide/rustup-home" "-w" "/opt/rustwide/workdir" "-m" "1610612736" "--user" "0:0" "--network" "none" "ghcr.io/rust-lang/crates-build-env/linux@sha256:4a844ea9eb2546a2d2c7022eacef16ef2e8229c7fbb2c7d4d55a9ceca922f72d" "/opt/rustwide/cargo-home/bin/cargo" "+nightly-2024-10-28" "test" "--frozen", kill_on_drop: false }`
[INFO] [stdout] 0b81a7ffd7e4274ef0ba6e9afbbff61f0d77925480338b5329a7c80eb631d3ce
[INFO] running `Command { std: "docker" "start" "-a" "0b81a7ffd7e4274ef0ba6e9afbbff61f0d77925480338b5329a7c80eb631d3ce", kill_on_drop: false }`
[INFO] [stderr]     Finished `test` profile [unoptimized + debuginfo] target(s) in 0.01s
[INFO] [stderr]      Running unittests src/lib.rs (/opt/rustwide/target/debug/deps/rxpect-27e6abe83c603832)
[INFO] [stdout] 
[INFO] [stdout] running 9 tests
[INFO] [stdout] test expectations::equality::tests::that_to_equal_accepts_equal_values ... ok
[INFO] [stdout] test projection::tests::that_projection_runs_all_expectations ... ok
[INFO] [stdout] test projection::tests::that_projection_indents_output ... ok
[INFO] [stdout] test projection::tests::that_projections_can_be_nested_deeply ... ok
[INFO] [stdout] test root::tests::that_assert_runs_an_expectation ... ok
[INFO] [stdout] test root::tests::that_assert_works_on_references ... ok
[INFO] [stdout] test root::tests::that_check_runs_all_expectations ... ok
[INFO] [stdout] test root::tests::that_failure_panics - should panic ... ok
[INFO] [stdout] test expectations::equality::tests::that_to_equal_does_not_accept_unequal_values - should panic ... ok
[INFO] [stdout] 
[INFO] [stdout] test result: ok. 9 passed; 0 failed; 0 ignored; 0 measured; 0 filtered out; finished in 0.02s
[INFO] [stdout] 
[INFO] [stderr]    Doc-tests rxpect
[INFO] [stdout] 
[INFO] [stdout] running 4 tests
[INFO] [stdout] test src/lib.rs - expect (line 37) ... FAILED
[INFO] [stdout] test src/expectations/equality.rs - expectations::equality::EqualityExpectations::to_equal (line 8) ... FAILED
[INFO] [stdout] test src/../README.md - ReadmeDoctests (line 24) ... FAILED
[INFO] [stdout] test src/../README.md - ReadmeDoctests (line 41) - compile ... FAILED
[INFO] [stdout] 
[INFO] [stdout] failures:
[INFO] [stdout] 
[INFO] [stdout] ---- src/lib.rs - expect (line 37) stdout ----
[INFO] [stdout] error[E0433]: failed to resolve: use of undeclared crate or module `rexpect`
[INFO] [stdout]  --> src/lib.rs:39:5
[INFO] [stdout]   |
[INFO] [stdout] 4 | use rexpect::expectations::EqualityExpectations;
[INFO] [stdout]   |     ^^^^^^^ use of undeclared crate or module `rexpect`
[INFO] [stdout]   |
[INFO] [stdout] help: there is a crate or module with a similar name
[INFO] [stdout]   |
[INFO] [stdout] 4 | use rxpect::expectations::EqualityExpectations;
[INFO] [stdout]   |     ~~~~~~
[INFO] [stdout] 
[INFO] [stdout] error[E0432]: unresolved import `rexpect`
[INFO] [stdout]  --> src/lib.rs:38:5
[INFO] [stdout]   |
[INFO] [stdout] 3 | use rexpect::expect;
[INFO] [stdout]   |     ^^^^^^^ use of undeclared crate or module `rexpect`
[INFO] [stdout]   |
[INFO] [stdout] help: there is a crate or module with a similar name
[INFO] [stdout]   |
[INFO] [stdout] 3 | use rxpect::expect;
[INFO] [stdout]   |     ~~~~~~
[INFO] [stdout] 
[INFO] [stdout] error: aborting due to 2 previous errors
[INFO] [stdout] 
[INFO] [stdout] Some errors have detailed explanations: E0432, E0433.
[INFO] [stdout] For more information about an error, try `rustc --explain E0432`.
[INFO] [stdout] Couldn't compile the test.
[INFO] [stdout] ---- src/expectations/equality.rs - expectations::equality::EqualityExpectations::to_equal (line 8) stdout ----
[INFO] [stdout] error[E0433]: failed to resolve: use of undeclared crate or module `rexpect`
[INFO] [stdout]  --> src/expectations/equality.rs:10:5
[INFO] [stdout]   |
[INFO] [stdout] 4 | use rexpect::expectations::EqualityExpectations;
[INFO] [stdout]   |     ^^^^^^^ use of undeclared crate or module `rexpect`
[INFO] [stdout]   |
[INFO] [stdout] help: there is a crate or module with a similar name
[INFO] [stdout]   |
[INFO] [stdout] 4 | use rxpect::expectations::EqualityExpectations;
[INFO] [stdout]   |     ~~~~~~
[INFO] [stdout] 
[INFO] [stdout] error[E0432]: unresolved import `rexpect`
[INFO] [stdout]  --> src/expectations/equality.rs:9:5
[INFO] [stdout]   |
[INFO] [stdout] 3 | use rexpect::expect;
[INFO] [stdout]   |     ^^^^^^^ use of undeclared crate or module `rexpect`
[INFO] [stdout]   |
[INFO] [stdout] help: there is a crate or module with a similar name
[INFO] [stdout]   |
[INFO] [stdout] 3 | use rxpect::expect;
[INFO] [stdout]   |     ~~~~~~
[INFO] [stdout] 
[INFO] [stdout] error: aborting due to 2 previous errors
[INFO] [stdout] 
[INFO] [stdout] Some errors have detailed explanations: E0432, E0433.
[INFO] [stdout] For more information about an error, try `rustc --explain E0432`.
[INFO] [stdout] Couldn't compile the test.
[INFO] [stdout] ---- src/../README.md - ReadmeDoctests (line 24) stdout ----
[INFO] [stdout] error[E0433]: failed to resolve: use of undeclared crate or module `rexpect`
[INFO] [stdout]  --> src/../README.md:26:5
[INFO] [stdout]   |
[INFO] [stdout] 4 | use rexpect::expectations::EqualityExpectations;
[INFO] [stdout]   |     ^^^^^^^ use of undeclared crate or module `rexpect`
[INFO] [stdout]   |
[INFO] [stdout] help: there is a crate or module with a similar name
[INFO] [stdout]   |
[INFO] [stdout] 4 | use rxpect::expectations::EqualityExpectations;
[INFO] [stdout]   |     ~~~~~~
[INFO] [stdout] 
[INFO] [stdout] error[E0432]: unresolved import `rexpect`
[INFO] [stdout]  --> src/../README.md:25:5
[INFO] [stdout]   |
[INFO] [stdout] 3 | use rexpect::expect;
[INFO] [stdout]   |     ^^^^^^^ use of undeclared crate or module `rexpect`
[INFO] [stdout]   |
[INFO] [stdout] help: there is a crate or module with a similar name
[INFO] [stdout]   |
[INFO] [stdout] 3 | use rxpect::expect;
[INFO] [stdout]   |     ~~~~~~
[INFO] [stdout] 
[INFO] [stdout] error: aborting due to 2 previous errors
[INFO] [stdout] 
[INFO] [stdout] Some errors have detailed explanations: E0432, E0433.
[INFO] [stdout] For more information about an error, try `rustc --explain E0432`.
[INFO] [stdout] Couldn't compile the test.
[INFO] [stdout] ---- src/../README.md - ReadmeDoctests (line 41) stdout ----
[INFO] [stdout] error[E0433]: failed to resolve: use of undeclared crate or module `rexpect`
[INFO] [stdout]  --> src/../README.md:43:5
[INFO] [stdout]   |
[INFO] [stdout] 4 | use rexpect::expectations::EqualityExpectations;
[INFO] [stdout]   |     ^^^^^^^ use of undeclared crate or module `rexpect`
[INFO] [stdout]   |
[INFO] [stdout] help: there is a crate or module with a similar name
[INFO] [stdout]   |
[INFO] [stdout] 4 | use rxpect::expectations::EqualityExpectations;
[INFO] [stdout]   |     ~~~~~~
[INFO] [stdout] 
[INFO] [stdout] error[E0432]: unresolved import `rexpect`
[INFO] [stdout]  --> src/../README.md:42:5
[INFO] [stdout]   |
[INFO] [stdout] 3 | use rexpect::expect;
[INFO] [stdout]   |     ^^^^^^^ use of undeclared crate or module `rexpect`
[INFO] [stdout]   |
[INFO] [stdout] help: there is a crate or module with a similar name
[INFO] [stdout]   |
[INFO] [stdout] 3 | use rxpect::expect;
[INFO] [stdout]   |     ~~~~~~
[INFO] [stdout] 
[INFO] [stdout] error: aborting due to 2 previous errors
[INFO] [stdout] 
[INFO] [stdout] Some errors have detailed explanations: E0432, E0433.
[INFO] [stdout] For more information about an error, try `rustc --explain E0432`.
[INFO] [stdout] Couldn't compile the test.
[INFO] [stdout] 
[INFO] [stdout] failures:
[INFO] [stdout]     src/../README.md - ReadmeDoctests (line 24)
[INFO] [stdout]     src/../README.md - ReadmeDoctests (line 41)
[INFO] [stdout]     src/expectations/equality.rs - expectations::equality::EqualityExpectations::to_equal (line 8)
[INFO] [stdout]     src/lib.rs - expect (line 37)
[INFO] [stdout] 
[INFO] [stdout] test result: FAILED. 0 passed; 4 failed; 0 ignored; 0 measured; 0 filtered out; finished in 0.10s
[INFO] [stdout] 
[INFO] [stderr] error: doctest failed, to rerun pass `--doc`
[INFO] running `Command { std: "docker" "inspect" "0b81a7ffd7e4274ef0ba6e9afbbff61f0d77925480338b5329a7c80eb631d3ce", kill_on_drop: false }`
[INFO] running `Command { std: "docker" "rm" "-f" "0b81a7ffd7e4274ef0ba6e9afbbff61f0d77925480338b5329a7c80eb631d3ce", kill_on_drop: false }`
[INFO] [stdout] 0b81a7ffd7e4274ef0ba6e9afbbff61f0d77925480338b5329a7c80eb631d3ce
