[INFO] fetching crate rwf 0.1.3...
[INFO] testing rwf-0.1.3 against nightly-2024-10-28 for randomize-layout
[INFO] extracting crate rwf 0.1.3 into /workspace/builds/worker-5-tc1/source
[INFO] validating manifest of crates.io crate rwf 0.1.3 on toolchain nightly-2024-10-28
[INFO] running `Command { std: CARGO_HOME="/workspace/cargo-home" RUSTUP_HOME="/workspace/rustup-home" "/workspace/cargo-home/bin/cargo" "+nightly-2024-10-28" "metadata" "--manifest-path" "Cargo.toml" "--no-deps", kill_on_drop: false }`
[INFO] started tweaking crates.io crate rwf 0.1.3
[INFO] finished tweaking crates.io crate rwf 0.1.3
[INFO] tweaked toml for crates.io crate rwf 0.1.3 written to /workspace/builds/worker-5-tc1/source/Cargo.toml
[INFO] running `Command { std: CARGO_HOME="/workspace/cargo-home" RUSTUP_HOME="/workspace/rustup-home" "/workspace/cargo-home/bin/cargo" "+nightly-2024-10-28" "generate-lockfile" "--manifest-path" "Cargo.toml", kill_on_drop: false }`
[INFO] [stderr]     Updating crates.io index
[INFO] [stderr]      Locking 173 packages to latest compatible versions
[INFO] running `Command { std: CARGO_HOME="/workspace/cargo-home" RUSTUP_HOME="/workspace/rustup-home" "/workspace/cargo-home/bin/cargo" "+nightly-2024-10-28" "fetch" "--manifest-path" "Cargo.toml", kill_on_drop: false }`
[INFO] [stderr]  Downloading crates ...
[INFO] [stderr]   Downloaded overload v0.1.1
[INFO] [stderr]   Downloaded matchers v0.1.0
[INFO] [stderr]   Downloaded tracing-log v0.2.0
[INFO] [stderr]   Downloaded thread_local v1.1.8
[INFO] [stderr]   Downloaded nu-ansi-term v0.46.0
[INFO] [stderr]   Downloaded opaque-debug v0.3.1
[INFO] [stderr]   Downloaded wasite v0.1.0
[INFO] [stderr]   Downloaded sharded-slab v0.1.7
[INFO] [stderr]   Downloaded polyval v0.6.2
[INFO] [stderr]   Downloaded aead v0.5.2
[INFO] [stderr]   Downloaded siphasher v0.3.11
[INFO] [stderr]   Downloaded unicode-properties v0.1.3
[INFO] [stderr]   Downloaded pyo3-ffi v0.22.5
[INFO] [stderr]   Downloaded pyo3-macros-backend v0.22.5
[INFO] [stderr]   Downloaded stringprep v0.1.5
[INFO] [stderr]   Downloaded postgres-protocol v0.6.7
[INFO] [stderr]   Downloaded portable-atomic v1.9.0
[INFO] [stderr]   Downloaded tracing-subscriber v0.3.18
[INFO] [stderr]   Downloaded postgres-types v0.2.8
[INFO] [stderr]   Downloaded universal-hash v0.5.1
[INFO] [stderr]   Downloaded aes-gcm-siv v0.11.1
[INFO] [stderr]   Downloaded colored v2.1.0
[INFO] [stderr]   Downloaded target-lexicon v0.12.16
[INFO] [stderr]   Downloaded pyo3-build-config v0.22.5
[INFO] [stderr]   Downloaded phf v0.11.2
[INFO] [stderr]   Downloaded md-5 v0.10.6
[INFO] [stderr]   Downloaded tokio-postgres v0.7.12
[INFO] [stderr]   Downloaded pyo3 v0.22.5
[INFO] [stderr]   Downloaded rwf-macros v0.1.4
[INFO] [stderr]   Downloaded pyo3-macros v0.22.5
[INFO] [stderr]   Downloaded pluralizer v0.4.0
[INFO] [stderr]   Downloaded phf_shared v0.11.2
[INFO] [stderr]   Downloaded whoami v1.5.2
[INFO] [stderr]   Downloaded unindent v0.2.3
[INFO] running `Command { std: "docker" "create" "-v" "/var/lib/crater-agent-workspace/builds/worker-5-tc1/target:/opt/rustwide/target:rw,Z" "-v" "/var/lib/crater-agent-workspace/builds/worker-5-tc1/source:/opt/rustwide/workdir:ro,Z" "-v" "/var/lib/crater-agent-workspace/cargo-home:/opt/rustwide/cargo-home:ro,Z" "-v" "/var/lib/crater-agent-workspace/rustup-home:/opt/rustwide/rustup-home:ro,Z" "-e" "SOURCE_DIR=/opt/rustwide/workdir" "-e" "CARGO_TARGET_DIR=/opt/rustwide/target" "-e" "CARGO_HOME=/opt/rustwide/cargo-home" "-e" "RUSTUP_HOME=/opt/rustwide/rustup-home" "-w" "/opt/rustwide/workdir" "-m" "1610612736" "--user" "0:0" "--network" "none" "ghcr.io/rust-lang/crates-build-env/linux@sha256:4a844ea9eb2546a2d2c7022eacef16ef2e8229c7fbb2c7d4d55a9ceca922f72d" "/opt/rustwide/cargo-home/bin/cargo" "+nightly-2024-10-28" "metadata" "--no-deps" "--format-version=1", kill_on_drop: false }`
[INFO] [stdout] 00822b923b898160de9feb5099e67cf00824c2bcc440b5780ced78877c6cd98a
[INFO] running `Command { std: "docker" "start" "-a" "00822b923b898160de9feb5099e67cf00824c2bcc440b5780ced78877c6cd98a", kill_on_drop: false }`
[INFO] running `Command { std: "docker" "inspect" "00822b923b898160de9feb5099e67cf00824c2bcc440b5780ced78877c6cd98a", kill_on_drop: false }`
[INFO] running `Command { std: "docker" "rm" "-f" "00822b923b898160de9feb5099e67cf00824c2bcc440b5780ced78877c6cd98a", kill_on_drop: false }`
[INFO] [stdout] 00822b923b898160de9feb5099e67cf00824c2bcc440b5780ced78877c6cd98a
[INFO] running `Command { std: "docker" "create" "-v" "/var/lib/crater-agent-workspace/builds/worker-5-tc1/target:/opt/rustwide/target:rw,Z" "-v" "/var/lib/crater-agent-workspace/builds/worker-5-tc1/source:/opt/rustwide/workdir:ro,Z" "-v" "/var/lib/crater-agent-workspace/cargo-home:/opt/rustwide/cargo-home:ro,Z" "-v" "/var/lib/crater-agent-workspace/rustup-home:/opt/rustwide/rustup-home:ro,Z" "-e" "SOURCE_DIR=/opt/rustwide/workdir" "-e" "CARGO_TARGET_DIR=/opt/rustwide/target" "-e" "CARGO_INCREMENTAL=0" "-e" "RUST_BACKTRACE=full" "-e" "RUSTFLAGS=--cap-lints=forbid" "-e" "RUSTDOCFLAGS=--cap-lints=forbid" "-e" "CARGO_HOME=/opt/rustwide/cargo-home" "-e" "RUSTUP_HOME=/opt/rustwide/rustup-home" "-w" "/opt/rustwide/workdir" "-m" "1610612736" "--user" "0:0" "--network" "none" "ghcr.io/rust-lang/crates-build-env/linux@sha256:4a844ea9eb2546a2d2c7022eacef16ef2e8229c7fbb2c7d4d55a9ceca922f72d" "/opt/rustwide/cargo-home/bin/cargo" "+nightly-2024-10-28" "build" "--frozen" "--message-format=json", kill_on_drop: false }`
[INFO] [stdout] 7d8361e1470d5973528c45596cef5468fb4e6af5d77b4ced1dfbd03d693a192f
[INFO] running `Command { std: "docker" "start" "-a" "7d8361e1470d5973528c45596cef5468fb4e6af5d77b4ced1dfbd03d693a192f", kill_on_drop: false }`
[INFO] [stderr]    Compiling version_check v0.9.5
[INFO] [stderr]    Compiling serde v1.0.214
[INFO] [stderr]    Compiling memchr v2.7.4
[INFO] [stderr]    Compiling cpufeatures v0.2.14
[INFO] [stderr]    Compiling regex-syntax v0.8.5
[INFO] [stderr]    Compiling pin-project-lite v0.2.15
[INFO] [stderr]    Compiling parking_lot_core v0.9.10
[INFO] [stderr]    Compiling lock_api v0.4.12
[INFO] [stderr]    Compiling smallvec v1.13.2
[INFO] [stderr]    Compiling lazy_static v1.5.0
[INFO] [stderr]    Compiling bytes v1.8.0
[INFO] [stderr]    Compiling unicode-normalization v0.1.24
[INFO] [stderr]    Compiling syn v2.0.86
[INFO] [stderr]    Compiling aho-corasick v1.1.3
[INFO] [stderr]    Compiling slab v0.4.9
[INFO] [stderr]    Compiling futures-sink v0.3.31
[INFO] [stderr]    Compiling futures-core v0.3.31
[INFO] [stderr]    Compiling unicode-bidi v0.3.17
[INFO] [stderr]    Compiling unicode-properties v0.1.3
[INFO] [stderr]    Compiling mio v1.0.2
[INFO] [stderr]    Compiling signal-hook-registry v1.4.2
[INFO] [stderr]    Compiling socket2 v0.5.7
[INFO] [stderr]    Compiling tracing-core v0.1.32
[INFO] [stderr]    Compiling siphasher v0.3.11
[INFO] [stderr]    Compiling hashbrown v0.15.0
[INFO] [stderr]    Compiling generic-array v0.14.7
[INFO] [stderr]    Compiling fallible-iterator v0.2.0
[INFO] [stderr]    Compiling stringprep v0.1.5
[INFO] [stderr]    Compiling parking_lot v0.12.3
[INFO] [stderr]    Compiling log v0.4.22
[INFO] [stderr]    Compiling regex-syntax v0.6.29
[INFO] [stderr]    Compiling phf_shared v0.11.2
[INFO] [stderr]    Compiling futures-task v0.3.31
[INFO] [stderr]    Compiling indexmap v2.6.0
[INFO] [stderr]    Compiling overload v0.1.1
[INFO] [stderr]    Compiling winnow v0.6.20
[INFO] [stderr]    Compiling opaque-debug v0.3.1
[INFO] [stderr]    Compiling nu-ansi-term v0.46.0
[INFO] [stderr]    Compiling phf v0.11.2
[INFO] [stderr]    Compiling tracing-log v0.2.0
[INFO] [stderr]    Compiling futures-channel v0.3.31
[INFO] [stderr]    Compiling sharded-slab v0.1.7
[INFO] [stderr]    Compiling thread_local v1.1.8
[INFO] [stderr]    Compiling zeroize v1.8.1
[INFO] [stderr]    Compiling whoami v1.5.2
[INFO] [stderr]    Compiling colored v2.1.0
[INFO] [stderr]    Compiling crypto-common v0.1.6
[INFO] [stderr]    Compiling block-buffer v0.10.4
[INFO] [stderr]    Compiling inout v0.1.3
[INFO] [stderr]    Compiling universal-hash v0.5.1
[INFO] [stderr]    Compiling aead v0.5.2
[INFO] [stderr]    Compiling digest v0.10.7
[INFO] [stderr]    Compiling cipher v0.4.4
[INFO] [stderr]    Compiling polyval v0.6.2
[INFO] [stderr]    Compiling sha2 v0.10.8
[INFO] [stderr]    Compiling hmac v0.12.1
[INFO] [stderr]    Compiling md-5 v0.10.6
[INFO] [stderr]    Compiling sha1 v0.10.6
[INFO] [stderr]    Compiling ctr v0.9.2
[INFO] [stderr]    Compiling aes v0.8.4
[INFO] [stderr]    Compiling regex-automata v0.4.8
[INFO] [stderr]    Compiling aes-gcm-siv v0.11.1
[INFO] [stderr]    Compiling regex-automata v0.1.10
[INFO] [stderr]    Compiling matchers v0.1.0
[INFO] [stderr]    Compiling regex v1.11.1
[INFO] [stderr]    Compiling serde_derive v1.0.214
[INFO] [stderr]    Compiling zerocopy-derive v0.7.35
[INFO] [stderr]    Compiling tokio-macros v2.4.0
[INFO] [stderr]    Compiling tracing-attributes v0.1.27
[INFO] [stderr]    Compiling futures-macro v0.3.31
[INFO] [stderr]    Compiling thiserror-impl v1.0.66
[INFO] [stderr]    Compiling async-trait v0.1.83
[INFO] [stderr]    Compiling pluralizer v0.4.0
[INFO] [stderr]    Compiling tokio v1.41.0
[INFO] [stderr]    Compiling futures-util v0.3.31
[INFO] [stderr]    Compiling zerocopy v0.7.35
[INFO] [stderr]    Compiling thiserror v1.0.66
[INFO] [stderr]    Compiling tracing v0.1.40
[INFO] [stderr]    Compiling rwf-macros v0.1.4
[INFO] [stderr]    Compiling tracing-subscriber v0.3.18
[INFO] [stderr]    Compiling ppv-lite86 v0.2.20
[INFO] [stderr]    Compiling rand_chacha v0.3.1
[INFO] [stderr]    Compiling rand v0.8.5
[INFO] [stderr]    Compiling postgres-protocol v0.6.7
[INFO] [stderr]    Compiling tokio-util v0.7.12
[INFO] [stderr]    Compiling deranged v0.3.11
[INFO] [stderr]    Compiling toml_datetime v0.6.8
[INFO] [stderr]    Compiling serde_json v1.0.132
[INFO] [stderr]    Compiling serde_spanned v0.6.8
[INFO] [stderr]    Compiling toml_edit v0.22.22
[INFO] [stderr]    Compiling time v0.3.36
[INFO] [stderr]    Compiling toml v0.8.19
[INFO] [stderr]    Compiling postgres-types v0.2.8
[INFO] [stderr]    Compiling tokio-postgres v0.7.12
[INFO] [stderr]    Compiling rwf v0.1.3 (/opt/rustwide/workdir)
[INFO] [stderr]     Finished `dev` profile [unoptimized + debuginfo] target(s) in 28.02s
[INFO] running `Command { std: "docker" "inspect" "7d8361e1470d5973528c45596cef5468fb4e6af5d77b4ced1dfbd03d693a192f", kill_on_drop: false }`
[INFO] running `Command { std: "docker" "rm" "-f" "7d8361e1470d5973528c45596cef5468fb4e6af5d77b4ced1dfbd03d693a192f", kill_on_drop: false }`
[INFO] [stdout] 7d8361e1470d5973528c45596cef5468fb4e6af5d77b4ced1dfbd03d693a192f
[INFO] running `Command { std: "docker" "create" "-v" "/var/lib/crater-agent-workspace/builds/worker-5-tc1/target:/opt/rustwide/target:rw,Z" "-v" "/var/lib/crater-agent-workspace/builds/worker-5-tc1/source:/opt/rustwide/workdir:ro,Z" "-v" "/var/lib/crater-agent-workspace/cargo-home:/opt/rustwide/cargo-home:ro,Z" "-v" "/var/lib/crater-agent-workspace/rustup-home:/opt/rustwide/rustup-home:ro,Z" "-e" "SOURCE_DIR=/opt/rustwide/workdir" "-e" "CARGO_TARGET_DIR=/opt/rustwide/target" "-e" "CARGO_INCREMENTAL=0" "-e" "RUST_BACKTRACE=full" "-e" "RUSTFLAGS=--cap-lints=forbid" "-e" "RUSTDOCFLAGS=--cap-lints=forbid" "-e" "CARGO_HOME=/opt/rustwide/cargo-home" "-e" "RUSTUP_HOME=/opt/rustwide/rustup-home" "-w" "/opt/rustwide/workdir" "-m" "1610612736" "--user" "0:0" "--network" "none" "ghcr.io/rust-lang/crates-build-env/linux@sha256:4a844ea9eb2546a2d2c7022eacef16ef2e8229c7fbb2c7d4d55a9ceca922f72d" "/opt/rustwide/cargo-home/bin/cargo" "+nightly-2024-10-28" "test" "--frozen" "--no-run" "--message-format=json", kill_on_drop: false }`
[INFO] [stdout] 91c9ae4daef8d8d5775308a26759dd52a5b38c0a94b6b71b81621202b81802ab
[INFO] running `Command { std: "docker" "start" "-a" "91c9ae4daef8d8d5775308a26759dd52a5b38c0a94b6b71b81621202b81802ab", kill_on_drop: false }`
[INFO] [stderr]    Compiling rwf v0.1.3 (/opt/rustwide/workdir)
[INFO] [stderr]     Finished `test` profile [unoptimized + debuginfo] target(s) in 5.29s
[INFO] running `Command { std: "docker" "inspect" "91c9ae4daef8d8d5775308a26759dd52a5b38c0a94b6b71b81621202b81802ab", kill_on_drop: false }`
[INFO] running `Command { std: "docker" "rm" "-f" "91c9ae4daef8d8d5775308a26759dd52a5b38c0a94b6b71b81621202b81802ab", kill_on_drop: false }`
[INFO] [stdout] 91c9ae4daef8d8d5775308a26759dd52a5b38c0a94b6b71b81621202b81802ab
[INFO] running `Command { std: "docker" "create" "-v" "/var/lib/crater-agent-workspace/builds/worker-5-tc1/target:/opt/rustwide/target:rw,Z" "-v" "/var/lib/crater-agent-workspace/builds/worker-5-tc1/source:/opt/rustwide/workdir:ro,Z" "-v" "/var/lib/crater-agent-workspace/cargo-home:/opt/rustwide/cargo-home:ro,Z" "-v" "/var/lib/crater-agent-workspace/rustup-home:/opt/rustwide/rustup-home:ro,Z" "-e" "SOURCE_DIR=/opt/rustwide/workdir" "-e" "CARGO_TARGET_DIR=/opt/rustwide/target" "-e" "CARGO_INCREMENTAL=0" "-e" "RUST_BACKTRACE=full" "-e" "RUSTFLAGS=--cap-lints=forbid" "-e" "RUSTDOCFLAGS=--cap-lints=forbid" "-e" "CARGO_HOME=/opt/rustwide/cargo-home" "-e" "RUSTUP_HOME=/opt/rustwide/rustup-home" "-w" "/opt/rustwide/workdir" "-m" "1610612736" "--user" "0:0" "--network" "none" "ghcr.io/rust-lang/crates-build-env/linux@sha256:4a844ea9eb2546a2d2c7022eacef16ef2e8229c7fbb2c7d4d55a9ceca922f72d" "/opt/rustwide/cargo-home/bin/cargo" "+nightly-2024-10-28" "test" "--frozen", kill_on_drop: false }`
[INFO] [stdout] e10e12b8dc85727dda9a9f520d3774c9faaecaa54ca93e800026b15499922dad
[INFO] running `Command { std: "docker" "start" "-a" "e10e12b8dc85727dda9a9f520d3774c9faaecaa54ca93e800026b15499922dad", kill_on_drop: false }`
[INFO] [stderr]     Finished `test` profile [unoptimized + debuginfo] target(s) in 0.10s
[INFO] [stderr]      Running unittests src/lib.rs (/opt/rustwide/target/debug/deps/rwf-f814de05698bdc0e)
[INFO] [stdout] 
[INFO] [stdout] running 54 tests
[INFO] [stdout] test http::cookies::test::test_parsing_cookies ... ok
[INFO] [stdout] test http::path::test::test_ordering ... ok
[INFO] [stdout] test crypto::test::test_encrypt_number ... ok
[INFO] [stdout] test crypto::test::test_encrypt_decrypt ... ok
[INFO] [stdout] test http::cookies::test::test_creating_cookies ... ok
[INFO] [stdout] test http::path::test::test_path ... ok
[INFO] [stdout] test http::head::test::test_read_line ... ok
[INFO] [stdout] test http::head::test::test_parse_header ... ok
[INFO] [stdout] test http::request::test::test_response ... ok
[INFO] [stdout] test http::url::test::test_urldecode ... ok
[INFO] [stdout] test job::cron::test::test_cron_parse ... ok
[INFO] [stdout] test model::filter::test::test_filter ... ok
[INFO] [stdout] test model::filter::test::test_join ... ok
[INFO] [stdout] test model::order_by::test::test_order_by_raw ... ok
[INFO] [stdout] test model::test::test_all ... ok
[INFO] [stdout] test model::test::test_filter ... ok
[INFO] [stdout] test http::path::with_regex::test::test_paramters ... ok
[INFO] [stdout] test model::test::test_first_one ... ok
[INFO] [stdout] test http::router::test::test_find ... ok
[INFO] [stdout] test model::test::test_find_by ... ok
[INFO] [stdout] test model::test::test_take_one ... ok
[INFO] [stdout] test model::test::test_take_many ... ok
[INFO] [stdout] test model::value::test::test_range_i64 ... ok
[INFO] [stdout] test model::test::test_unique_by ... ok
[INFO] [stdout] test model::test::test_first_many ... ok
[INFO] [stdout] test model::row::test::test_random_query ... ok
[INFO] [stdout] test model::test::test_related ... ok
[INFO] [stdout] test model::value::test::test_function_args ... ok
[INFO] [stdout] test model::test::test_join ... ok
[INFO] [stdout] test view::template::context::test::test_context_index ... ok
[INFO] [stdout] test view::template::language::expression::test::test_call ... ok
[INFO] [stdout] test view::template::language::expression::test::test_global_function ... ok
[INFO] [stdout] test http::path::test::test_regex ... ok
[INFO] [stdout] test view::template::language::expression::test::test_list_flatten ... ignored
[INFO] [stdout] test view::template::language::expression::test::test_if_const ... ok
[INFO] [stdout] test view::template::language::expression::test::test_hash ... ok
[INFO] [stdout] test view::template::language::expression::test::test_list ... ok
[INFO] [stdout] test view::template::language::expression::test::test_math ... ok
[INFO] [stdout] test view::template::language::expression::test::test_syntactic_sugar ... ok
[INFO] [stdout] test view::template::language::expression::test::test_parenthesis ... ok
[INFO] [stdout] test view::template::language::program::test::test_program_print ... ok
[INFO] [stdout] test view::template::language::expression::test::test_unary ... ok
[INFO] [stdout] test view::template::language::statement::test::test_print_expression ... ok
[INFO] [stdout] test view::template::language::statement::test::test_statements_if_else ... ok
[INFO] [stdout] test view::template::language::term::test::test_terms ... ok
[INFO] [stdout] test view::template::language::program::test::test_secure_links ... ok
[INFO] [stdout] test view::template::language::statement::test::test_for_loop ... ok
[INFO] [stdout] test view::template::language::program::test::test_basic_program ... ok
[INFO] [stdout] test view::template::language::statement::test::test_statements_basic ... ok
[INFO] [stdout] test model::test::test_find_or_create ... FAILED
[INFO] [stdout] test model::test::test_explain ... FAILED
[INFO] [stdout] test model::pool::test::test_pool ... FAILED
[INFO] [stdout] test model::test::test_fetch ... FAILED
[INFO] [stdout] test model::migrations::test::test_migration_file_names ... ok
[INFO] [stdout] 
[INFO] [stdout] failures:
[INFO] [stdout] 
[INFO] [stdout] ---- model::test::test_find_or_create stdout ----
[INFO] [stdout] Error: DatabaseError(Error { kind: Connect, cause: Some(Os { code: 99, kind: AddrNotAvailable, message: "Cannot assign requested address" }) })
[INFO] [stdout] 
[INFO] [stdout] ---- model::test::test_explain stdout ----
[INFO] [stdout] Error: DatabaseError(Error { kind: Connect, cause: Some(Os { code: 99, kind: AddrNotAvailable, message: "Cannot assign requested address" }) })
[INFO] [stdout] 
[INFO] [stdout] ---- model::pool::test::test_pool stdout ----
[INFO] [stdout] Error: DatabaseError(Error { kind: Connect, cause: Some(Os { code: 99, kind: AddrNotAvailable, message: "Cannot assign requested address" }) })
[INFO] [stdout] 
[INFO] [stdout] ---- model::test::test_fetch stdout ----
[INFO] [stdout] Error: DatabaseError(Error { kind: Connect, cause: Some(Os { code: 99, kind: AddrNotAvailable, message: "Cannot assign requested address" }) })
[INFO] [stdout] 
[INFO] [stdout] 
[INFO] [stdout] failures:
[INFO] [stdout]     model::pool::test::test_pool
[INFO] [stdout]     model::test::test_explain
[INFO] [stdout]     model::test::test_fetch
[INFO] [stdout]     model::test::test_find_or_create
[INFO] [stdout] 
[INFO] [stdout] test result: FAILED. 49 passed; 4 failed; 1 ignored; 0 measured; 0 filtered out; finished in 0.01s
[INFO] [stdout] 
[INFO] [stderr] error: test failed, to rerun pass `--lib`
[INFO] running `Command { std: "docker" "inspect" "e10e12b8dc85727dda9a9f520d3774c9faaecaa54ca93e800026b15499922dad", kill_on_drop: false }`
[INFO] running `Command { std: "docker" "rm" "-f" "e10e12b8dc85727dda9a9f520d3774c9faaecaa54ca93e800026b15499922dad", kill_on_drop: false }`
[INFO] [stdout] e10e12b8dc85727dda9a9f520d3774c9faaecaa54ca93e800026b15499922dad
