[INFO] fetching crate rustypath 1.2.1...
[INFO] testing rustypath-1.2.1 against nightly-2024-10-28 for randomize-layout
[INFO] extracting crate rustypath 1.2.1 into /workspace/builds/worker-4-tc1/source
[INFO] validating manifest of crates.io crate rustypath 1.2.1 on toolchain nightly-2024-10-28
[INFO] running `Command { std: CARGO_HOME="/workspace/cargo-home" RUSTUP_HOME="/workspace/rustup-home" "/workspace/cargo-home/bin/cargo" "+nightly-2024-10-28" "metadata" "--manifest-path" "Cargo.toml" "--no-deps", kill_on_drop: false }`
[INFO] started tweaking crates.io crate rustypath 1.2.1
[INFO] finished tweaking crates.io crate rustypath 1.2.1
[INFO] tweaked toml for crates.io crate rustypath 1.2.1 written to /workspace/builds/worker-4-tc1/source/Cargo.toml
[INFO] running `Command { std: CARGO_HOME="/workspace/cargo-home" RUSTUP_HOME="/workspace/rustup-home" "/workspace/cargo-home/bin/cargo" "+nightly-2024-10-28" "generate-lockfile" "--manifest-path" "Cargo.toml", kill_on_drop: false }`
[INFO] [stderr]     Updating crates.io index
[INFO] [stderr]      Locking 38 packages to latest compatible versions
[INFO] running `Command { std: CARGO_HOME="/workspace/cargo-home" RUSTUP_HOME="/workspace/rustup-home" "/workspace/cargo-home/bin/cargo" "+nightly-2024-10-28" "fetch" "--manifest-path" "Cargo.toml", kill_on_drop: false }`
[INFO] running `Command { std: "docker" "create" "-v" "/var/lib/crater-agent-workspace/builds/worker-4-tc1/target:/opt/rustwide/target:rw,Z" "-v" "/var/lib/crater-agent-workspace/builds/worker-4-tc1/source:/opt/rustwide/workdir:ro,Z" "-v" "/var/lib/crater-agent-workspace/cargo-home:/opt/rustwide/cargo-home:ro,Z" "-v" "/var/lib/crater-agent-workspace/rustup-home:/opt/rustwide/rustup-home:ro,Z" "-e" "SOURCE_DIR=/opt/rustwide/workdir" "-e" "CARGO_TARGET_DIR=/opt/rustwide/target" "-e" "CARGO_HOME=/opt/rustwide/cargo-home" "-e" "RUSTUP_HOME=/opt/rustwide/rustup-home" "-w" "/opt/rustwide/workdir" "-m" "1610612736" "--user" "0:0" "--network" "none" "ghcr.io/rust-lang/crates-build-env/linux@sha256:4a844ea9eb2546a2d2c7022eacef16ef2e8229c7fbb2c7d4d55a9ceca922f72d" "/opt/rustwide/cargo-home/bin/cargo" "+nightly-2024-10-28" "metadata" "--no-deps" "--format-version=1", kill_on_drop: false }`
[INFO] [stdout] 04564c209f706b765996387ae5de0ca716b5ed9094b9de3dff817c8e909629c6
[INFO] running `Command { std: "docker" "start" "-a" "04564c209f706b765996387ae5de0ca716b5ed9094b9de3dff817c8e909629c6", kill_on_drop: false }`
[INFO] running `Command { std: "docker" "inspect" "04564c209f706b765996387ae5de0ca716b5ed9094b9de3dff817c8e909629c6", kill_on_drop: false }`
[INFO] running `Command { std: "docker" "rm" "-f" "04564c209f706b765996387ae5de0ca716b5ed9094b9de3dff817c8e909629c6", kill_on_drop: false }`
[INFO] [stdout] 04564c209f706b765996387ae5de0ca716b5ed9094b9de3dff817c8e909629c6
[INFO] running `Command { std: "docker" "create" "-v" "/var/lib/crater-agent-workspace/builds/worker-4-tc1/target:/opt/rustwide/target:rw,Z" "-v" "/var/lib/crater-agent-workspace/builds/worker-4-tc1/source:/opt/rustwide/workdir:ro,Z" "-v" "/var/lib/crater-agent-workspace/cargo-home:/opt/rustwide/cargo-home:ro,Z" "-v" "/var/lib/crater-agent-workspace/rustup-home:/opt/rustwide/rustup-home:ro,Z" "-e" "SOURCE_DIR=/opt/rustwide/workdir" "-e" "CARGO_TARGET_DIR=/opt/rustwide/target" "-e" "CARGO_INCREMENTAL=0" "-e" "RUST_BACKTRACE=full" "-e" "RUSTFLAGS=--cap-lints=forbid" "-e" "RUSTDOCFLAGS=--cap-lints=forbid" "-e" "CARGO_HOME=/opt/rustwide/cargo-home" "-e" "RUSTUP_HOME=/opt/rustwide/rustup-home" "-w" "/opt/rustwide/workdir" "-m" "1610612736" "--user" "0:0" "--network" "none" "ghcr.io/rust-lang/crates-build-env/linux@sha256:4a844ea9eb2546a2d2c7022eacef16ef2e8229c7fbb2c7d4d55a9ceca922f72d" "/opt/rustwide/cargo-home/bin/cargo" "+nightly-2024-10-28" "build" "--frozen" "--message-format=json", kill_on_drop: false }`
[INFO] [stdout] 2e47eb2aa8ae77c10a0425a6bcd1577a5a60fa3c7c83dc12c9fa4c635506e190
[INFO] running `Command { std: "docker" "start" "-a" "2e47eb2aa8ae77c10a0425a6bcd1577a5a60fa3c7c83dc12c9fa4c635506e190", kill_on_drop: false }`
[INFO] [stderr]    Compiling target-lexicon v0.12.16
[INFO] [stderr]    Compiling proc-macro2 v1.0.89
[INFO] [stderr]    Compiling option-ext v0.2.0
[INFO] [stderr]    Compiling indoc v2.0.5
[INFO] [stderr]    Compiling unindent v0.2.3
[INFO] [stderr]    Compiling memoffset v0.9.1
[INFO] [stderr]    Compiling dirs-sys v0.4.1
[INFO] [stderr]    Compiling dirs v5.0.1
[INFO] [stderr]    Compiling pyo3-build-config v0.22.5
[INFO] [stderr]    Compiling quote v1.0.37
[INFO] [stderr]    Compiling syn v2.0.86
[INFO] [stderr]    Compiling pyo3-ffi v0.22.5
[INFO] [stderr]    Compiling pyo3-macros-backend v0.22.5
[INFO] [stderr]    Compiling pyo3 v0.22.5
[INFO] [stderr]    Compiling pyo3-macros v0.22.5
[INFO] [stderr]    Compiling rustypath v1.2.1 (/opt/rustwide/workdir)
[INFO] [stderr]     Finished `dev` profile [unoptimized + debuginfo] target(s) in 9.08s
[INFO] running `Command { std: "docker" "inspect" "2e47eb2aa8ae77c10a0425a6bcd1577a5a60fa3c7c83dc12c9fa4c635506e190", kill_on_drop: false }`
[INFO] running `Command { std: "docker" "rm" "-f" "2e47eb2aa8ae77c10a0425a6bcd1577a5a60fa3c7c83dc12c9fa4c635506e190", kill_on_drop: false }`
[INFO] [stdout] 2e47eb2aa8ae77c10a0425a6bcd1577a5a60fa3c7c83dc12c9fa4c635506e190
[INFO] running `Command { std: "docker" "create" "-v" "/var/lib/crater-agent-workspace/builds/worker-4-tc1/target:/opt/rustwide/target:rw,Z" "-v" "/var/lib/crater-agent-workspace/builds/worker-4-tc1/source:/opt/rustwide/workdir:ro,Z" "-v" "/var/lib/crater-agent-workspace/cargo-home:/opt/rustwide/cargo-home:ro,Z" "-v" "/var/lib/crater-agent-workspace/rustup-home:/opt/rustwide/rustup-home:ro,Z" "-e" "SOURCE_DIR=/opt/rustwide/workdir" "-e" "CARGO_TARGET_DIR=/opt/rustwide/target" "-e" "CARGO_INCREMENTAL=0" "-e" "RUST_BACKTRACE=full" "-e" "RUSTFLAGS=--cap-lints=forbid" "-e" "RUSTDOCFLAGS=--cap-lints=forbid" "-e" "CARGO_HOME=/opt/rustwide/cargo-home" "-e" "RUSTUP_HOME=/opt/rustwide/rustup-home" "-w" "/opt/rustwide/workdir" "-m" "1610612736" "--user" "0:0" "--network" "none" "ghcr.io/rust-lang/crates-build-env/linux@sha256:4a844ea9eb2546a2d2c7022eacef16ef2e8229c7fbb2c7d4d55a9ceca922f72d" "/opt/rustwide/cargo-home/bin/cargo" "+nightly-2024-10-28" "test" "--frozen" "--no-run" "--message-format=json", kill_on_drop: false }`
[INFO] [stdout] 3ca5cfda963e4525ef90e6ebefb0eefec7234d26d1449c9bffb9a8dea8d8a56b
[INFO] running `Command { std: "docker" "start" "-a" "3ca5cfda963e4525ef90e6ebefb0eefec7234d26d1449c9bffb9a8dea8d8a56b", kill_on_drop: false }`
[INFO] [stderr]    Compiling rustypath v1.2.1 (/opt/rustwide/workdir)
[INFO] [stderr]     Finished `test` profile [unoptimized + debuginfo] target(s) in 0.16s
[INFO] running `Command { std: "docker" "inspect" "3ca5cfda963e4525ef90e6ebefb0eefec7234d26d1449c9bffb9a8dea8d8a56b", kill_on_drop: false }`
[INFO] running `Command { std: "docker" "rm" "-f" "3ca5cfda963e4525ef90e6ebefb0eefec7234d26d1449c9bffb9a8dea8d8a56b", kill_on_drop: false }`
[INFO] [stdout] 3ca5cfda963e4525ef90e6ebefb0eefec7234d26d1449c9bffb9a8dea8d8a56b
[INFO] running `Command { std: "docker" "create" "-v" "/var/lib/crater-agent-workspace/builds/worker-4-tc1/target:/opt/rustwide/target:rw,Z" "-v" "/var/lib/crater-agent-workspace/builds/worker-4-tc1/source:/opt/rustwide/workdir:ro,Z" "-v" "/var/lib/crater-agent-workspace/cargo-home:/opt/rustwide/cargo-home:ro,Z" "-v" "/var/lib/crater-agent-workspace/rustup-home:/opt/rustwide/rustup-home:ro,Z" "-e" "SOURCE_DIR=/opt/rustwide/workdir" "-e" "CARGO_TARGET_DIR=/opt/rustwide/target" "-e" "CARGO_INCREMENTAL=0" "-e" "RUST_BACKTRACE=full" "-e" "RUSTFLAGS=--cap-lints=forbid" "-e" "RUSTDOCFLAGS=--cap-lints=forbid" "-e" "CARGO_HOME=/opt/rustwide/cargo-home" "-e" "RUSTUP_HOME=/opt/rustwide/rustup-home" "-w" "/opt/rustwide/workdir" "-m" "1610612736" "--user" "0:0" "--network" "none" "ghcr.io/rust-lang/crates-build-env/linux@sha256:4a844ea9eb2546a2d2c7022eacef16ef2e8229c7fbb2c7d4d55a9ceca922f72d" "/opt/rustwide/cargo-home/bin/cargo" "+nightly-2024-10-28" "test" "--frozen", kill_on_drop: false }`
[INFO] [stdout] ea0b1e5262c60e8542fcef88de387a71c4dacfaae2f6e4c3596f9a31d88d685a
[INFO] running `Command { std: "docker" "start" "-a" "ea0b1e5262c60e8542fcef88de387a71c4dacfaae2f6e4c3596f9a31d88d685a", kill_on_drop: false }`
[INFO] [stderr]     Finished `test` profile [unoptimized + debuginfo] target(s) in 0.03s
[INFO] [stderr]      Running unittests src/lib.rs (/opt/rustwide/target/debug/deps/rustypath-c19167ea7cd3e13b)
[INFO] [stdout] 
[INFO] [stdout] running 0 tests
[INFO] [stdout] 
[INFO] [stdout] test result: ok. 0 passed; 0 failed; 0 ignored; 0 measured; 0 filtered out; finished in 0.00s
[INFO] [stdout] 
[INFO] [stderr]    Doc-tests rustypath
[INFO] [stdout] 
[INFO] [stdout] running 24 tests
[INFO] [stdout] test src/lib.rs - RPath::is_file (line 425) - compile ... ok
[INFO] [stdout] test src/lib.rs - RPath::is_absolute (line 409) - compile ... ok
[INFO] [stdout] test src/lib.rs - RPath::is_symlink (line 456) - compile ... ok
[INFO] [stdout] test src/lib.rs - RPath::exists (line 377) - compile ... ok
[INFO] [stdout] test src/lib.rs - RPath::is_dir (line 393) - compile ... ok
[INFO] [stdout] test src/lib.rs - RPath::is_relative (line 440) - compile ... ok
[INFO] [stdout] test src/lib.rs - RPath::join_multiple (line 80) ... FAILED
[INFO] [stdout] test src/lib.rs - RPath::convert_to_string (line 361) ... ok
[INFO] [stdout] test src/lib.rs - RPath::gethomedir (line 283) ... ok
[INFO] [stdout] test src/lib.rs - RPath::expand (line 310) ... ok
[INFO] [stdout] test src/lib.rs - RPath::read_dir (line 224) - compile ... ok
[INFO] [stdout] test src/lib.rs - RPath::new (line 16) ... ok
[INFO] [stdout] test src/lib.rs - RPath::basename (line 103) ... ok
[INFO] [stdout] test src/lib.rs - RPath::dirname (line 154) ... ok
[INFO] [stdout] test src/lib.rs - RPath::extension (line 197) ... ok
[INFO] [stdout] test src/lib.rs - RPath::clear (line 329) ... ok
[INFO] [stdout] test src/lib.rs - RPath::from (line 34) ... ok
[INFO] [stdout] test src/lib.rs - RPath::if_extension (line 472) ... ok
[INFO] [stdout] test src/lib.rs - RPath::convert_to_pathbuf (line 345) ... ok
[INFO] [stdout] test src/lib.rs - RPath::print (line 505) ... ok
[INFO] [stdout] test src/lib.rs - RPath::join (line 57) ... ok
[INFO] [stdout] test src/lib.rs - RPath::pwd (line 245) ... ok
[INFO] [stdout] test src/lib.rs - RPath::with_basename (line 135) ... ok
[INFO] [stdout] test src/lib.rs - RPath::with_dirname (line 181) ... ok
[INFO] [stdout] 
[INFO] [stdout] failures:
[INFO] [stdout] 
[INFO] [stdout] ---- src/lib.rs - RPath::join_multiple (line 80) stdout ----
[INFO] [stdout] error[E0596]: cannot borrow `rpath` as mutable, as it is not declared as mutable
[INFO] [stdout]  --> src/lib.rs:85:1
[INFO] [stdout]   |
[INFO] [stdout] 8 | rpath.join_multiple(vec!["abc", "aaa"]);
[INFO] [stdout]   | ^^^^^ cannot borrow as mutable
[INFO] [stdout]   |
[INFO] [stdout] help: consider changing this to be mutable
[INFO] [stdout]   |
[INFO] [stdout] 7 | let mut rpath = RPath::from("/temp");
[INFO] [stdout]   |     +++
[INFO] [stdout] 
[INFO] [stdout] error: aborting due to 1 previous error
[INFO] [stdout] 
[INFO] [stdout] For more information about this error, try `rustc --explain E0596`.
[INFO] [stdout] Couldn't compile the test.
[INFO] [stdout] 
[INFO] [stdout] failures:
[INFO] [stdout]     src/lib.rs - RPath::join_multiple (line 80)
[INFO] [stdout] 
[INFO] [stdout] test result: FAILED. 23 passed; 1 failed; 0 ignored; 0 measured; 0 filtered out; finished in 0.40s
[INFO] [stdout] 
[INFO] [stderr] error: doctest failed, to rerun pass `--doc`
[INFO] running `Command { std: "docker" "inspect" "ea0b1e5262c60e8542fcef88de387a71c4dacfaae2f6e4c3596f9a31d88d685a", kill_on_drop: false }`
[INFO] running `Command { std: "docker" "rm" "-f" "ea0b1e5262c60e8542fcef88de387a71c4dacfaae2f6e4c3596f9a31d88d685a", kill_on_drop: false }`
[INFO] [stdout] ea0b1e5262c60e8542fcef88de387a71c4dacfaae2f6e4c3596f9a31d88d685a
