[INFO] fetching crate rustylms 0.1.0...
[INFO] testing rustylms-0.1.0 against nightly-2024-10-28 for randomize-layout
[INFO] extracting crate rustylms 0.1.0 into /workspace/builds/worker-6-tc1/source
[INFO] validating manifest of crates.io crate rustylms 0.1.0 on toolchain nightly-2024-10-28
[INFO] running `Command { std: CARGO_HOME="/workspace/cargo-home" RUSTUP_HOME="/workspace/rustup-home" "/workspace/cargo-home/bin/cargo" "+nightly-2024-10-28" "metadata" "--manifest-path" "Cargo.toml" "--no-deps", kill_on_drop: false }`
[INFO] started tweaking crates.io crate rustylms 0.1.0
[INFO] finished tweaking crates.io crate rustylms 0.1.0
[INFO] tweaked toml for crates.io crate rustylms 0.1.0 written to /workspace/builds/worker-6-tc1/source/Cargo.toml
[INFO] running `Command { std: CARGO_HOME="/workspace/cargo-home" RUSTUP_HOME="/workspace/rustup-home" "/workspace/cargo-home/bin/cargo" "+nightly-2024-10-28" "generate-lockfile" "--manifest-path" "Cargo.toml", kill_on_drop: false }`
[INFO] [stderr]     Updating crates.io index
[INFO] [stderr]      Locking 132 packages to latest compatible versions
[INFO] running `Command { std: CARGO_HOME="/workspace/cargo-home" RUSTUP_HOME="/workspace/rustup-home" "/workspace/cargo-home/bin/cargo" "+nightly-2024-10-28" "fetch" "--manifest-path" "Cargo.toml", kill_on_drop: false }`
[INFO] running `Command { std: "docker" "create" "-v" "/var/lib/crater-agent-workspace/builds/worker-6-tc1/target:/opt/rustwide/target:rw,Z" "-v" "/var/lib/crater-agent-workspace/builds/worker-6-tc1/source:/opt/rustwide/workdir:ro,Z" "-v" "/var/lib/crater-agent-workspace/cargo-home:/opt/rustwide/cargo-home:ro,Z" "-v" "/var/lib/crater-agent-workspace/rustup-home:/opt/rustwide/rustup-home:ro,Z" "-e" "SOURCE_DIR=/opt/rustwide/workdir" "-e" "CARGO_TARGET_DIR=/opt/rustwide/target" "-e" "CARGO_HOME=/opt/rustwide/cargo-home" "-e" "RUSTUP_HOME=/opt/rustwide/rustup-home" "-w" "/opt/rustwide/workdir" "-m" "1610612736" "--user" "0:0" "--network" "none" "ghcr.io/rust-lang/crates-build-env/linux@sha256:4a844ea9eb2546a2d2c7022eacef16ef2e8229c7fbb2c7d4d55a9ceca922f72d" "/opt/rustwide/cargo-home/bin/cargo" "+nightly-2024-10-28" "metadata" "--no-deps" "--format-version=1", kill_on_drop: false }`
[INFO] [stdout] d3f03c32bb2523357f22ec221ee8b7539c9328dcbea434cae0f2643a1dc8154d
[INFO] running `Command { std: "docker" "start" "-a" "d3f03c32bb2523357f22ec221ee8b7539c9328dcbea434cae0f2643a1dc8154d", kill_on_drop: false }`
[INFO] running `Command { std: "docker" "inspect" "d3f03c32bb2523357f22ec221ee8b7539c9328dcbea434cae0f2643a1dc8154d", kill_on_drop: false }`
[INFO] running `Command { std: "docker" "rm" "-f" "d3f03c32bb2523357f22ec221ee8b7539c9328dcbea434cae0f2643a1dc8154d", kill_on_drop: false }`
[INFO] [stdout] d3f03c32bb2523357f22ec221ee8b7539c9328dcbea434cae0f2643a1dc8154d
[INFO] running `Command { std: "docker" "create" "-v" "/var/lib/crater-agent-workspace/builds/worker-6-tc1/target:/opt/rustwide/target:rw,Z" "-v" "/var/lib/crater-agent-workspace/builds/worker-6-tc1/source:/opt/rustwide/workdir:ro,Z" "-v" "/var/lib/crater-agent-workspace/cargo-home:/opt/rustwide/cargo-home:ro,Z" "-v" "/var/lib/crater-agent-workspace/rustup-home:/opt/rustwide/rustup-home:ro,Z" "-e" "SOURCE_DIR=/opt/rustwide/workdir" "-e" "CARGO_TARGET_DIR=/opt/rustwide/target" "-e" "CARGO_INCREMENTAL=0" "-e" "RUST_BACKTRACE=full" "-e" "RUSTFLAGS=--cap-lints=forbid" "-e" "RUSTDOCFLAGS=--cap-lints=forbid" "-e" "CARGO_HOME=/opt/rustwide/cargo-home" "-e" "RUSTUP_HOME=/opt/rustwide/rustup-home" "-w" "/opt/rustwide/workdir" "-m" "1610612736" "--user" "0:0" "--network" "none" "ghcr.io/rust-lang/crates-build-env/linux@sha256:4a844ea9eb2546a2d2c7022eacef16ef2e8229c7fbb2c7d4d55a9ceca922f72d" "/opt/rustwide/cargo-home/bin/cargo" "+nightly-2024-10-28" "build" "--frozen" "--message-format=json", kill_on_drop: false }`
[INFO] [stdout] 50049bced24fc5ce0bd549e8c4edf87a3c5e23b2333d959e301b7b200a68fef3
[INFO] running `Command { std: "docker" "start" "-a" "50049bced24fc5ce0bd549e8c4edf87a3c5e23b2333d959e301b7b200a68fef3", kill_on_drop: false }`
[INFO] [stderr]    Compiling shlex v1.3.0
[INFO] [stderr]    Compiling syn v2.0.86
[INFO] [stderr]    Compiling vcpkg v0.2.15
[INFO] [stderr]    Compiling once_cell v1.20.2
[INFO] [stderr]    Compiling futures-core v0.3.31
[INFO] [stderr]    Compiling pkg-config v0.3.31
[INFO] [stderr]    Compiling socket2 v0.5.7
[INFO] [stderr]    Compiling http v1.1.0
[INFO] [stderr]    Compiling cc v1.1.31
[INFO] [stderr]    Compiling httparse v1.9.5
[INFO] [stderr]    Compiling tracing-core v0.1.32
[INFO] [stderr]    Compiling cfg-if v1.0.0
[INFO] [stderr]    Compiling openssl v0.10.68
[INFO] [stderr]    Compiling tokio v1.41.0
[INFO] [stderr]    Compiling foreign-types-shared v0.1.1
[INFO] [stderr]    Compiling hashbrown v0.15.0
[INFO] [stderr]    Compiling equivalent v1.0.1
[INFO] [stderr]    Compiling futures-task v0.3.31
[INFO] [stderr]    Compiling futures-sink v0.3.31
[INFO] [stderr]    Compiling futures-util v0.3.31
[INFO] [stderr]    Compiling http-body v1.0.1
[INFO] [stderr]    Compiling tracing v0.1.40
[INFO] [stderr]    Compiling foreign-types v0.3.2
[INFO] [stderr]    Compiling indexmap v2.6.0
[INFO] [stderr]    Compiling tinyvec_macros v0.1.1
[INFO] [stderr]    Compiling try-lock v0.2.5
[INFO] [stderr]    Compiling atomic-waker v1.1.2
[INFO] [stderr]    Compiling native-tls v0.2.12
[INFO] [stderr]    Compiling bitflags v2.6.0
[INFO] [stderr]    Compiling want v0.3.1
[INFO] [stderr]    Compiling tinyvec v1.8.0
[INFO] [stderr]    Compiling futures-channel v0.3.31
[INFO] [stderr]    Compiling openssl-sys v0.9.104
[INFO] [stderr]    Compiling percent-encoding v2.3.1
[INFO] [stderr]    Compiling openssl-probe v0.1.5
[INFO] [stderr]    Compiling smallvec v1.13.2
[INFO] [stderr]    Compiling form_urlencoded v1.2.1
[INFO] [stderr]    Compiling tower-service v0.3.3
[INFO] [stderr]    Compiling unicode-bidi v0.3.17
[INFO] [stderr]    Compiling rustls-pki-types v1.10.0
[INFO] [stderr]    Compiling memchr v2.7.4
[INFO] [stderr]    Compiling unicode-normalization v0.1.24
[INFO] [stderr]    Compiling http-body-util v0.1.2
[INFO] [stderr]    Compiling rustls-pemfile v2.2.0
[INFO] [stderr]    Compiling encoding_rs v0.8.35
[INFO] [stderr]    Compiling sync_wrapper v1.0.1
[INFO] [stderr]    Compiling idna v0.5.0
[INFO] [stderr]    Compiling base64 v0.22.1
[INFO] [stderr]    Compiling mime v0.3.17
[INFO] [stderr]    Compiling ipnet v2.10.1
[INFO] [stderr]    Compiling url v2.5.2
[INFO] [stderr]    Compiling openssl-macros v0.1.1
[INFO] [stderr]    Compiling tokio-util v0.7.12
[INFO] [stderr]    Compiling serde_derive v1.0.214
[INFO] [stderr]    Compiling h2 v0.4.6
[INFO] [stderr]    Compiling serde v1.0.214
[INFO] [stderr]    Compiling hyper v1.5.0
[INFO] [stderr]    Compiling tokio-native-tls v0.3.1
[INFO] [stderr]    Compiling hyper-util v0.1.10
[INFO] [stderr]    Compiling hyper-tls v0.6.0
[INFO] [stderr]    Compiling serde_urlencoded v0.7.1
[INFO] [stderr]    Compiling serde_json v1.0.132
[INFO] [stderr]    Compiling reqwest v0.12.9
[INFO] [stderr]    Compiling rustylms v0.1.0 (/opt/rustwide/workdir)
[INFO] [stderr]     Finished `dev` profile [unoptimized + debuginfo] target(s) in 23.25s
[INFO] running `Command { std: "docker" "inspect" "50049bced24fc5ce0bd549e8c4edf87a3c5e23b2333d959e301b7b200a68fef3", kill_on_drop: false }`
[INFO] running `Command { std: "docker" "rm" "-f" "50049bced24fc5ce0bd549e8c4edf87a3c5e23b2333d959e301b7b200a68fef3", kill_on_drop: false }`
[INFO] [stdout] 50049bced24fc5ce0bd549e8c4edf87a3c5e23b2333d959e301b7b200a68fef3
[INFO] running `Command { std: "docker" "create" "-v" "/var/lib/crater-agent-workspace/builds/worker-6-tc1/target:/opt/rustwide/target:rw,Z" "-v" "/var/lib/crater-agent-workspace/builds/worker-6-tc1/source:/opt/rustwide/workdir:ro,Z" "-v" "/var/lib/crater-agent-workspace/cargo-home:/opt/rustwide/cargo-home:ro,Z" "-v" "/var/lib/crater-agent-workspace/rustup-home:/opt/rustwide/rustup-home:ro,Z" "-e" "SOURCE_DIR=/opt/rustwide/workdir" "-e" "CARGO_TARGET_DIR=/opt/rustwide/target" "-e" "CARGO_INCREMENTAL=0" "-e" "RUST_BACKTRACE=full" "-e" "RUSTFLAGS=--cap-lints=forbid" "-e" "RUSTDOCFLAGS=--cap-lints=forbid" "-e" "CARGO_HOME=/opt/rustwide/cargo-home" "-e" "RUSTUP_HOME=/opt/rustwide/rustup-home" "-w" "/opt/rustwide/workdir" "-m" "1610612736" "--user" "0:0" "--network" "none" "ghcr.io/rust-lang/crates-build-env/linux@sha256:4a844ea9eb2546a2d2c7022eacef16ef2e8229c7fbb2c7d4d55a9ceca922f72d" "/opt/rustwide/cargo-home/bin/cargo" "+nightly-2024-10-28" "test" "--frozen" "--no-run" "--message-format=json", kill_on_drop: false }`
[INFO] [stdout] ccc2ddb7269c941b30527317e2f2f3b87e04024eaaadcbde9e9ab0eda05b7abd
[INFO] running `Command { std: "docker" "start" "-a" "ccc2ddb7269c941b30527317e2f2f3b87e04024eaaadcbde9e9ab0eda05b7abd", kill_on_drop: false }`
[INFO] [stderr]    Compiling rustylms v0.1.0 (/opt/rustwide/workdir)
[INFO] [stderr]     Finished `test` profile [unoptimized + debuginfo] target(s) in 0.57s
[INFO] running `Command { std: "docker" "inspect" "ccc2ddb7269c941b30527317e2f2f3b87e04024eaaadcbde9e9ab0eda05b7abd", kill_on_drop: false }`
[INFO] running `Command { std: "docker" "rm" "-f" "ccc2ddb7269c941b30527317e2f2f3b87e04024eaaadcbde9e9ab0eda05b7abd", kill_on_drop: false }`
[INFO] [stdout] ccc2ddb7269c941b30527317e2f2f3b87e04024eaaadcbde9e9ab0eda05b7abd
[INFO] running `Command { std: "docker" "create" "-v" "/var/lib/crater-agent-workspace/builds/worker-6-tc1/target:/opt/rustwide/target:rw,Z" "-v" "/var/lib/crater-agent-workspace/builds/worker-6-tc1/source:/opt/rustwide/workdir:ro,Z" "-v" "/var/lib/crater-agent-workspace/cargo-home:/opt/rustwide/cargo-home:ro,Z" "-v" "/var/lib/crater-agent-workspace/rustup-home:/opt/rustwide/rustup-home:ro,Z" "-e" "SOURCE_DIR=/opt/rustwide/workdir" "-e" "CARGO_TARGET_DIR=/opt/rustwide/target" "-e" "CARGO_INCREMENTAL=0" "-e" "RUST_BACKTRACE=full" "-e" "RUSTFLAGS=--cap-lints=forbid" "-e" "RUSTDOCFLAGS=--cap-lints=forbid" "-e" "CARGO_HOME=/opt/rustwide/cargo-home" "-e" "RUSTUP_HOME=/opt/rustwide/rustup-home" "-w" "/opt/rustwide/workdir" "-m" "1610612736" "--user" "0:0" "--network" "none" "ghcr.io/rust-lang/crates-build-env/linux@sha256:4a844ea9eb2546a2d2c7022eacef16ef2e8229c7fbb2c7d4d55a9ceca922f72d" "/opt/rustwide/cargo-home/bin/cargo" "+nightly-2024-10-28" "test" "--frozen", kill_on_drop: false }`
[INFO] [stdout] 252fcf96655e41a813e35cce1746299fa8f8a749168abcea3514362c852bb999
[INFO] running `Command { std: "docker" "start" "-a" "252fcf96655e41a813e35cce1746299fa8f8a749168abcea3514362c852bb999", kill_on_drop: false }`
[INFO] [stderr]     Finished `test` profile [unoptimized + debuginfo] target(s) in 0.10s
[INFO] [stderr]      Running unittests src/lib.rs (/opt/rustwide/target/debug/deps/rustylms-6f943dbe971ec188)
[INFO] [stdout] 
[INFO] [stdout] running 0 tests
[INFO] [stdout] 
[INFO] [stdout] test result: ok. 0 passed; 0 failed; 0 ignored; 0 measured; 0 filtered out; finished in 0.00s
[INFO] [stdout] 
[INFO] [stderr]    Doc-tests rustylms
[INFO] [stdout] 
[INFO] [stdout] running 3 tests
[INFO] [stdout] test src/lmsserver.rs - lmsserver::LMSServer::new (line 21) ... FAILED
[INFO] [stdout] test src/chat.rs - chat::Chat::new (line 21) ... FAILED
[INFO] [stdout] test src/lmsserver.rs - lmsserver::LMSServer::get_models (line 40) ... FAILED
[INFO] [stdout] 
[INFO] [stdout] failures:
[INFO] [stdout] 
[INFO] [stdout] ---- src/lmsserver.rs - lmsserver::LMSServer::new (line 21) stdout ----
[INFO] [stdout] error: expected one of `!`, `.`, `::`, `;`, `?`, `{`, `}`, or an operator, found `rustylms`
[INFO] [stdout]  --> src/lmsserver.rs:23:8
[INFO] [stdout]   |
[INFO] [stdout] 5 | import rustylms::lmsserver::LMSServer;
[INFO] [stdout]   |        ^^^^^^^^ expected one of 8 possible tokens
[INFO] [stdout] 
[INFO] [stdout] error: aborting due to 1 previous error
[INFO] [stdout] 
[INFO] [stdout] Couldn't compile the test.
[INFO] [stdout] ---- src/chat.rs - chat::Chat::new (line 21) stdout ----
[INFO] [stdout] error[E0728]: `await` is only allowed inside `async` functions and blocks
[INFO] [stdout]   --> src/chat.rs:30:48
[INFO] [stdout]    |
[INFO] [stdout] 4  | fn main() { #[allow(non_snake_case)] fn _doctest_main_src_chat_rs_21_0() {
[INFO] [stdout]    |                                      ----------------------------------- this is not `async`
[INFO] [stdout] ...
[INFO] [stdout] 12 | let completion = chat.get_completions(&server).await.expect("Could not get completions");
[INFO] [stdout]    |                                                ^^^^^ only allowed inside `async` functions and blocks
[INFO] [stdout] 
[INFO] [stdout] error: aborting due to 1 previous error
[INFO] [stdout] 
[INFO] [stdout] For more information about this error, try `rustc --explain E0728`.
[INFO] [stdout] Couldn't compile the test.
[INFO] [stdout] ---- src/lmsserver.rs - lmsserver::LMSServer::get_models (line 40) stdout ----
[INFO] [stdout] error: expected one of `!`, `.`, `::`, `;`, `?`, `{`, `}`, or an operator, found `rustylms`
[INFO] [stdout]  --> src/lmsserver.rs:42:8
[INFO] [stdout]   |
[INFO] [stdout] 5 | import rustylms::lmsserver::LMSServer;
[INFO] [stdout]   |        ^^^^^^^^ expected one of 8 possible tokens
[INFO] [stdout] 
[INFO] [stdout] error: aborting due to 1 previous error
[INFO] [stdout] 
[INFO] [stdout] Couldn't compile the test.
[INFO] [stdout] 
[INFO] [stdout] failures:
[INFO] [stdout]     src/chat.rs - chat::Chat::new (line 21)
[INFO] [stdout]     src/lmsserver.rs - lmsserver::LMSServer::get_models (line 40)
[INFO] [stdout]     src/lmsserver.rs - lmsserver::LMSServer::new (line 21)
[INFO] [stdout] 
[INFO] [stdout] test result: FAILED. 0 passed; 3 failed; 0 ignored; 0 measured; 0 filtered out; finished in 0.08s
[INFO] [stdout] 
[INFO] [stderr] error: doctest failed, to rerun pass `--doc`
[INFO] running `Command { std: "docker" "inspect" "252fcf96655e41a813e35cce1746299fa8f8a749168abcea3514362c852bb999", kill_on_drop: false }`
[INFO] running `Command { std: "docker" "rm" "-f" "252fcf96655e41a813e35cce1746299fa8f8a749168abcea3514362c852bb999", kill_on_drop: false }`
[INFO] [stdout] 252fcf96655e41a813e35cce1746299fa8f8a749168abcea3514362c852bb999
