[INFO] fetching crate rusty_ao 0.1.1...
[INFO] testing rusty_ao-0.1.1 against nightly-2024-10-28 for randomize-layout
[INFO] extracting crate rusty_ao 0.1.1 into /workspace/builds/worker-0-tc1/source
[INFO] validating manifest of crates.io crate rusty_ao 0.1.1 on toolchain nightly-2024-10-28
[INFO] running `Command { std: CARGO_HOME="/workspace/cargo-home" RUSTUP_HOME="/workspace/rustup-home" "/workspace/cargo-home/bin/cargo" "+nightly-2024-10-28" "metadata" "--manifest-path" "Cargo.toml" "--no-deps", kill_on_drop: false }`
[INFO] started tweaking crates.io crate rusty_ao 0.1.1
[INFO] finished tweaking crates.io crate rusty_ao 0.1.1
[INFO] tweaked toml for crates.io crate rusty_ao 0.1.1 written to /workspace/builds/worker-0-tc1/source/Cargo.toml
[INFO] running `Command { std: CARGO_HOME="/workspace/cargo-home" RUSTUP_HOME="/workspace/rustup-home" "/workspace/cargo-home/bin/cargo" "+nightly-2024-10-28" "generate-lockfile" "--manifest-path" "Cargo.toml", kill_on_drop: false }`
[INFO] [stderr]     Updating crates.io index
[INFO] [stderr]      Locking 364 packages to latest compatible versions
[INFO] [stderr]       Adding curve25519-dalek v3.2.0 (available: v3.2.1)
[INFO] running `Command { std: CARGO_HOME="/workspace/cargo-home" RUSTUP_HOME="/workspace/rustup-home" "/workspace/cargo-home/bin/cargo" "+nightly-2024-10-28" "fetch" "--manifest-path" "Cargo.toml", kill_on_drop: false }`
[INFO] [stderr]  Downloading crates ...
[INFO] [stderr]   Downloaded avro-rs v0.13.0
[INFO] [stderr]   Downloaded libflate_lz77 v1.2.0
[INFO] [stderr]   Downloaded typed-builder v0.5.1
[INFO] [stderr]   Downloaded libflate v1.4.0
[INFO] [stderr]   Downloaded infer v0.9.0
[INFO] [stderr]   Downloaded jsonwebkey v0.3.5
[INFO] [stderr]   Downloaded paris v1.5.15
[INFO] [stderr]   Downloaded bundlr-sdk v0.5.0
[INFO] [stderr]   Downloaded serde-aux v4.5.0
[INFO] [stderr]   Downloaded zerocopy v0.3.2
[INFO] [stderr]   Downloaded web3 v0.19.0
[INFO] [stderr]   Downloaded zerocopy-derive v0.2.0
[INFO] [stderr]   Downloaded arweave-rs v0.2.0
[INFO] running `Command { std: "docker" "create" "-v" "/var/lib/crater-agent-workspace/builds/worker-0-tc1/target:/opt/rustwide/target:rw,Z" "-v" "/var/lib/crater-agent-workspace/builds/worker-0-tc1/source:/opt/rustwide/workdir:ro,Z" "-v" "/var/lib/crater-agent-workspace/cargo-home:/opt/rustwide/cargo-home:ro,Z" "-v" "/var/lib/crater-agent-workspace/rustup-home:/opt/rustwide/rustup-home:ro,Z" "-e" "SOURCE_DIR=/opt/rustwide/workdir" "-e" "CARGO_TARGET_DIR=/opt/rustwide/target" "-e" "CARGO_HOME=/opt/rustwide/cargo-home" "-e" "RUSTUP_HOME=/opt/rustwide/rustup-home" "-w" "/opt/rustwide/workdir" "-m" "1610612736" "--user" "0:0" "--network" "none" "ghcr.io/rust-lang/crates-build-env/linux@sha256:4a844ea9eb2546a2d2c7022eacef16ef2e8229c7fbb2c7d4d55a9ceca922f72d" "/opt/rustwide/cargo-home/bin/cargo" "+nightly-2024-10-28" "metadata" "--no-deps" "--format-version=1", kill_on_drop: false }`
[INFO] [stdout] 536730f2b429bf4feb54d2eaeeeaec6b301f3af61d387805aa10167af95b6a36
[INFO] running `Command { std: "docker" "start" "-a" "536730f2b429bf4feb54d2eaeeeaec6b301f3af61d387805aa10167af95b6a36", kill_on_drop: false }`
[INFO] running `Command { std: "docker" "inspect" "536730f2b429bf4feb54d2eaeeeaec6b301f3af61d387805aa10167af95b6a36", kill_on_drop: false }`
[INFO] running `Command { std: "docker" "rm" "-f" "536730f2b429bf4feb54d2eaeeeaec6b301f3af61d387805aa10167af95b6a36", kill_on_drop: false }`
[INFO] [stdout] 536730f2b429bf4feb54d2eaeeeaec6b301f3af61d387805aa10167af95b6a36
[INFO] running `Command { std: "docker" "create" "-v" "/var/lib/crater-agent-workspace/builds/worker-0-tc1/target:/opt/rustwide/target:rw,Z" "-v" "/var/lib/crater-agent-workspace/builds/worker-0-tc1/source:/opt/rustwide/workdir:ro,Z" "-v" "/var/lib/crater-agent-workspace/cargo-home:/opt/rustwide/cargo-home:ro,Z" "-v" "/var/lib/crater-agent-workspace/rustup-home:/opt/rustwide/rustup-home:ro,Z" "-e" "SOURCE_DIR=/opt/rustwide/workdir" "-e" "CARGO_TARGET_DIR=/opt/rustwide/target" "-e" "CARGO_INCREMENTAL=0" "-e" "RUST_BACKTRACE=full" "-e" "RUSTFLAGS=--cap-lints=forbid" "-e" "RUSTDOCFLAGS=--cap-lints=forbid" "-e" "CARGO_HOME=/opt/rustwide/cargo-home" "-e" "RUSTUP_HOME=/opt/rustwide/rustup-home" "-w" "/opt/rustwide/workdir" "-m" "1610612736" "--user" "0:0" "--network" "none" "ghcr.io/rust-lang/crates-build-env/linux@sha256:4a844ea9eb2546a2d2c7022eacef16ef2e8229c7fbb2c7d4d55a9ceca922f72d" "/opt/rustwide/cargo-home/bin/cargo" "+nightly-2024-10-28" "build" "--frozen" "--message-format=json", kill_on_drop: false }`
[INFO] [stdout] fdd3a89d8b8e088b52ed0794d5d564056125d086fc4c98fe0e8654fb1e8201c5
[INFO] running `Command { std: "docker" "start" "-a" "fdd3a89d8b8e088b52ed0794d5d564056125d086fc4c98fe0e8654fb1e8201c5", kill_on_drop: false }`
[INFO] [stderr]    Compiling generic-array v0.14.7
[INFO] [stderr]    Compiling byteorder v1.5.0
[INFO] [stderr]    Compiling serde v1.0.214
[INFO] [stderr]    Compiling syn v1.0.109
[INFO] [stderr]    Compiling num-traits v0.2.19
[INFO] [stderr]    Compiling tokio-macros v2.4.0
[INFO] [stderr]    Compiling crunchy v0.2.2
[INFO] [stderr]    Compiling rustc-hex v2.1.0
[INFO] [stderr]    Compiling zeroize_derive v1.4.2
[INFO] [stderr]    Compiling zerocopy v0.7.35
[INFO] [stderr]    Compiling getrandom v0.1.16
[INFO] [stderr]    Compiling subtle v2.6.1
[INFO] [stderr]    Compiling static_assertions v1.1.0
[INFO] [stderr]    Compiling openssl-sys v0.9.104
[INFO] [stderr]    Compiling tokio v1.41.0
[INFO] [stderr]    Compiling zeroize v1.8.1
[INFO] [stderr]    Compiling ppv-lite86 v0.2.20
[INFO] [stderr]    Compiling crypto-common v0.1.6
[INFO] [stderr]    Compiling block-buffer v0.10.4
[INFO] [stderr]    Compiling num-integer v0.1.46
[INFO] [stderr]    Compiling digest v0.10.7
[INFO] [stderr]    Compiling rustls v0.21.12
[INFO] [stderr]    Compiling rand_chacha v0.3.1
[INFO] [stderr]    Compiling rand_core v0.5.1
[INFO] [stderr]    Compiling pem-rfc7468 v0.3.1
[INFO] [stderr]    Compiling crypto-bigint v0.3.2
[INFO] [stderr]    Compiling sct v0.7.1
[INFO] [stderr]    Compiling rand v0.8.5
[INFO] [stderr]    Compiling rustls-webpki v0.101.7
[INFO] [stderr]    Compiling rlp v0.5.2
[INFO] [stderr]    Compiling strsim v0.10.0
[INFO] [stderr]    Compiling ident_case v1.0.1
[INFO] [stderr]    Compiling const-oid v0.7.1
[INFO] [stderr]    Compiling tiny-keccak v2.0.2
[INFO] [stderr]    Compiling der v0.5.1
[INFO] [stderr]    Compiling fixed-hash v0.8.0
[INFO] [stderr]    Compiling uint v0.9.5
[INFO] [stderr]    Compiling impl-rlp v0.3.0
[INFO] [stderr]    Compiling num-bigint v0.4.6
[INFO] [stderr]    Compiling digest v0.9.0
[INFO] [stderr]    Compiling encoding_rs v0.8.35
[INFO] [stderr]    Compiling serde_json v1.0.132
[INFO] [stderr]    Compiling impl-serde v0.4.0
[INFO] [stderr]    Compiling serde_urlencoded v0.7.1
[INFO] [stderr]    Compiling darling_core v0.12.4
[INFO] [stderr]    Compiling proc-macro-error-attr v1.0.4
[INFO] [stderr]    Compiling ahash v0.7.8
[INFO] [stderr]    Compiling unicode-xid v0.2.6
[INFO] [stderr]    Compiling base64 v0.21.7
[INFO] [stderr]    Compiling synstructure v0.12.6
[INFO] [stderr]    Compiling openssl v0.10.68
[INFO] [stderr]    Compiling spki v0.5.4
[INFO] [stderr]    Compiling toml v0.5.11
[INFO] [stderr]    Compiling rand_chacha v0.2.2
[INFO] [stderr]    Compiling tokio-util v0.7.12
[INFO] [stderr]    Compiling tokio-rustls v0.24.1
[INFO] [stderr]    Compiling num-iter v0.1.45
[INFO] [stderr]    Compiling h2 v0.3.26
[INFO] [stderr]    Compiling futures-executor v0.3.31
[INFO] [stderr]    Compiling openssl-macros v0.1.1
[INFO] [stderr]    Compiling darling_macro v0.12.4
[INFO] [stderr]    Compiling secp256k1-sys v0.8.1
[INFO] [stderr]    Compiling proc-macro-error v1.0.4
[INFO] [stderr]    Compiling num-bigint v0.2.6
[INFO] [stderr]    Compiling rle-decode-fast v1.0.3
[INFO] [stderr]    Compiling crossbeam-utils v0.8.20
[INFO] [stderr]    Compiling arrayvec v0.7.6
[INFO] [stderr]    Compiling unicode-segmentation v1.12.0
[INFO] [stderr]    Compiling unicase v2.8.0
[INFO] [stderr]    Compiling rustversion v1.0.18
[INFO] [stderr]    Compiling mime_guess v2.0.5
[INFO] [stderr]    Compiling heck v0.3.3
[INFO] [stderr]    Compiling h2 v0.4.6
[INFO] [stderr]    Compiling libflate_lz77 v1.2.0
[INFO] [stderr]    Compiling native-tls v0.2.12
[INFO] [stderr]    Compiling darling v0.12.4
[INFO] [stderr]    Compiling proc-macro-crate v0.1.5
[INFO] [stderr]    Compiling futures v0.3.31
[INFO] [stderr]    Compiling impl-trait-for-tuples v0.2.2
[INFO] [stderr]    Compiling zerocopy-derive v0.2.0
[INFO] [stderr]    Compiling rand v0.7.3
[INFO] [stderr]    Compiling ethbloom v0.13.0
[INFO] [stderr]    Compiling pkcs8 v0.8.0
[INFO] [stderr]    Compiling hyper v0.14.31
[INFO] [stderr]    Compiling rustls-pemfile v1.0.4
[INFO] [stderr]    Compiling borsh-schema-derive-internal v0.9.3
[INFO] [stderr]    Compiling borsh-derive-internal v0.9.3
[INFO] [stderr]    Compiling primitive-types v0.12.2
[INFO] [stderr]    Compiling secp256k1-sys v0.5.2
[INFO] [stderr]    Compiling uuid v1.11.0
[INFO] [stderr]    Compiling regex-syntax v0.6.29
[INFO] [stderr]    Compiling webpki-roots v0.25.4
[INFO] [stderr]    Compiling adler32 v1.2.0
[INFO] [stderr]    Compiling sync_wrapper v0.1.2
[INFO] [stderr]    Compiling beef v0.5.2
[INFO] [stderr]    Compiling byte-slice-cast v1.2.2
[INFO] [stderr]    Compiling keccak v0.1.5
[INFO] [stderr]    Compiling chrono v0.4.38
[INFO] [stderr]    Compiling ethereum-types v0.14.1
[INFO] [stderr]    Compiling hyper-rustls v0.24.2
[INFO] [stderr]    Compiling sha3 v0.10.8
[INFO] [stderr]    Compiling reqwest v0.11.27
[INFO] [stderr]    Compiling parity-scale-codec v3.6.12
[INFO] [stderr]    Compiling libflate v1.4.0
[INFO] [stderr]    Compiling cfb v0.7.3
[INFO] [stderr]    Compiling logos-codegen v0.13.0
[INFO] [stderr]    Compiling borsh-derive v0.9.3
[INFO] [stderr]    Compiling hyper v1.5.0
[INFO] [stderr]    Compiling hashbrown v0.11.2
[INFO] [stderr]    Compiling pkcs1 v0.3.3
[INFO] [stderr]    Compiling zerocopy v0.3.2
[INFO] [stderr]    Compiling derive_builder_core v0.10.2
[INFO] [stderr]    Compiling num-bigint-dig v0.8.4
[INFO] [stderr]    Compiling strum_macros v0.18.0
[INFO] [stderr]    Compiling typed-builder v0.5.1
[INFO] [stderr]    Compiling pretend-codegen v0.4.0
[INFO] [stderr]    Compiling validator_types v0.16.0
[INFO] [stderr]    Compiling yasna v0.4.0
[INFO] [stderr]    Compiling uuid v0.8.2
[INFO] [stderr]    Compiling sha1 v0.10.6
[INFO] [stderr]    Compiling block-buffer v0.9.0
[INFO] [stderr]    Compiling idna v0.4.0
[INFO] [stderr]    Compiling headers-core v0.2.0
[INFO] [stderr]    Compiling async-trait v0.1.83
[INFO] [stderr]    Compiling pin-project-internal v1.1.7
[INFO] [stderr]    Compiling async-stream-impl v0.3.6
[INFO] [stderr]    Compiling ring v0.16.20
[INFO] [stderr]    Compiling indexmap v1.9.3
[INFO] [stderr]    Compiling strum v0.18.0
[INFO] [stderr]    Compiling signature v1.6.4
[INFO] [stderr]    Compiling convert_case v0.4.0
[INFO] [stderr]    Compiling if_chain v1.0.2
[INFO] [stderr]    Compiling heck v0.4.1
[INFO] [stderr]    Compiling sha2 v0.9.9
[INFO] [stderr]    Compiling jsonwebkey v0.3.5
[INFO] [stderr]    Compiling strum_macros v0.24.3
[INFO] [stderr]    Compiling derive_more v0.99.18
[INFO] [stderr]    Compiling pretend v0.4.0
[INFO] [stderr]    Compiling validator_derive v0.16.0
[INFO] [stderr]    Compiling pin-project v1.1.7
[INFO] [stderr]    Compiling ed25519 v1.5.3
[INFO] [stderr]    Compiling avro-rs v0.13.0
[INFO] [stderr]    Compiling async-stream v0.3.6
[INFO] [stderr]    Compiling headers v0.3.9
[INFO] [stderr]    Compiling rsa v0.6.1
[INFO] [stderr]    Compiling logos-derive v0.13.0
[INFO] [stderr]    Compiling derive_builder_macro v0.10.2
[INFO] [stderr]    Compiling hyper-util v0.1.10
[INFO] [stderr]    Compiling crossbeam-channel v0.5.13
[INFO] [stderr]    Compiling borsh v0.9.3
[INFO] [stderr]    Compiling infer v0.9.0
[INFO] [stderr]    Compiling impl-codec v0.6.0
[INFO] [stderr]    Compiling serde-aux v4.5.0
[INFO] [stderr]    Compiling tokio-native-tls v0.3.1
[INFO] [stderr]    Compiling ethabi v18.0.0
[INFO] [stderr]    Compiling secp256k1 v0.27.0
[INFO] [stderr]    Compiling jsonrpc-core v18.0.0
[INFO] [stderr]    Compiling async-recursion v0.3.2
[INFO] [stderr]    Compiling num-rational v0.4.2
[INFO] [stderr]    Compiling curve25519-dalek v3.2.0
[INFO] [stderr]    Compiling fixed-hash v0.7.0
[INFO] [stderr]    Compiling sha2 v0.10.8
[INFO] [stderr]    Compiling num-complex v0.4.6
[INFO] [stderr]    Compiling spin v0.5.2
[INFO] [stderr]    Compiling paris v1.5.15
[INFO] [stderr]    Compiling hashbrown v0.12.3
[INFO] [stderr]    Compiling untrusted v0.7.1
[INFO] [stderr]    Compiling data-encoding v2.6.0
[INFO] [stderr]    Compiling ed25519-dalek v1.0.1
[INFO] [stderr]    Compiling num v0.4.3
[INFO] [stderr]    Compiling web3 v0.19.0
[INFO] [stderr]    Compiling primitive-types v0.11.1
[INFO] [stderr]    Compiling arweave-rs v0.2.0
[INFO] [stderr]    Compiling hyper-tls v0.6.0
[INFO] [stderr]    Compiling pipe v0.4.0
[INFO] [stderr]    Compiling derive_builder v0.10.2
[INFO] [stderr]    Compiling logos v0.13.0
[INFO] [stderr]    Compiling validator v0.16.1
[INFO] [stderr]    Compiling strum v0.24.1
[INFO] [stderr]    Compiling secp256k1 v0.22.2
[INFO] [stderr]    Compiling num-derive v0.3.3
[INFO] [stderr]    Compiling tokio-util v0.6.10
[INFO] [stderr]    Compiling bs58 v0.4.0
[INFO] [stderr]    Compiling reqwest v0.12.9
[INFO] [stderr]    Compiling bundlr-sdk v0.5.0
[INFO] [stderr]    Compiling rusty_ao v0.1.1 (/opt/rustwide/workdir)
[INFO] [stdout] warning: unused import: `TYPE_PROCESS`
[INFO] [stdout]  --> src/ao.rs:3:87
[INFO] [stdout]   |
[INFO] [stdout] 3 |     ResponseCu, ResponseMu, DATA_PROTOCOL, DEFAULT_CU, DEFAULT_MU, SDK, TYPE_MESSAGE, TYPE_PROCESS,
[INFO] [stdout]   |                                                                                       ^^^^^^^^^^^^
[INFO] [stdout]   |
[INFO] [stdout]   = note: `#[warn(unused_imports)]` on by default
[INFO] [stdout] 
[INFO] [stdout] 
[INFO] [stdout] warning: unused import: `Solana`
[INFO] [stdout]   --> src/ao.rs:11:36
[INFO] [stdout]    |
[INFO] [stdout] 11 | use bundlr_sdk::currency::solana::{Solana, SolanaBuilder};
[INFO] [stdout]    |                                    ^^^^^^
[INFO] [stdout] 
[INFO] [stdout] 
[INFO] [stdout] warning: unused imports: `Method`, `RequestBuilder`, `Request`, and `Url`
[INFO] [stdout]   --> src/ao.rs:16:23
[INFO] [stdout]    |
[INFO] [stdout] 16 | use reqwest::{Client, Method, Request, RequestBuilder, Response, Url};
[INFO] [stdout]    |                       ^^^^^^  ^^^^^^^  ^^^^^^^^^^^^^^            ^^^
[INFO] [stdout] 
[INFO] [stdout] 
[INFO] [stdout] warning: unused import: `base64::DecodeError`
[INFO] [stdout]  --> src/errors.rs:1:5
[INFO] [stdout]   |
[INFO] [stdout] 1 | use base64::DecodeError;
[INFO] [stdout]   |     ^^^^^^^^^^^^^^^^^^^
[INFO] [stdout] 
[INFO] [stdout] 
[INFO] [stdout] warning: unused import: `bundlr_sdk::error::BundlrError`
[INFO] [stdout]  --> src/errors.rs:2:5
[INFO] [stdout]   |
[INFO] [stdout] 2 | use bundlr_sdk::error::BundlrError;
[INFO] [stdout]   |     ^^^^^^^^^^^^^^^^^^^^^^^^^^^^^^
[INFO] [stdout] 
[INFO] [stdout] 
[INFO] [stdout] warning: unused variable: `e`
[INFO] [stdout]    --> src/ao.rs:122:17
[INFO] [stdout]     |
[INFO] [stdout] 122 |             Err(e) => Err(AoErrors::InvalidServerResponse),
[INFO] [stdout]     |                 ^ help: if this is intentional, prefix it with an underscore: `_e`
[INFO] [stdout]     |
[INFO] [stdout]     = note: `#[warn(unused_variables)]` on by default
[INFO] [stdout] 
[INFO] [stdout] 
[INFO] [stdout] warning: variable does not need to be mutable
[INFO] [stdout]   --> src/ao.rs:90:9
[INFO] [stdout]    |
[INFO] [stdout] 90 |         mut tags: Vec<Tag>,
[INFO] [stdout]    |         ----^^^^
[INFO] [stdout]    |         |
[INFO] [stdout]    |         help: remove this `mut`
[INFO] [stdout]    |
[INFO] [stdout]    = note: `#[warn(unused_mut)]` on by default
[INFO] [stdout] 
[INFO] [stdout] 
[INFO] [stdout] warning: unused variable: `e`
[INFO] [stdout]   --> src/ao.rs:55:27
[INFO] [stdout]    |
[INFO] [stdout] 55 |                 .map_err(|e| AoErrors::Base64ReadingError)?,
[INFO] [stdout]    |                           ^ help: if this is intentional, prefix it with an underscore: `_e`
[INFO] [stdout] 
[INFO] [stdout] 
[INFO] [stdout] warning: unused variable: `e`
[INFO] [stdout]   --> src/ao.rs:59:19
[INFO] [stdout]    |
[INFO] [stdout] 59 |         .map_err(|e| AoErrors::BundlrError)
[INFO] [stdout]    |                   ^ help: if this is intentional, prefix it with an underscore: `_e`
[INFO] [stdout] 
[INFO] [stdout] 
[INFO] [stdout] warning: structure field `Id` should have a snake case name
[INFO] [stdout]    --> src/ao.rs:238:17
[INFO] [stdout]     |
[INFO] [stdout] 238 |             pub Id: String,
[INFO] [stdout]     |                 ^^ help: convert the identifier to snake case (notice the capitalization): `id`
[INFO] [stdout]     |
[INFO] [stdout]     = note: `#[warn(non_snake_case)]` on by default
[INFO] [stdout] 
[INFO] [stdout] 
[INFO] [stdout] warning: structure field `Target` should have a snake case name
[INFO] [stdout]    --> src/ao.rs:239:17
[INFO] [stdout]     |
[INFO] [stdout] 239 |             pub Target: String,
[INFO] [stdout]     |                 ^^^^^^ help: convert the identifier to snake case: `target`
[INFO] [stdout] 
[INFO] [stdout] 
[INFO] [stdout] warning: structure field `Owner` should have a snake case name
[INFO] [stdout]    --> src/ao.rs:240:17
[INFO] [stdout]     |
[INFO] [stdout] 240 |             pub Owner: String,
[INFO] [stdout]     |                 ^^^^^ help: convert the identifier to snake case (notice the capitalization): `owner`
[INFO] [stdout] 
[INFO] [stdout] 
[INFO] [stdout] warning: structure field `Data` should have a snake case name
[INFO] [stdout]    --> src/ao.rs:241:17
[INFO] [stdout]     |
[INFO] [stdout] 241 |             pub Data: String,
[INFO] [stdout]     |                 ^^^^ help: convert the identifier to snake case: `data`
[INFO] [stdout] 
[INFO] [stdout] 
[INFO] [stdout] warning: structure field `Tags` should have a snake case name
[INFO] [stdout]    --> src/ao.rs:242:17
[INFO] [stdout]     |
[INFO] [stdout] 242 |             pub Tags: Vec<Tag>,
[INFO] [stdout]     |                 ^^^^ help: convert the identifier to snake case: `tags`
[INFO] [stdout] 
[INFO] [stdout] 
[INFO] [stdout] warning: structure field `Anchor` should have a snake case name
[INFO] [stdout]    --> src/ao.rs:243:17
[INFO] [stdout]     |
[INFO] [stdout] 243 |             pub Anchor: Option<String>, // Anchor is optional in Go struct
[INFO] [stdout]     |                 ^^^^^^ help: convert the identifier to snake case: `anchor`
[INFO] [stdout] 
[INFO] [stdout] 
[INFO] [stderr]     Finished `dev` profile [unoptimized + debuginfo] target(s) in 30.90s
[INFO] running `Command { std: "docker" "inspect" "fdd3a89d8b8e088b52ed0794d5d564056125d086fc4c98fe0e8654fb1e8201c5", kill_on_drop: false }`
[INFO] running `Command { std: "docker" "rm" "-f" "fdd3a89d8b8e088b52ed0794d5d564056125d086fc4c98fe0e8654fb1e8201c5", kill_on_drop: false }`
[INFO] [stdout] fdd3a89d8b8e088b52ed0794d5d564056125d086fc4c98fe0e8654fb1e8201c5
[INFO] running `Command { std: "docker" "create" "-v" "/var/lib/crater-agent-workspace/builds/worker-0-tc1/target:/opt/rustwide/target:rw,Z" "-v" "/var/lib/crater-agent-workspace/builds/worker-0-tc1/source:/opt/rustwide/workdir:ro,Z" "-v" "/var/lib/crater-agent-workspace/cargo-home:/opt/rustwide/cargo-home:ro,Z" "-v" "/var/lib/crater-agent-workspace/rustup-home:/opt/rustwide/rustup-home:ro,Z" "-e" "SOURCE_DIR=/opt/rustwide/workdir" "-e" "CARGO_TARGET_DIR=/opt/rustwide/target" "-e" "CARGO_INCREMENTAL=0" "-e" "RUST_BACKTRACE=full" "-e" "RUSTFLAGS=--cap-lints=forbid" "-e" "RUSTDOCFLAGS=--cap-lints=forbid" "-e" "CARGO_HOME=/opt/rustwide/cargo-home" "-e" "RUSTUP_HOME=/opt/rustwide/rustup-home" "-w" "/opt/rustwide/workdir" "-m" "1610612736" "--user" "0:0" "--network" "none" "ghcr.io/rust-lang/crates-build-env/linux@sha256:4a844ea9eb2546a2d2c7022eacef16ef2e8229c7fbb2c7d4d55a9ceca922f72d" "/opt/rustwide/cargo-home/bin/cargo" "+nightly-2024-10-28" "test" "--frozen" "--no-run" "--message-format=json", kill_on_drop: false }`
[INFO] [stdout] f1f451ee6e9c3aa2d0fe1034b8a98eb7609698bd0c531bf0daf777c1e905c32d
[INFO] running `Command { std: "docker" "start" "-a" "f1f451ee6e9c3aa2d0fe1034b8a98eb7609698bd0c531bf0daf777c1e905c32d", kill_on_drop: false }`
[INFO] [stdout] warning: unused import: `TYPE_PROCESS`
[INFO] [stdout]  --> src/ao.rs:3:87
[INFO] [stdout]   |
[INFO] [stdout] 3 |     ResponseCu, ResponseMu, DATA_PROTOCOL, DEFAULT_CU, DEFAULT_MU, SDK, TYPE_MESSAGE, TYPE_PROCESS,
[INFO] [stdout]   |                                                                                       ^^^^^^^^^^^^
[INFO] [stdout]   |
[INFO] [stdout]   = note: `#[warn(unused_imports)]` on by default
[INFO] [stdout] 
[INFO] [stdout] 
[INFO] [stdout] warning: unused import: `Solana`
[INFO] [stdout]   --> src/ao.rs:11:36
[INFO] [stdout]    |
[INFO] [stdout] 11 | use bundlr_sdk::currency::solana::{Solana, SolanaBuilder};
[INFO] [stdout]    |                                    ^^^^^^
[INFO] [stdout] 
[INFO] [stdout] 
[INFO] [stdout] warning: unused imports: `Method`, `RequestBuilder`, `Request`, and `Url`
[INFO] [stdout]   --> src/ao.rs:16:23
[INFO] [stdout]    |
[INFO] [stdout] 16 | use reqwest::{Client, Method, Request, RequestBuilder, Response, Url};
[INFO] [stdout]    |                       ^^^^^^  ^^^^^^^  ^^^^^^^^^^^^^^            ^^^
[INFO] [stdout] 
[INFO] [stdout] 
[INFO] [stdout] warning: unused import: `base64::DecodeError`
[INFO] [stdout]  --> src/errors.rs:1:5
[INFO] [stdout]   |
[INFO] [stdout] 1 | use base64::DecodeError;
[INFO] [stdout]   |     ^^^^^^^^^^^^^^^^^^^
[INFO] [stdout] 
[INFO] [stdout] 
[INFO] [stdout] warning: unused import: `bundlr_sdk::error::BundlrError`
[INFO] [stdout]  --> src/errors.rs:2:5
[INFO] [stdout]   |
[INFO] [stdout] 2 | use bundlr_sdk::error::BundlrError;
[INFO] [stdout]   |     ^^^^^^^^^^^^^^^^^^^^^^^^^^^^^^
[INFO] [stdout] 
[INFO] [stdout] 
[INFO] [stdout] warning: unused variable: `e`
[INFO] [stdout]    --> src/ao.rs:122:17
[INFO] [stdout]     |
[INFO] [stdout] 122 |             Err(e) => Err(AoErrors::InvalidServerResponse),
[INFO] [stdout]     |                 ^ help: if this is intentional, prefix it with an underscore: `_e`
[INFO] [stdout]     |
[INFO] [stdout]     = note: `#[warn(unused_variables)]` on by default
[INFO] [stdout] 
[INFO] [stdout] 
[INFO] [stdout] warning: variable does not need to be mutable
[INFO] [stdout]   --> src/ao.rs:90:9
[INFO] [stdout]    |
[INFO] [stdout] 90 |         mut tags: Vec<Tag>,
[INFO] [stdout]    |         ----^^^^
[INFO] [stdout]    |         |
[INFO] [stdout]    |         help: remove this `mut`
[INFO] [stdout]    |
[INFO] [stdout]    = note: `#[warn(unused_mut)]` on by default
[INFO] [stdout] 
[INFO] [stdout] 
[INFO] [stderr]    Compiling rusty_ao v0.1.1 (/opt/rustwide/workdir)
[INFO] [stdout] warning: unused variable: `e`
[INFO] [stdout]   --> src/ao.rs:55:27
[INFO] [stdout]    |
[INFO] [stdout] 55 |                 .map_err(|e| AoErrors::Base64ReadingError)?,
[INFO] [stdout]    |                           ^ help: if this is intentional, prefix it with an underscore: `_e`
[INFO] [stdout] 
[INFO] [stdout] 
[INFO] [stdout] warning: unused variable: `e`
[INFO] [stdout]   --> src/ao.rs:59:19
[INFO] [stdout]    |
[INFO] [stdout] 59 |         .map_err(|e| AoErrors::BundlrError)
[INFO] [stdout]    |                   ^ help: if this is intentional, prefix it with an underscore: `_e`
[INFO] [stdout] 
[INFO] [stdout] 
[INFO] [stdout] warning: structure field `Id` should have a snake case name
[INFO] [stdout]    --> src/ao.rs:238:17
[INFO] [stdout]     |
[INFO] [stdout] 238 |             pub Id: String,
[INFO] [stdout]     |                 ^^ help: convert the identifier to snake case (notice the capitalization): `id`
[INFO] [stdout]     |
[INFO] [stdout]     = note: `#[warn(non_snake_case)]` on by default
[INFO] [stdout] 
[INFO] [stdout] 
[INFO] [stdout] warning: structure field `Target` should have a snake case name
[INFO] [stdout]    --> src/ao.rs:239:17
[INFO] [stdout]     |
[INFO] [stdout] 239 |             pub Target: String,
[INFO] [stdout]     |                 ^^^^^^ help: convert the identifier to snake case: `target`
[INFO] [stdout] 
[INFO] [stdout] 
[INFO] [stdout] warning: structure field `Owner` should have a snake case name
[INFO] [stdout]    --> src/ao.rs:240:17
[INFO] [stdout]     |
[INFO] [stdout] 240 |             pub Owner: String,
[INFO] [stdout]     |                 ^^^^^ help: convert the identifier to snake case (notice the capitalization): `owner`
[INFO] [stdout] 
[INFO] [stdout] 
[INFO] [stdout] warning: structure field `Data` should have a snake case name
[INFO] [stdout]    --> src/ao.rs:241:17
[INFO] [stdout]     |
[INFO] [stdout] 241 |             pub Data: String,
[INFO] [stdout]     |                 ^^^^ help: convert the identifier to snake case: `data`
[INFO] [stdout] 
[INFO] [stdout] 
[INFO] [stdout] warning: structure field `Tags` should have a snake case name
[INFO] [stdout]    --> src/ao.rs:242:17
[INFO] [stdout]     |
[INFO] [stdout] 242 |             pub Tags: Vec<Tag>,
[INFO] [stdout]     |                 ^^^^ help: convert the identifier to snake case: `tags`
[INFO] [stdout] 
[INFO] [stdout] 
[INFO] [stdout] warning: structure field `Anchor` should have a snake case name
[INFO] [stdout]    --> src/ao.rs:243:17
[INFO] [stdout]     |
[INFO] [stdout] 243 |             pub Anchor: Option<String>, // Anchor is optional in Go struct
[INFO] [stdout]     |                 ^^^^^^ help: convert the identifier to snake case: `anchor`
[INFO] [stdout] 
[INFO] [stdout] 
[INFO] [stdout] warning: unused import: `TYPE_PROCESS`
[INFO] [stdout]  --> src/ao.rs:3:87
[INFO] [stdout]   |
[INFO] [stdout] 3 |     ResponseCu, ResponseMu, DATA_PROTOCOL, DEFAULT_CU, DEFAULT_MU, SDK, TYPE_MESSAGE, TYPE_PROCESS,
[INFO] [stdout]   |                                                                                       ^^^^^^^^^^^^
[INFO] [stdout]   |
[INFO] [stdout]   = note: `#[warn(unused_imports)]` on by default
[INFO] [stdout] 
[INFO] [stdout] 
[INFO] [stdout] warning: unused import: `Solana`
[INFO] [stdout]   --> src/ao.rs:11:36
[INFO] [stdout]    |
[INFO] [stdout] 11 | use bundlr_sdk::currency::solana::{Solana, SolanaBuilder};
[INFO] [stdout]    |                                    ^^^^^^
[INFO] [stdout] 
[INFO] [stdout] 
[INFO] [stdout] warning: unused imports: `Method`, `RequestBuilder`, `Request`, and `Url`
[INFO] [stdout]   --> src/ao.rs:16:23
[INFO] [stdout]    |
[INFO] [stdout] 16 | use reqwest::{Client, Method, Request, RequestBuilder, Response, Url};
[INFO] [stdout]    |                       ^^^^^^  ^^^^^^^  ^^^^^^^^^^^^^^            ^^^
[INFO] [stdout] 
[INFO] [stdout] 
[INFO] [stdout] warning: unused import: `base64::DecodeError`
[INFO] [stdout]  --> src/errors.rs:1:5
[INFO] [stdout]   |
[INFO] [stdout] 1 | use base64::DecodeError;
[INFO] [stdout]   |     ^^^^^^^^^^^^^^^^^^^
[INFO] [stdout] 
[INFO] [stdout] 
[INFO] [stdout] warning: unused import: `bundlr_sdk::error::BundlrError`
[INFO] [stdout]  --> src/errors.rs:2:5
[INFO] [stdout]   |
[INFO] [stdout] 2 | use bundlr_sdk::error::BundlrError;
[INFO] [stdout]   |     ^^^^^^^^^^^^^^^^^^^^^^^^^^^^^^
[INFO] [stdout] 
[INFO] [stdout] 
[INFO] [stdout] warning: unused variable: `e`
[INFO] [stdout]    --> src/ao.rs:122:17
[INFO] [stdout]     |
[INFO] [stdout] 122 |             Err(e) => Err(AoErrors::InvalidServerResponse),
[INFO] [stdout]     |                 ^ help: if this is intentional, prefix it with an underscore: `_e`
[INFO] [stdout]     |
[INFO] [stdout]     = note: `#[warn(unused_variables)]` on by default
[INFO] [stdout] 
[INFO] [stdout] 
[INFO] [stdout] warning: variable does not need to be mutable
[INFO] [stdout]   --> src/ao.rs:90:9
[INFO] [stdout]    |
[INFO] [stdout] 90 |         mut tags: Vec<Tag>,
[INFO] [stdout]    |         ----^^^^
[INFO] [stdout]    |         |
[INFO] [stdout]    |         help: remove this `mut`
[INFO] [stdout]    |
[INFO] [stdout]    = note: `#[warn(unused_mut)]` on by default
[INFO] [stdout] 
[INFO] [stdout] 
[INFO] [stdout] warning: unused variable: `e`
[INFO] [stdout]   --> src/ao.rs:55:27
[INFO] [stdout]    |
[INFO] [stdout] 55 |                 .map_err(|e| AoErrors::Base64ReadingError)?,
[INFO] [stdout]    |                           ^ help: if this is intentional, prefix it with an underscore: `_e`
[INFO] [stdout] 
[INFO] [stdout] 
[INFO] [stdout] warning: unused variable: `e`
[INFO] [stdout]   --> src/ao.rs:59:19
[INFO] [stdout]    |
[INFO] [stdout] 59 |         .map_err(|e| AoErrors::BundlrError)
[INFO] [stdout]    |                   ^ help: if this is intentional, prefix it with an underscore: `_e`
[INFO] [stdout] 
[INFO] [stdout] 
[INFO] [stdout] warning: unused variable: `ao`
[INFO] [stdout]    --> src/ao.rs:302:13
[INFO] [stdout]     |
[INFO] [stdout] 302 |         let ao = Ao::new(
[INFO] [stdout]     |             ^^ help: if this is intentional, prefix it with an underscore: `_ao`
[INFO] [stdout] 
[INFO] [stdout] 
[INFO] [stdout] warning: unused variable: `ao`
[INFO] [stdout]    --> src/ao.rs:312:13
[INFO] [stdout]     |
[INFO] [stdout] 312 |         let ao = Ao::default_init(SignerTypes::Arweave("test_key.json".to_string())).unwrap();
[INFO] [stdout]     |             ^^ help: if this is intentional, prefix it with an underscore: `_ao`
[INFO] [stdout] 
[INFO] [stdout] 
[INFO] [stdout] warning: structure field `Id` should have a snake case name
[INFO] [stdout]    --> src/ao.rs:238:17
[INFO] [stdout]     |
[INFO] [stdout] 238 |             pub Id: String,
[INFO] [stdout]     |                 ^^ help: convert the identifier to snake case (notice the capitalization): `id`
[INFO] [stdout]     |
[INFO] [stdout]     = note: `#[warn(non_snake_case)]` on by default
[INFO] [stdout] 
[INFO] [stdout] 
[INFO] [stdout] warning: structure field `Target` should have a snake case name
[INFO] [stdout]    --> src/ao.rs:239:17
[INFO] [stdout]     |
[INFO] [stdout] 239 |             pub Target: String,
[INFO] [stdout]     |                 ^^^^^^ help: convert the identifier to snake case: `target`
[INFO] [stdout] 
[INFO] [stdout] 
[INFO] [stdout] warning: structure field `Owner` should have a snake case name
[INFO] [stdout]    --> src/ao.rs:240:17
[INFO] [stdout]     |
[INFO] [stdout] 240 |             pub Owner: String,
[INFO] [stdout]     |                 ^^^^^ help: convert the identifier to snake case (notice the capitalization): `owner`
[INFO] [stdout] 
[INFO] [stdout] 
[INFO] [stdout] warning: structure field `Data` should have a snake case name
[INFO] [stdout]    --> src/ao.rs:241:17
[INFO] [stdout]     |
[INFO] [stdout] 241 |             pub Data: String,
[INFO] [stdout]     |                 ^^^^ help: convert the identifier to snake case: `data`
[INFO] [stdout] 
[INFO] [stdout] 
[INFO] [stdout] warning: structure field `Tags` should have a snake case name
[INFO] [stdout]    --> src/ao.rs:242:17
[INFO] [stdout]     |
[INFO] [stdout] 242 |             pub Tags: Vec<Tag>,
[INFO] [stdout]     |                 ^^^^ help: convert the identifier to snake case: `tags`
[INFO] [stdout] 
[INFO] [stdout] 
[INFO] [stdout] warning: structure field `Anchor` should have a snake case name
[INFO] [stdout]    --> src/ao.rs:243:17
[INFO] [stdout]     |
[INFO] [stdout] 243 |             pub Anchor: Option<String>, // Anchor is optional in Go struct
[INFO] [stdout]     |                 ^^^^^^ help: convert the identifier to snake case: `anchor`
[INFO] [stdout] 
[INFO] [stdout] 
[INFO] [stderr]     Finished `test` profile [unoptimized + debuginfo] target(s) in 2.06s
[INFO] running `Command { std: "docker" "inspect" "f1f451ee6e9c3aa2d0fe1034b8a98eb7609698bd0c531bf0daf777c1e905c32d", kill_on_drop: false }`
[INFO] running `Command { std: "docker" "rm" "-f" "f1f451ee6e9c3aa2d0fe1034b8a98eb7609698bd0c531bf0daf777c1e905c32d", kill_on_drop: false }`
[INFO] [stdout] f1f451ee6e9c3aa2d0fe1034b8a98eb7609698bd0c531bf0daf777c1e905c32d
[INFO] running `Command { std: "docker" "create" "-v" "/var/lib/crater-agent-workspace/builds/worker-0-tc1/target:/opt/rustwide/target:rw,Z" "-v" "/var/lib/crater-agent-workspace/builds/worker-0-tc1/source:/opt/rustwide/workdir:ro,Z" "-v" "/var/lib/crater-agent-workspace/cargo-home:/opt/rustwide/cargo-home:ro,Z" "-v" "/var/lib/crater-agent-workspace/rustup-home:/opt/rustwide/rustup-home:ro,Z" "-e" "SOURCE_DIR=/opt/rustwide/workdir" "-e" "CARGO_TARGET_DIR=/opt/rustwide/target" "-e" "CARGO_INCREMENTAL=0" "-e" "RUST_BACKTRACE=full" "-e" "RUSTFLAGS=--cap-lints=forbid" "-e" "RUSTDOCFLAGS=--cap-lints=forbid" "-e" "CARGO_HOME=/opt/rustwide/cargo-home" "-e" "RUSTUP_HOME=/opt/rustwide/rustup-home" "-w" "/opt/rustwide/workdir" "-m" "1610612736" "--user" "0:0" "--network" "none" "ghcr.io/rust-lang/crates-build-env/linux@sha256:4a844ea9eb2546a2d2c7022eacef16ef2e8229c7fbb2c7d4d55a9ceca922f72d" "/opt/rustwide/cargo-home/bin/cargo" "+nightly-2024-10-28" "test" "--frozen", kill_on_drop: false }`
[INFO] [stdout] 8768c9e51610b30cb3d27c75143c530769fe5618790172f293adbe04902d6b1a
[INFO] running `Command { std: "docker" "start" "-a" "8768c9e51610b30cb3d27c75143c530769fe5618790172f293adbe04902d6b1a", kill_on_drop: false }`
[INFO] [stderr] warning: unused import: `TYPE_PROCESS`
[INFO] [stderr]  --> src/ao.rs:3:87
[INFO] [stderr]   |
[INFO] [stderr] 3 |     ResponseCu, ResponseMu, DATA_PROTOCOL, DEFAULT_CU, DEFAULT_MU, SDK, TYPE_MESSAGE, TYPE_PROCESS,
[INFO] [stderr]   |                                                                                       ^^^^^^^^^^^^
[INFO] [stderr]   |
[INFO] [stderr]   = note: `#[warn(unused_imports)]` on by default
[INFO] [stderr] 
[INFO] [stderr] warning: unused import: `Solana`
[INFO] [stderr]   --> src/ao.rs:11:36
[INFO] [stderr]    |
[INFO] [stderr] 11 | use bundlr_sdk::currency::solana::{Solana, SolanaBuilder};
[INFO] [stderr]    |                                    ^^^^^^
[INFO] [stderr] 
[INFO] [stderr] warning: unused imports: `Method`, `RequestBuilder`, `Request`, and `Url`
[INFO] [stderr]   --> src/ao.rs:16:23
[INFO] [stderr]    |
[INFO] [stderr] 16 | use reqwest::{Client, Method, Request, RequestBuilder, Response, Url};
[INFO] [stderr]    |                       ^^^^^^  ^^^^^^^  ^^^^^^^^^^^^^^            ^^^
[INFO] [stderr] 
[INFO] [stderr] warning: unused import: `base64::DecodeError`
[INFO] [stderr]  --> src/errors.rs:1:5
[INFO] [stderr]   |
[INFO] [stderr] 1 | use base64::DecodeError;
[INFO] [stderr]   |     ^^^^^^^^^^^^^^^^^^^
[INFO] [stderr] 
[INFO] [stderr] warning: unused import: `bundlr_sdk::error::BundlrError`
[INFO] [stderr]  --> src/errors.rs:2:5
[INFO] [stderr]   |
[INFO] [stderr] 2 | use bundlr_sdk::error::BundlrError;
[INFO] [stderr]   |     ^^^^^^^^^^^^^^^^^^^^^^^^^^^^^^
[INFO] [stderr] 
[INFO] [stderr] warning: unused variable: `e`
[INFO] [stderr]    --> src/ao.rs:122:17
[INFO] [stderr]     |
[INFO] [stderr] 122 |             Err(e) => Err(AoErrors::InvalidServerResponse),
[INFO] [stderr]     |                 ^ help: if this is intentional, prefix it with an underscore: `_e`
[INFO] [stderr]     |
[INFO] [stderr]     = note: `#[warn(unused_variables)]` on by default
[INFO] [stderr] 
[INFO] [stderr] warning: variable does not need to be mutable
[INFO] [stderr]   --> src/ao.rs:90:9
[INFO] [stderr]    |
[INFO] [stderr] 90 |         mut tags: Vec<Tag>,
[INFO] [stderr]    |         ----^^^^
[INFO] [stderr]    |         |
[INFO] [stderr]    |         help: remove this `mut`
[INFO] [stderr]    |
[INFO] [stderr]    = note: `#[warn(unused_mut)]` on by default
[INFO] [stderr] 
[INFO] [stderr] warning: unused variable: `e`
[INFO] [stderr]   --> src/ao.rs:55:27
[INFO] [stderr]    |
[INFO] [stderr] 55 |                 .map_err(|e| AoErrors::Base64ReadingError)?,
[INFO] [stderr]    |                           ^ help: if this is intentional, prefix it with an underscore: `_e`
[INFO] [stderr] 
[INFO] [stderr] warning: unused variable: `e`
[INFO] [stderr]   --> src/ao.rs:59:19
[INFO] [stderr]    |
[INFO] [stderr] 59 |         .map_err(|e| AoErrors::BundlrError)
[INFO] [stderr]    |                   ^ help: if this is intentional, prefix it with an underscore: `_e`
[INFO] [stderr] 
[INFO] [stderr] warning: structure field `Id` should have a snake case name
[INFO] [stderr]    --> src/ao.rs:238:17
[INFO] [stderr]     |
[INFO] [stderr] 238 |             pub Id: String,
[INFO] [stderr]     |                 ^^ help: convert the identifier to snake case (notice the capitalization): `id`
[INFO] [stderr]     |
[INFO] [stderr]     = note: `#[warn(non_snake_case)]` on by default
[INFO] [stderr] 
[INFO] [stderr] warning: structure field `Target` should have a snake case name
[INFO] [stderr]    --> src/ao.rs:239:17
[INFO] [stderr]     |
[INFO] [stderr] 239 |             pub Target: String,
[INFO] [stderr]     |                 ^^^^^^ help: convert the identifier to snake case: `target`
[INFO] [stderr] 
[INFO] [stderr] warning: structure field `Owner` should have a snake case name
[INFO] [stderr]    --> src/ao.rs:240:17
[INFO] [stderr]     |
[INFO] [stderr] 240 |             pub Owner: String,
[INFO] [stderr]     |                 ^^^^^ help: convert the identifier to snake case (notice the capitalization): `owner`
[INFO] [stderr] 
[INFO] [stderr] warning: structure field `Data` should have a snake case name
[INFO] [stderr]    --> src/ao.rs:241:17
[INFO] [stderr]     |
[INFO] [stderr] 241 |             pub Data: String,
[INFO] [stderr]     |                 ^^^^ help: convert the identifier to snake case: `data`
[INFO] [stderr] 
[INFO] [stderr] warning: structure field `Tags` should have a snake case name
[INFO] [stderr]    --> src/ao.rs:242:17
[INFO] [stderr]     |
[INFO] [stderr] 242 |             pub Tags: Vec<Tag>,
[INFO] [stderr]     |                 ^^^^ help: convert the identifier to snake case: `tags`
[INFO] [stderr] 
[INFO] [stderr] warning: structure field `Anchor` should have a snake case name
[INFO] [stderr]    --> src/ao.rs:243:17
[INFO] [stderr]     |
[INFO] [stderr] 243 |             pub Anchor: Option<String>, // Anchor is optional in Go struct
[INFO] [stderr]     |                 ^^^^^^ help: convert the identifier to snake case: `anchor`
[INFO] [stderr] 
[INFO] [stderr] warning: unused variable: `ao`
[INFO] [stderr]    --> src/ao.rs:302:13
[INFO] [stderr]     |
[INFO] [stderr] 302 |         let ao = Ao::new(
[INFO] [stderr]     |             ^^ help: if this is intentional, prefix it with an underscore: `_ao`
[INFO] [stderr] 
[INFO] [stderr] warning: unused variable: `ao`
[INFO] [stderr]    --> src/ao.rs:312:13
[INFO] [stderr]     |
[INFO] [stderr] 312 |         let ao = Ao::default_init(SignerTypes::Arweave("test_key.json".to_string())).unwrap();
[INFO] [stderr]     |             ^^ help: if this is intentional, prefix it with an underscore: `_ao`
[INFO] [stderr] 
[INFO] [stderr] warning: `rusty_ao` (lib) generated 15 warnings (run `cargo fix --lib -p rusty_ao` to apply 6 suggestions)
[INFO] [stderr] warning: `rusty_ao` (lib test) generated 17 warnings (15 duplicates)
[INFO] [stderr]     Finished `test` profile [unoptimized + debuginfo] target(s) in 0.20s
[INFO] [stderr]      Running unittests src/lib.rs (/opt/rustwide/target/debug/deps/rusty_ao-0e3762ddc9b6abc7)
[INFO] [stdout] 
[INFO] [stdout] running 5 tests
[INFO] [stdout] test ao::tests::test_default_init ... ok
[INFO] [stdout] test ao::tests::test_init ... ok
[INFO] [stdout] test ao::tests::test_result ... FAILED
[INFO] [stdout] test ao::tests::test_dry_run ... FAILED
[INFO] [stdout] test ao::tests::test_spawn ... FAILED
[INFO] [stdout] 
[INFO] [stdout] failures:
[INFO] [stdout] 
[INFO] [stdout] ---- ao::tests::test_result stdout ----
[INFO] [stdout] Err(InvalidServerResponse)
[INFO] [stdout] thread 'ao::tests::test_result' panicked at src/ao.rs:330:9:
[INFO] [stdout] assertion failed: res.is_ok()
[INFO] [stdout] stack backtrace:
[INFO] [stdout]    0:     0x5bb03c071c1a - std::backtrace_rs::backtrace::libunwind::trace::h207520d6e9873551
[INFO] [stdout]                                at /rustc/df4ca44d3fbc9301ee17f30f4d474e6ae4b05252/library/std/src/../../backtrace/src/backtrace/libunwind.rs:116:5
[INFO] [stdout]    1:     0x5bb03c071c1a - std::backtrace_rs::backtrace::trace_unsynchronized::h2ed7433f370e3eca
[INFO] [stdout]                                at /rustc/df4ca44d3fbc9301ee17f30f4d474e6ae4b05252/library/std/src/../../backtrace/src/backtrace/mod.rs:66:5
[INFO] [stdout]    2:     0x5bb03c071c1a - std::sys::backtrace::_print_fmt::h916fac51166b18d7
[INFO] [stdout]                                at /rustc/df4ca44d3fbc9301ee17f30f4d474e6ae4b05252/library/std/src/sys/backtrace.rs:66:9
[INFO] [stdout]    3:     0x5bb03c071c1a - <std::sys::backtrace::BacktraceLock::print::DisplayBacktrace as core::fmt::Display>::fmt::ha0a4c9b8ce3802e6
[INFO] [stdout]                                at /rustc/df4ca44d3fbc9301ee17f30f4d474e6ae4b05252/library/std/src/sys/backtrace.rs:39:26
[INFO] [stdout]    4:     0x5bb03c09d1d3 - core::fmt::rt::Argument::fmt::h4cfc8587d52b3eb5
[INFO] [stdout]                                at /rustc/df4ca44d3fbc9301ee17f30f4d474e6ae4b05252/library/core/src/fmt/rt.rs:177:76
[INFO] [stdout]    5:     0x5bb03c09d1d3 - core::fmt::write::h522cc39e5b36ae9f
[INFO] [stdout]                                at /rustc/df4ca44d3fbc9301ee17f30f4d474e6ae4b05252/library/core/src/fmt/mod.rs:1190:21
[INFO] [stdout]    6:     0x5bb03c06db53 - std::io::Write::write_fmt::h7d3c26752da97734
[INFO] [stdout]                                at /rustc/df4ca44d3fbc9301ee17f30f4d474e6ae4b05252/library/std/src/io/mod.rs:1839:15
[INFO] [stdout]    7:     0x5bb03c071a62 - std::sys::backtrace::BacktraceLock::print::h4b9e00b29e9c0942
[INFO] [stdout]                                at /rustc/df4ca44d3fbc9301ee17f30f4d474e6ae4b05252/library/std/src/sys/backtrace.rs:42:9
[INFO] [stdout]    8:     0x5bb03c0730aa - std::panicking::default_hook::{{closure}}::hb59b88280d0324d9
[INFO] [stdout]                                at /rustc/df4ca44d3fbc9301ee17f30f4d474e6ae4b05252/library/std/src/panicking.rs:268:22
[INFO] [stdout]    9:     0x5bb03c072eb4 - std::panicking::default_hook::he1dd496665be4a29
[INFO] [stdout]                                at /rustc/df4ca44d3fbc9301ee17f30f4d474e6ae4b05252/library/std/src/panicking.rs:292:9
[INFO] [stdout]   10:     0x5bb03b975899 - <alloc::boxed::Box<F,A> as core::ops::function::Fn<Args>>::call::h4ff71de18744e1dc
[INFO] [stdout]                                at /rustc/df4ca44d3fbc9301ee17f30f4d474e6ae4b05252/library/alloc/src/boxed.rs:2468:9
[INFO] [stdout]   11:     0x5bb03b975899 - test::test_main::{{closure}}::hcf7c055ce117aa81
[INFO] [stdout]                                at /rustc/df4ca44d3fbc9301ee17f30f4d474e6ae4b05252/library/test/src/lib.rs:133:21
[INFO] [stdout]   12:     0x5bb03c0737a8 - <alloc::boxed::Box<F,A> as core::ops::function::Fn<Args>>::call::h1d66c6bbd60c9692
[INFO] [stdout]                                at /rustc/df4ca44d3fbc9301ee17f30f4d474e6ae4b05252/library/alloc/src/boxed.rs:2468:9
[INFO] [stdout]   13:     0x5bb03c0737a8 - std::panicking::rust_panic_with_hook::h2ff17fe8f26dfcf8
[INFO] [stdout]                                at /rustc/df4ca44d3fbc9301ee17f30f4d474e6ae4b05252/library/std/src/panicking.rs:809:13
[INFO] [stdout]   14:     0x5bb03c073536 - std::panicking::begin_panic_handler::{{closure}}::h4fad77951c07e101
[INFO] [stdout]                                at /rustc/df4ca44d3fbc9301ee17f30f4d474e6ae4b05252/library/std/src/panicking.rs:667:13
[INFO] [stdout]   15:     0x5bb03c0720f9 - std::sys::backtrace::__rust_end_short_backtrace::hb1a25b3da5d0ea08
[INFO] [stdout]                                at /rustc/df4ca44d3fbc9301ee17f30f4d474e6ae4b05252/library/std/src/sys/backtrace.rs:170:18
[INFO] [stdout]   16:     0x5bb03c0731fc - rust_begin_unwind
[INFO] [stdout]                                at /rustc/df4ca44d3fbc9301ee17f30f4d474e6ae4b05252/library/std/src/panicking.rs:665:5
[INFO] [stdout]   17:     0x5bb03c09ab80 - core::panicking::panic_fmt::ha9db07b529f9b256
[INFO] [stdout]                                at /rustc/df4ca44d3fbc9301ee17f30f4d474e6ae4b05252/library/core/src/panicking.rs:75:14
[INFO] [stdout]   18:     0x5bb03c09ac0c - core::panicking::panic::h993086813d94accc
[INFO] [stdout]                                at /rustc/df4ca44d3fbc9301ee17f30f4d474e6ae4b05252/library/core/src/panicking.rs:152:5
[INFO] [stdout]   19:     0x5bb03b939a9e - rusty_ao::ao::tests::test_result::{{closure}}::h5c10990b618ea59f
[INFO] [stdout]                                at /opt/rustwide/workdir/src/ao.rs:330:9
[INFO] [stdout]   20:     0x5bb03b92e552 - <core::pin::Pin<P> as core::future::future::Future>::poll::h92a514e9ed475421
[INFO] [stdout]                                at /rustc/df4ca44d3fbc9301ee17f30f4d474e6ae4b05252/library/core/src/future/future.rs:123:9
[INFO] [stdout]   21:     0x5bb03b92e64d - <core::pin::Pin<P> as core::future::future::Future>::poll::hf5fa49d4e51a0572
[INFO] [stdout]                                at /rustc/df4ca44d3fbc9301ee17f30f4d474e6ae4b05252/library/core/src/future/future.rs:123:9
[INFO] [stdout]   22:     0x5bb03b91e83f - tokio::runtime::scheduler::current_thread::CoreGuard::block_on::{{closure}}::{{closure}}::{{closure}}::h465bce9b5a374239
[INFO] [stdout]                                at /opt/rustwide/cargo-home/registry/src/index.crates.io-6f17d22bba15001f/tokio-1.41.0/src/runtime/scheduler/current_thread/mod.rs:729:57
[INFO] [stdout]   23:     0x5bb03b91e5c5 - tokio::runtime::coop::with_budget::h5ab4ada831bbf976
[INFO] [stdout]                                at /opt/rustwide/cargo-home/registry/src/index.crates.io-6f17d22bba15001f/tokio-1.41.0/src/runtime/coop.rs:107:5
[INFO] [stdout]   24:     0x5bb03b91e5c5 - tokio::runtime::coop::budget::ha9dfb2bb6c4e2c4d
[INFO] [stdout]                                at /opt/rustwide/cargo-home/registry/src/index.crates.io-6f17d22bba15001f/tokio-1.41.0/src/runtime/coop.rs:73:5
[INFO] [stdout]   25:     0x5bb03b91e5c5 - tokio::runtime::scheduler::current_thread::CoreGuard::block_on::{{closure}}::{{closure}}::h2c83d7226aca0ea9
[INFO] [stdout]                                at /opt/rustwide/cargo-home/registry/src/index.crates.io-6f17d22bba15001f/tokio-1.41.0/src/runtime/scheduler/current_thread/mod.rs:729:25
[INFO] [stdout]   26:     0x5bb03b91c3c0 - tokio::runtime::scheduler::current_thread::Context::enter::hb97b47830647a699
[INFO] [stdout]                                at /opt/rustwide/cargo-home/registry/src/index.crates.io-6f17d22bba15001f/tokio-1.41.0/src/runtime/scheduler/current_thread/mod.rs:428:19
[INFO] [stdout]   27:     0x5bb03b91de2e - tokio::runtime::scheduler::current_thread::CoreGuard::block_on::{{closure}}::hee3be525d8d30a31
[INFO] [stdout]                                at /opt/rustwide/cargo-home/registry/src/index.crates.io-6f17d22bba15001f/tokio-1.41.0/src/runtime/scheduler/current_thread/mod.rs:728:36
[INFO] [stdout]   28:     0x5bb03b91d284 - tokio::runtime::scheduler::current_thread::CoreGuard::enter::{{closure}}::h0e6473c57203a90b
[INFO] [stdout]                                at /opt/rustwide/cargo-home/registry/src/index.crates.io-6f17d22bba15001f/tokio-1.41.0/src/runtime/scheduler/current_thread/mod.rs:807:68
[INFO] [stdout]   29:     0x5bb03b92d3cb - tokio::runtime::context::scoped::Scoped<T>::set::hf951bac71851d6af
[INFO] [stdout]                                at /opt/rustwide/cargo-home/registry/src/index.crates.io-6f17d22bba15001f/tokio-1.41.0/src/runtime/context/scoped.rs:40:9
[INFO] [stdout]   30:     0x5bb03b931099 - tokio::runtime::context::set_scheduler::{{closure}}::hbd20088254819a75
[INFO] [stdout]                                at /opt/rustwide/cargo-home/registry/src/index.crates.io-6f17d22bba15001f/tokio-1.41.0/src/runtime/context.rs:180:26
[INFO] [stdout]   31:     0x5bb03b93362d - std::thread::local::LocalKey<T>::try_with::hc64ec0b03cd2fdaa
[INFO] [stdout]                                at /rustc/df4ca44d3fbc9301ee17f30f4d474e6ae4b05252/library/std/src/thread/local.rs:283:12
[INFO] [stdout]   32:     0x5bb03b932baa - std::thread::local::LocalKey<T>::with::hc79391076910c6e9
[INFO] [stdout]                                at /rustc/df4ca44d3fbc9301ee17f30f4d474e6ae4b05252/library/std/src/thread/local.rs:260:9
[INFO] [stdout]   33:     0x5bb03b930fcd - tokio::runtime::context::set_scheduler::h80877c50f81f6cbd
[INFO] [stdout]                                at /opt/rustwide/cargo-home/registry/src/index.crates.io-6f17d22bba15001f/tokio-1.41.0/src/runtime/context.rs:180:9
[INFO] [stdout]   34:     0x5bb03b91cc10 - tokio::runtime::scheduler::current_thread::CoreGuard::enter::h306474f1e89dfca2
[INFO] [stdout]                                at /opt/rustwide/cargo-home/registry/src/index.crates.io-6f17d22bba15001f/tokio-1.41.0/src/runtime/scheduler/current_thread/mod.rs:807:27
[INFO] [stdout]   35:     0x5bb03b91d323 - tokio::runtime::scheduler::current_thread::CoreGuard::block_on::h7f3bdd7faf68bd50
[INFO] [stdout]                                at /opt/rustwide/cargo-home/registry/src/index.crates.io-6f17d22bba15001f/tokio-1.41.0/src/runtime/scheduler/current_thread/mod.rs:716:19
[INFO] [stdout]   36:     0x5bb03b91b07f - tokio::runtime::scheduler::current_thread::CurrentThread::block_on::{{closure}}::h52a2d01985acf025
[INFO] [stdout]                                at /opt/rustwide/cargo-home/registry/src/index.crates.io-6f17d22bba15001f/tokio-1.41.0/src/runtime/scheduler/current_thread/mod.rs:196:28
[INFO] [stdout]   37:     0x5bb03b92d716 - tokio::runtime::context::runtime::enter_runtime::h56eb82fdf1e11955
[INFO] [stdout]                                at /opt/rustwide/cargo-home/registry/src/index.crates.io-6f17d22bba15001f/tokio-1.41.0/src/runtime/context/runtime.rs:65:16
[INFO] [stdout]   38:     0x5bb03b91ae21 - tokio::runtime::scheduler::current_thread::CurrentThread::block_on::he66494a861c657fe
[INFO] [stdout]                                at /opt/rustwide/cargo-home/registry/src/index.crates.io-6f17d22bba15001f/tokio-1.41.0/src/runtime/scheduler/current_thread/mod.rs:184:9
[INFO] [stdout]   39:     0x5bb03b936ca3 - tokio::runtime::runtime::Runtime::block_on_inner::ha2b0fc5da72c118c
[INFO] [stdout]                                at /opt/rustwide/cargo-home/registry/src/index.crates.io-6f17d22bba15001f/tokio-1.41.0/src/runtime/runtime.rs:368:47
[INFO] [stdout]   40:     0x5bb03b936e97 - tokio::runtime::runtime::Runtime::block_on::h47b74af91ddfcdab
[INFO] [stdout]                                at /opt/rustwide/cargo-home/registry/src/index.crates.io-6f17d22bba15001f/tokio-1.41.0/src/runtime/runtime.rs:342:13
[INFO] [stdout]   41:     0x5bb03b9392c1 - rusty_ao::ao::tests::test_result::h95e15e1011977079
[INFO] [stdout]                                at /opt/rustwide/workdir/src/ao.rs:331:9
[INFO] [stdout]   42:     0x5bb03b939167 - rusty_ao::ao::tests::test_result::{{closure}}::h63ed75cdbfa689f9
[INFO] [stdout]                                at /opt/rustwide/workdir/src/ao.rs:316:31
[INFO] [stdout]   43:     0x5bb03b9187b6 - core::ops::function::FnOnce::call_once::hb07e0524e1c15ecc
[INFO] [stdout]                                at /rustc/df4ca44d3fbc9301ee17f30f4d474e6ae4b05252/library/core/src/ops/function.rs:250:5
[INFO] [stdout]   44:     0x5bb03b97a16b - core::ops::function::FnOnce::call_once::h22c3ba5715e93f05
[INFO] [stdout]                                at /rustc/df4ca44d3fbc9301ee17f30f4d474e6ae4b05252/library/core/src/ops/function.rs:250:5
[INFO] [stdout]   45:     0x5bb03b97a16b - test::__rust_begin_short_backtrace::h8e82d8113d0da17f
[INFO] [stdout]                                at /rustc/df4ca44d3fbc9301ee17f30f4d474e6ae4b05252/library/test/src/lib.rs:621:18
[INFO] [stdout]   46:     0x5bb03b979ae7 - test::run_test_in_process::{{closure}}::h33235f4f20b7b7c7
[INFO] [stdout]                                at /rustc/df4ca44d3fbc9301ee17f30f4d474e6ae4b05252/library/test/src/lib.rs:644:60
[INFO] [stdout]   47:     0x5bb03b979ae7 - <core::panic::unwind_safe::AssertUnwindSafe<F> as core::ops::function::FnOnce<()>>::call_once::hb5043206310c586f
[INFO] [stdout]                                at /rustc/df4ca44d3fbc9301ee17f30f4d474e6ae4b05252/library/core/src/panic/unwind_safe.rs:272:9
[INFO] [stdout]   48:     0x5bb03b979ae7 - std::panicking::try::do_call::h9ad4731a60ab23e2
[INFO] [stdout]                                at /rustc/df4ca44d3fbc9301ee17f30f4d474e6ae4b05252/library/std/src/panicking.rs:557:40
[INFO] [stdout]   49:     0x5bb03b979ae7 - std::panicking::try::h3824d23db772a716
[INFO] [stdout]                                at /rustc/df4ca44d3fbc9301ee17f30f4d474e6ae4b05252/library/std/src/panicking.rs:520:19
[INFO] [stdout]   50:     0x5bb03b979ae7 - std::panic::catch_unwind::h5afd514605fde46b
[INFO] [stdout]                                at /rustc/df4ca44d3fbc9301ee17f30f4d474e6ae4b05252/library/std/src/panic.rs:358:14
[INFO] [stdout]   51:     0x5bb03b979ae7 - test::run_test_in_process::h0d5cbfa7067d1720
[INFO] [stdout]                                at /rustc/df4ca44d3fbc9301ee17f30f4d474e6ae4b05252/library/test/src/lib.rs:644:27
[INFO] [stdout]   52:     0x5bb03b979ae7 - test::run_test::{{closure}}::h708eb8872708115d
[INFO] [stdout]                                at /rustc/df4ca44d3fbc9301ee17f30f4d474e6ae4b05252/library/test/src/lib.rs:565:43
[INFO] [stdout]   53:     0x5bb03b93d204 - test::run_test::{{closure}}::h392c51cee94713ab
[INFO] [stdout]                                at /rustc/df4ca44d3fbc9301ee17f30f4d474e6ae4b05252/library/test/src/lib.rs:595:41
[INFO] [stdout]   54:     0x5bb03b93d204 - std::sys::backtrace::__rust_begin_short_backtrace::h2f40290710935a8b
[INFO] [stdout]                                at /rustc/df4ca44d3fbc9301ee17f30f4d474e6ae4b05252/library/std/src/sys/backtrace.rs:154:18
[INFO] [stdout]   55:     0x5bb03b9409ae - std::thread::Builder::spawn_unchecked_::{{closure}}::{{closure}}::h3fd968d89053a903
[INFO] [stdout]                                at /rustc/df4ca44d3fbc9301ee17f30f4d474e6ae4b05252/library/std/src/thread/mod.rs:541:17
[INFO] [stdout]   56:     0x5bb03b9409ae - <core::panic::unwind_safe::AssertUnwindSafe<F> as core::ops::function::FnOnce<()>>::call_once::h743f637ba4229880
[INFO] [stdout]                                at /rustc/df4ca44d3fbc9301ee17f30f4d474e6ae4b05252/library/core/src/panic/unwind_safe.rs:272:9
[INFO] [stdout]   57:     0x5bb03b9409ae - std::panicking::try::do_call::h07440897322525a6
[INFO] [stdout]                                at /rustc/df4ca44d3fbc9301ee17f30f4d474e6ae4b05252/library/std/src/panicking.rs:557:40
[INFO] [stdout]   58:     0x5bb03b9409ae - std::panicking::try::he5a2e00188156637
[INFO] [stdout]                                at /rustc/df4ca44d3fbc9301ee17f30f4d474e6ae4b05252/library/std/src/panicking.rs:520:19
[INFO] [stdout]   59:     0x5bb03b9409ae - std::panic::catch_unwind::hbaf3cae49b3c6433
[INFO] [stdout]                                at /rustc/df4ca44d3fbc9301ee17f30f4d474e6ae4b05252/library/std/src/panic.rs:358:14
[INFO] [stdout]   60:     0x5bb03b9409ae - std::thread::Builder::spawn_unchecked_::{{closure}}::h8e141ea224820bce
[INFO] [stdout]                                at /rustc/df4ca44d3fbc9301ee17f30f4d474e6ae4b05252/library/std/src/thread/mod.rs:540:30
[INFO] [stdout]   61:     0x5bb03b9409ae - core::ops::function::FnOnce::call_once{{vtable.shim}}::h90d312fedd7b8ea8
[INFO] [stdout]                                at /rustc/df4ca44d3fbc9301ee17f30f4d474e6ae4b05252/library/core/src/ops/function.rs:250:5
[INFO] [stdout]   62:     0x5bb03c077b0b - <alloc::boxed::Box<F,A> as core::ops::function::FnOnce<Args>>::call_once::h69aa08ddb6adb8b6
[INFO] [stdout]                                at /rustc/df4ca44d3fbc9301ee17f30f4d474e6ae4b05252/library/alloc/src/boxed.rs:2454:9
[INFO] [stdout]   63:     0x5bb03c077b0b - <alloc::boxed::Box<F,A> as core::ops::function::FnOnce<Args>>::call_once::h5aa36efdb79c806f
[INFO] [stdout]                                at /rustc/df4ca44d3fbc9301ee17f30f4d474e6ae4b05252/library/alloc/src/boxed.rs:2454:9
[INFO] [stdout]   64:     0x5bb03c077b0b - std::sys::pal::unix::thread::Thread::new::thread_start::h6cd80a1b4be5158d
[INFO] [stdout]                                at /rustc/df4ca44d3fbc9301ee17f30f4d474e6ae4b05252/library/std/src/sys/pal/unix/thread.rs:105:17
[INFO] [stdout]   65:     0x770592857ac3 - <unknown>
[INFO] [stdout]   66:     0x7705928e8a04 - clone
[INFO] [stdout]   67:                0x0 - <unknown>
[INFO] [stdout] 
[INFO] [stdout] ---- ao::tests::test_dry_run stdout ----
[INFO] [stdout] thread 'ao::tests::test_dry_run' panicked at src/ao.rs:369:9:
[INFO] [stdout] assertion failed: res.is_ok()
[INFO] [stdout] stack backtrace:
[INFO] [stdout]    0:     0x5bb03c071c1a - std::backtrace_rs::backtrace::libunwind::trace::h207520d6e9873551
[INFO] [stdout]                                at /rustc/df4ca44d3fbc9301ee17f30f4d474e6ae4b05252/library/std/src/../../backtrace/src/backtrace/libunwind.rs:116:5
[INFO] [stdout]    1:     0x5bb03c071c1a - std::backtrace_rs::backtrace::trace_unsynchronized::h2ed7433f370e3eca
[INFO] [stdout]                                at /rustc/df4ca44d3fbc9301ee17f30f4d474e6ae4b05252/library/std/src/../../backtrace/src/backtrace/mod.rs:66:5
[INFO] [stdout]    2:     0x5bb03c071c1a - std::sys::backtrace::_print_fmt::h916fac51166b18d7
[INFO] [stdout]                                at /rustc/df4ca44d3fbc9301ee17f30f4d474e6ae4b05252/library/std/src/sys/backtrace.rs:66:9
[INFO] [stdout]    3:     0x5bb03c071c1a - <std::sys::backtrace::BacktraceLock::print::DisplayBacktrace as core::fmt::Display>::fmt::ha0a4c9b8ce3802e6
[INFO] [stdout]                                at /rustc/df4ca44d3fbc9301ee17f30f4d474e6ae4b05252/library/std/src/sys/backtrace.rs:39:26
[INFO] [stdout]    4:     0x5bb03c09d1d3 - core::fmt::rt::Argument::fmt::h4cfc8587d52b3eb5
[INFO] [stdout]                                at /rustc/df4ca44d3fbc9301ee17f30f4d474e6ae4b05252/library/core/src/fmt/rt.rs:177:76
[INFO] [stdout]    5:     0x5bb03c09d1d3 - core::fmt::write::h522cc39e5b36ae9f
[INFO] [stdout]                                at /rustc/df4ca44d3fbc9301ee17f30f4d474e6ae4b05252/library/core/src/fmt/mod.rs:1190:21
[INFO] [stdout]    6:     0x5bb03c06db53 - std::io::Write::write_fmt::h7d3c26752da97734
[INFO] [stdout]                                at /rustc/df4ca44d3fbc9301ee17f30f4d474e6ae4b05252/library/std/src/io/mod.rs:1839:15
[INFO] [stdout]    7:     0x5bb03c071a62 - std::sys::backtrace::BacktraceLock::print::h4b9e00b29e9c0942
[INFO] [stdout]                                at /rustc/df4ca44d3fbc9301ee17f30f4d474e6ae4b05252/library/std/src/sys/backtrace.rs:42:9
[INFO] [stdout]    8:     0x5bb03c0730aa - std::panicking::default_hook::{{closure}}::hb59b88280d0324d9
[INFO] [stdout]                                at /rustc/df4ca44d3fbc9301ee17f30f4d474e6ae4b05252/library/std/src/panicking.rs:268:22
[INFO] [stdout]    9:     0x5bb03c072eb4 - std::panicking::default_hook::he1dd496665be4a29
[INFO] [stdout]                                at /rustc/df4ca44d3fbc9301ee17f30f4d474e6ae4b05252/library/std/src/panicking.rs:292:9
[INFO] [stdout]   10:     0x5bb03b975899 - <alloc::boxed::Box<F,A> as core::ops::function::Fn<Args>>::call::h4ff71de18744e1dc
[INFO] [stdout]                                at /rustc/df4ca44d3fbc9301ee17f30f4d474e6ae4b05252/library/alloc/src/boxed.rs:2468:9
[INFO] [stdout]   11:     0x5bb03b975899 - test::test_main::{{closure}}::hcf7c055ce117aa81
[INFO] [stdout]                                at /rustc/df4ca44d3fbc9301ee17f30f4d474e6ae4b05252/library/test/src/lib.rs:133:21
[INFO] [stdout]   12:     0x5bb03c0737a8 - <alloc::boxed::Box<F,A> as core::ops::function::Fn<Args>>::call::h1d66c6bbd60c9692
[INFO] [stdout]                                at /rustc/df4ca44d3fbc9301ee17f30f4d474e6ae4b05252/library/alloc/src/boxed.rs:2468:9
[INFO] [stdout]   13:     0x5bb03c0737a8 - std::panicking::rust_panic_with_hook::h2ff17fe8f26dfcf8
[INFO] [stdout]                                at /rustc/df4ca44d3fbc9301ee17f30f4d474e6ae4b05252/library/std/src/panicking.rs:809:13
[INFO] [stdout]   14:     0x5bb03c073536 - std::panicking::begin_panic_handler::{{closure}}::h4fad77951c07e101
[INFO] [stdout]                                at /rustc/df4ca44d3fbc9301ee17f30f4d474e6ae4b05252/library/std/src/panicking.rs:667:13
[INFO] [stdout]   15:     0x5bb03c0720f9 - std::sys::backtrace::__rust_end_short_backtrace::hb1a25b3da5d0ea08
[INFO] [stdout]                                at /rustc/df4ca44d3fbc9301ee17f30f4d474e6ae4b05252/library/std/src/sys/backtrace.rs:170:18
[INFO] [stdout]   16:     0x5bb03c0731fc - rust_begin_unwind
[INFO] [stdout]                                at /rustc/df4ca44d3fbc9301ee17f30f4d474e6ae4b05252/library/std/src/panicking.rs:665:5
[INFO] [stdout]   17:     0x5bb03c09ab80 - core::panicking::panic_fmt::ha9db07b529f9b256
[INFO] [stdout]                                at /rustc/df4ca44d3fbc9301ee17f30f4d474e6ae4b05252/library/core/src/panicking.rs:75:14
[INFO] [stdout]   18:     0x5bb03c09ac0c - core::panicking::panic::h993086813d94accc
[INFO] [stdout]                                at /rustc/df4ca44d3fbc9301ee17f30f4d474e6ae4b05252/library/core/src/panicking.rs:152:5
[INFO] [stdout]   19:     0x5bb03b93b61f - rusty_ao::ao::tests::test_dry_run::{{closure}}::h6f7d3bed8a41b0af
[INFO] [stdout]                                at /opt/rustwide/workdir/src/ao.rs:369:9
[INFO] [stdout]   20:     0x5bb03b92e552 - <core::pin::Pin<P> as core::future::future::Future>::poll::h92a514e9ed475421
[INFO] [stdout]                                at /rustc/df4ca44d3fbc9301ee17f30f4d474e6ae4b05252/library/core/src/future/future.rs:123:9
[INFO] [stdout]   21:     0x5bb03b92e64d - <core::pin::Pin<P> as core::future::future::Future>::poll::hf5fa49d4e51a0572
[INFO] [stdout]                                at /rustc/df4ca44d3fbc9301ee17f30f4d474e6ae4b05252/library/core/src/future/future.rs:123:9
[INFO] [stdout]   22:     0x5bb03b91e83f - tokio::runtime::scheduler::current_thread::CoreGuard::block_on::{{closure}}::{{closure}}::{{closure}}::h465bce9b5a374239
[INFO] [stdout]                                at /opt/rustwide/cargo-home/registry/src/index.crates.io-6f17d22bba15001f/tokio-1.41.0/src/runtime/scheduler/current_thread/mod.rs:729:57
[INFO] [stdout]   23:     0x5bb03b91e5c5 - tokio::runtime::coop::with_budget::h5ab4ada831bbf976
[INFO] [stdout]                                at /opt/rustwide/cargo-home/registry/src/index.crates.io-6f17d22bba15001f/tokio-1.41.0/src/runtime/coop.rs:107:5
[INFO] [stdout]   24:     0x5bb03b91e5c5 - tokio::runtime::coop::budget::ha9dfb2bb6c4e2c4d
[INFO] [stdout]                                at /opt/rustwide/cargo-home/registry/src/index.crates.io-6f17d22bba15001f/tokio-1.41.0/src/runtime/coop.rs:73:5
[INFO] [stdout]   25:     0x5bb03b91e5c5 - tokio::runtime::scheduler::current_thread::CoreGuard::block_on::{{closure}}::{{closure}}::h2c83d7226aca0ea9
[INFO] [stdout]                                at /opt/rustwide/cargo-home/registry/src/index.crates.io-6f17d22bba15001f/tokio-1.41.0/src/runtime/scheduler/current_thread/mod.rs:729:25
[INFO] [stdout]   26:     0x5bb03b91c3c0 - tokio::runtime::scheduler::current_thread::Context::enter::hb97b47830647a699
[INFO] [stdout]                                at /opt/rustwide/cargo-home/registry/src/index.crates.io-6f17d22bba15001f/tokio-1.41.0/src/runtime/scheduler/current_thread/mod.rs:428:19
[INFO] [stdout]   27:     0x5bb03b91de2e - tokio::runtime::scheduler::current_thread::CoreGuard::block_on::{{closure}}::hee3be525d8d30a31
[INFO] [stdout]                                at /opt/rustwide/cargo-home/registry/src/index.crates.io-6f17d22bba15001f/tokio-1.41.0/src/runtime/scheduler/current_thread/mod.rs:728:36
[INFO] [stdout]   28:     0x5bb03b91d284 - tokio::runtime::scheduler::current_thread::CoreGuard::enter::{{closure}}::h0e6473c57203a90b
[INFO] [stdout]                                at /opt/rustwide/cargo-home/registry/src/index.crates.io-6f17d22bba15001f/tokio-1.41.0/src/runtime/scheduler/current_thread/mod.rs:807:68
[INFO] [stdout]   29:     0x5bb03b92d3cb - tokio::runtime::context::scoped::Scoped<T>::set::hf951bac71851d6af
[INFO] [stdout]                                at /opt/rustwide/cargo-home/registry/src/index.crates.io-6f17d22bba15001f/tokio-1.41.0/src/runtime/context/scoped.rs:40:9
[INFO] [stdout]   30:     0x5bb03b931099 - tokio::runtime::context::set_scheduler::{{closure}}::hbd20088254819a75
[INFO] [stdout]                                at /opt/rustwide/cargo-home/registry/src/index.crates.io-6f17d22bba15001f/tokio-1.41.0/src/runtime/context.rs:180:26
[INFO] [stdout]   31:     0x5bb03b93362d - std::thread::local::LocalKey<T>::try_with::hc64ec0b03cd2fdaa
[INFO] [stdout]                                at /rustc/df4ca44d3fbc9301ee17f30f4d474e6ae4b05252/library/std/src/thread/local.rs:283:12
[INFO] [stdout]   32:     0x5bb03b932baa - std::thread::local::LocalKey<T>::with::hc79391076910c6e9
[INFO] [stdout]                                at /rustc/df4ca44d3fbc9301ee17f30f4d474e6ae4b05252/library/std/src/thread/local.rs:260:9
[INFO] [stdout]   33:     0x5bb03b930fcd - tokio::runtime::context::set_scheduler::h80877c50f81f6cbd
[INFO] [stdout]                                at /opt/rustwide/cargo-home/registry/src/index.crates.io-6f17d22bba15001f/tokio-1.41.0/src/runtime/context.rs:180:9
[INFO] [stdout]   34:     0x5bb03b91cc10 - tokio::runtime::scheduler::current_thread::CoreGuard::enter::h306474f1e89dfca2
[INFO] [stdout]                                at /opt/rustwide/cargo-home/registry/src/index.crates.io-6f17d22bba15001f/tokio-1.41.0/src/runtime/scheduler/current_thread/mod.rs:807:27
[INFO] [stdout]   35:     0x5bb03b91d323 - tokio::runtime::scheduler::current_thread::CoreGuard::block_on::h7f3bdd7faf68bd50
[INFO] [stdout]                                at /opt/rustwide/cargo-home/registry/src/index.crates.io-6f17d22bba15001f/tokio-1.41.0/src/runtime/scheduler/current_thread/mod.rs:716:19
[INFO] [stdout]   36:     0x5bb03b91b07f - tokio::runtime::scheduler::current_thread::CurrentThread::block_on::{{closure}}::h52a2d01985acf025
[INFO] [stdout]                                at /opt/rustwide/cargo-home/registry/src/index.crates.io-6f17d22bba15001f/tokio-1.41.0/src/runtime/scheduler/current_thread/mod.rs:196:28
[INFO] [stdout]   37:     0x5bb03b92d716 - tokio::runtime::context::runtime::enter_runtime::h56eb82fdf1e11955
[INFO] [stdout]                                at /opt/rustwide/cargo-home/registry/src/index.crates.io-6f17d22bba15001f/tokio-1.41.0/src/runtime/context/runtime.rs:65:16
[INFO] [stdout]   38:     0x5bb03b91ae21 - tokio::runtime::scheduler::current_thread::CurrentThread::block_on::he66494a861c657fe
[INFO] [stdout]                                at /opt/rustwide/cargo-home/registry/src/index.crates.io-6f17d22bba15001f/tokio-1.41.0/src/runtime/scheduler/current_thread/mod.rs:184:9
[INFO] [stdout]   39:     0x5bb03b936ca3 - tokio::runtime::runtime::Runtime::block_on_inner::ha2b0fc5da72c118c
[INFO] [stdout]                                at /opt/rustwide/cargo-home/registry/src/index.crates.io-6f17d22bba15001f/tokio-1.41.0/src/runtime/runtime.rs:368:47
[INFO] [stdout]   40:     0x5bb03b936e97 - tokio::runtime::runtime::Runtime::block_on::h47b74af91ddfcdab
[INFO] [stdout]                                at /opt/rustwide/cargo-home/registry/src/index.crates.io-6f17d22bba15001f/tokio-1.41.0/src/runtime/runtime.rs:342:13
[INFO] [stdout]   41:     0x5bb03b93ac61 - rusty_ao::ao::tests::test_dry_run::hbf3f52687a983264
[INFO] [stdout]                                at /opt/rustwide/workdir/src/ao.rs:370:9
[INFO] [stdout]   42:     0x5bb03b93ab07 - rusty_ao::ao::tests::test_dry_run::{{closure}}::hd280a184d5d01dba
[INFO] [stdout]                                at /opt/rustwide/workdir/src/ao.rs:352:32
[INFO] [stdout]   43:     0x5bb03b9186e6 - core::ops::function::FnOnce::call_once::h818adb96307568dd
[INFO] [stdout]                                at /rustc/df4ca44d3fbc9301ee17f30f4d474e6ae4b05252/library/core/src/ops/function.rs:250:5
[INFO] [stdout]   44:     0x5bb03b97a16b - core::ops::function::FnOnce::call_once::h22c3ba5715e93f05
[INFO] [stdout]                                at /rustc/df4ca44d3fbc9301ee17f30f4d474e6ae4b05252/library/core/src/ops/function.rs:250:5
[INFO] [stdout]   45:     0x5bb03b97a16b - test::__rust_begin_short_backtrace::h8e82d8113d0da17f
[INFO] [stdout]                                at /rustc/df4ca44d3fbc9301ee17f30f4d474e6ae4b05252/library/test/src/lib.rs:621:18
[INFO] [stdout]   46:     0x5bb03b979ae7 - test::run_test_in_process::{{closure}}::h33235f4f20b7b7c7
[INFO] [stdout]                                at /rustc/df4ca44d3fbc9301ee17f30f4d474e6ae4b05252/library/test/src/lib.rs:644:60
[INFO] [stdout]   47:     0x5bb03b979ae7 - <core::panic::unwind_safe::AssertUnwindSafe<F> as core::ops::function::FnOnce<()>>::call_once::hb5043206310c586f
[INFO] [stdout]                                at /rustc/df4ca44d3fbc9301ee17f30f4d474e6ae4b05252/library/core/src/panic/unwind_safe.rs:272:9
[INFO] [stdout]   48:     0x5bb03b979ae7 - std::panicking::try::do_call::h9ad4731a60ab23e2
[INFO] [stdout]                                at /rustc/df4ca44d3fbc9301ee17f30f4d474e6ae4b05252/library/std/src/panicking.rs:557:40
[INFO] [stdout]   49:     0x5bb03b979ae7 - std::panicking::try::h3824d23db772a716
[INFO] [stdout]                                at /rustc/df4ca44d3fbc9301ee17f30f4d474e6ae4b05252/library/std/src/panicking.rs:520:19
[INFO] [stdout]   50:     0x5bb03b979ae7 - std::panic::catch_unwind::h5afd514605fde46b
[INFO] [stdout]                                at /rustc/df4ca44d3fbc9301ee17f30f4d474e6ae4b05252/library/std/src/panic.rs:358:14
[INFO] [stdout]   51:     0x5bb03b979ae7 - test::run_test_in_process::h0d5cbfa7067d1720
[INFO] [stdout]                                at /rustc/df4ca44d3fbc9301ee17f30f4d474e6ae4b05252/library/test/src/lib.rs:644:27
[INFO] [stdout]   52:     0x5bb03b979ae7 - test::run_test::{{closure}}::h708eb8872708115d
[INFO] [stdout]                                at /rustc/df4ca44d3fbc9301ee17f30f4d474e6ae4b05252/library/test/src/lib.rs:565:43
[INFO] [stdout]   53:     0x5bb03b93d204 - test::run_test::{{closure}}::h392c51cee94713ab
[INFO] [stdout]                                at /rustc/df4ca44d3fbc9301ee17f30f4d474e6ae4b05252/library/test/src/lib.rs:595:41
[INFO] [stdout]   54:     0x5bb03b93d204 - std::sys::backtrace::__rust_begin_short_backtrace::h2f40290710935a8b
[INFO] [stdout]                                at /rustc/df4ca44d3fbc9301ee17f30f4d474e6ae4b05252/library/std/src/sys/backtrace.rs:154:18
[INFO] [stdout]   55:     0x5bb03b9409ae - std::thread::Builder::spawn_unchecked_::{{closure}}::{{closure}}::h3fd968d89053a903
[INFO] [stdout]                                at /rustc/df4ca44d3fbc9301ee17f30f4d474e6ae4b05252/library/std/src/thread/mod.rs:541:17
[INFO] [stdout]   56:     0x5bb03b9409ae - <core::panic::unwind_safe::AssertUnwindSafe<F> as core::ops::function::FnOnce<()>>::call_once::h743f637ba4229880
[INFO] [stdout]                                at /rustc/df4ca44d3fbc9301ee17f30f4d474e6ae4b05252/library/core/src/panic/unwind_safe.rs:272:9
[INFO] [stdout]   57:     0x5bb03b9409ae - std::panicking::try::do_call::h07440897322525a6
[INFO] [stdout]                                at /rustc/df4ca44d3fbc9301ee17f30f4d474e6ae4b05252/library/std/src/panicking.rs:557:40
[INFO] [stdout]   58:     0x5bb03b9409ae - std::panicking::try::he5a2e00188156637
[INFO] [stdout]                                at /rustc/df4ca44d3fbc9301ee17f30f4d474e6ae4b05252/library/std/src/panicking.rs:520:19
[INFO] [stdout]   59:     0x5bb03b9409ae - std::panic::catch_unwind::hbaf3cae49b3c6433
[INFO] [stdout]                                at /rustc/df4ca44d3fbc9301ee17f30f4d474e6ae4b05252/library/std/src/panic.rs:358:14
[INFO] [stdout]   60:     0x5bb03b9409ae - std::thread::Builder::spawn_unchecked_::{{closure}}::h8e141ea224820bce
[INFO] [stdout]                                at /rustc/df4ca44d3fbc9301ee17f30f4d474e6ae4b05252/library/std/src/thread/mod.rs:540:30
[INFO] [stdout]   61:     0x5bb03b9409ae - core::ops::function::FnOnce::call_once{{vtable.shim}}::h90d312fedd7b8ea8
[INFO] [stdout]                                at /rustc/df4ca44d3fbc9301ee17f30f4d474e6ae4b05252/library/core/src/ops/function.rs:250:5
[INFO] [stdout]   62:     0x5bb03c077b0b - <alloc::boxed::Box<F,A> as core::ops::function::FnOnce<Args>>::call_once::h69aa08ddb6adb8b6
[INFO] [stdout]                                at /rustc/df4ca44d3fbc9301ee17f30f4d474e6ae4b05252/library/alloc/src/boxed.rs:2454:9
[INFO] [stdout]   63:     0x5bb03c077b0b - <alloc::boxed::Box<F,A> as core::ops::function::FnOnce<Args>>::call_once::h5aa36efdb79c806f
[INFO] [stdout]                                at /rustc/df4ca44d3fbc9301ee17f30f4d474e6ae4b05252/library/alloc/src/boxed.rs:2454:9
[INFO] [stdout]   64:     0x5bb03c077b0b - std::sys::pal::unix::thread::Thread::new::thread_start::h6cd80a1b4be5158d
[INFO] [stdout]                                at /rustc/df4ca44d3fbc9301ee17f30f4d474e6ae4b05252/library/std/src/sys/pal/unix/thread.rs:105:17
[INFO] [stdout]   65:     0x770592857ac3 - <unknown>
[INFO] [stdout]   66:     0x7705928e8a04 - clone
[INFO] [stdout]   67:                0x0 - <unknown>
[INFO] [stdout] 
[INFO] [stdout] ---- ao::tests::test_spawn stdout ----
[INFO] [stdout] Err(InvalidServerResponse)
[INFO] [stdout] thread 'ao::tests::test_spawn' panicked at src/ao.rs:347:9:
[INFO] [stdout] assertion failed: res.is_ok()
[INFO] [stdout] stack backtrace:
[INFO] [stdout]    0:     0x5bb03c071c1a - std::backtrace_rs::backtrace::libunwind::trace::h207520d6e9873551
[INFO] [stdout]                                at /rustc/df4ca44d3fbc9301ee17f30f4d474e6ae4b05252/library/std/src/../../backtrace/src/backtrace/libunwind.rs:116:5
[INFO] [stdout]    1:     0x5bb03c071c1a - std::backtrace_rs::backtrace::trace_unsynchronized::h2ed7433f370e3eca
[INFO] [stdout]                                at /rustc/df4ca44d3fbc9301ee17f30f4d474e6ae4b05252/library/std/src/../../backtrace/src/backtrace/mod.rs:66:5
[INFO] [stdout]    2:     0x5bb03c071c1a - std::sys::backtrace::_print_fmt::h916fac51166b18d7
[INFO] [stdout]                                at /rustc/df4ca44d3fbc9301ee17f30f4d474e6ae4b05252/library/std/src/sys/backtrace.rs:66:9
[INFO] [stdout]    3:     0x5bb03c071c1a - <std::sys::backtrace::BacktraceLock::print::DisplayBacktrace as core::fmt::Display>::fmt::ha0a4c9b8ce3802e6
[INFO] [stdout]                                at /rustc/df4ca44d3fbc9301ee17f30f4d474e6ae4b05252/library/std/src/sys/backtrace.rs:39:26
[INFO] [stdout]    4:     0x5bb03c09d1d3 - core::fmt::rt::Argument::fmt::h4cfc8587d52b3eb5
[INFO] [stdout]                                at /rustc/df4ca44d3fbc9301ee17f30f4d474e6ae4b05252/library/core/src/fmt/rt.rs:177:76
[INFO] [stdout]    5:     0x5bb03c09d1d3 - core::fmt::write::h522cc39e5b36ae9f
[INFO] [stdout]                                at /rustc/df4ca44d3fbc9301ee17f30f4d474e6ae4b05252/library/core/src/fmt/mod.rs:1190:21
[INFO] [stdout]    6:     0x5bb03c06db53 - std::io::Write::write_fmt::h7d3c26752da97734
[INFO] [stdout]                                at /rustc/df4ca44d3fbc9301ee17f30f4d474e6ae4b05252/library/std/src/io/mod.rs:1839:15
[INFO] [stdout]    7:     0x5bb03c071a62 - std::sys::backtrace::BacktraceLock::print::h4b9e00b29e9c0942
[INFO] [stdout]                                at /rustc/df4ca44d3fbc9301ee17f30f4d474e6ae4b05252/library/std/src/sys/backtrace.rs:42:9
[INFO] [stdout]    8:     0x5bb03c0730aa - std::panicking::default_hook::{{closure}}::hb59b88280d0324d9
[INFO] [stdout]                                at /rustc/df4ca44d3fbc9301ee17f30f4d474e6ae4b05252/library/std/src/panicking.rs:268:22
[INFO] [stdout]    9:     0x5bb03c072eb4 - std::panicking::default_hook::he1dd496665be4a29
[INFO] [stdout]                                at /rustc/df4ca44d3fbc9301ee17f30f4d474e6ae4b05252/library/std/src/panicking.rs:292:9
[INFO] [stdout]   10:     0x5bb03b975899 - <alloc::boxed::Box<F,A> as core::ops::function::Fn<Args>>::call::h4ff71de18744e1dc
[INFO] [stdout]                                at /rustc/df4ca44d3fbc9301ee17f30f4d474e6ae4b05252/library/alloc/src/boxed.rs:2468:9
[INFO] [stdout]   11:     0x5bb03b975899 - test::test_main::{{closure}}::hcf7c055ce117aa81
[INFO] [stdout]                                at /rustc/df4ca44d3fbc9301ee17f30f4d474e6ae4b05252/library/test/src/lib.rs:133:21
[INFO] [stdout]   12:     0x5bb03c0737a8 - <alloc::boxed::Box<F,A> as core::ops::function::Fn<Args>>::call::h1d66c6bbd60c9692
[INFO] [stdout]                                at /rustc/df4ca44d3fbc9301ee17f30f4d474e6ae4b05252/library/alloc/src/boxed.rs:2468:9
[INFO] [stdout]   13:     0x5bb03c0737a8 - std::panicking::rust_panic_with_hook::h2ff17fe8f26dfcf8
[INFO] [stdout]                                at /rustc/df4ca44d3fbc9301ee17f30f4d474e6ae4b05252/library/std/src/panicking.rs:809:13
[INFO] [stdout]   14:     0x5bb03c073536 - std::panicking::begin_panic_handler::{{closure}}::h4fad77951c07e101
[INFO] [stdout]                                at /rustc/df4ca44d3fbc9301ee17f30f4d474e6ae4b05252/library/std/src/panicking.rs:667:13
[INFO] [stdout]   15:     0x5bb03c0720f9 - std::sys::backtrace::__rust_end_short_backtrace::hb1a25b3da5d0ea08
[INFO] [stdout]                                at /rustc/df4ca44d3fbc9301ee17f30f4d474e6ae4b05252/library/std/src/sys/backtrace.rs:170:18
[INFO] [stdout]   16:     0x5bb03c0731fc - rust_begin_unwind
[INFO] [stdout]                                at /rustc/df4ca44d3fbc9301ee17f30f4d474e6ae4b05252/library/std/src/panicking.rs:665:5
[INFO] [stdout]   17:     0x5bb03c09ab80 - core::panicking::panic_fmt::ha9db07b529f9b256
[INFO] [stdout]                                at /rustc/df4ca44d3fbc9301ee17f30f4d474e6ae4b05252/library/core/src/panicking.rs:75:14
[INFO] [stdout]   18:     0x5bb03c09ac0c - core::panicking::panic::h993086813d94accc
[INFO] [stdout]                                at /rustc/df4ca44d3fbc9301ee17f30f4d474e6ae4b05252/library/core/src/panicking.rs:152:5
[INFO] [stdout]   19:     0x5bb03b93a791 - rusty_ao::ao::tests::test_spawn::{{closure}}::h0551f1c1f00a3e39
[INFO] [stdout]                                at /opt/rustwide/workdir/src/ao.rs:347:9
[INFO] [stdout]   20:     0x5bb03b92e552 - <core::pin::Pin<P> as core::future::future::Future>::poll::h92a514e9ed475421
[INFO] [stdout]                                at /rustc/df4ca44d3fbc9301ee17f30f4d474e6ae4b05252/library/core/src/future/future.rs:123:9
[INFO] [stdout]   21:     0x5bb03b92e64d - <core::pin::Pin<P> as core::future::future::Future>::poll::hf5fa49d4e51a0572
[INFO] [stdout]                                at /rustc/df4ca44d3fbc9301ee17f30f4d474e6ae4b05252/library/core/src/future/future.rs:123:9
[INFO] [stdout]   22:     0x5bb03b91e83f - tokio::runtime::scheduler::current_thread::CoreGuard::block_on::{{closure}}::{{closure}}::{{closure}}::h465bce9b5a374239
[INFO] [stdout]                                at /opt/rustwide/cargo-home/registry/src/index.crates.io-6f17d22bba15001f/tokio-1.41.0/src/runtime/scheduler/current_thread/mod.rs:729:57
[INFO] [stdout]   23:     0x5bb03b91e5c5 - tokio::runtime::coop::with_budget::h5ab4ada831bbf976
[INFO] [stdout]                                at /opt/rustwide/cargo-home/registry/src/index.crates.io-6f17d22bba15001f/tokio-1.41.0/src/runtime/coop.rs:107:5
[INFO] [stdout]   24:     0x5bb03b91e5c5 - tokio::runtime::coop::budget::ha9dfb2bb6c4e2c4d
[INFO] [stdout]                                at /opt/rustwide/cargo-home/registry/src/index.crates.io-6f17d22bba15001f/tokio-1.41.0/src/runtime/coop.rs:73:5
[INFO] [stdout]   25:     0x5bb03b91e5c5 - tokio::runtime::scheduler::current_thread::CoreGuard::block_on::{{closure}}::{{closure}}::h2c83d7226aca0ea9
[INFO] [stdout]                                at /opt/rustwide/cargo-home/registry/src/index.crates.io-6f17d22bba15001f/tokio-1.41.0/src/runtime/scheduler/current_thread/mod.rs:729:25
[INFO] [stdout]   26:     0x5bb03b91c3c0 - tokio::runtime::scheduler::current_thread::Context::enter::hb97b47830647a699
[INFO] [stdout]                                at /opt/rustwide/cargo-home/registry/src/index.crates.io-6f17d22bba15001f/tokio-1.41.0/src/runtime/scheduler/current_thread/mod.rs:428:19
[INFO] [stdout]   27:     0x5bb03b91de2e - tokio::runtime::scheduler::current_thread::CoreGuard::block_on::{{closure}}::hee3be525d8d30a31
[INFO] [stdout]                                at /opt/rustwide/cargo-home/registry/src/index.crates.io-6f17d22bba15001f/tokio-1.41.0/src/runtime/scheduler/current_thread/mod.rs:728:36
[INFO] [stdout]   28:     0x5bb03b91d284 - tokio::runtime::scheduler::current_thread::CoreGuard::enter::{{closure}}::h0e6473c57203a90b
[INFO] [stdout]                                at /opt/rustwide/cargo-home/registry/src/index.crates.io-6f17d22bba15001f/tokio-1.41.0/src/runtime/scheduler/current_thread/mod.rs:807:68
[INFO] [stdout]   29:     0x5bb03b92d3cb - tokio::runtime::context::scoped::Scoped<T>::set::hf951bac71851d6af
[INFO] [stdout]                                at /opt/rustwide/cargo-home/registry/src/index.crates.io-6f17d22bba15001f/tokio-1.41.0/src/runtime/context/scoped.rs:40:9
[INFO] [stdout]   30:     0x5bb03b931099 - tokio::runtime::context::set_scheduler::{{closure}}::hbd20088254819a75
[INFO] [stdout]                                at /opt/rustwide/cargo-home/registry/src/index.crates.io-6f17d22bba15001f/tokio-1.41.0/src/runtime/context.rs:180:26
[INFO] [stdout]   31:     0x5bb03b93362d - std::thread::local::LocalKey<T>::try_with::hc64ec0b03cd2fdaa
[INFO] [stdout]                                at /rustc/df4ca44d3fbc9301ee17f30f4d474e6ae4b05252/library/std/src/thread/local.rs:283:12
[INFO] [stdout]   32:     0x5bb03b932baa - std::thread::local::LocalKey<T>::with::hc79391076910c6e9
[INFO] [stdout]                                at /rustc/df4ca44d3fbc9301ee17f30f4d474e6ae4b05252/library/std/src/thread/local.rs:260:9
[INFO] [stdout]   33:     0x5bb03b930fcd - tokio::runtime::context::set_scheduler::h80877c50f81f6cbd
[INFO] [stdout]                                at /opt/rustwide/cargo-home/registry/src/index.crates.io-6f17d22bba15001f/tokio-1.41.0/src/runtime/context.rs:180:9
[INFO] [stdout]   34:     0x5bb03b91cc10 - tokio::runtime::scheduler::current_thread::CoreGuard::enter::h306474f1e89dfca2
[INFO] [stdout]                                at /opt/rustwide/cargo-home/registry/src/index.crates.io-6f17d22bba15001f/tokio-1.41.0/src/runtime/scheduler/current_thread/mod.rs:807:27
[INFO] [stdout]   35:     0x5bb03b91d323 - tokio::runtime::scheduler::current_thread::CoreGuard::block_on::h7f3bdd7faf68bd50
[INFO] [stdout]                                at /opt/rustwide/cargo-home/registry/src/index.crates.io-6f17d22bba15001f/tokio-1.41.0/src/runtime/scheduler/current_thread/mod.rs:716:19
[INFO] [stdout]   36:     0x5bb03b91b07f - tokio::runtime::scheduler::current_thread::CurrentThread::block_on::{{closure}}::h52a2d01985acf025
[INFO] [stdout]                                at /opt/rustwide/cargo-home/registry/src/index.crates.io-6f17d22bba15001f/tokio-1.41.0/src/runtime/scheduler/current_thread/mod.rs:196:28
[INFO] [stdout]   37:     0x5bb03b92d716 - tokio::runtime::context::runtime::enter_runtime::h56eb82fdf1e11955
[INFO] [stdout]                                at /opt/rustwide/cargo-home/registry/src/index.crates.io-6f17d22bba15001f/tokio-1.41.0/src/runtime/context/runtime.rs:65:16
[INFO] [stdout]   38:     0x5bb03b91ae21 - tokio::runtime::scheduler::current_thread::CurrentThread::block_on::he66494a861c657fe
[INFO] [stdout]                                at /opt/rustwide/cargo-home/registry/src/index.crates.io-6f17d22bba15001f/tokio-1.41.0/src/runtime/scheduler/current_thread/mod.rs:184:9
[INFO] [stdout]   39:     0x5bb03b936ca3 - tokio::runtime::runtime::Runtime::block_on_inner::ha2b0fc5da72c118c
[INFO] [stdout]                                at /opt/rustwide/cargo-home/registry/src/index.crates.io-6f17d22bba15001f/tokio-1.41.0/src/runtime/runtime.rs:368:47
[INFO] [stdout]   40:     0x5bb03b936e97 - tokio::runtime::runtime::Runtime::block_on::h47b74af91ddfcdab
[INFO] [stdout]                                at /opt/rustwide/cargo-home/registry/src/index.crates.io-6f17d22bba15001f/tokio-1.41.0/src/runtime/runtime.rs:342:13
[INFO] [stdout]   41:     0x5bb03b939f82 - rusty_ao::ao::tests::test_spawn::hbf67714316832f20
[INFO] [stdout]                                at /opt/rustwide/workdir/src/ao.rs:348:9
[INFO] [stdout]   42:     0x5bb03b939e17 - rusty_ao::ao::tests::test_spawn::{{closure}}::hebec2b2cb9a06230
[INFO] [stdout]                                at /opt/rustwide/workdir/src/ao.rs:335:30
[INFO] [stdout]   43:     0x5bb03b9187f6 - core::ops::function::FnOnce::call_once::hc40166344f6a31a3
[INFO] [stdout]                                at /rustc/df4ca44d3fbc9301ee17f30f4d474e6ae4b05252/library/core/src/ops/function.rs:250:5
[INFO] [stdout]   44:     0x5bb03b97a16b - core::ops::function::FnOnce::call_once::h22c3ba5715e93f05
[INFO] [stdout]                                at /rustc/df4ca44d3fbc9301ee17f30f4d474e6ae4b05252/library/core/src/ops/function.rs:250:5
[INFO] [stdout]   45:     0x5bb03b97a16b - test::__rust_begin_short_backtrace::h8e82d8113d0da17f
[INFO] [stdout]                                at /rustc/df4ca44d3fbc9301ee17f30f4d474e6ae4b05252/library/test/src/lib.rs:621:18
[INFO] [stdout]   46:     0x5bb03b979ae7 - test::run_test_in_process::{{closure}}::h33235f4f20b7b7c7
[INFO] [stdout]                                at /rustc/df4ca44d3fbc9301ee17f30f4d474e6ae4b05252/library/test/src/lib.rs:644:60
[INFO] [stdout]   47:     0x5bb03b979ae7 - <core::panic::unwind_safe::AssertUnwindSafe<F> as core::ops::function::FnOnce<()>>::call_once::hb5043206310c586f
[INFO] [stdout]                                at /rustc/df4ca44d3fbc9301ee17f30f4d474e6ae4b05252/library/core/src/panic/unwind_safe.rs:272:9
[INFO] [stdout]   48:     0x5bb03b979ae7 - std::panicking::try::do_call::h9ad4731a60ab23e2
[INFO] [stdout]                                at /rustc/df4ca44d3fbc9301ee17f30f4d474e6ae4b05252/library/std/src/panicking.rs:557:40
[INFO] [stdout]   49:     0x5bb03b979ae7 - std::panicking::try::h3824d23db772a716
[INFO] [stdout]                                at /rustc/df4ca44d3fbc9301ee17f30f4d474e6ae4b05252/library/std/src/panicking.rs:520:19
[INFO] [stdout]   50:     0x5bb03b979ae7 - std::panic::catch_unwind::h5afd514605fde46b
[INFO] [stdout]                                at /rustc/df4ca44d3fbc9301ee17f30f4d474e6ae4b05252/library/std/src/panic.rs:358:14
[INFO] [stdout]   51:     0x5bb03b979ae7 - test::run_test_in_process::h0d5cbfa7067d1720
[INFO] [stdout]                                at /rustc/df4ca44d3fbc9301ee17f30f4d474e6ae4b05252/library/test/src/lib.rs:644:27
[INFO] [stdout]   52:     0x5bb03b979ae7 - test::run_test::{{closure}}::h708eb8872708115d
[INFO] [stdout]                                at /rustc/df4ca44d3fbc9301ee17f30f4d474e6ae4b05252/library/test/src/lib.rs:565:43
[INFO] [stdout]   53:     0x5bb03b93d204 - test::run_test::{{closure}}::h392c51cee94713ab
[INFO] [stdout]                                at /rustc/df4ca44d3fbc9301ee17f30f4d474e6ae4b05252/library/test/src/lib.rs:595:41
[INFO] [stdout]   54:     0x5bb03b93d204 - std::sys::backtrace::__rust_begin_short_backtrace::h2f40290710935a8b
[INFO] [stdout]                                at /rustc/df4ca44d3fbc9301ee17f30f4d474e6ae4b05252/library/std/src/sys/backtrace.rs:154:18
[INFO] [stdout]   55:     0x5bb03b9409ae - std::thread::Builder::spawn_unchecked_::{{closure}}::{{closure}}::h3fd968d89053a903
[INFO] [stdout]                                at /rustc/df4ca44d3fbc9301ee17f30f4d474e6ae4b05252/library/std/src/thread/mod.rs:541:17
[INFO] [stdout]   56:     0x5bb03b9409ae - <core::panic::unwind_safe::AssertUnwindSafe<F> as core::ops::function::FnOnce<()>>::call_once::h743f637ba4229880
[INFO] [stdout]                                at /rustc/df4ca44d3fbc9301ee17f30f4d474e6ae4b05252/library/core/src/panic/unwind_safe.rs:272:9
[INFO] [stdout]   57:     0x5bb03b9409ae - std::panicking::try::do_call::h07440897322525a6
[INFO] [stdout]                                at /rustc/df4ca44d3fbc9301ee17f30f4d474e6ae4b05252/library/std/src/panicking.rs:557:40
[INFO] [stdout]   58:     0x5bb03b9409ae - std::panicking::try::he5a2e00188156637
[INFO] [stdout]                                at /rustc/df4ca44d3fbc9301ee17f30f4d474e6ae4b05252/library/std/src/panicking.rs:520:19
[INFO] [stdout]   59:     0x5bb03b9409ae - std::panic::catch_unwind::hbaf3cae49b3c6433
[INFO] [stdout]                                at /rustc/df4ca44d3fbc9301ee17f30f4d474e6ae4b05252/library/std/src/panic.rs:358:14
[INFO] [stdout]   60:     0x5bb03b9409ae - std::thread::Builder::spawn_unchecked_::{{closure}}::h8e141ea224820bce
[INFO] [stdout]                                at /rustc/df4ca44d3fbc9301ee17f30f4d474e6ae4b05252/library/std/src/thread/mod.rs:540:30
[INFO] [stdout]   61:     0x5bb03b9409ae - core::ops::function::FnOnce::call_once{{vtable.shim}}::h90d312fedd7b8ea8
[INFO] [stdout]                                at /rustc/df4ca44d3fbc9301ee17f30f4d474e6ae4b05252/library/core/src/ops/function.rs:250:5
[INFO] [stdout]   62:     0x5bb03c077b0b - <alloc::boxed::Box<F,A> as core::ops::function::FnOnce<Args>>::call_once::h69aa08ddb6adb8b6
[INFO] [stdout]                                at /rustc/df4ca44d3fbc9301ee17f30f4d474e6ae4b05252/library/alloc/src/boxed.rs:2454:9
[INFO] [stdout]   63:     0x5bb03c077b0b - <alloc::boxed::Box<F,A> as core::ops::function::FnOnce<Args>>::call_once::h5aa36efdb79c806f
[INFO] [stdout]                                at /rustc/df4ca44d3fbc9301ee17f30f4d474e6ae4b05252/library/alloc/src/boxed.rs:2454:9
[INFO] [stdout]   64:     0x5bb03c077b0b - std::sys::pal::unix::thread::Thread::new::thread_start::h6cd80a1b4be5158d
[INFO] [stdout]                                at /rustc/df4ca44d3fbc9301ee17f30f4d474e6ae4b05252/library/std/src/sys/pal/unix/thread.rs:105:17
[INFO] [stdout]   65:     0x770592857ac3 - <unknown>
[INFO] [stdout]   66:     0x7705928e8a04 - clone
[INFO] [stdout]   67:                0x0 - <unknown>
[INFO] [stdout] 
[INFO] [stdout] 
[INFO] [stdout] failures:
[INFO] [stdout]     ao::tests::test_dry_run
[INFO] [stdout]     ao::tests::test_result
[INFO] [stdout]     ao::tests::test_spawn
[INFO] [stdout] 
[INFO] [stdout] test result: FAILED. 2 passed; 3 failed; 0 ignored; 0 measured; 0 filtered out; finished in 0.39s
[INFO] [stdout] 
[INFO] [stderr] error: test failed, to rerun pass `--lib`
[INFO] running `Command { std: "docker" "inspect" "8768c9e51610b30cb3d27c75143c530769fe5618790172f293adbe04902d6b1a", kill_on_drop: false }`
[INFO] running `Command { std: "docker" "rm" "-f" "8768c9e51610b30cb3d27c75143c530769fe5618790172f293adbe04902d6b1a", kill_on_drop: false }`
[INFO] [stdout] 8768c9e51610b30cb3d27c75143c530769fe5618790172f293adbe04902d6b1a
