[INFO] fetching crate rusty-store 0.2.1...
[INFO] testing rusty-store-0.2.1 against nightly-2024-10-28+rustflags=-Zrandomize-layout for randomize-layout
[INFO] extracting crate rusty-store 0.2.1 into /workspace/builds/worker-6-tc2/source
[INFO] validating manifest of crates.io crate rusty-store 0.2.1 on toolchain nightly-2024-10-28
[INFO] running `Command { std: CARGO_HOME="/workspace/cargo-home" RUSTUP_HOME="/workspace/rustup-home" "/workspace/cargo-home/bin/cargo" "+nightly-2024-10-28" "metadata" "--manifest-path" "Cargo.toml" "--no-deps", kill_on_drop: false }`
[INFO] started tweaking crates.io crate rusty-store 0.2.1
[INFO] removed 4 missing examples
[INFO] finished tweaking crates.io crate rusty-store 0.2.1
[INFO] tweaked toml for crates.io crate rusty-store 0.2.1 written to /workspace/builds/worker-6-tc2/source/Cargo.toml
[INFO] crate crates.io crate rusty-store 0.2.1 already has a lockfile, it will not be regenerated
[INFO] running `Command { std: CARGO_HOME="/workspace/cargo-home" RUSTUP_HOME="/workspace/rustup-home" "/workspace/cargo-home/bin/cargo" "+nightly-2024-10-28" "fetch" "--manifest-path" "Cargo.toml", kill_on_drop: false }`
[INFO] running `Command { std: "docker" "create" "-v" "/var/lib/crater-agent-workspace/builds/worker-6-tc2/target:/opt/rustwide/target:rw,Z" "-v" "/var/lib/crater-agent-workspace/builds/worker-6-tc2/source:/opt/rustwide/workdir:ro,Z" "-v" "/var/lib/crater-agent-workspace/cargo-home:/opt/rustwide/cargo-home:ro,Z" "-v" "/var/lib/crater-agent-workspace/rustup-home:/opt/rustwide/rustup-home:ro,Z" "-e" "SOURCE_DIR=/opt/rustwide/workdir" "-e" "CARGO_TARGET_DIR=/opt/rustwide/target" "-e" "CARGO_HOME=/opt/rustwide/cargo-home" "-e" "RUSTUP_HOME=/opt/rustwide/rustup-home" "-w" "/opt/rustwide/workdir" "-m" "1610612736" "--user" "0:0" "--network" "none" "ghcr.io/rust-lang/crates-build-env/linux@sha256:4a844ea9eb2546a2d2c7022eacef16ef2e8229c7fbb2c7d4d55a9ceca922f72d" "/opt/rustwide/cargo-home/bin/cargo" "+nightly-2024-10-28" "metadata" "--no-deps" "--format-version=1", kill_on_drop: false }`
[INFO] [stdout] b1eeca1433c0556004952bfb217afa758df8daf8c78f7223add38c2e2023fd84
[INFO] running `Command { std: "docker" "start" "-a" "b1eeca1433c0556004952bfb217afa758df8daf8c78f7223add38c2e2023fd84", kill_on_drop: false }`
[INFO] running `Command { std: "docker" "inspect" "b1eeca1433c0556004952bfb217afa758df8daf8c78f7223add38c2e2023fd84", kill_on_drop: false }`
[INFO] running `Command { std: "docker" "rm" "-f" "b1eeca1433c0556004952bfb217afa758df8daf8c78f7223add38c2e2023fd84", kill_on_drop: false }`
[INFO] [stdout] b1eeca1433c0556004952bfb217afa758df8daf8c78f7223add38c2e2023fd84
[INFO] running `Command { std: "docker" "create" "-v" "/var/lib/crater-agent-workspace/builds/worker-6-tc2/target:/opt/rustwide/target:rw,Z" "-v" "/var/lib/crater-agent-workspace/builds/worker-6-tc2/source:/opt/rustwide/workdir:ro,Z" "-v" "/var/lib/crater-agent-workspace/cargo-home:/opt/rustwide/cargo-home:ro,Z" "-v" "/var/lib/crater-agent-workspace/rustup-home:/opt/rustwide/rustup-home:ro,Z" "-e" "SOURCE_DIR=/opt/rustwide/workdir" "-e" "CARGO_TARGET_DIR=/opt/rustwide/target" "-e" "CARGO_INCREMENTAL=0" "-e" "RUST_BACKTRACE=full" "-e" "RUSTFLAGS=--cap-lints=forbid -Zrandomize-layout" "-e" "RUSTDOCFLAGS=--cap-lints=forbid" "-e" "CARGO_HOME=/opt/rustwide/cargo-home" "-e" "RUSTUP_HOME=/opt/rustwide/rustup-home" "-w" "/opt/rustwide/workdir" "-m" "1610612736" "--user" "0:0" "--network" "none" "ghcr.io/rust-lang/crates-build-env/linux@sha256:4a844ea9eb2546a2d2c7022eacef16ef2e8229c7fbb2c7d4d55a9ceca922f72d" "/opt/rustwide/cargo-home/bin/cargo" "+nightly-2024-10-28" "build" "--frozen" "--message-format=json", kill_on_drop: false }`
[INFO] [stdout] 612c32a824d997daa5f8b161da0dfa07d04afc41d793c1e10415d54c40e1d743
[INFO] running `Command { std: "docker" "start" "-a" "612c32a824d997daa5f8b161da0dfa07d04afc41d793c1e10415d54c40e1d743", kill_on_drop: false }`
[INFO] [stderr]    Compiling proc-macro2 v1.0.86
[INFO] [stderr]    Compiling unicode-ident v1.0.12
[INFO] [stderr]    Compiling serde v1.0.210
[INFO] [stderr]    Compiling libc v0.2.158
[INFO] [stderr]    Compiling option-ext v0.2.0
[INFO] [stderr]    Compiling thiserror v1.0.63
[INFO] [stderr]    Compiling base64 v0.21.7
[INFO] [stderr]    Compiling quote v1.0.37
[INFO] [stderr]    Compiling dirs-sys v0.4.1
[INFO] [stderr]    Compiling syn v2.0.77
[INFO] [stderr]    Compiling dirs v5.0.1
[INFO] [stderr]    Compiling serde_derive v1.0.210
[INFO] [stderr]    Compiling thiserror-impl v1.0.63
[INFO] [stderr]    Compiling rustystore-macros v0.1.0
[INFO] [stderr]    Compiling bitflags v2.6.0
[INFO] [stderr]    Compiling ron v0.8.1
[INFO] [stderr]    Compiling rusty-store v0.2.1 (/opt/rustwide/workdir)
[INFO] [stdout] warning: unused import: `log::log`
[INFO] [stdout]   --> src/storage.rs:11:5
[INFO] [stdout]    |
[INFO] [stdout] 11 | use log::log;
[INFO] [stdout]    |     ^^^^^^^^
[INFO] [stdout]    |
[INFO] [stdout]    = note: `#[warn(unused_imports)]` on by default
[INFO] [stdout] 
[INFO] [stdout] 
[INFO] [stderr]     Finished `dev` profile [unoptimized + debuginfo] target(s) in 7.08s
[INFO] running `Command { std: "docker" "inspect" "612c32a824d997daa5f8b161da0dfa07d04afc41d793c1e10415d54c40e1d743", kill_on_drop: false }`
[INFO] running `Command { std: "docker" "rm" "-f" "612c32a824d997daa5f8b161da0dfa07d04afc41d793c1e10415d54c40e1d743", kill_on_drop: false }`
[INFO] [stdout] 612c32a824d997daa5f8b161da0dfa07d04afc41d793c1e10415d54c40e1d743
[INFO] running `Command { std: "docker" "create" "-v" "/var/lib/crater-agent-workspace/builds/worker-6-tc2/target:/opt/rustwide/target:rw,Z" "-v" "/var/lib/crater-agent-workspace/builds/worker-6-tc2/source:/opt/rustwide/workdir:ro,Z" "-v" "/var/lib/crater-agent-workspace/cargo-home:/opt/rustwide/cargo-home:ro,Z" "-v" "/var/lib/crater-agent-workspace/rustup-home:/opt/rustwide/rustup-home:ro,Z" "-e" "SOURCE_DIR=/opt/rustwide/workdir" "-e" "CARGO_TARGET_DIR=/opt/rustwide/target" "-e" "CARGO_INCREMENTAL=0" "-e" "RUST_BACKTRACE=full" "-e" "RUSTFLAGS=--cap-lints=forbid -Zrandomize-layout" "-e" "RUSTDOCFLAGS=--cap-lints=forbid" "-e" "CARGO_HOME=/opt/rustwide/cargo-home" "-e" "RUSTUP_HOME=/opt/rustwide/rustup-home" "-w" "/opt/rustwide/workdir" "-m" "1610612736" "--user" "0:0" "--network" "none" "ghcr.io/rust-lang/crates-build-env/linux@sha256:4a844ea9eb2546a2d2c7022eacef16ef2e8229c7fbb2c7d4d55a9ceca922f72d" "/opt/rustwide/cargo-home/bin/cargo" "+nightly-2024-10-28" "test" "--frozen" "--no-run" "--message-format=json", kill_on_drop: false }`
[INFO] [stdout] ffb916e65bb466c7c951817167825e4142050fb164813152cfd08b02a34771f5
[INFO] running `Command { std: "docker" "start" "-a" "ffb916e65bb466c7c951817167825e4142050fb164813152cfd08b02a34771f5", kill_on_drop: false }`
[INFO] [stderr]    Compiling rusty-store v0.2.1 (/opt/rustwide/workdir)
[INFO] [stdout] warning: unused import: `log::log`
[INFO] [stdout]   --> src/storage.rs:11:5
[INFO] [stdout]    |
[INFO] [stdout] 11 | use log::log;
[INFO] [stdout]    |     ^^^^^^^^
[INFO] [stdout]    |
[INFO] [stdout]    = note: `#[warn(unused_imports)]` on by default
[INFO] [stdout] 
[INFO] [stdout] 
[INFO] [stdout] warning: unused import: `log::log`
[INFO] [stdout]   --> src/storage.rs:11:5
[INFO] [stdout]    |
[INFO] [stdout] 11 | use log::log;
[INFO] [stdout]    |     ^^^^^^^^
[INFO] [stdout]    |
[INFO] [stdout]    = note: `#[warn(unused_imports)]` on by default
[INFO] [stdout] 
[INFO] [stdout] 
[INFO] [stdout] warning: unused variable: `counter_manager`
[INFO] [stdout]   --> examples/manager/main.rs:20:13
[INFO] [stdout]    |
[INFO] [stdout] 20 |     let mut counter_manager = storage
[INFO] [stdout]    |             ^^^^^^^^^^^^^^^ help: if this is intentional, prefix it with an underscore: `_counter_manager`
[INFO] [stdout]    |
[INFO] [stdout]    = note: `#[warn(unused_variables)]` on by default
[INFO] [stdout] 
[INFO] [stdout] 
[INFO] [stdout] warning: variable does not need to be mutable
[INFO] [stdout]   --> examples/manager/main.rs:20:9
[INFO] [stdout]    |
[INFO] [stdout] 20 |     let mut counter_manager = storage
[INFO] [stdout]    |         ----^^^^^^^^^^^^^^^
[INFO] [stdout]    |         |
[INFO] [stdout]    |         help: remove this `mut`
[INFO] [stdout]    |
[INFO] [stdout]    = note: `#[warn(unused_mut)]` on by default
[INFO] [stdout] 
[INFO] [stdout] 
[INFO] [stderr]     Finished `test` profile [unoptimized + debuginfo] target(s) in 0.27s
[INFO] running `Command { std: "docker" "inspect" "ffb916e65bb466c7c951817167825e4142050fb164813152cfd08b02a34771f5", kill_on_drop: false }`
[INFO] running `Command { std: "docker" "rm" "-f" "ffb916e65bb466c7c951817167825e4142050fb164813152cfd08b02a34771f5", kill_on_drop: false }`
[INFO] [stdout] ffb916e65bb466c7c951817167825e4142050fb164813152cfd08b02a34771f5
[INFO] running `Command { std: "docker" "create" "-v" "/var/lib/crater-agent-workspace/builds/worker-6-tc2/target:/opt/rustwide/target:rw,Z" "-v" "/var/lib/crater-agent-workspace/builds/worker-6-tc2/source:/opt/rustwide/workdir:ro,Z" "-v" "/var/lib/crater-agent-workspace/cargo-home:/opt/rustwide/cargo-home:ro,Z" "-v" "/var/lib/crater-agent-workspace/rustup-home:/opt/rustwide/rustup-home:ro,Z" "-e" "SOURCE_DIR=/opt/rustwide/workdir" "-e" "CARGO_TARGET_DIR=/opt/rustwide/target" "-e" "CARGO_INCREMENTAL=0" "-e" "RUST_BACKTRACE=full" "-e" "RUSTFLAGS=--cap-lints=forbid -Zrandomize-layout" "-e" "RUSTDOCFLAGS=--cap-lints=forbid" "-e" "CARGO_HOME=/opt/rustwide/cargo-home" "-e" "RUSTUP_HOME=/opt/rustwide/rustup-home" "-w" "/opt/rustwide/workdir" "-m" "1610612736" "--user" "0:0" "--network" "none" "ghcr.io/rust-lang/crates-build-env/linux@sha256:4a844ea9eb2546a2d2c7022eacef16ef2e8229c7fbb2c7d4d55a9ceca922f72d" "/opt/rustwide/cargo-home/bin/cargo" "+nightly-2024-10-28" "test" "--frozen", kill_on_drop: false }`
[INFO] [stdout] 525969e59f6ea5f0ec618eb27541a8c03d02d25422a8840043c343b1a6f30214
[INFO] running `Command { std: "docker" "start" "-a" "525969e59f6ea5f0ec618eb27541a8c03d02d25422a8840043c343b1a6f30214", kill_on_drop: false }`
[INFO] [stderr] warning: unused import: `log::log`
[INFO] [stderr]   --> src/storage.rs:11:5
[INFO] [stderr]    |
[INFO] [stderr] 11 | use log::log;
[INFO] [stderr]    |     ^^^^^^^^
[INFO] [stderr]    |
[INFO] [stderr]    = note: `#[warn(unused_imports)]` on by default
[INFO] [stderr] 
[INFO] [stderr] warning: `rusty-store` (lib) generated 1 warning (run `cargo fix --lib -p rusty-store` to apply 1 suggestion)
[INFO] [stderr] warning: `rusty-store` (lib test) generated 1 warning (1 duplicate)
[INFO] [stderr] warning: unused variable: `counter_manager`
[INFO] [stderr]   --> examples/manager/main.rs:20:13
[INFO] [stderr]    |
[INFO] [stderr] 20 |     let mut counter_manager = storage
[INFO] [stderr]    |             ^^^^^^^^^^^^^^^ help: if this is intentional, prefix it with an underscore: `_counter_manager`
[INFO] [stderr]    |
[INFO] [stderr]    = note: `#[warn(unused_variables)]` on by default
[INFO] [stderr] 
[INFO] [stderr] warning: variable does not need to be mutable
[INFO] [stderr]   --> examples/manager/main.rs:20:9
[INFO] [stderr]    |
[INFO] [stderr] 20 |     let mut counter_manager = storage
[INFO] [stderr]    |         ----^^^^^^^^^^^^^^^
[INFO] [stderr]    |         |
[INFO] [stderr]    |         help: remove this `mut`
[INFO] [stderr]    |
[INFO] [stderr]    = note: `#[warn(unused_mut)]` on by default
[INFO] [stderr] 
[INFO] [stderr] warning: `rusty-store` (example "manager") generated 2 warnings (run `cargo fix --example "manager"` to apply 1 suggestion)
[INFO] [stderr]     Finished `test` profile [unoptimized + debuginfo] target(s) in 0.02s
[INFO] [stderr]      Running unittests src/lib.rs (/opt/rustwide/target/debug/deps/rusty_store-5e6b73498d27a0e7)
[INFO] [stdout] 
[INFO] [stdout] running 0 tests
[INFO] [stdout] 
[INFO] [stdout] test result: ok. 0 passed; 0 failed; 0 ignored; 0 measured; 0 filtered out; finished in 0.00s
[INFO] [stdout] 
[INFO] [stderr]    Doc-tests rusty_store
[INFO] [stdout] 
[INFO] [stdout] running 10 tests
[INFO] [stdout] test src/manager.rs - manager::StoreManager<T>::new (line 73) ... FAILED
[INFO] [stdout] test src/storage.rs - storage::Storage::open_file (line 249) ... FAILED
[INFO] [stdout] test src/manager.rs - manager::StoreManager<T>::modify_store (line 108) ... FAILED
[INFO] [stdout] test src/manager.rs - manager::StoreManager<T>::modify_store_uncommitted (line 128) ... FAILED
[INFO] [stdout] test src/storage.rs - storage::Storage::read (line 190) ... FAILED
[INFO] [stdout] test src/manager.rs - manager::StoreManager<T>::from_handle (line 52) ... FAILED
[INFO] [stdout] test src/storage.rs - storage::Storage::write (line 218) ... FAILED
[INFO] [stdout] test src/manager.rs - manager::StoreManager (line 11) ... FAILED
[INFO] [stdout] test src/storage.rs - storage::Storage (line 95) ... ok
[INFO] [stdout] test src/lib.rs - (line 18) ... ok
[INFO] [stdout] 
[INFO] [stdout] failures:
[INFO] [stdout] 
[INFO] [stdout] ---- src/manager.rs - manager::StoreManager<T>::new (line 73) stdout ----
[INFO] [stdout] error[E0433]: failed to resolve: use of undeclared type `Storage`
[INFO] [stdout]  --> src/manager.rs:74:15
[INFO] [stdout]   |
[INFO] [stdout] 3 | let storage = Storage::new("APP_ID");
[INFO] [stdout]   |               ^^^^^^^ use of undeclared type `Storage`
[INFO] [stdout]   |
[INFO] [stdout] help: consider importing this struct
[INFO] [stdout]   |
[INFO] [stdout] 2 + use rusty_store::Storage;
[INFO] [stdout]   |
[INFO] [stdout] 
[INFO] [stdout] error[E0433]: failed to resolve: use of undeclared type `StoreManager`
[INFO] [stdout]  --> src/manager.rs:75:15
[INFO] [stdout]   |
[INFO] [stdout] 4 | let manager = StoreManager::new(&storage, "my_store_id").expect("Failed to create StoreManager");
[INFO] [stdout]   |               ^^^^^^^^^^^^ use of undeclared type `StoreManager`
[INFO] [stdout]   |
[INFO] [stdout] help: consider importing this struct
[INFO] [stdout]   |
[INFO] [stdout] 2 + use rusty_store::StoreManager;
[INFO] [stdout]   |
[INFO] [stdout] 
[INFO] [stdout] error: aborting due to 2 previous errors
[INFO] [stdout] 
[INFO] [stdout] For more information about this error, try `rustc --explain E0433`.
[INFO] [stdout] Couldn't compile the test.
[INFO] [stdout] ---- src/storage.rs - storage::Storage::open_file (line 249) stdout ----
[INFO] [stdout] error[E0425]: cannot find value `storage` in this scope
[INFO] [stdout]  --> src/storage.rs:250:1
[INFO] [stdout]   |
[INFO] [stdout] 3 | storage.open_file::<MyStore, _>(|file, handle| {
[INFO] [stdout]   | ^^^^^^^ not found in this scope
[INFO] [stdout] 
[INFO] [stdout] error[E0425]: cannot find value `handle` in this scope
[INFO] [stdout]  --> src/storage.rs:253:9
[INFO] [stdout]   |
[INFO] [stdout] 6 | }, &mut handle);
[INFO] [stdout]   |         ^^^^^^ not found in this scope
[INFO] [stdout] 
[INFO] [stdout] error[E0412]: cannot find type `MyStore` in this scope
[INFO] [stdout]  --> src/storage.rs:250:21
[INFO] [stdout]   |
[INFO] [stdout] 3 | storage.open_file::<MyStore, _>(|file, handle| {
[INFO] [stdout]   |                     ^^^^^^^ not found in this scope
[INFO] [stdout]   |
[INFO] [stdout] help: you might be missing a type parameter
[INFO] [stdout]   |
[INFO] [stdout] 2 | fn main() { #[allow(non_snake_case)] fn _doctest_main_src_storage_rs_249_0<MyStore>() {
[INFO] [stdout]   |                                                                           +++++++++
[INFO] [stdout] 
[INFO] [stdout] error: aborting due to 3 previous errors
[INFO] [stdout] 
[INFO] [stdout] Some errors have detailed explanations: E0412, E0425.
[INFO] [stdout] For more information about an error, try `rustc --explain E0412`.
[INFO] [stdout] Couldn't compile the test.
[INFO] [stdout] ---- src/manager.rs - manager::StoreManager<T>::modify_store (line 108) stdout ----
[INFO] [stdout] error[E0433]: failed to resolve: use of undeclared type `Storage`
[INFO] [stdout]  --> src/manager.rs:109:15
[INFO] [stdout]   |
[INFO] [stdout] 3 | let storage = Storage::new("APP_ID");
[INFO] [stdout]   |               ^^^^^^^ use of undeclared type `Storage`
[INFO] [stdout]   |
[INFO] [stdout] help: consider importing this struct
[INFO] [stdout]   |
[INFO] [stdout] 2 + use rusty_store::Storage;
[INFO] [stdout]   |
[INFO] [stdout] 
[INFO] [stdout] error[E0433]: failed to resolve: use of undeclared type `StoreManager`
[INFO] [stdout]  --> src/manager.rs:110:19
[INFO] [stdout]   |
[INFO] [stdout] 4 | let mut manager = StoreManager::<MyStore>::new(&storage, "my_store_id")
[INFO] [stdout]   |                   ^^^^^^^^^^^^ use of undeclared type `StoreManager`
[INFO] [stdout]   |
[INFO] [stdout] help: consider importing this struct
[INFO] [stdout]   |
[INFO] [stdout] 2 + use rusty_store::StoreManager;
[INFO] [stdout]   |
[INFO] [stdout] 
[INFO] [stdout] error[E0412]: cannot find type `MyStore` in this scope
[INFO] [stdout]  --> src/manager.rs:110:34
[INFO] [stdout]   |
[INFO] [stdout] 4 | let mut manager = StoreManager::<MyStore>::new(&storage, "my_store_id")
[INFO] [stdout]   |                                  ^^^^^^^ not found in this scope
[INFO] [stdout]   |
[INFO] [stdout] help: you might be missing a type parameter
[INFO] [stdout]   |
[INFO] [stdout] 2 | fn main() { #[allow(non_snake_case)] fn _doctest_main_src_manager_rs_108_0<MyStore>() {
[INFO] [stdout]   |                                                                           +++++++++
[INFO] [stdout] 
[INFO] [stdout] error: aborting due to 3 previous errors
[INFO] [stdout] 
[INFO] [stdout] Some errors have detailed explanations: E0412, E0433.
[INFO] [stdout] For more information about an error, try `rustc --explain E0412`.
[INFO] [stdout] Couldn't compile the test.
[INFO] [stdout] ---- src/manager.rs - manager::StoreManager<T>::modify_store_uncommitted (line 128) stdout ----
[INFO] [stdout] error[E0433]: failed to resolve: use of undeclared type `Storage`
[INFO] [stdout]  --> src/manager.rs:129:15
[INFO] [stdout]   |
[INFO] [stdout] 3 | let storage = Storage::new("APP_ID");
[INFO] [stdout]   |               ^^^^^^^ use of undeclared type `Storage`
[INFO] [stdout]   |
[INFO] [stdout] help: consider importing this struct
[INFO] [stdout]   |
[INFO] [stdout] 2 + use rusty_store::Storage;
[INFO] [stdout]   |
[INFO] [stdout] 
[INFO] [stdout] error[E0433]: failed to resolve: use of undeclared type `StoreManager`
[INFO] [stdout]  --> src/manager.rs:130:19
[INFO] [stdout]   |
[INFO] [stdout] 4 | let mut manager = StoreManager::<MyStore>::new(&storage, "my_store_id")
[INFO] [stdout]   |                   ^^^^^^^^^^^^ use of undeclared type `StoreManager`
[INFO] [stdout]   |
[INFO] [stdout] help: consider importing this struct
[INFO] [stdout]   |
[INFO] [stdout] 2 + use rusty_store::StoreManager;
[INFO] [stdout]   |
[INFO] [stdout] 
[INFO] [stdout] error[E0412]: cannot find type `MyStore` in this scope
[INFO] [stdout]  --> src/manager.rs:130:34
[INFO] [stdout]   |
[INFO] [stdout] 4 | let mut manager = StoreManager::<MyStore>::new(&storage, "my_store_id")
[INFO] [stdout]   |                                  ^^^^^^^ not found in this scope
[INFO] [stdout]   |
[INFO] [stdout] help: you might be missing a type parameter
[INFO] [stdout]   |
[INFO] [stdout] 2 | fn main() { #[allow(non_snake_case)] fn _doctest_main_src_manager_rs_128_0<MyStore>() {
[INFO] [stdout]   |                                                                           +++++++++
[INFO] [stdout] 
[INFO] [stdout] error: aborting due to 3 previous errors
[INFO] [stdout] 
[INFO] [stdout] Some errors have detailed explanations: E0412, E0433.
[INFO] [stdout] For more information about an error, try `rustc --explain E0412`.
[INFO] [stdout] Couldn't compile the test.
[INFO] [stdout] ---- src/storage.rs - storage::Storage::read (line 190) stdout ----
[INFO] [stdout] error[E0433]: failed to resolve: use of undeclared type `Storage`
[INFO] [stdout]  --> src/storage.rs:191:15
[INFO] [stdout]   |
[INFO] [stdout] 3 | let storage = Storage::new(app);
[INFO] [stdout]   |               ^^^^^^^ use of undeclared type `Storage`
[INFO] [stdout]   |
[INFO] [stdout] help: consider importing this struct
[INFO] [stdout]   |
[INFO] [stdout] 2 + use rusty_store::Storage;
[INFO] [stdout]   |
[INFO] [stdout] 
[INFO] [stdout] error[E0425]: cannot find value `app` in this scope
[INFO] [stdout]  --> src/storage.rs:191:28
[INFO] [stdout]   |
[INFO] [stdout] 3 | let storage = Storage::new(app);
[INFO] [stdout]   |                            ^^^ not found in this scope
[INFO] [stdout] 
[INFO] [stdout] error[E0412]: cannot find type `StoreHandle` in this scope
[INFO] [stdout]  --> src/storage.rs:192:13
[INFO] [stdout]   |
[INFO] [stdout] 4 | let handle: StoreHandle<MyStore> = StoreHandle::new("my_store_id");
[INFO] [stdout]   |             ^^^^^^^^^^^ not found in this scope
[INFO] [stdout]   |
[INFO] [stdout] help: consider importing this struct
[INFO] [stdout]   |
[INFO] [stdout] 2 + use rusty_store::StoreHandle;
[INFO] [stdout]   |
[INFO] [stdout] 
[INFO] [stdout] error[E0412]: cannot find type `MyStore` in this scope
[INFO] [stdout]  --> src/storage.rs:192:25
[INFO] [stdout]   |
[INFO] [stdout] 4 | let handle: StoreHandle<MyStore> = StoreHandle::new("my_store_id");
[INFO] [stdout]   |                         ^^^^^^^ not found in this scope
[INFO] [stdout]   |
[INFO] [stdout] help: you might be missing a type parameter
[INFO] [stdout]   |
[INFO] [stdout] 2 | fn main() { #[allow(non_snake_case)] fn _doctest_main_src_storage_rs_190_0<MyStore>() {
[INFO] [stdout]   |                                                                           +++++++++
[INFO] [stdout] 
[INFO] [stdout] error[E0433]: failed to resolve: use of undeclared type `StoreHandle`
[INFO] [stdout]  --> src/storage.rs:192:36
[INFO] [stdout]   |
[INFO] [stdout] 4 | let handle: StoreHandle<MyStore> = StoreHandle::new("my_store_id");
[INFO] [stdout]   |                                    ^^^^^^^^^^^ use of undeclared type `StoreHandle`
[INFO] [stdout]   |
[INFO] [stdout] help: consider importing this struct
[INFO] [stdout]   |
[INFO] [stdout] 2 + use rusty_store::StoreHandle;
[INFO] [stdout]   |
[INFO] [stdout] 
[INFO] [stdout] error: aborting due to 5 previous errors
[INFO] [stdout] 
[INFO] [stdout] Some errors have detailed explanations: E0412, E0425, E0433.
[INFO] [stdout] For more information about an error, try `rustc --explain E0412`.
[INFO] [stdout] Couldn't compile the test.
[INFO] [stdout] ---- src/manager.rs - manager::StoreManager<T>::from_handle (line 52) stdout ----
[INFO] [stdout] error[E0433]: failed to resolve: use of undeclared type `Storage`
[INFO] [stdout]  --> src/manager.rs:53:15
[INFO] [stdout]   |
[INFO] [stdout] 3 | let storage = Storage::new(app_id);
[INFO] [stdout]   |               ^^^^^^^ use of undeclared type `Storage`
[INFO] [stdout]   |
[INFO] [stdout] help: consider importing this struct
[INFO] [stdout]   |
[INFO] [stdout] 2 + use rusty_store::Storage;
[INFO] [stdout]   |
[INFO] [stdout] 
[INFO] [stdout] error[E0425]: cannot find value `app_id` in this scope
[INFO] [stdout]  --> src/manager.rs:53:28
[INFO] [stdout]   |
[INFO] [stdout] 3 | let storage = Storage::new(app_id);
[INFO] [stdout]   |                            ^^^^^^ not found in this scope
[INFO] [stdout] 
[INFO] [stdout] error[E0433]: failed to resolve: use of undeclared type `StoreHandle`
[INFO] [stdout]  --> src/manager.rs:54:14
[INFO] [stdout]   |
[INFO] [stdout] 4 | let handle = StoreHandle::<MyStore>::new("my_store_id");
[INFO] [stdout]   |              ^^^^^^^^^^^ use of undeclared type `StoreHandle`
[INFO] [stdout]   |
[INFO] [stdout] help: consider importing this struct
[INFO] [stdout]   |
[INFO] [stdout] 2 + use rusty_store::StoreHandle;
[INFO] [stdout]   |
[INFO] [stdout] 
[INFO] [stdout] error[E0412]: cannot find type `MyStore` in this scope
[INFO] [stdout]  --> src/manager.rs:54:28
[INFO] [stdout]   |
[INFO] [stdout] 4 | let handle = StoreHandle::<MyStore>::new("my_store_id");
[INFO] [stdout]   |                            ^^^^^^^ not found in this scope
[INFO] [stdout]   |
[INFO] [stdout] help: you might be missing a type parameter
[INFO] [stdout]   |
[INFO] [stdout] 2 | fn main() { #[allow(non_snake_case)] fn _doctest_main_src_manager_rs_52_0<MyStore>() {
[INFO] [stdout]   |                                                                          +++++++++
[INFO] [stdout] 
[INFO] [stdout] error[E0433]: failed to resolve: use of undeclared type `StoreManager`
[INFO] [stdout]  --> src/manager.rs:55:15
[INFO] [stdout]   |
[INFO] [stdout] 5 | let manager = StoreManager::from_handle(&storage, handle).expect("Failed to create StoreManager");
[INFO] [stdout]   |               ^^^^^^^^^^^^ use of undeclared type `StoreManager`
[INFO] [stdout]   |
[INFO] [stdout] help: consider importing this struct
[INFO] [stdout]   |
[INFO] [stdout] 2 + use rusty_store::StoreManager;
[INFO] [stdout]   |
[INFO] [stdout] 
[INFO] [stdout] error: aborting due to 5 previous errors
[INFO] [stdout] 
[INFO] [stdout] Some errors have detailed explanations: E0412, E0425, E0433.
[INFO] [stdout] For more information about an error, try `rustc --explain E0412`.
[INFO] [stdout] Couldn't compile the test.
[INFO] [stdout] ---- src/storage.rs - storage::Storage::write (line 218) stdout ----
[INFO] [stdout] error[E0433]: failed to resolve: use of undeclared type `Storage`
[INFO] [stdout]  --> src/storage.rs:219:15
[INFO] [stdout]   |
[INFO] [stdout] 3 | let storage = Storage::new(app);
[INFO] [stdout]   |               ^^^^^^^ use of undeclared type `Storage`
[INFO] [stdout]   |
[INFO] [stdout] help: consider importing this struct
[INFO] [stdout]   |
[INFO] [stdout] 2 + use rusty_store::Storage;
[INFO] [stdout]   |
[INFO] [stdout] 
[INFO] [stdout] error[E0425]: cannot find value `app` in this scope
[INFO] [stdout]  --> src/storage.rs:219:28
[INFO] [stdout]   |
[INFO] [stdout] 3 | let storage = Storage::new(app);
[INFO] [stdout]   |                            ^^^ not found in this scope
[INFO] [stdout] 
[INFO] [stdout] error[E0412]: cannot find type `StoreHandle` in this scope
[INFO] [stdout]  --> src/storage.rs:220:13
[INFO] [stdout]   |
[INFO] [stdout] 4 | let handle: StoreHandle<MyStore> = StoreHandle::new("my_store_id");
[INFO] [stdout]   |             ^^^^^^^^^^^ not found in this scope
[INFO] [stdout]   |
[INFO] [stdout] help: consider importing this struct
[INFO] [stdout]   |
[INFO] [stdout] 2 + use rusty_store::StoreHandle;
[INFO] [stdout]   |
[INFO] [stdout] 
[INFO] [stdout] error[E0412]: cannot find type `MyStore` in this scope
[INFO] [stdout]  --> src/storage.rs:220:25
[INFO] [stdout]   |
[INFO] [stdout] 4 | let handle: StoreHandle<MyStore> = StoreHandle::new("my_store_id");
[INFO] [stdout]   |                         ^^^^^^^ not found in this scope
[INFO] [stdout]   |
[INFO] [stdout] help: you might be missing a type parameter
[INFO] [stdout]   |
[INFO] [stdout] 2 | fn main() { #[allow(non_snake_case)] fn _doctest_main_src_storage_rs_218_0<MyStore>() {
[INFO] [stdout]   |                                                                           +++++++++
[INFO] [stdout] 
[INFO] [stdout] error[E0433]: failed to resolve: use of undeclared type `StoreHandle`
[INFO] [stdout]  --> src/storage.rs:220:36
[INFO] [stdout]   |
[INFO] [stdout] 4 | let handle: StoreHandle<MyStore> = StoreHandle::new("my_store_id");
[INFO] [stdout]   |                                    ^^^^^^^^^^^ use of undeclared type `StoreHandle`
[INFO] [stdout]   |
[INFO] [stdout] help: consider importing this struct
[INFO] [stdout]   |
[INFO] [stdout] 2 + use rusty_store::StoreHandle;
[INFO] [stdout]   |
[INFO] [stdout] 
[INFO] [stdout] error: aborting due to 5 previous errors
[INFO] [stdout] 
[INFO] [stdout] Some errors have detailed explanations: E0412, E0425, E0433.
[INFO] [stdout] For more information about an error, try `rustc --explain E0412`.
[INFO] [stdout] Couldn't compile the test.
[INFO] [stdout] ---- src/manager.rs - manager::StoreManager (line 11) stdout ----
[INFO] [stdout] error[E0432]: unresolved import `storage`
[INFO] [stdout]  --> src/manager.rs:13:5
[INFO] [stdout]   |
[INFO] [stdout] 4 | use storage::{StoreManager, Storing};
[INFO] [stdout]   |     ^^^^^^^ use of undeclared crate or module `storage`
[INFO] [stdout] 
[INFO] [stdout] error[E0433]: failed to resolve: use of undeclared type `Storage`
[INFO] [stdout]   --> src/manager.rs:20:15
[INFO] [stdout]    |
[INFO] [stdout] 11 | let storage = Storage::new("APP_ID");
[INFO] [stdout]    |               ^^^^^^^ use of undeclared type `Storage`
[INFO] [stdout]    |
[INFO] [stdout] help: consider importing this struct
[INFO] [stdout]    |
[INFO] [stdout] 2  + use rusty_store::Storage;
[INFO] [stdout]    |
[INFO] [stdout] 
[INFO] [stdout] error: aborting due to 2 previous errors
[INFO] [stdout] 
[INFO] [stdout] Some errors have detailed explanations: E0432, E0433.
[INFO] [stdout] For more information about an error, try `rustc --explain E0432`.
[INFO] [stdout] Couldn't compile the test.
[INFO] [stdout] 
[INFO] [stdout] failures:
[INFO] [stdout]     src/manager.rs - manager::StoreManager (line 11)
[INFO] [stdout]     src/manager.rs - manager::StoreManager<T>::from_handle (line 52)
[INFO] [stdout]     src/manager.rs - manager::StoreManager<T>::modify_store (line 108)
[INFO] [stdout]     src/manager.rs - manager::StoreManager<T>::modify_store_uncommitted (line 128)
[INFO] [stdout]     src/manager.rs - manager::StoreManager<T>::new (line 73)
[INFO] [stdout]     src/storage.rs - storage::Storage::open_file (line 249)
[INFO] [stdout]     src/storage.rs - storage::Storage::read (line 190)
[INFO] [stdout]     src/storage.rs - storage::Storage::write (line 218)
[INFO] [stdout] 
[INFO] [stdout] test result: FAILED. 2 passed; 8 failed; 0 ignored; 0 measured; 0 filtered out; finished in 0.22s
[INFO] [stdout] 
[INFO] [stderr] error: doctest failed, to rerun pass `--doc`
[INFO] running `Command { std: "docker" "inspect" "525969e59f6ea5f0ec618eb27541a8c03d02d25422a8840043c343b1a6f30214", kill_on_drop: false }`
[INFO] running `Command { std: "docker" "rm" "-f" "525969e59f6ea5f0ec618eb27541a8c03d02d25422a8840043c343b1a6f30214", kill_on_drop: false }`
[INFO] [stdout] 525969e59f6ea5f0ec618eb27541a8c03d02d25422a8840043c343b1a6f30214
